66.249.81.66 - - [05/May/2026:16:57:29 +0000] "GET /.well-known/traffic-advice HTTP/1.1" 404 11759 "-" "Chrome Privacy Preserving Prefetch Proxy"
66.249.81.67 - - [05/May/2026:16:57:29 +0000] "GET /.well-known/traffic-advice HTTP/1.1" 404 11759 "-" "Chrome Privacy Preserving Prefetch Proxy"
72.14.201.58 - - [05/May/2026:16:57:29 +0000] "GET /en/2fast/ HTTP/1.1" 200 22114 "https://www.google.com/" "Mozilla/5.0 (Windows NT 10.0; Win64; x64) AppleWebKit/537.36 (KHTML, like Gecko) Chrome/147.0.0.0 Safari/537.36"
20.123.172.228 - - [05/May/2026:16:57:32 +0000] "POST /wp-cron.php?doing_wp_cron=1778000252.5389130115509033203125 HTTP/1.1" 200 - "https://nipponia.nl/wp-cron.php?doing_wp_cron=1778000252.5389130115509033203125" "WordPress/6.1.10; https://nipponia.nl"
193.186.4.59 - - [05/May/2026:16:57:29 +0000] "GET /4fast-nl/ HTTP/1.1" 200 21733 "https://www.google.com/" "Mozilla/5.0 (Windows NT 10.0; Win64; x64) AppleWebKit/537.36 (KHTML, like Gecko) Chrome/147.0.0.0 Safari/537.36"
20.123.172.228 - - [05/May/2026:16:57:31 +0000] "POST /?wordfence_syncAttackData=1778000251.4335 HTTP/1.1" 200 16906 "https://nipponia.nl/?wordfence_syncAttackData=1778000251.4335" "WordPress/6.1.10; https://nipponia.nl"
20.123.172.228 - - [05/May/2026:16:57:31 +0000] "POST /?wordfence_syncAttackData=1778000251.6087 HTTP/1.1" 200 16906 "https://nipponia.nl/?wordfence_syncAttackData=1778000251.6087" "WordPress/6.1.10; https://nipponia.nl"
20.123.172.228 - - [05/May/2026:16:57:31 +0000] "POST /?wordfence_syncAttackData=1778000251.8737 HTTP/1.1" 200 16906 "https://nipponia.nl/?wordfence_syncAttackData=1778000251.8737" "WordPress/6.1.10; https://nipponia.nl"
157.230.39.14 - - [05/May/2026:16:57:34 +0000] "GET /wp-admin/index.php HTTP/1.1" 503 7312 "https://nipponia.nl/wp-login.php" "Mozilla/5.0 (Windows NT 10.0; Win64; x64; rv:121.0) Gecko/20100101 Firefox/121.0"
157.230.39.14 - - [05/May/2026:16:57:43 +0000] "GET /wp-admin/profile.php HTTP/1.1" 503 7312 "https://nipponia.nl/wp-login.php" "Mozilla/5.0 (Windows NT 10.0; Win64; x64; rv:121.0) Gecko/20100101 Firefox/121.0"
157.230.39.14 - - [05/May/2026:16:57:49 +0000] "GET /wp-admin/edit.php HTTP/1.1" 503 7312 "https://nipponia.nl/wp-login.php" "Mozilla/5.0 (Windows NT 10.0; Win64; x64; rv:121.0) Gecko/20100101 Firefox/121.0"
157.230.39.14 - - [05/May/2026:16:57:54 +0000] "GET /wp-admin/plugins.php HTTP/1.1" 503 7312 "https://nipponia.nl/wp-login.php" "Mozilla/5.0 (Windows NT 10.0; Win64; x64; rv:121.0) Gecko/20100101 Firefox/121.0"
157.230.39.14 - - [05/May/2026:16:58:00 +0000] "POST /wp-login.php HTTP/1.1" 503 7108 "https://nipponia.nl/wp-login.php" "Mozilla/5.0 (Macintosh; Intel Mac OS X 10_15_7; rv:121.0) Gecko/20100101 Firefox/121.0"
157.230.39.14 - - [05/May/2026:16:58:06 +0000] "GET /wp-admin/index.php HTTP/1.1" 503 7312 "https://nipponia.nl/wp-login.php" "Mozilla/5.0 (Windows NT 10.0; Win64; x64; rv:118.0) Gecko/20100101 Firefox/118.0"
20.123.172.228 - - [05/May/2026:16:58:08 +0000] "POST /?wordfence_syncAttackData=1778000288.0582 HTTP/1.1" 200 - "https://nipponia.nl/?wordfence_syncAttackData=1778000288.0582" "WordPress/6.1.10; https://nipponia.nl"
157.230.39.14 - - [05/May/2026:16:58:13 +0000] "GET /wp-admin/profile.php HTTP/1.1" 503 7312 "https://nipponia.nl/wp-login.php" "Mozilla/5.0 (Windows NT 10.0; Win64; x64; rv:118.0) Gecko/20100101 Firefox/118.0"
157.230.39.14 - - [05/May/2026:16:58:27 +0000] "GET /wp-admin/edit.php HTTP/1.1" 503 7312 "https://nipponia.nl/wp-login.php" "Mozilla/5.0 (Windows NT 10.0; Win64; x64; rv:118.0) Gecko/20100101 Firefox/118.0"
157.230.39.14 - - [05/May/2026:16:58:33 +0000] "GET /wp-admin/plugins.php HTTP/1.1" 503 7312 "https://nipponia.nl/wp-login.php" "Mozilla/5.0 (Windows NT 10.0; Win64; x64; rv:118.0) Gecko/20100101 Firefox/118.0"
157.230.39.14 - - [05/May/2026:16:58:38 +0000] "POST /wp-login.php HTTP/1.1" 503 7109 "https://nipponia.nl/wp-login.php" "Mozilla/5.0 (X11; Ubuntu; Linux x86_64) AppleWebKit/537.36 (KHTML, like Gecko) Chrome/119.0.0.0 Safari/537.36"
157.230.39.14 - - [05/May/2026:16:58:43 +0000] "GET /wp-admin/index.php HTTP/1.1" 503 7312 "https://nipponia.nl/wp-login.php" "Mozilla/5.0 (X11; Linux x86_64) AppleWebKit/537.36 (KHTML, like Gecko) Chrome/119.0.0.0 Safari/537.36"
20.123.172.228 - - [05/May/2026:16:58:44 +0000] "POST /?wordfence_syncAttackData=1778000324.4927 HTTP/1.1" 200 - "https://nipponia.nl/?wordfence_syncAttackData=1778000324.4927" "WordPress/6.1.10; https://nipponia.nl"
157.230.39.14 - - [05/May/2026:16:58:50 +0000] "GET /wp-admin/profile.php HTTP/1.1" 503 7312 "https://nipponia.nl/wp-login.php" "Mozilla/5.0 (X11; Linux x86_64) AppleWebKit/537.36 (KHTML, like Gecko) Chrome/119.0.0.0 Safari/537.36"
157.230.39.14 - - [05/May/2026:16:58:55 +0000] "GET /wp-admin/edit.php HTTP/1.1" 503 7312 "https://nipponia.nl/wp-login.php" "Mozilla/5.0 (X11; Linux x86_64) AppleWebKit/537.36 (KHTML, like Gecko) Chrome/119.0.0.0 Safari/537.36"
157.230.39.14 - - [05/May/2026:16:59:01 +0000] "GET /wp-admin/plugins.php HTTP/1.1" 503 7312 "https://nipponia.nl/wp-login.php" "Mozilla/5.0 (X11; Linux x86_64) AppleWebKit/537.36 (KHTML, like Gecko) Chrome/119.0.0.0 Safari/537.36"
157.230.39.14 - - [05/May/2026:16:59:07 +0000] "POST /wp-login.php HTTP/1.1" 503 7109 "https://nipponia.nl/wp-login.php" "Mozilla/5.0 (Windows NT 11.0; Win64; x64; rv:119.0) Gecko/20100101 Firefox/119.0"
157.230.39.14 - - [05/May/2026:16:59:17 +0000] "GET /wp-admin/index.php HTTP/1.1" 503 7312 "https://nipponia.nl/wp-login.php" "Mozilla/5.0 (Macintosh; Intel Mac OS X 13_6_1) AppleWebKit/605.1.15 (KHTML, like Gecko) Version/17.0 Safari/605.1.15"
20.123.172.228 - - [05/May/2026:16:59:18 +0000] "POST /?wordfence_syncAttackData=1778000358.5805 HTTP/1.1" 200 - "https://nipponia.nl/?wordfence_syncAttackData=1778000358.5805" "WordPress/6.1.10; https://nipponia.nl"
20.123.172.228 - - [05/May/2026:16:59:26 +0000] "POST /wp-cron.php?doing_wp_cron=1778000365.9792780876159667968750 HTTP/1.1" 200 - "https://nipponia.nl/wp-cron.php?doing_wp_cron=1778000365.9792780876159667968750" "WordPress/6.1.10; https://nipponia.nl"
157.230.39.14 - - [05/May/2026:16:59:24 +0000] "GET /wp-admin/profile.php HTTP/1.1" 302 - "https://nipponia.nl/wp-login.php" "Mozilla/5.0 (Macintosh; Intel Mac OS X 13_6_1) AppleWebKit/605.1.15 (KHTML, like Gecko) Version/17.0 Safari/605.1.15"
157.230.39.14 - - [05/May/2026:16:59:30 +0000] "GET /wp-login.php?redirect_to=https%3A%2F%2Fnipponia.nl%2Fwp-admin%2Fprofile.php&reauth=1 HTTP/1.1" 200 2622 "https://nipponia.nl/wp-login.php" "Mozilla/5.0 (Macintosh; Intel Mac OS X 13_6_1) AppleWebKit/605.1.15 (KHTML, like Gecko) Version/17.0 Safari/605.1.15"
157.230.39.14 - - [05/May/2026:16:59:36 +0000] "POST /wp-login.php HTTP/1.1" 503 7312 "https://nipponia.nl/wp-login.php" "Mozilla/5.0 (Macintosh; Intel Mac OS X 10_15_7) AppleWebKit/537.36 (KHTML, like Gecko) Chrome/118.0.0.0 Safari/537.36"
157.230.39.14 - - [05/May/2026:16:59:44 +0000] "GET /wp-admin/index.php HTTP/1.1" 503 7312 "https://nipponia.nl/wp-login.php" "Mozilla/5.0 (Macintosh; Intel Mac OS X 13_6_1; rv:118.0) Gecko/20100101 Firefox/118.0"
157.230.39.14 - - [05/May/2026:16:59:50 +0000] "GET /wp-admin/profile.php HTTP/1.1" 503 7312 "https://nipponia.nl/wp-login.php" "Mozilla/5.0 (Macintosh; Intel Mac OS X 13_6_1; rv:118.0) Gecko/20100101 Firefox/118.0"
157.230.39.14 - - [05/May/2026:16:59:55 +0000] "GET /wp-admin/edit.php HTTP/1.1" 503 7312 "https://nipponia.nl/wp-login.php" "Mozilla/5.0 (Macintosh; Intel Mac OS X 13_6_1; rv:118.0) Gecko/20100101 Firefox/118.0"
157.230.39.14 - - [05/May/2026:17:00:01 +0000] "GET /wp-admin/plugins.php HTTP/1.1" 503 7312 "https://nipponia.nl/wp-login.php" "Mozilla/5.0 (Macintosh; Intel Mac OS X 13_6_1; rv:118.0) Gecko/20100101 Firefox/118.0"
157.230.39.14 - - [05/May/2026:17:00:14 +0000] "POST /wp-login.php HTTP/1.1" 503 7109 "https://nipponia.nl/wp-login.php" "Mozilla/5.0 (X11; Ubuntu; Linux x86_64) AppleWebKit/537.36 (KHTML, like Gecko) Chrome/121.0.0.0 Safari/537.36"
157.230.39.14 - - [05/May/2026:17:00:22 +0000] "GET /wp-admin/index.php HTTP/1.1" 503 7312 "https://nipponia.nl/wp-login.php" "Mozilla/5.0 (Windows NT 10.0; Win64; x64) AppleWebKit/537.36 (KHTML, like Gecko) Chrome/121.0.0.0 Safari/537.36"
20.123.172.228 - - [05/May/2026:17:00:24 +0000] "POST /?wordfence_syncAttackData=1778000424.4738 HTTP/1.1" 200 - "https://nipponia.nl/?wordfence_syncAttackData=1778000424.4738" "WordPress/6.1.10; https://nipponia.nl"
157.230.39.14 - - [05/May/2026:17:00:33 +0000] "GET /wp-admin/profile.php HTTP/1.1" 503 7312 "https://nipponia.nl/wp-login.php" "Mozilla/5.0 (Windows NT 10.0; Win64; x64) AppleWebKit/537.36 (KHTML, like Gecko) Chrome/121.0.0.0 Safari/537.36"
157.230.39.14 - - [05/May/2026:17:00:41 +0000] "GET /wp-admin/edit.php HTTP/1.1" 503 7312 "https://nipponia.nl/wp-login.php" "Mozilla/5.0 (Windows NT 10.0; Win64; x64) AppleWebKit/537.36 (KHTML, like Gecko) Chrome/121.0.0.0 Safari/537.36"
157.230.39.14 - - [05/May/2026:17:00:49 +0000] "GET /wp-admin/plugins.php HTTP/1.1" 503 7312 "https://nipponia.nl/wp-login.php" "Mozilla/5.0 (Windows NT 10.0; Win64; x64) AppleWebKit/537.36 (KHTML, like Gecko) Chrome/121.0.0.0 Safari/537.36"
157.230.39.14 - - [05/May/2026:17:00:57 +0000] "POST /wp-login.php HTTP/1.1" 503 7109 "https://nipponia.nl/wp-login.php" "Mozilla/5.0 (Windows NT 10.0; Win64; x64; rv:120.0) Gecko/20100101 Firefox/120.0"
157.230.39.14 - - [05/May/2026:17:01:07 +0000] "GET /wp-admin/index.php HTTP/1.1" 503 7312 "https://nipponia.nl/wp-login.php" "Mozilla/5.0 (Windows NT 11.0; Win64; x64) AppleWebKit/537.36 (KHTML, like Gecko) Chrome/119.0.0.0 Safari/537.36"
20.123.172.228 - - [05/May/2026:17:01:08 +0000] "POST /?wordfence_syncAttackData=1778000468.5419 HTTP/1.1" 200 - "https://nipponia.nl/?wordfence_syncAttackData=1778000468.5419" "WordPress/6.1.10; https://nipponia.nl"
157.230.39.14 - - [05/May/2026:17:01:15 +0000] "GET /wp-admin/profile.php HTTP/1.1" 503 7312 "https://nipponia.nl/wp-login.php" "Mozilla/5.0 (Windows NT 11.0; Win64; x64) AppleWebKit/537.36 (KHTML, like Gecko) Chrome/119.0.0.0 Safari/537.36"
157.230.39.14 - - [05/May/2026:17:01:24 +0000] "GET /wp-admin/edit.php HTTP/1.1" 503 7312 "https://nipponia.nl/wp-login.php" "Mozilla/5.0 (Windows NT 11.0; Win64; x64) AppleWebKit/537.36 (KHTML, like Gecko) Chrome/119.0.0.0 Safari/537.36"
157.230.39.14 - - [05/May/2026:17:01:42 +0000] "GET /wp-admin/plugins.php HTTP/1.1" 503 7312 "https://nipponia.nl/wp-login.php" "Mozilla/5.0 (Windows NT 11.0; Win64; x64) AppleWebKit/537.36 (KHTML, like Gecko) Chrome/119.0.0.0 Safari/537.36"
157.230.39.14 - - [05/May/2026:17:01:49 +0000] "POST /wp-login.php HTTP/1.1" 503 7109 "https://nipponia.nl/wp-login.php" "Mozilla/5.0 (X11; Linux x86_64) AppleWebKit/537.36 (KHTML, like Gecko) Chrome/119.0.0.0 Safari/537.36"
157.230.39.14 - - [05/May/2026:17:01:54 +0000] "GET /wp-admin/index.php HTTP/1.1" 503 7312 "https://nipponia.nl/wp-login.php" "Mozilla/5.0 (Windows NT 10.0; Win64; x64) AppleWebKit/537.36 (KHTML, like Gecko) Chrome/121.0.0.0 Safari/537.36"
20.123.172.228 - - [05/May/2026:17:01:55 +0000] "POST /?wordfence_syncAttackData=1778000515.6313 HTTP/1.1" 200 - "https://nipponia.nl/?wordfence_syncAttackData=1778000515.6313" "WordPress/6.1.10; https://nipponia.nl"
157.230.39.14 - - [05/May/2026:17:02:01 +0000] "GET /wp-admin/profile.php HTTP/1.1" 503 7311 "https://nipponia.nl/wp-login.php" "Mozilla/5.0 (Windows NT 10.0; Win64; x64) AppleWebKit/537.36 (KHTML, like Gecko) Chrome/121.0.0.0 Safari/537.36"
157.230.39.14 - - [05/May/2026:17:02:07 +0000] "GET /wp-admin/edit.php HTTP/1.1" 503 7312 "https://nipponia.nl/wp-login.php" "Mozilla/5.0 (Windows NT 10.0; Win64; x64) AppleWebKit/537.36 (KHTML, like Gecko) Chrome/121.0.0.0 Safari/537.36"
157.230.39.14 - - [05/May/2026:17:02:12 +0000] "GET /wp-admin/plugins.php HTTP/1.1" 503 7312 "https://nipponia.nl/wp-login.php" "Mozilla/5.0 (Windows NT 10.0; Win64; x64) AppleWebKit/537.36 (KHTML, like Gecko) Chrome/121.0.0.0 Safari/537.36"
157.230.39.14 - - [05/May/2026:17:02:18 +0000] "POST /wp-login.php HTTP/1.1" 503 7109 "https://nipponia.nl/wp-login.php" "Mozilla/5.0 (X11; Linux x86_64) AppleWebKit/537.36 (KHTML, like Gecko) Chrome/119.0.0.0 Safari/537.36"
157.230.39.14 - - [05/May/2026:17:02:23 +0000] "GET /wp-admin/index.php HTTP/1.1" 503 7312 "https://nipponia.nl/wp-login.php" "Mozilla/5.0 (Macintosh; Intel Mac OS X 10_15_7; rv:118.0) Gecko/20100101 Firefox/118.0"
20.123.172.228 - - [05/May/2026:17:02:24 +0000] "POST /?wordfence_syncAttackData=1778000544.8275 HTTP/1.1" 200 - "https://nipponia.nl/?wordfence_syncAttackData=1778000544.8275" "WordPress/6.1.10; https://nipponia.nl"
157.230.39.14 - - [05/May/2026:17:02:30 +0000] "GET /wp-admin/profile.php HTTP/1.1" 503 7312 "https://nipponia.nl/wp-login.php" "Mozilla/5.0 (Macintosh; Intel Mac OS X 10_15_7; rv:118.0) Gecko/20100101 Firefox/118.0"
157.230.39.14 - - [05/May/2026:17:02:37 +0000] "GET /wp-admin/edit.php HTTP/1.1" 503 7312 "https://nipponia.nl/wp-login.php" "Mozilla/5.0 (Macintosh; Intel Mac OS X 10_15_7; rv:118.0) Gecko/20100101 Firefox/118.0"
157.230.39.14 - - [05/May/2026:17:02:49 +0000] "GET /wp-admin/plugins.php HTTP/1.1" 503 7312 "https://nipponia.nl/wp-login.php" "Mozilla/5.0 (Macintosh; Intel Mac OS X 10_15_7; rv:118.0) Gecko/20100101 Firefox/118.0"
20.123.172.228 - - [05/May/2026:17:02:58 +0000] "POST /wp-cron.php?doing_wp_cron=1778000578.8242409229278564453125 HTTP/1.1" 200 - "https://nipponia.nl/wp-cron.php?doing_wp_cron=1778000578.8242409229278564453125" "WordPress/6.1.10; https://nipponia.nl"
84.26.55.179 - - [05/May/2026:17:02:57 +0000] "GET /pride-2/ HTTP/1.1" 200 20217 "https://www.bing.com/" "Mozilla/5.0 (Windows NT 10.0; Win64; x64) AppleWebKit/537.36 (KHTML, like Gecko) Chrome/147.0.0.0 Safari/537.36 Edg/147.0.0.0"
84.26.55.179 - - [05/May/2026:17:03:00 +0000] "GET /wp-content/themes/airi/css/bootstrap/bootstrap.min.css?ver=1 HTTP/1.1" 200 20519 "https://nipponia.nl/pride-2/" "Mozilla/5.0 (Windows NT 10.0; Win64; x64) AppleWebKit/537.36 (KHTML, like Gecko) Chrome/147.0.0.0 Safari/537.36 Edg/147.0.0.0"
84.26.55.179 - - [05/May/2026:17:03:00 +0000] "GET /wp-content/plugins/premium-addons-for-elementor/assets/frontend/min-css/premium-addons.min.css?ver=4.10.82 HTTP/1.1" 200 45232 "https://nipponia.nl/pride-2/" "Mozilla/5.0 (Windows NT 10.0; Win64; x64) AppleWebKit/537.36 (KHTML, like Gecko) Chrome/147.0.0.0 Safari/537.36 Edg/147.0.0.0"
84.26.55.179 - - [05/May/2026:17:03:00 +0000] "GET /wp-content/cache/autoptimize/css/autoptimize_single_0e4a098f3f6e3faede64db8b9da80ba2.css?ver=5.7.7 HTTP/1.1" 200 877 "https://nipponia.nl/pride-2/" "Mozilla/5.0 (Windows NT 10.0; Win64; x64) AppleWebKit/537.36 (KHTML, like Gecko) Chrome/147.0.0.0 Safari/537.36 Edg/147.0.0.0"
84.26.55.179 - - [05/May/2026:17:03:00 +0000] "GET /wp-includes/css/classic-themes.min.css?ver=1 HTTP/1.1" 200 189 "https://nipponia.nl/pride-2/" "Mozilla/5.0 (Windows NT 10.0; Win64; x64) AppleWebKit/537.36 (KHTML, like Gecko) Chrome/147.0.0.0 Safari/537.36 Edg/147.0.0.0"
84.26.55.179 - - [05/May/2026:17:03:00 +0000] "GET /wp-content/cache/autoptimize/css/autoptimize_single_20e8490fab0dcf7557a5c8b54494db6f.css?ver=3.0.8 HTTP/1.1" 200 772 "https://nipponia.nl/pride-2/" "Mozilla/5.0 (Windows NT 10.0; Win64; x64) AppleWebKit/537.36 (KHTML, like Gecko) Chrome/147.0.0.0 Safari/537.36 Edg/147.0.0.0"
84.26.55.179 - - [05/May/2026:17:03:00 +0000] "GET /wp-includes/css/dist/block-library/style.min.css?ver=6.1.10 HTTP/1.1" 200 12540 "https://nipponia.nl/pride-2/" "Mozilla/5.0 (Windows NT 10.0; Win64; x64) AppleWebKit/537.36 (KHTML, like Gecko) Chrome/147.0.0.0 Safari/537.36 Edg/147.0.0.0"
84.26.55.179 - - [05/May/2026:17:03:00 +0000] "GET /wp-content/cache/autoptimize/css/autoptimize_single_359aca8a88b2331aa34ac505acad9911.css?ver=3.0.8 HTTP/1.1" 200 3809 "https://nipponia.nl/pride-2/" "Mozilla/5.0 (Windows NT 10.0; Win64; x64) AppleWebKit/537.36 (KHTML, like Gecko) Chrome/147.0.0.0 Safari/537.36 Edg/147.0.0.0"
84.26.55.179 - - [05/May/2026:17:03:00 +0000] "GET /wp-content/plugins/wp-store-locator/css/styles.min.css?ver=2.2.235 HTTP/1.1" 200 3368 "https://nipponia.nl/pride-2/" "Mozilla/5.0 (Windows NT 10.0; Win64; x64) AppleWebKit/537.36 (KHTML, like Gecko) Chrome/147.0.0.0 Safari/537.36 Edg/147.0.0.0"
84.26.55.179 - - [05/May/2026:17:03:00 +0000] "GET /wp-content/cache/autoptimize/css/autoptimize_single_5b51e7d5730e4076121c9d8a880aac25.css?ver=6.1.10 HTTP/1.1" 200 14271 "https://nipponia.nl/pride-2/" "Mozilla/5.0 (Windows NT 10.0; Win64; x64) AppleWebKit/537.36 (KHTML, like Gecko) Chrome/147.0.0.0 Safari/537.36 Edg/147.0.0.0"
84.26.55.179 - - [05/May/2026:17:03:00 +0000] "GET /wp-content/themes/airi-child/style.css?ver=6.1.10 HTTP/1.1" 200 258 "https://nipponia.nl/pride-2/" "Mozilla/5.0 (Windows NT 10.0; Win64; x64) AppleWebKit/537.36 (KHTML, like Gecko) Chrome/147.0.0.0 Safari/537.36 Edg/147.0.0.0"
84.26.55.179 - - [05/May/2026:17:03:00 +0000] "GET /wp-content/plugins/elementor/assets/lib/eicons/css/elementor-icons.min.css?ver=5.17.0 HTTP/1.1" 200 3969 "https://nipponia.nl/pride-2/" "Mozilla/5.0 (Windows NT 10.0; Win64; x64) AppleWebKit/537.36 (KHTML, like Gecko) Chrome/147.0.0.0 Safari/537.36 Edg/147.0.0.0"
84.26.55.179 - - [05/May/2026:17:03:00 +0000] "GET /wp-content/cache/autoptimize/css/autoptimize_single_7bfada4d24aae1256c6c2c41879f015d.css?ver=2.0.4 HTTP/1.1" 200 2472 "https://nipponia.nl/pride-2/" "Mozilla/5.0 (Windows NT 10.0; Win64; x64) AppleWebKit/537.36 (KHTML, like Gecko) Chrome/147.0.0.0 Safari/537.36 Edg/147.0.0.0"
84.26.55.179 - - [05/May/2026:17:03:00 +0000] "GET /wp-content/themes/airi/css/font-awesome/css/all.min.css?ver=6.1.10 HTTP/1.1" 200 12863 "https://nipponia.nl/pride-2/" "Mozilla/5.0 (Windows NT 10.0; Win64; x64) AppleWebKit/537.36 (KHTML, like Gecko) Chrome/147.0.0.0 Safari/537.36 Edg/147.0.0.0"
84.26.55.179 - - [05/May/2026:17:03:00 +0000] "GET /wp-content/plugins/elementor/assets/css/frontend-legacy.min.css?ver=3.10.1 HTTP/1.1" 200 708 "https://nipponia.nl/pride-2/" "Mozilla/5.0 (Windows NT 10.0; Win64; x64) AppleWebKit/537.36 (KHTML, like Gecko) Chrome/147.0.0.0 Safari/537.36 Edg/147.0.0.0"
84.26.55.179 - - [05/May/2026:17:03:00 +0000] "GET /wp-content/cache/autoptimize/css/autoptimize_single_20f15ecfaca3374b57a05300ef74a5e5.css?ver=1745828269 HTTP/1.1" 200 351 "https://nipponia.nl/pride-2/" "Mozilla/5.0 (Windows NT 10.0; Win64; x64) AppleWebKit/537.36 (KHTML, like Gecko) Chrome/147.0.0.0 Safari/537.36 Edg/147.0.0.0"
84.26.55.179 - - [05/May/2026:17:03:00 +0000] "GET /wp-content/cache/autoptimize/css/autoptimize_single_47a8fe259819846c0df3513cb3cbf149.css?ver=1746526830 HTTP/1.1" 200 2026 "https://nipponia.nl/pride-2/" "Mozilla/5.0 (Windows NT 10.0; Win64; x64) AppleWebKit/537.36 (KHTML, like Gecko) Chrome/147.0.0.0 Safari/537.36 Edg/147.0.0.0"
84.26.55.179 - - [05/May/2026:17:03:00 +0000] "GET /wp-content/plugins/elementor/assets/css/frontend.min.css?ver=3.10.1 HTTP/1.1" 200 19457 "https://nipponia.nl/pride-2/" "Mozilla/5.0 (Windows NT 10.0; Win64; x64) AppleWebKit/537.36 (KHTML, like Gecko) Chrome/147.0.0.0 Safari/537.36 Edg/147.0.0.0"
84.26.55.179 - - [05/May/2026:17:03:00 +0000] "GET /wp-content/uploads/2021/02/index.png HTTP/1.1" 200 10087 "https://nipponia.nl/pride-2/" "Mozilla/5.0 (Windows NT 10.0; Win64; x64) AppleWebKit/537.36 (KHTML, like Gecko) Chrome/147.0.0.0 Safari/537.36 Edg/147.0.0.0"
84.26.55.179 - - [05/May/2026:17:03:00 +0000] "GET /wp-content/uploads/2021/02/index-300x62.png HTTP/1.1" 200 21630 "https://nipponia.nl/pride-2/" "Mozilla/5.0 (Windows NT 10.0; Win64; x64) AppleWebKit/537.36 (KHTML, like Gecko) Chrome/147.0.0.0 Safari/537.36 Edg/147.0.0.0"
84.26.55.179 - - [05/May/2026:17:03:00 +0000] "GET /wp-includes/js/jquery/jquery.min.js?ver=3.6.1 HTTP/1.1" 200 30995 "https://nipponia.nl/pride-2/" "Mozilla/5.0 (Windows NT 10.0; Win64; x64) AppleWebKit/537.36 (KHTML, like Gecko) Chrome/147.0.0.0 Safari/537.36 Edg/147.0.0.0"
84.26.55.179 - - [05/May/2026:17:03:01 +0000] "GET /wp-content/uploads/images/eviball.png HTTP/1.1" 200 3676 "https://nipponia.nl/pride-2/" "Mozilla/5.0 (Windows NT 10.0; Win64; x64) AppleWebKit/537.36 (KHTML, like Gecko) Chrome/147.0.0.0 Safari/537.36 Edg/147.0.0.0"
84.26.55.179 - - [05/May/2026:17:03:01 +0000] "GET /wp-content/uploads/images/Volty.png HTTP/1.1" 200 5379 "https://nipponia.nl/pride-2/" "Mozilla/5.0 (Windows NT 10.0; Win64; x64) AppleWebKit/537.36 (KHTML, like Gecko) Chrome/147.0.0.0 Safari/537.36 Edg/147.0.0.0"
84.26.55.179 - - [05/May/2026:17:03:01 +0000] "GET /wp-content/uploads/images/elegance.png HTTP/1.1" 200 7658 "https://nipponia.nl/pride-2/" "Mozilla/5.0 (Windows NT 10.0; Win64; x64) AppleWebKit/537.36 (KHTML, like Gecko) Chrome/147.0.0.0 Safari/537.36 Edg/147.0.0.0"
84.26.55.179 - - [05/May/2026:17:03:01 +0000] "GET /wp-includes/js/dist/vendor/regenerator-runtime.min.js?ver=0.13.9 HTTP/1.1" 200 2457 "https://nipponia.nl/pride-2/" "Mozilla/5.0 (Windows NT 10.0; Win64; x64) AppleWebKit/537.36 (KHTML, like Gecko) Chrome/147.0.0.0 Safari/537.36 Edg/147.0.0.0"
84.26.55.179 - - [05/May/2026:17:03:01 +0000] "GET /wp-content/plugins/elementor/assets/lib/animations/animations.min.css?ver=3.10.1 HTTP/1.1" 200 2592 "https://nipponia.nl/pride-2/" "Mozilla/5.0 (Windows NT 10.0; Win64; x64) AppleWebKit/537.36 (KHTML, like Gecko) Chrome/147.0.0.0 Safari/537.36 Edg/147.0.0.0"
84.26.55.179 - - [05/May/2026:17:03:01 +0000] "GET /wp-content/uploads/images/e-Rex.png HTTP/1.1" 200 7953 "https://nipponia.nl/pride-2/" "Mozilla/5.0 (Windows NT 10.0; Win64; x64) AppleWebKit/537.36 (KHTML, like Gecko) Chrome/147.0.0.0 Safari/537.36 Edg/147.0.0.0"
84.26.55.179 - - [05/May/2026:17:03:01 +0000] "GET /wp-includes/js/dist/vendor/wp-polyfill.min.js?ver=3.15.0 HTTP/1.1" 200 6532 "https://nipponia.nl/pride-2/" "Mozilla/5.0 (Windows NT 10.0; Win64; x64) AppleWebKit/537.36 (KHTML, like Gecko) Chrome/147.0.0.0 Safari/537.36 Edg/147.0.0.0"
84.26.55.179 - - [05/May/2026:17:03:01 +0000] "GET /wp-includes/js/wp-emoji-release.min.js?ver=6.1.10 HTTP/1.1" 200 5009 "https://nipponia.nl/pride-2/" "Mozilla/5.0 (Windows NT 10.0; Win64; x64) AppleWebKit/537.36 (KHTML, like Gecko) Chrome/147.0.0.0 Safari/537.36 Edg/147.0.0.0"
84.26.55.179 - - [05/May/2026:17:03:01 +0000] "GET /wp-content/uploads/images/one.png HTTP/1.1" 200 3003 "https://nipponia.nl/pride-2/" "Mozilla/5.0 (Windows NT 10.0; Win64; x64) AppleWebKit/537.36 (KHTML, like Gecko) Chrome/147.0.0.0 Safari/537.36 Edg/147.0.0.0"
84.26.55.179 - - [05/May/2026:17:03:01 +0000] "GET /wp-content/plugins/cookie-law-info/legacy/public/images/logo-cookieyes.svg HTTP/1.1" 200 1098 "https://nipponia.nl/pride-2/" "Mozilla/5.0 (Windows NT 10.0; Win64; x64) AppleWebKit/537.36 (KHTML, like Gecko) Chrome/147.0.0.0 Safari/537.36 Edg/147.0.0.0"
84.26.55.179 - - [05/May/2026:17:03:01 +0000] "GET /wp-content/fonts/work-sans/font HTTP/1.1" 200 25976 "https://nipponia.nl/pride-2/" "Mozilla/5.0 (Windows NT 10.0; Win64; x64) AppleWebKit/537.36 (KHTML, like Gecko) Chrome/147.0.0.0 Safari/537.36 Edg/147.0.0.0"
84.26.55.179 - - [05/May/2026:17:03:01 +0000] "GET /wp-content/cache/autoptimize/js/autoptimize_d70dd6bb7be92d2866d726509940de92.js HTTP/1.1" 200 127225 "https://nipponia.nl/pride-2/" "Mozilla/5.0 (Windows NT 10.0; Win64; x64) AppleWebKit/537.36 (KHTML, like Gecko) Chrome/147.0.0.0 Safari/537.36 Edg/147.0.0.0"
84.26.55.179 - - [05/May/2026:17:03:01 +0000] "GET /wp-content/themes/airi/css/font-awesome/webfonts/fa-solid-900.woff2 HTTP/1.1" 200 78083 "https://nipponia.nl/wp-content/themes/airi/css/font-awesome/css/all.min.css?ver=6.1.10" "Mozilla/5.0 (Windows NT 10.0; Win64; x64) AppleWebKit/537.36 (KHTML, like Gecko) Chrome/147.0.0.0 Safari/537.36 Edg/147.0.0.0"
84.26.55.179 - - [05/May/2026:17:03:01 +0000] "GET /wp-content/uploads/2022/06/Driewielscooter-Moto-Banner-updated-24-6-22.jpg HTTP/1.1" 200 160196 "https://nipponia.nl/pride-2/" "Mozilla/5.0 (Windows NT 10.0; Win64; x64) AppleWebKit/537.36 (KHTML, like Gecko) Chrome/147.0.0.0 Safari/537.36 Edg/147.0.0.0"
84.26.55.179 - - [05/May/2026:17:03:03 +0000] "GET /wp-content/uploads/2025/05/prideRange-without-word-new-model-May-2025.jpg HTTP/1.1" 200 320705 "https://nipponia.nl/pride-2/" "Mozilla/5.0 (Windows NT 10.0; Win64; x64) AppleWebKit/537.36 (KHTML, like Gecko) Chrome/147.0.0.0 Safari/537.36 Edg/147.0.0.0"
157.230.39.14 - - [05/May/2026:17:03:05 +0000] "POST /wp-login.php HTTP/1.1" 503 7109 "https://nipponia.nl/wp-login.php" "Mozilla/5.0 (Macintosh; Intel Mac OS X 10_15_7; rv:120.0) Gecko/20100101 Firefox/120.0"
157.230.39.14 - - [05/May/2026:17:03:12 +0000] "GET /wp-admin/index.php HTTP/1.1" 503 7312 "https://nipponia.nl/wp-login.php" "Mozilla/5.0 (Windows NT 11.0; Win64; x64) AppleWebKit/537.36 (KHTML, like Gecko) Chrome/120.0.0.0 Safari/537.36"
20.123.172.228 - - [05/May/2026:17:03:13 +0000] "POST /?wordfence_syncAttackData=1778000593.5428 HTTP/1.1" 200 - "https://nipponia.nl/?wordfence_syncAttackData=1778000593.5428" "WordPress/6.1.10; https://nipponia.nl"
84.26.55.179 - - [05/May/2026:17:03:17 +0000] "GET /wp-content/uploads/2021/04/Ignition-switch.jpg HTTP/1.1" 200 53724 "https://nipponia.nl/pride-2/" "Mozilla/5.0 (Windows NT 10.0; Win64; x64) AppleWebKit/537.36 (KHTML, like Gecko) Chrome/147.0.0.0 Safari/537.36 Edg/147.0.0.0"
84.26.55.179 - - [05/May/2026:17:03:19 +0000] "GET /wp-content/uploads/2021/04/Keys.jpg HTTP/1.1" 200 91245 "https://nipponia.nl/pride-2/" "Mozilla/5.0 (Windows NT 10.0; Win64; x64) AppleWebKit/537.36 (KHTML, like Gecko) Chrome/147.0.0.0 Safari/537.36 Edg/147.0.0.0"
84.26.55.179 - - [05/May/2026:17:03:21 +0000] "GET /wp-content/uploads/2021/04/Pride-Digital-Dashboard-Clean.jpg HTTP/1.1" 200 184735 "https://nipponia.nl/pride-2/" "Mozilla/5.0 (Windows NT 10.0; Win64; x64) AppleWebKit/537.36 (KHTML, like Gecko) Chrome/147.0.0.0 Safari/537.36 Edg/147.0.0.0"
84.26.55.179 - - [05/May/2026:17:03:24 +0000] "GET /wp-content/uploads/2021/04/2Fast-Hand-Seater.jpg HTTP/1.1" 200 40904 "https://nipponia.nl/pride-2/" "Mozilla/5.0 (Windows NT 10.0; Win64; x64) AppleWebKit/537.36 (KHTML, like Gecko) Chrome/147.0.0.0 Safari/537.36 Edg/147.0.0.0"
157.230.39.14 - - [05/May/2026:17:03:27 +0000] "GET /wp-admin/profile.php HTTP/1.1" 503 7312 "https://nipponia.nl/wp-login.php" "Mozilla/5.0 (Windows NT 11.0; Win64; x64) AppleWebKit/537.36 (KHTML, like Gecko) Chrome/120.0.0.0 Safari/537.36"
84.26.55.179 - - [05/May/2026:17:03:32 +0000] "GET /wp-content/uploads/2021/04/Pride-Parking-Brake.jpg HTTP/1.1" 200 83100 "https://nipponia.nl/pride-2/" "Mozilla/5.0 (Windows NT 10.0; Win64; x64) AppleWebKit/537.36 (KHTML, like Gecko) Chrome/147.0.0.0 Safari/537.36 Edg/147.0.0.0"
157.230.39.14 - - [05/May/2026:17:03:37 +0000] "GET /wp-admin/edit.php HTTP/1.1" 503 7312 "https://nipponia.nl/wp-login.php" "Mozilla/5.0 (Windows NT 11.0; Win64; x64) AppleWebKit/537.36 (KHTML, like Gecko) Chrome/120.0.0.0 Safari/537.36"
157.230.39.14 - - [05/May/2026:17:03:46 +0000] "GET /wp-admin/plugins.php HTTP/1.1" 503 7312 "https://nipponia.nl/wp-login.php" "Mozilla/5.0 (Windows NT 11.0; Win64; x64) AppleWebKit/537.36 (KHTML, like Gecko) Chrome/120.0.0.0 Safari/537.36"
157.230.39.14 - - [05/May/2026:17:03:52 +0000] "POST /wp-login.php HTTP/1.1" 503 7109 "https://nipponia.nl/wp-login.php" "Mozilla/5.0 (Macintosh; Intel Mac OS X 10_15_7) AppleWebKit/537.36 (KHTML, like Gecko) Chrome/118.0.0.0 Safari/537.36"
157.230.39.14 - - [05/May/2026:17:03:56 +0000] "GET /wp-admin/index.php HTTP/1.1" 503 7312 "https://nipponia.nl/wp-login.php" "Mozilla/5.0 (Macintosh; Intel Mac OS X 10_15_7; rv:118.0) Gecko/20100101 Firefox/118.0"
20.123.172.228 - - [05/May/2026:17:03:58 +0000] "POST /?wordfence_syncAttackData=1778000638.291 HTTP/1.1" 200 - "https://nipponia.nl/?wordfence_syncAttackData=1778000638.291" "WordPress/6.1.10; https://nipponia.nl"
84.26.55.179 - - [05/May/2026:17:04:01 +0000] "GET /wp-content/uploads/2021/04/Pride-Back-Light-on-Night.jpg HTTP/1.1" 200 99162 "https://nipponia.nl/pride-2/" "Mozilla/5.0 (Windows NT 10.0; Win64; x64) AppleWebKit/537.36 (KHTML, like Gecko) Chrome/147.0.0.0 Safari/537.36 Edg/147.0.0.0"
84.26.55.179 - - [05/May/2026:17:04:01 +0000] "GET /wp-content/uploads/2021/04/Pride-Front-Light-Activated-night.jpg HTTP/1.1" 200 117679 "https://nipponia.nl/pride-2/" "Mozilla/5.0 (Windows NT 10.0; Win64; x64) AppleWebKit/537.36 (KHTML, like Gecko) Chrome/147.0.0.0 Safari/537.36 Edg/147.0.0.0"
84.26.55.179 - - [05/May/2026:17:04:02 +0000] "GET /wp-content/uploads/2021/04/Pride-Fron-Light-Activated.jpg HTTP/1.1" 200 116640 "https://nipponia.nl/pride-2/" "Mozilla/5.0 (Windows NT 10.0; Win64; x64) AppleWebKit/537.36 (KHTML, like Gecko) Chrome/147.0.0.0 Safari/537.36 Edg/147.0.0.0"
20.123.172.228 - - [05/May/2026:17:04:02 +0000] "POST /wp-cron.php?doing_wp_cron=1778000642.5337359905242919921875 HTTP/1.1" 200 - "https://nipponia.nl/wp-cron.php?doing_wp_cron=1778000642.5337359905242919921875" "WordPress/6.1.10; https://nipponia.nl"
52.167.144.173 - - [05/May/2026:17:04:00 +0000] "GET /stores/schuurbiers-scooterservice/ HTTP/1.1" 404 11759 "-" "Mozilla/5.0 AppleWebKit/537.36 (KHTML, like Gecko; compatible; bingbot/2.0; +http://www.bing.com/bingbot.htm) Chrome/116.0.1938.76 Safari/537.36"
157.230.39.14 - - [05/May/2026:17:04:04 +0000] "GET /wp-admin/profile.php HTTP/1.1" 503 7312 "https://nipponia.nl/wp-login.php" "Mozilla/5.0 (Macintosh; Intel Mac OS X 10_15_7; rv:118.0) Gecko/20100101 Firefox/118.0"
157.230.39.14 - - [05/May/2026:17:04:10 +0000] "GET /wp-admin/edit.php HTTP/1.1" 503 7312 "https://nipponia.nl/wp-login.php" "Mozilla/5.0 (Macintosh; Intel Mac OS X 10_15_7; rv:118.0) Gecko/20100101 Firefox/118.0"
157.230.39.14 - - [05/May/2026:17:04:17 +0000] "GET /wp-admin/plugins.php HTTP/1.1" 503 7312 "https://nipponia.nl/wp-login.php" "Mozilla/5.0 (Macintosh; Intel Mac OS X 10_15_7; rv:118.0) Gecko/20100101 Firefox/118.0"
84.26.55.179 - - [05/May/2026:17:04:19 +0000] "GET / HTTP/1.1" 200 16899 "https://nipponia.nl/pride-2/" "Mozilla/5.0 (Windows NT 10.0; Win64; x64) AppleWebKit/537.36 (KHTML, like Gecko) Chrome/147.0.0.0 Safari/537.36 Edg/147.0.0.0"
84.26.55.179 - - [05/May/2026:17:04:22 +0000] "GET /wp-content/cache/autoptimize/css/autoptimize_single_8ace0ce172172dc000c109e4f0704817.css?ver=1747292499 HTTP/1.1" 200 1315 "https://nipponia.nl/" "Mozilla/5.0 (Windows NT 10.0; Win64; x64) AppleWebKit/537.36 (KHTML, like Gecko) Chrome/147.0.0.0 Safari/537.36 Edg/147.0.0.0"
84.26.55.179 - - [05/May/2026:17:04:22 +0000] "GET /wp-content/uploads/2022/10/banner-for-web-3.jpg HTTP/1.1" 200 279980 "https://nipponia.nl/" "Mozilla/5.0 (Windows NT 10.0; Win64; x64) AppleWebKit/537.36 (KHTML, like Gecko) Chrome/147.0.0.0 Safari/537.36 Edg/147.0.0.0"
84.26.55.179 - - [05/May/2026:17:04:22 +0000] "GET /wp-content/uploads/2022/10/2-fast-for-web.jpg HTTP/1.1" 200 194839 "https://nipponia.nl/" "Mozilla/5.0 (Windows NT 10.0; Win64; x64) AppleWebKit/537.36 (KHTML, like Gecko) Chrome/147.0.0.0 Safari/537.36 Edg/147.0.0.0"
84.26.55.179 - - [05/May/2026:17:04:22 +0000] "GET /wp-content/uploads/2023/07/Head-Banner-Site-1920-%C3%97-980-px-1920-%C3%97-880-px.mp4 HTTP/1.1" 206 2244106 "https://nipponia.nl/" "Mozilla/5.0 (Windows NT 10.0; Win64; x64) AppleWebKit/537.36 (KHTML, like Gecko) Chrome/147.0.0.0 Safari/537.36 Edg/147.0.0.0"
157.230.39.14 - - [05/May/2026:17:04:23 +0000] "POST /wp-login.php HTTP/1.1" 503 7109 "https://nipponia.nl/wp-login.php" "Mozilla/5.0 (X11; Linux x86_64) AppleWebKit/537.36 (KHTML, like Gecko) Chrome/119.0.0.0 Safari/537.36"
157.230.39.14 - - [05/May/2026:17:04:28 +0000] "GET /wp-admin/index.php HTTP/1.1" 503 7312 "https://nipponia.nl/wp-login.php" "Mozilla/5.0 (Macintosh; Intel Mac OS X 10_15_7; rv:119.0) Gecko/20100101 Firefox/119.0"
20.123.172.228 - - [05/May/2026:17:04:30 +0000] "POST /?wordfence_syncAttackData=1778000670.2648 HTTP/1.1" 200 - "https://nipponia.nl/?wordfence_syncAttackData=1778000670.2648" "WordPress/6.1.10; https://nipponia.nl"
157.230.39.14 - - [05/May/2026:17:04:35 +0000] "GET /wp-admin/profile.php HTTP/1.1" 503 7312 "https://nipponia.nl/wp-login.php" "Mozilla/5.0 (Macintosh; Intel Mac OS X 10_15_7; rv:119.0) Gecko/20100101 Firefox/119.0"
84.26.55.179 - - [05/May/2026:17:04:37 +0000] "GET /contact-2/ HTTP/1.1" 200 14754 "https://nipponia.nl/" "Mozilla/5.0 (Windows NT 10.0; Win64; x64) AppleWebKit/537.36 (KHTML, like Gecko) Chrome/147.0.0.0 Safari/537.36 Edg/147.0.0.0"
84.26.55.179 - - [05/May/2026:17:04:40 +0000] "GET /contact-2/ HTTP/1.1" 200 14754 "https://nipponia.nl/" "Mozilla/5.0 (Windows NT 10.0; Win64; x64) AppleWebKit/537.36 (KHTML, like Gecko) Chrome/147.0.0.0 Safari/537.36 Edg/147.0.0.0"
84.26.55.179 - - [05/May/2026:17:04:42 +0000] "GET /wp-content/cache/autoptimize/css/autoptimize_single_fe05127da1f5e917a604362ab35daa3e.css?ver=1745830306 HTTP/1.1" 200 284 "https://nipponia.nl/contact-2/" "Mozilla/5.0 (Windows NT 10.0; Win64; x64) AppleWebKit/537.36 (KHTML, like Gecko) Chrome/147.0.0.0 Safari/537.36 Edg/147.0.0.0"
157.230.39.14 - - [05/May/2026:17:04:41 +0000] "GET /wp-admin/edit.php HTTP/1.1" 503 7312 "https://nipponia.nl/wp-login.php" "Mozilla/5.0 (Macintosh; Intel Mac OS X 10_15_7; rv:119.0) Gecko/20100101 Firefox/119.0"
84.26.55.179 - - [05/May/2026:17:04:43 +0000] "GET /wp-json/contact-form-7/v1/contact-forms/7768/feedback/schema HTTP/1.1" 200 175 "https://nipponia.nl/contact-2/" "Mozilla/5.0 (Windows NT 10.0; Win64; x64) AppleWebKit/537.36 (KHTML, like Gecko) Chrome/147.0.0.0 Safari/537.36 Edg/147.0.0.0"
84.26.55.179 - - [05/May/2026:17:04:43 +0000] "GET /wp-json/contact-form-7/v1/contact-forms/7768/refill HTTP/1.1" 200 22 "https://nipponia.nl/contact-2/" "Mozilla/5.0 (Windows NT 10.0; Win64; x64) AppleWebKit/537.36 (KHTML, like Gecko) Chrome/147.0.0.0 Safari/537.36 Edg/147.0.0.0"
157.230.39.14 - - [05/May/2026:17:04:47 +0000] "GET /wp-admin/plugins.php HTTP/1.1" 503 7311 "https://nipponia.nl/wp-login.php" "Mozilla/5.0 (Macintosh; Intel Mac OS X 10_15_7; rv:119.0) Gecko/20100101 Firefox/119.0"
157.230.39.14 - - [05/May/2026:17:04:53 +0000] "POST /wp-login.php HTTP/1.1" 503 7109 "https://nipponia.nl/wp-login.php" "Mozilla/5.0 (Macintosh; Intel Mac OS X 13_6_1; rv:119.0) Gecko/20100101 Firefox/119.0"
157.230.39.14 - - [05/May/2026:17:04:58 +0000] "GET /wp-admin/index.php HTTP/1.1" 503 7311 "https://nipponia.nl/wp-login.php" "Mozilla/5.0 (Macintosh; Intel Mac OS X 13_6_1) AppleWebKit/605.1.15 (KHTML, like Gecko) Version/17.2 Safari/605.1.15"
20.123.172.228 - - [05/May/2026:17:04:59 +0000] "POST /?wordfence_syncAttackData=1778000699.4506 HTTP/1.1" 200 - "https://nipponia.nl/?wordfence_syncAttackData=1778000699.4506" "WordPress/6.1.10; https://nipponia.nl"
20.123.172.228 - - [05/May/2026:17:05:03 +0000] "POST /wp-cron.php?doing_wp_cron=1778000703.4435000419616699218750 HTTP/1.1" 200 - "https://nipponia.nl/wp-cron.php?doing_wp_cron=1778000703.4435000419616699218750" "WordPress/6.1.10; https://nipponia.nl"
84.26.55.179 - - [05/May/2026:17:05:01 +0000] "GET /over-ons/ HTTP/1.1" 200 15503 "https://nipponia.nl/contact-2/" "Mozilla/5.0 (Windows NT 10.0; Win64; x64) AppleWebKit/537.36 (KHTML, like Gecko) Chrome/147.0.0.0 Safari/537.36 Edg/147.0.0.0"
84.26.55.179 - - [05/May/2026:17:05:04 +0000] "GET /wp-content/cache/autoptimize/css/autoptimize_single_83792d419f0e7b6565340f9732e4d0c8.css?ver=1745835186 HTTP/1.1" 200 952 "https://nipponia.nl/over-ons/" "Mozilla/5.0 (Windows NT 10.0; Win64; x64) AppleWebKit/537.36 (KHTML, like Gecko) Chrome/147.0.0.0 Safari/537.36 Edg/147.0.0.0"
84.26.55.179 - - [05/May/2026:17:05:04 +0000] "GET /wp-content/uploads/2021/04/NIPPONIA-logo.jpg HTTP/1.1" 200 69719 "https://nipponia.nl/over-ons/" "Mozilla/5.0 (Windows NT 10.0; Win64; x64) AppleWebKit/537.36 (KHTML, like Gecko) Chrome/147.0.0.0 Safari/537.36 Edg/147.0.0.0"
84.26.55.179 - - [05/May/2026:17:05:04 +0000] "GET /wp-content/uploads/2021/04/Map.jpg HTTP/1.1" 200 74146 "https://nipponia.nl/over-ons/" "Mozilla/5.0 (Windows NT 10.0; Win64; x64) AppleWebKit/537.36 (KHTML, like Gecko) Chrome/147.0.0.0 Safari/537.36 Edg/147.0.0.0"
84.26.55.179 - - [05/May/2026:17:05:04 +0000] "GET /wp-content/uploads/2021/04/VOLTY_Speedometer.jpg HTTP/1.1" 200 71604 "https://nipponia.nl/over-ons/" "Mozilla/5.0 (Windows NT 10.0; Win64; x64) AppleWebKit/537.36 (KHTML, like Gecko) Chrome/147.0.0.0 Safari/537.36 Edg/147.0.0.0"
157.230.39.14 - - [05/May/2026:17:05:11 +0000] "GET /wp-admin/profile.php HTTP/1.1" 503 7312 "https://nipponia.nl/wp-login.php" "Mozilla/5.0 (Macintosh; Intel Mac OS X 13_6_1) AppleWebKit/605.1.15 (KHTML, like Gecko) Version/17.2 Safari/605.1.15"
157.230.39.14 - - [05/May/2026:17:05:20 +0000] "GET /wp-admin/edit.php HTTP/1.1" 503 7312 "https://nipponia.nl/wp-login.php" "Mozilla/5.0 (Macintosh; Intel Mac OS X 13_6_1) AppleWebKit/605.1.15 (KHTML, like Gecko) Version/17.2 Safari/605.1.15"
157.230.39.14 - - [05/May/2026:17:05:27 +0000] "GET /wp-admin/plugins.php HTTP/1.1" 503 7312 "https://nipponia.nl/wp-login.php" "Mozilla/5.0 (Macintosh; Intel Mac OS X 13_6_1) AppleWebKit/605.1.15 (KHTML, like Gecko) Version/17.2 Safari/605.1.15"
84.26.55.179 - - [05/May/2026:17:05:31 +0000] "GET / HTTP/1.1" 200 16899 "https://nipponia.nl/over-ons/" "Mozilla/5.0 (Windows NT 10.0; Win64; x64) AppleWebKit/537.36 (KHTML, like Gecko) Chrome/147.0.0.0 Safari/537.36 Edg/147.0.0.0"
157.230.39.14 - - [05/May/2026:17:05:34 +0000] "POST /wp-login.php HTTP/1.1" 503 7109 "https://nipponia.nl/wp-login.php" "Mozilla/5.0 (Windows NT 11.0; Win64; x64) AppleWebKit/537.36 (KHTML, like Gecko) Chrome/120.0.0.0 Safari/537.36"
157.230.39.14 - - [05/May/2026:17:05:39 +0000] "GET /wp-admin/index.php HTTP/1.1" 503 7312 "https://nipponia.nl/wp-login.php" "Mozilla/5.0 (Windows NT 10.0; Win64; x64) AppleWebKit/537.36 (KHTML, like Gecko) Chrome/120.0.0.0 Safari/537.36"
20.123.172.228 - - [05/May/2026:17:05:40 +0000] "POST /?wordfence_syncAttackData=1778000740.6959 HTTP/1.1" 200 - "https://nipponia.nl/?wordfence_syncAttackData=1778000740.6959" "WordPress/6.1.10; https://nipponia.nl"
157.230.39.14 - - [05/May/2026:17:05:46 +0000] "GET /wp-admin/profile.php HTTP/1.1" 503 7312 "https://nipponia.nl/wp-login.php" "Mozilla/5.0 (Windows NT 10.0; Win64; x64) AppleWebKit/537.36 (KHTML, like Gecko) Chrome/120.0.0.0 Safari/537.36"
157.230.39.14 - - [05/May/2026:17:05:51 +0000] "GET /wp-admin/edit.php HTTP/1.1" 503 7312 "https://nipponia.nl/wp-login.php" "Mozilla/5.0 (Windows NT 10.0; Win64; x64) AppleWebKit/537.36 (KHTML, like Gecko) Chrome/120.0.0.0 Safari/537.36"
157.230.39.14 - - [05/May/2026:17:05:58 +0000] "GET /wp-admin/plugins.php HTTP/1.1" 503 7312 "https://nipponia.nl/wp-login.php" "Mozilla/5.0 (Windows NT 10.0; Win64; x64) AppleWebKit/537.36 (KHTML, like Gecko) Chrome/120.0.0.0 Safari/537.36"
157.230.39.14 - - [05/May/2026:17:06:04 +0000] "POST /wp-login.php HTTP/1.1" 503 7109 "https://nipponia.nl/wp-login.php" "Mozilla/5.0 (Macintosh; Intel Mac OS X 10_15_7) AppleWebKit/537.36 (KHTML, like Gecko) Chrome/119.0.0.0 Safari/537.36"
198.235.24.56 - - [05/May/2026:17:06:04 +0000] "GET / HTTP/1.1" 301 - "-" "Hello from Palo Alto Networks, find out more about our scans in https://docs-cortex.paloaltonetworks.com/r/1/Cortex-Xpanse/Scanning-activity"
20.123.172.228 - - [05/May/2026:17:06:06 +0000] "POST /?wordfence_syncAttackData=1778000766.2236 HTTP/1.1" 200 - "https://nipponia.nl/?wordfence_syncAttackData=1778000766.2236" "WordPress/6.1.10; https://nipponia.nl"
157.230.39.14 - - [05/May/2026:17:06:09 +0000] "GET /wp-admin/index.php HTTP/1.1" 503 7312 "https://nipponia.nl/wp-login.php" "Mozilla/5.0 (Macintosh; Intel Mac OS X 13_6_1) AppleWebKit/537.36 (KHTML, like Gecko) Chrome/121.0.0.0 Safari/537.36"
198.235.24.56 - - [05/May/2026:17:06:08 +0000] "GET / HTTP/1.1" 200 89935 "-" "Hello from Palo Alto Networks, find out more about our scans in https://docs-cortex.paloaltonetworks.com/r/1/Cortex-Xpanse/Scanning-activity"
157.230.39.14 - - [05/May/2026:17:06:14 +0000] "GET /wp-admin/profile.php HTTP/1.1" 503 7312 "https://nipponia.nl/wp-login.php" "Mozilla/5.0 (Macintosh; Intel Mac OS X 13_6_1) AppleWebKit/537.36 (KHTML, like Gecko) Chrome/121.0.0.0 Safari/537.36"
157.230.39.14 - - [05/May/2026:17:06:22 +0000] "GET /wp-admin/edit.php HTTP/1.1" 503 7312 "https://nipponia.nl/wp-login.php" "Mozilla/5.0 (Macintosh; Intel Mac OS X 13_6_1) AppleWebKit/537.36 (KHTML, like Gecko) Chrome/121.0.0.0 Safari/537.36"
157.230.39.14 - - [05/May/2026:17:06:30 +0000] "GET /wp-admin/plugins.php HTTP/1.1" 503 7312 "https://nipponia.nl/wp-login.php" "Mozilla/5.0 (Macintosh; Intel Mac OS X 13_6_1) AppleWebKit/537.36 (KHTML, like Gecko) Chrome/121.0.0.0 Safari/537.36"
157.230.39.14 - - [05/May/2026:17:06:39 +0000] "POST /wp-login.php HTTP/1.1" 503 7109 "https://nipponia.nl/wp-login.php" "Mozilla/5.0 (Windows NT 10.0; Win64; x64; rv:118.0) Gecko/20100101 Firefox/118.0"
157.230.39.14 - - [05/May/2026:17:06:46 +0000] "GET /wp-admin/index.php HTTP/1.1" 503 7311 "https://nipponia.nl/wp-login.php" "Mozilla/5.0 (Macintosh; Intel Mac OS X 13_6_1; rv:120.0) Gecko/20100101 Firefox/120.0"
20.123.172.228 - - [05/May/2026:17:06:47 +0000] "POST /?wordfence_syncAttackData=1778000807.8608 HTTP/1.1" 200 - "https://nipponia.nl/?wordfence_syncAttackData=1778000807.8608" "WordPress/6.1.10; https://nipponia.nl"
20.123.172.228 - - [05/May/2026:17:06:56 +0000] "POST /wp-cron.php?doing_wp_cron=1778000816.4991309642791748046875 HTTP/1.1" 200 - "https://nipponia.nl/wp-cron.php?doing_wp_cron=1778000816.4991309642791748046875" "WordPress/6.1.10; https://nipponia.nl"
84.26.55.179 - - [05/May/2026:17:06:54 +0000] "GET /nl/dealer-netwerk/ HTTP/1.1" 301 - "https://nipponia.nl/" "Mozilla/5.0 (Windows NT 10.0; Win64; x64) AppleWebKit/537.36 (KHTML, like Gecko) Chrome/147.0.0.0 Safari/537.36 Edg/147.0.0.0"
84.26.55.179 - - [05/May/2026:17:06:56 +0000] "GET /dealer-netwerk/ HTTP/1.1" 200 16223 "https://nipponia.nl/" "Mozilla/5.0 (Windows NT 10.0; Win64; x64) AppleWebKit/537.36 (KHTML, like Gecko) Chrome/147.0.0.0 Safari/537.36 Edg/147.0.0.0"
84.26.55.179 - - [05/May/2026:17:06:59 +0000] "GET /wp-content/cache/autoptimize/css/autoptimize_single_8d514f8620e8b21fe58b8b87096044e0.css?ver=1745830317 HTTP/1.1" 200 97 "https://nipponia.nl/dealer-netwerk/" "Mozilla/5.0 (Windows NT 10.0; Win64; x64) AppleWebKit/537.36 (KHTML, like Gecko) Chrome/147.0.0.0 Safari/537.36 Edg/147.0.0.0"
84.26.55.179 - - [05/May/2026:17:06:59 +0000] "GET /wp-content/cache/autoptimize/js/autoptimize_b204cf81ec98320b7a9de4f5787f9838.js HTTP/1.1" 200 142139 "https://nipponia.nl/dealer-netwerk/" "Mozilla/5.0 (Windows NT 10.0; Win64; x64) AppleWebKit/537.36 (KHTML, like Gecko) Chrome/147.0.0.0 Safari/537.36 Edg/147.0.0.0"
84.26.55.179 - - [05/May/2026:17:06:59 +0000] "GET /wp-content/plugins/wp-store-locator/img/ajax-loader.gif HTTP/1.1" 200 1849 "https://nipponia.nl/dealer-netwerk/" "Mozilla/5.0 (Windows NT 10.0; Win64; x64) AppleWebKit/537.36 (KHTML, like Gecko) Chrome/147.0.0.0 Safari/537.36 Edg/147.0.0.0"
84.26.55.179 - - [05/May/2026:17:07:00 +0000] "GET /wp-content/themes/airi-child/wpsl-markers/nip_flag_orange@2x.png HTTP/1.1" 200 9526 "https://nipponia.nl/dealer-netwerk/" "Mozilla/5.0 (Windows NT 10.0; Win64; x64) AppleWebKit/537.36 (KHTML, like Gecko) Chrome/147.0.0.0 Safari/537.36 Edg/147.0.0.0"
84.26.55.179 - - [05/May/2026:17:07:00 +0000] "GET /wp-content/plugins/wp-store-locator/font/fontello.woff?28897909 HTTP/1.1" 200 2798 "https://nipponia.nl/wp-content/plugins/wp-store-locator/css/styles.min.css?ver=2.2.235" "Mozilla/5.0 (Windows NT 10.0; Win64; x64) AppleWebKit/537.36 (KHTML, like Gecko) Chrome/147.0.0.0 Safari/537.36 Edg/147.0.0.0"
84.26.55.179 - - [05/May/2026:17:06:59 +0000] "GET /wp-admin/admin-ajax.php?lang=nl&action=store_search&lat=52.4505373&lng=5.9958886&max_results=25&search_radius=50&autoload=1 HTTP/1.1" 200 9618 "https://nipponia.nl/dealer-netwerk/" "Mozilla/5.0 (Windows NT 10.0; Win64; x64) AppleWebKit/537.36 (KHTML, like Gecko) Chrome/147.0.0.0 Safari/537.36 Edg/147.0.0.0"
84.26.55.179 - - [05/May/2026:17:07:02 +0000] "GET /wp-content/themes/airi-child/wpsl-markers/nip_flag_blue@2x.png HTTP/1.1" 200 9407 "https://nipponia.nl/dealer-netwerk/" "Mozilla/5.0 (Windows NT 10.0; Win64; x64) AppleWebKit/537.36 (KHTML, like Gecko) Chrome/147.0.0.0 Safari/537.36 Edg/147.0.0.0"
157.230.39.14 - - [05/May/2026:17:07:02 +0000] "GET /wp-admin/profile.php HTTP/1.1" 503 7311 "https://nipponia.nl/wp-login.php" "Mozilla/5.0 (Macintosh; Intel Mac OS X 13_6_1; rv:120.0) Gecko/20100101 Firefox/120.0"
157.230.39.14 - - [05/May/2026:17:07:12 +0000] "GET /wp-admin/edit.php HTTP/1.1" 503 7312 "https://nipponia.nl/wp-login.php" "Mozilla/5.0 (Macintosh; Intel Mac OS X 13_6_1; rv:120.0) Gecko/20100101 Firefox/120.0"
44.207.207.36 - - [05/May/2026:17:07:14 +0000] "GET /e-legance/ HTTP/1.1" 301 - "-" "Mozilla/5.0 AppleWebKit/537.36 (KHTML, like Gecko; compatible; Amazonbot/0.1; +https://developer.amazon.com/support/amazonbot) Chrome/119.0.6045.214 Safari/537.36"
54.152.163.42 - - [05/May/2026:17:07:16 +0000] "GET /en/e-legance/ HTTP/1.1" 200 21005 "-" "Mozilla/5.0 AppleWebKit/537.36 (KHTML, like Gecko; compatible; Amazonbot/0.1; +https://developer.amazon.com/support/amazonbot) Chrome/119.0.6045.214 Safari/537.36"
157.230.39.14 - - [05/May/2026:17:07:19 +0000] "GET /wp-admin/plugins.php HTTP/1.1" 503 7312 "https://nipponia.nl/wp-login.php" "Mozilla/5.0 (Macintosh; Intel Mac OS X 13_6_1; rv:120.0) Gecko/20100101 Firefox/120.0"
52.202.233.37 - - [05/May/2026:17:07:18 +0000] "GET /nipponia-utrecht/ HTTP/1.1" 200 16801 "-" "Mozilla/5.0 AppleWebKit/537.36 (KHTML, like Gecko; compatible; Amazonbot/0.1; +https://developer.amazon.com/support/amazonbot) Chrome/119.0.6045.214 Safari/537.36"
157.230.39.14 - - [05/May/2026:17:07:25 +0000] "POST /wp-login.php HTTP/1.1" 503 7109 "https://nipponia.nl/wp-login.php" "Mozilla/5.0 (Windows NT 11.0; Win64; x64; rv:120.0) Gecko/20100101 Firefox/120.0"
157.230.39.14 - - [05/May/2026:17:07:30 +0000] "GET /wp-admin/index.php HTTP/1.1" 503 7312 "https://nipponia.nl/wp-login.php" "Mozilla/5.0 (X11; Linux x86_64) AppleWebKit/537.36 (KHTML, like Gecko) Chrome/118.0.0.0 Safari/537.36"
20.123.172.228 - - [05/May/2026:17:07:31 +0000] "POST /?wordfence_syncAttackData=1778000851.7753 HTTP/1.1" 200 - "https://nipponia.nl/?wordfence_syncAttackData=1778000851.7753" "WordPress/6.1.10; https://nipponia.nl"
162.120.187.197 - - [05/May/2026:17:07:36 +0000] "GET /en/e-viball/ HTTP/1.1" 200 22028 "https://www.google.com/" "Mozilla/5.0 (Linux; Android 10; K) AppleWebKit/537.36 (KHTML, like Gecko) Chrome/147.0.0.0 Mobile Safari/537.36"
157.230.39.14 - - [05/May/2026:17:07:38 +0000] "GET /wp-admin/profile.php HTTP/1.1" 503 7312 "https://nipponia.nl/wp-login.php" "Mozilla/5.0 (X11; Linux x86_64) AppleWebKit/537.36 (KHTML, like Gecko) Chrome/118.0.0.0 Safari/537.36"
157.230.39.14 - - [05/May/2026:17:07:52 +0000] "GET /wp-admin/edit.php HTTP/1.1" 503 7312 "https://nipponia.nl/wp-login.php" "Mozilla/5.0 (X11; Linux x86_64) AppleWebKit/537.36 (KHTML, like Gecko) Chrome/118.0.0.0 Safari/537.36"
157.230.39.14 - - [05/May/2026:17:07:57 +0000] "GET /wp-admin/plugins.php HTTP/1.1" 503 7312 "https://nipponia.nl/wp-login.php" "Mozilla/5.0 (X11; Linux x86_64) AppleWebKit/537.36 (KHTML, like Gecko) Chrome/118.0.0.0 Safari/537.36"
157.230.39.14 - - [05/May/2026:17:08:03 +0000] "POST /wp-login.php HTTP/1.1" 503 7109 "https://nipponia.nl/wp-login.php" "Mozilla/5.0 (Macintosh; Intel Mac OS X 13_6_1; rv:120.0) Gecko/20100101 Firefox/120.0"
151.0.80.21 - - [05/May/2026:17:08:03 +0000] "GET /wp-content/uploads/manuals/E-VIBALL_Quick_user_guide_multi.pdf HTTP/1.1" 200 1743480 "https://www.google.com/" "Mozilla/5.0 (Linux; Android 10; K) AppleWebKit/537.36 (KHTML, like Gecko) Chrome/147.0.0.0 Mobile Safari/537.36"
157.230.39.14 - - [05/May/2026:17:08:14 +0000] "GET /wp-admin/index.php HTTP/1.1" 503 7312 "https://nipponia.nl/wp-login.php" "Mozilla/5.0 (Macintosh; Intel Mac OS X 10_15_7; rv:118.0) Gecko/20100101 Firefox/118.0"
20.123.172.228 - - [05/May/2026:17:08:16 +0000] "POST /?wordfence_syncAttackData=1778000896.1747 HTTP/1.1" 200 - "https://nipponia.nl/?wordfence_syncAttackData=1778000896.1747" "WordPress/6.1.10; https://nipponia.nl"
157.230.39.14 - - [05/May/2026:17:08:24 +0000] "GET /wp-admin/profile.php HTTP/1.1" 503 7312 "https://nipponia.nl/wp-login.php" "Mozilla/5.0 (Macintosh; Intel Mac OS X 10_15_7; rv:118.0) Gecko/20100101 Firefox/118.0"
157.230.39.14 - - [05/May/2026:17:08:30 +0000] "GET /wp-admin/edit.php HTTP/1.1" 503 7312 "https://nipponia.nl/wp-login.php" "Mozilla/5.0 (Macintosh; Intel Mac OS X 10_15_7; rv:118.0) Gecko/20100101 Firefox/118.0"
157.230.39.14 - - [05/May/2026:17:08:35 +0000] "GET /wp-admin/plugins.php HTTP/1.1" 503 7312 "https://nipponia.nl/wp-login.php" "Mozilla/5.0 (Macintosh; Intel Mac OS X 10_15_7; rv:118.0) Gecko/20100101 Firefox/118.0"
157.230.39.14 - - [05/May/2026:17:08:41 +0000] "POST /wp-login.php HTTP/1.1" 503 7109 "https://nipponia.nl/wp-login.php" "Mozilla/5.0 (Windows NT 10.0; Win64; x64) AppleWebKit/537.36 (KHTML, like Gecko) Chrome/119.0.0.0 Safari/537.36"
157.230.39.14 - - [05/May/2026:17:08:46 +0000] "GET /wp-admin/index.php HTTP/1.1" 503 7311 "https://nipponia.nl/wp-login.php" "Mozilla/5.0 (Macintosh; Intel Mac OS X 10_15_7) AppleWebKit/537.36 (KHTML, like Gecko) Chrome/118.0.0.0 Safari/537.36"
20.123.172.228 - - [05/May/2026:17:08:47 +0000] "POST /?wordfence_syncAttackData=1778000927.6224 HTTP/1.1" 200 - "https://nipponia.nl/?wordfence_syncAttackData=1778000927.6224" "WordPress/6.1.10; https://nipponia.nl"
157.230.39.14 - - [05/May/2026:17:08:53 +0000] "GET /wp-admin/profile.php HTTP/1.1" 503 7312 "https://nipponia.nl/wp-login.php" "Mozilla/5.0 (Macintosh; Intel Mac OS X 10_15_7) AppleWebKit/537.36 (KHTML, like Gecko) Chrome/118.0.0.0 Safari/537.36"
157.230.39.14 - - [05/May/2026:17:08:59 +0000] "GET /wp-admin/edit.php HTTP/1.1" 503 7312 "https://nipponia.nl/wp-login.php" "Mozilla/5.0 (Macintosh; Intel Mac OS X 10_15_7) AppleWebKit/537.36 (KHTML, like Gecko) Chrome/118.0.0.0 Safari/537.36"
157.230.39.14 - - [05/May/2026:17:09:08 +0000] "GET /wp-admin/plugins.php HTTP/1.1" 503 7311 "https://nipponia.nl/wp-login.php" "Mozilla/5.0 (Macintosh; Intel Mac OS X 10_15_7) AppleWebKit/537.36 (KHTML, like Gecko) Chrome/118.0.0.0 Safari/537.36"
