157.230.39.14 - - [05/May/2026:17:43:39 +0000] "GET /wp-admin/edit.php HTTP/1.1" 503 7312 "https://nipponia.nl/wp-login.php" "Mozilla/5.0 (Windows NT 10.0; Win64; x64; rv:118.0) Gecko/20100101 Firefox/118.0"
157.230.39.14 - - [05/May/2026:17:43:46 +0000] "GET /wp-admin/plugins.php HTTP/1.1" 503 7312 "https://nipponia.nl/wp-login.php" "Mozilla/5.0 (Windows NT 10.0; Win64; x64; rv:118.0) Gecko/20100101 Firefox/118.0"
157.230.39.14 - - [05/May/2026:17:43:52 +0000] "POST /wp-login.php HTTP/1.1" 503 7109 "https://nipponia.nl/wp-login.php" "Mozilla/5.0 (Macintosh; Intel Mac OS X 10_15_7) AppleWebKit/537.36 (KHTML, like Gecko) Chrome/120.0.0.0 Safari/537.36"
157.230.39.14 - - [05/May/2026:17:43:57 +0000] "GET /wp-admin/index.php HTTP/1.1" 503 7312 "https://nipponia.nl/wp-login.php" "Mozilla/5.0 (Macintosh; Intel Mac OS X 10_15_7) AppleWebKit/537.36 (KHTML, like Gecko) Chrome/120.0.0.0 Safari/537.36"
20.123.172.228 - - [05/May/2026:17:43:59 +0000] "POST /?wordfence_syncAttackData=1778003039.0385 HTTP/1.1" 200 - "https://nipponia.nl/?wordfence_syncAttackData=1778003039.0385" "WordPress/6.1.10; https://nipponia.nl"
157.230.39.14 - - [05/May/2026:17:44:04 +0000] "GET /wp-admin/profile.php HTTP/1.1" 503 7312 "https://nipponia.nl/wp-login.php" "Mozilla/5.0 (Macintosh; Intel Mac OS X 10_15_7) AppleWebKit/537.36 (KHTML, like Gecko) Chrome/120.0.0.0 Safari/537.36"
157.230.39.14 - - [05/May/2026:17:44:10 +0000] "GET /wp-admin/edit.php HTTP/1.1" 503 7312 "https://nipponia.nl/wp-login.php" "Mozilla/5.0 (Macintosh; Intel Mac OS X 10_15_7) AppleWebKit/537.36 (KHTML, like Gecko) Chrome/120.0.0.0 Safari/537.36"
157.230.39.14 - - [05/May/2026:17:44:16 +0000] "GET /wp-admin/plugins.php HTTP/1.1" 503 7312 "https://nipponia.nl/wp-login.php" "Mozilla/5.0 (Macintosh; Intel Mac OS X 10_15_7) AppleWebKit/537.36 (KHTML, like Gecko) Chrome/120.0.0.0 Safari/537.36"
157.230.39.14 - - [05/May/2026:17:44:22 +0000] "POST /wp-login.php HTTP/1.1" 503 7107 "https://nipponia.nl/wp-login.php" "Mozilla/5.0 (Macintosh; Intel Mac OS X 13_6_1) AppleWebKit/537.36 (KHTML, like Gecko) Chrome/121.0.0.0 Safari/537.36"
157.230.39.14 - - [05/May/2026:17:44:26 +0000] "GET /wp-admin/index.php HTTP/1.1" 503 7312 "https://nipponia.nl/wp-login.php" "Mozilla/5.0 (Macintosh; Intel Mac OS X 13_6_1; rv:119.0) Gecko/20100101 Firefox/119.0"
20.123.172.228 - - [05/May/2026:17:44:28 +0000] "POST /?wordfence_syncAttackData=1778003068.1332 HTTP/1.1" 200 - "https://nipponia.nl/?wordfence_syncAttackData=1778003068.1332" "WordPress/6.1.10; https://nipponia.nl"
157.230.39.14 - - [05/May/2026:17:44:33 +0000] "GET /wp-admin/profile.php HTTP/1.1" 503 7312 "https://nipponia.nl/wp-login.php" "Mozilla/5.0 (Macintosh; Intel Mac OS X 13_6_1; rv:119.0) Gecko/20100101 Firefox/119.0"
157.230.39.14 - - [05/May/2026:17:44:39 +0000] "GET /wp-admin/edit.php HTTP/1.1" 503 7312 "https://nipponia.nl/wp-login.php" "Mozilla/5.0 (Macintosh; Intel Mac OS X 13_6_1; rv:119.0) Gecko/20100101 Firefox/119.0"
157.230.39.14 - - [05/May/2026:17:44:44 +0000] "GET /wp-admin/plugins.php HTTP/1.1" 503 7312 "https://nipponia.nl/wp-login.php" "Mozilla/5.0 (Macintosh; Intel Mac OS X 13_6_1; rv:119.0) Gecko/20100101 Firefox/119.0"
157.230.39.14 - - [05/May/2026:17:44:50 +0000] "POST /wp-login.php HTTP/1.1" 503 7109 "https://nipponia.nl/wp-login.php" "Mozilla/5.0 (Macintosh; Intel Mac OS X 10_15_7) AppleWebKit/537.36 (KHTML, like Gecko) Chrome/118.0.0.0 Safari/537.36"
157.230.39.14 - - [05/May/2026:17:44:55 +0000] "GET /wp-admin/index.php HTTP/1.1" 503 7312 "https://nipponia.nl/wp-login.php" "Mozilla/5.0 (Macintosh; Intel Mac OS X 10_15_7) AppleWebKit/605.1.15 (KHTML, like Gecko) Version/17.1 Safari/605.1.15"
20.123.172.228 - - [05/May/2026:17:44:56 +0000] "POST /?wordfence_syncAttackData=1778003096.4897 HTTP/1.1" 200 - "https://nipponia.nl/?wordfence_syncAttackData=1778003096.4897" "WordPress/6.1.10; https://nipponia.nl"
157.230.39.14 - - [05/May/2026:17:45:01 +0000] "GET /wp-admin/profile.php HTTP/1.1" 503 7312 "https://nipponia.nl/wp-login.php" "Mozilla/5.0 (Macintosh; Intel Mac OS X 10_15_7) AppleWebKit/605.1.15 (KHTML, like Gecko) Version/17.1 Safari/605.1.15"
157.230.39.14 - - [05/May/2026:17:45:10 +0000] "GET /wp-admin/edit.php HTTP/1.1" 503 7312 "https://nipponia.nl/wp-login.php" "Mozilla/5.0 (Macintosh; Intel Mac OS X 10_15_7) AppleWebKit/605.1.15 (KHTML, like Gecko) Version/17.1 Safari/605.1.15"
157.230.39.14 - - [05/May/2026:17:45:16 +0000] "GET /wp-admin/plugins.php HTTP/1.1" 503 7312 "https://nipponia.nl/wp-login.php" "Mozilla/5.0 (Macintosh; Intel Mac OS X 10_15_7) AppleWebKit/605.1.15 (KHTML, like Gecko) Version/17.1 Safari/605.1.15"
157.230.39.14 - - [05/May/2026:17:45:22 +0000] "POST /wp-login.php HTTP/1.1" 503 7109 "https://nipponia.nl/wp-login.php" "Mozilla/5.0 (Windows NT 10.0; Win64; x64; rv:119.0) Gecko/20100101 Firefox/119.0"
157.230.39.14 - - [05/May/2026:17:45:27 +0000] "GET /wp-admin/index.php HTTP/1.1" 503 7312 "https://nipponia.nl/wp-login.php" "Mozilla/5.0 (Macintosh; Intel Mac OS X 13_6_1) AppleWebKit/605.1.15 (KHTML, like Gecko) Version/16.6 Safari/605.1.15"
20.123.172.228 - - [05/May/2026:17:45:28 +0000] "POST /?wordfence_syncAttackData=1778003128.8462 HTTP/1.1" 200 - "https://nipponia.nl/?wordfence_syncAttackData=1778003128.8462" "WordPress/6.1.10; https://nipponia.nl"
157.230.39.14 - - [05/May/2026:17:45:34 +0000] "GET /wp-admin/profile.php HTTP/1.1" 503 7312 "https://nipponia.nl/wp-login.php" "Mozilla/5.0 (Macintosh; Intel Mac OS X 13_6_1) AppleWebKit/605.1.15 (KHTML, like Gecko) Version/16.6 Safari/605.1.15"
157.230.39.14 - - [05/May/2026:17:45:39 +0000] "GET /wp-admin/edit.php HTTP/1.1" 503 7312 "https://nipponia.nl/wp-login.php" "Mozilla/5.0 (Macintosh; Intel Mac OS X 13_6_1) AppleWebKit/605.1.15 (KHTML, like Gecko) Version/16.6 Safari/605.1.15"
157.230.39.14 - - [05/May/2026:17:45:45 +0000] "GET /wp-admin/plugins.php HTTP/1.1" 503 7312 "https://nipponia.nl/wp-login.php" "Mozilla/5.0 (Macintosh; Intel Mac OS X 13_6_1) AppleWebKit/605.1.15 (KHTML, like Gecko) Version/16.6 Safari/605.1.15"
157.230.39.14 - - [05/May/2026:17:45:51 +0000] "POST /wp-login.php HTTP/1.1" 503 7109 "https://nipponia.nl/wp-login.php" "Mozilla/5.0 (Windows NT 11.0; Win64; x64) AppleWebKit/537.36 (KHTML, like Gecko) Chrome/118.0.0.0 Safari/537.36"
157.230.39.14 - - [05/May/2026:17:45:56 +0000] "GET /wp-admin/index.php HTTP/1.1" 503 7312 "https://nipponia.nl/wp-login.php" "Mozilla/5.0 (Macintosh; Intel Mac OS X 13_6_1) AppleWebKit/537.36 (KHTML, like Gecko) Chrome/120.0.0.0 Safari/537.36"
20.123.172.228 - - [05/May/2026:17:45:57 +0000] "POST /?wordfence_syncAttackData=1778003157.5308 HTTP/1.1" 200 - "https://nipponia.nl/?wordfence_syncAttackData=1778003157.5308" "WordPress/6.1.10; https://nipponia.nl"
157.230.39.14 - - [05/May/2026:17:46:02 +0000] "GET /wp-admin/profile.php HTTP/1.1" 503 7312 "https://nipponia.nl/wp-login.php" "Mozilla/5.0 (Macintosh; Intel Mac OS X 13_6_1) AppleWebKit/537.36 (KHTML, like Gecko) Chrome/120.0.0.0 Safari/537.36"
157.230.39.14 - - [05/May/2026:17:46:08 +0000] "GET /wp-admin/edit.php HTTP/1.1" 503 7312 "https://nipponia.nl/wp-login.php" "Mozilla/5.0 (Macintosh; Intel Mac OS X 13_6_1) AppleWebKit/537.36 (KHTML, like Gecko) Chrome/120.0.0.0 Safari/537.36"
157.230.39.14 - - [05/May/2026:17:46:14 +0000] "GET /wp-admin/plugins.php HTTP/1.1" 503 7313 "https://nipponia.nl/wp-login.php" "Mozilla/5.0 (Macintosh; Intel Mac OS X 13_6_1) AppleWebKit/537.36 (KHTML, like Gecko) Chrome/120.0.0.0 Safari/537.36"
157.230.39.14 - - [05/May/2026:17:46:19 +0000] "POST /wp-login.php HTTP/1.1" 503 7109 "https://nipponia.nl/wp-login.php" "Mozilla/5.0 (Windows NT 10.0; Win64; x64) AppleWebKit/537.36 (KHTML, like Gecko) Chrome/120.0.0.0 Safari/537.36"
157.230.39.14 - - [05/May/2026:17:46:24 +0000] "GET /wp-admin/index.php HTTP/1.1" 503 7311 "https://nipponia.nl/wp-login.php" "Mozilla/5.0 (Macintosh; Intel Mac OS X 13_6_1; rv:121.0) Gecko/20100101 Firefox/121.0"
20.123.172.228 - - [05/May/2026:17:46:25 +0000] "POST /?wordfence_syncAttackData=1778003185.6181 HTTP/1.1" 200 - "https://nipponia.nl/?wordfence_syncAttackData=1778003185.6181" "WordPress/6.1.10; https://nipponia.nl"
157.230.39.14 - - [05/May/2026:17:46:30 +0000] "GET /wp-admin/profile.php HTTP/1.1" 503 7312 "https://nipponia.nl/wp-login.php" "Mozilla/5.0 (Macintosh; Intel Mac OS X 13_6_1; rv:121.0) Gecko/20100101 Firefox/121.0"
157.230.39.14 - - [05/May/2026:17:46:36 +0000] "GET /wp-admin/edit.php HTTP/1.1" 503 7312 "https://nipponia.nl/wp-login.php" "Mozilla/5.0 (Macintosh; Intel Mac OS X 13_6_1; rv:121.0) Gecko/20100101 Firefox/121.0"
157.230.39.14 - - [05/May/2026:17:46:42 +0000] "GET /wp-admin/plugins.php HTTP/1.1" 503 7312 "https://nipponia.nl/wp-login.php" "Mozilla/5.0 (Macintosh; Intel Mac OS X 13_6_1; rv:121.0) Gecko/20100101 Firefox/121.0"
157.230.39.14 - - [05/May/2026:17:46:48 +0000] "POST /wp-login.php HTTP/1.1" 503 7109 "https://nipponia.nl/wp-login.php" "Mozilla/5.0 (Macintosh; Intel Mac OS X 10_15_7) AppleWebKit/537.36 (KHTML, like Gecko) Chrome/119.0.0.0 Safari/537.36"
157.230.39.14 - - [05/May/2026:17:46:53 +0000] "GET /wp-admin/index.php HTTP/1.1" 503 7312 "https://nipponia.nl/wp-login.php" "Mozilla/5.0 (Macintosh; Intel Mac OS X 10_15_7) AppleWebKit/537.36 (KHTML, like Gecko) Chrome/118.0.0.0 Safari/537.36"
20.123.172.228 - - [05/May/2026:17:46:54 +0000] "POST /?wordfence_syncAttackData=1778003214.8932 HTTP/1.1" 200 - "https://nipponia.nl/?wordfence_syncAttackData=1778003214.8932" "WordPress/6.1.10; https://nipponia.nl"
157.230.39.14 - - [05/May/2026:17:47:03 +0000] "GET /wp-admin/profile.php HTTP/1.1" 503 7312 "https://nipponia.nl/wp-login.php" "Mozilla/5.0 (Macintosh; Intel Mac OS X 10_15_7) AppleWebKit/537.36 (KHTML, like Gecko) Chrome/118.0.0.0 Safari/537.36"
157.230.39.14 - - [05/May/2026:17:47:12 +0000] "GET /wp-admin/edit.php HTTP/1.1" 503 7312 "https://nipponia.nl/wp-login.php" "Mozilla/5.0 (Macintosh; Intel Mac OS X 10_15_7) AppleWebKit/537.36 (KHTML, like Gecko) Chrome/118.0.0.0 Safari/537.36"
157.230.39.14 - - [05/May/2026:17:47:19 +0000] "GET /wp-admin/plugins.php HTTP/1.1" 503 7312 "https://nipponia.nl/wp-login.php" "Mozilla/5.0 (Macintosh; Intel Mac OS X 10_15_7) AppleWebKit/537.36 (KHTML, like Gecko) Chrome/118.0.0.0 Safari/537.36"
157.230.39.14 - - [05/May/2026:17:47:24 +0000] "POST /wp-login.php HTTP/1.1" 503 7109 "https://nipponia.nl/wp-login.php" "Mozilla/5.0 (Macintosh; Intel Mac OS X 10_15_7) AppleWebKit/605.1.15 (KHTML, like Gecko) Version/17.1 Safari/605.1.15"
157.230.39.14 - - [05/May/2026:17:47:29 +0000] "GET /wp-admin/index.php HTTP/1.1" 503 7312 "https://nipponia.nl/wp-login.php" "Mozilla/5.0 (Macintosh; Intel Mac OS X 13_6_1) AppleWebKit/605.1.15 (KHTML, like Gecko) Version/16.6 Safari/605.1.15"
20.123.172.228 - - [05/May/2026:17:47:30 +0000] "POST /?wordfence_syncAttackData=1778003250.8806 HTTP/1.1" 200 - "https://nipponia.nl/?wordfence_syncAttackData=1778003250.8806" "WordPress/6.1.10; https://nipponia.nl"
157.230.39.14 - - [05/May/2026:17:47:36 +0000] "GET /wp-admin/profile.php HTTP/1.1" 503 7312 "https://nipponia.nl/wp-login.php" "Mozilla/5.0 (Macintosh; Intel Mac OS X 13_6_1) AppleWebKit/605.1.15 (KHTML, like Gecko) Version/16.6 Safari/605.1.15"
157.230.39.14 - - [05/May/2026:17:47:41 +0000] "GET /wp-admin/edit.php HTTP/1.1" 503 7311 "https://nipponia.nl/wp-login.php" "Mozilla/5.0 (Macintosh; Intel Mac OS X 13_6_1) AppleWebKit/605.1.15 (KHTML, like Gecko) Version/16.6 Safari/605.1.15"
157.230.39.14 - - [05/May/2026:17:47:47 +0000] "GET /wp-admin/plugins.php HTTP/1.1" 503 7310 "https://nipponia.nl/wp-login.php" "Mozilla/5.0 (Macintosh; Intel Mac OS X 13_6_1) AppleWebKit/605.1.15 (KHTML, like Gecko) Version/16.6 Safari/605.1.15"
157.230.39.14 - - [05/May/2026:17:47:52 +0000] "POST /wp-login.php HTTP/1.1" 503 7109 "https://nipponia.nl/wp-login.php" "Mozilla/5.0 (Windows NT 11.0; Win64; x64) AppleWebKit/537.36 (KHTML, like Gecko) Chrome/119.0.0.0 Safari/537.36"
157.230.39.14 - - [05/May/2026:17:47:57 +0000] "GET /wp-admin/index.php HTTP/1.1" 503 7312 "https://nipponia.nl/wp-login.php" "Mozilla/5.0 (X11; Ubuntu; Linux x86_64) AppleWebKit/537.36 (KHTML, like Gecko) Chrome/120.0.0.0 Safari/537.36"
20.123.172.228 - - [05/May/2026:17:47:58 +0000] "POST /?wordfence_syncAttackData=1778003278.4506 HTTP/1.1" 200 - "https://nipponia.nl/?wordfence_syncAttackData=1778003278.4506" "WordPress/6.1.10; https://nipponia.nl"
157.230.39.14 - - [05/May/2026:17:48:03 +0000] "GET /wp-admin/profile.php HTTP/1.1" 503 7312 "https://nipponia.nl/wp-login.php" "Mozilla/5.0 (X11; Ubuntu; Linux x86_64) AppleWebKit/537.36 (KHTML, like Gecko) Chrome/120.0.0.0 Safari/537.36"
157.230.39.14 - - [05/May/2026:17:48:09 +0000] "GET /wp-admin/edit.php HTTP/1.1" 503 7312 "https://nipponia.nl/wp-login.php" "Mozilla/5.0 (X11; Ubuntu; Linux x86_64) AppleWebKit/537.36 (KHTML, like Gecko) Chrome/120.0.0.0 Safari/537.36"
157.230.39.14 - - [05/May/2026:17:48:17 +0000] "GET /wp-admin/plugins.php HTTP/1.1" 503 7312 "https://nipponia.nl/wp-login.php" "Mozilla/5.0 (X11; Ubuntu; Linux x86_64) AppleWebKit/537.36 (KHTML, like Gecko) Chrome/120.0.0.0 Safari/537.36"
157.230.39.14 - - [05/May/2026:17:48:25 +0000] "POST /wp-login.php HTTP/1.1" 503 7109 "https://nipponia.nl/wp-login.php" "Mozilla/5.0 (Windows NT 10.0; Win64; x64) AppleWebKit/537.36 (KHTML, like Gecko) Chrome/118.0.0.0 Safari/537.36"
157.230.39.14 - - [05/May/2026:17:48:32 +0000] "GET /wp-admin/index.php HTTP/1.1" 503 7312 "https://nipponia.nl/wp-login.php" "Mozilla/5.0 (Macintosh; Intel Mac OS X 10_15_7) AppleWebKit/605.1.15 (KHTML, like Gecko) Version/17.1 Safari/605.1.15"
20.123.172.228 - - [05/May/2026:17:48:33 +0000] "POST /?wordfence_syncAttackData=1778003313.7822 HTTP/1.1" 200 - "https://nipponia.nl/?wordfence_syncAttackData=1778003313.7822" "WordPress/6.1.10; https://nipponia.nl"
157.230.39.14 - - [05/May/2026:17:48:40 +0000] "GET /wp-admin/profile.php HTTP/1.1" 503 7312 "https://nipponia.nl/wp-login.php" "Mozilla/5.0 (Macintosh; Intel Mac OS X 10_15_7) AppleWebKit/605.1.15 (KHTML, like Gecko) Version/17.1 Safari/605.1.15"
157.230.39.14 - - [05/May/2026:17:48:46 +0000] "GET /wp-admin/edit.php HTTP/1.1" 503 7310 "https://nipponia.nl/wp-login.php" "Mozilla/5.0 (Macintosh; Intel Mac OS X 10_15_7) AppleWebKit/605.1.15 (KHTML, like Gecko) Version/17.1 Safari/605.1.15"
157.230.39.14 - - [05/May/2026:17:48:52 +0000] "GET /wp-admin/plugins.php HTTP/1.1" 503 7312 "https://nipponia.nl/wp-login.php" "Mozilla/5.0 (Macintosh; Intel Mac OS X 10_15_7) AppleWebKit/605.1.15 (KHTML, like Gecko) Version/17.1 Safari/605.1.15"
157.230.39.14 - - [05/May/2026:17:49:09 +0000] "POST /wp-login.php HTTP/1.1" 503 7109 "https://nipponia.nl/wp-login.php" "Mozilla/5.0 (X11; Linux x86_64) AppleWebKit/537.36 (KHTML, like Gecko) Chrome/118.0.0.0 Safari/537.36"
157.230.39.14 - - [05/May/2026:17:49:16 +0000] "GET /wp-admin/index.php HTTP/1.1" 503 7312 "https://nipponia.nl/wp-login.php" "Mozilla/5.0 (X11; Ubuntu; Linux x86_64) AppleWebKit/537.36 (KHTML, like Gecko) Chrome/119.0.0.0 Safari/537.36"
20.123.172.228 - - [05/May/2026:17:49:18 +0000] "POST /?wordfence_syncAttackData=1778003358.1853 HTTP/1.1" 200 - "https://nipponia.nl/?wordfence_syncAttackData=1778003358.1853" "WordPress/6.1.10; https://nipponia.nl"
157.230.39.14 - - [05/May/2026:17:49:24 +0000] "GET /wp-admin/profile.php HTTP/1.1" 503 7311 "https://nipponia.nl/wp-login.php" "Mozilla/5.0 (X11; Ubuntu; Linux x86_64) AppleWebKit/537.36 (KHTML, like Gecko) Chrome/119.0.0.0 Safari/537.36"
157.230.39.14 - - [05/May/2026:17:49:33 +0000] "GET /wp-admin/edit.php HTTP/1.1" 503 7312 "https://nipponia.nl/wp-login.php" "Mozilla/5.0 (X11; Ubuntu; Linux x86_64) AppleWebKit/537.36 (KHTML, like Gecko) Chrome/119.0.0.0 Safari/537.36"
157.230.39.14 - - [05/May/2026:17:49:40 +0000] "GET /wp-admin/plugins.php HTTP/1.1" 503 7312 "https://nipponia.nl/wp-login.php" "Mozilla/5.0 (X11; Ubuntu; Linux x86_64) AppleWebKit/537.36 (KHTML, like Gecko) Chrome/119.0.0.0 Safari/537.36"
157.230.39.14 - - [05/May/2026:17:49:48 +0000] "POST /wp-login.php HTTP/1.1" 503 7109 "https://nipponia.nl/wp-login.php" "Mozilla/5.0 (Windows NT 11.0; Win64; x64; rv:120.0) Gecko/20100101 Firefox/120.0"
157.230.39.14 - - [05/May/2026:17:49:52 +0000] "GET /wp-admin/index.php HTTP/1.1" 503 7312 "https://nipponia.nl/wp-login.php" "Mozilla/5.0 (Macintosh; Intel Mac OS X 10_15_7) AppleWebKit/605.1.15 (KHTML, like Gecko) Version/17.0 Safari/605.1.15"
20.123.172.228 - - [05/May/2026:17:49:54 +0000] "POST /?wordfence_syncAttackData=1778003394.256 HTTP/1.1" 200 - "https://nipponia.nl/?wordfence_syncAttackData=1778003394.256" "WordPress/6.1.10; https://nipponia.nl"
157.230.39.14 - - [05/May/2026:17:50:01 +0000] "GET /wp-admin/profile.php HTTP/1.1" 503 7312 "https://nipponia.nl/wp-login.php" "Mozilla/5.0 (Macintosh; Intel Mac OS X 10_15_7) AppleWebKit/605.1.15 (KHTML, like Gecko) Version/17.0 Safari/605.1.15"
157.230.39.14 - - [05/May/2026:17:50:08 +0000] "GET /wp-admin/edit.php HTTP/1.1" 503 7312 "https://nipponia.nl/wp-login.php" "Mozilla/5.0 (Macintosh; Intel Mac OS X 10_15_7) AppleWebKit/605.1.15 (KHTML, like Gecko) Version/17.0 Safari/605.1.15"
157.230.39.14 - - [05/May/2026:17:50:15 +0000] "GET /wp-admin/plugins.php HTTP/1.1" 503 7312 "https://nipponia.nl/wp-login.php" "Mozilla/5.0 (Macintosh; Intel Mac OS X 10_15_7) AppleWebKit/605.1.15 (KHTML, like Gecko) Version/17.0 Safari/605.1.15"
157.230.39.14 - - [05/May/2026:17:50:22 +0000] "POST /wp-login.php HTTP/1.1" 503 7107 "https://nipponia.nl/wp-login.php" "Mozilla/5.0 (Windows NT 10.0; Win64; x64; rv:120.0) Gecko/20100101 Firefox/120.0"
157.230.39.14 - - [05/May/2026:17:50:28 +0000] "GET /wp-admin/index.php HTTP/1.1" 503 7312 "https://nipponia.nl/wp-login.php" "Mozilla/5.0 (Macintosh; Intel Mac OS X 10_15_7; rv:119.0) Gecko/20100101 Firefox/119.0"
20.123.172.228 - - [05/May/2026:17:50:30 +0000] "POST /?wordfence_syncAttackData=1778003430.1145 HTTP/1.1" 200 - "https://nipponia.nl/?wordfence_syncAttackData=1778003430.1145" "WordPress/6.1.10; https://nipponia.nl"
157.230.39.14 - - [05/May/2026:17:50:37 +0000] "GET /wp-admin/profile.php HTTP/1.1" 503 7312 "https://nipponia.nl/wp-login.php" "Mozilla/5.0 (Macintosh; Intel Mac OS X 10_15_7; rv:119.0) Gecko/20100101 Firefox/119.0"
157.230.39.14 - - [05/May/2026:17:50:44 +0000] "GET /wp-admin/edit.php HTTP/1.1" 503 7312 "https://nipponia.nl/wp-login.php" "Mozilla/5.0 (Macintosh; Intel Mac OS X 10_15_7; rv:119.0) Gecko/20100101 Firefox/119.0"
157.230.39.14 - - [05/May/2026:17:50:50 +0000] "GET /wp-admin/plugins.php HTTP/1.1" 503 7312 "https://nipponia.nl/wp-login.php" "Mozilla/5.0 (Macintosh; Intel Mac OS X 10_15_7; rv:119.0) Gecko/20100101 Firefox/119.0"
157.230.39.14 - - [05/May/2026:17:50:56 +0000] "POST /wp-login.php HTTP/1.1" 503 7109 "https://nipponia.nl/wp-login.php" "Mozilla/5.0 (X11; Ubuntu; Linux x86_64) AppleWebKit/537.36 (KHTML, like Gecko) Chrome/121.0.0.0 Safari/537.36"
20.123.172.228 - - [05/May/2026:17:51:05 +0000] "POST /wp-cron.php?doing_wp_cron=1778003465.4713220596313476562500 HTTP/1.1" 200 - "https://nipponia.nl/wp-cron.php?doing_wp_cron=1778003465.4713220596313476562500" "WordPress/6.1.10; https://nipponia.nl"
157.230.39.14 - - [05/May/2026:17:51:02 +0000] "GET /wp-admin/index.php HTTP/1.1" 302 - "https://nipponia.nl/wp-login.php" "Mozilla/5.0 (Windows NT 10.0; Win64; x64; rv:121.0) Gecko/20100101 Firefox/121.0"
20.123.172.228 - - [05/May/2026:17:51:04 +0000] "POST /?wordfence_syncAttackData=1778003463.9867 HTTP/1.1" 200 - "https://nipponia.nl/?wordfence_syncAttackData=1778003463.9867" "WordPress/6.1.10; https://nipponia.nl"
157.230.39.14 - - [05/May/2026:17:51:10 +0000] "GET /wp-login.php?redirect_to=https%3A%2F%2Fnipponia.nl%2Fwp-admin%2Findex.php&reauth=1 HTTP/1.1" 200 2621 "https://nipponia.nl/wp-login.php" "Mozilla/5.0 (Windows NT 10.0; Win64; x64; rv:121.0) Gecko/20100101 Firefox/121.0"
157.230.39.14 - - [05/May/2026:17:51:16 +0000] "POST /wp-login.php HTTP/1.1" 503 7312 "https://nipponia.nl/wp-login.php" "Mozilla/5.0 (Macintosh; Intel Mac OS X 10_15_7; rv:121.0) Gecko/20100101 Firefox/121.0"
157.230.39.14 - - [05/May/2026:17:51:23 +0000] "GET /wp-admin/index.php HTTP/1.1" 503 7312 "https://nipponia.nl/wp-login.php" "Mozilla/5.0 (X11; Linux x86_64) AppleWebKit/537.36 (KHTML, like Gecko) Chrome/120.0.0.0 Safari/537.36"
157.230.39.14 - - [05/May/2026:17:51:29 +0000] "GET /wp-admin/profile.php HTTP/1.1" 503 7312 "https://nipponia.nl/wp-login.php" "Mozilla/5.0 (X11; Linux x86_64) AppleWebKit/537.36 (KHTML, like Gecko) Chrome/120.0.0.0 Safari/537.36"
157.230.39.14 - - [05/May/2026:17:51:35 +0000] "GET /wp-admin/edit.php HTTP/1.1" 503 7312 "https://nipponia.nl/wp-login.php" "Mozilla/5.0 (X11; Linux x86_64) AppleWebKit/537.36 (KHTML, like Gecko) Chrome/120.0.0.0 Safari/537.36"
157.230.39.14 - - [05/May/2026:17:51:42 +0000] "GET /wp-admin/plugins.php HTTP/1.1" 503 7312 "https://nipponia.nl/wp-login.php" "Mozilla/5.0 (X11; Linux x86_64) AppleWebKit/537.36 (KHTML, like Gecko) Chrome/120.0.0.0 Safari/537.36"
157.230.39.14 - - [05/May/2026:17:51:48 +0000] "POST /wp-login.php HTTP/1.1" 503 7108 "https://nipponia.nl/wp-login.php" "Mozilla/5.0 (Macintosh; Intel Mac OS X 10_15_7) AppleWebKit/605.1.15 (KHTML, like Gecko) Version/17.0 Safari/605.1.15"
157.230.39.14 - - [05/May/2026:17:51:52 +0000] "GET /wp-admin/index.php HTTP/1.1" 503 7312 "https://nipponia.nl/wp-login.php" "Mozilla/5.0 (Macintosh; Intel Mac OS X 10_15_7; rv:121.0) Gecko/20100101 Firefox/121.0"
20.123.172.228 - - [05/May/2026:17:51:53 +0000] "POST /?wordfence_syncAttackData=1778003513.8659 HTTP/1.1" 200 - "https://nipponia.nl/?wordfence_syncAttackData=1778003513.8659" "WordPress/6.1.10; https://nipponia.nl"
157.230.39.14 - - [05/May/2026:17:51:59 +0000] "GET /wp-admin/profile.php HTTP/1.1" 503 7311 "https://nipponia.nl/wp-login.php" "Mozilla/5.0 (Macintosh; Intel Mac OS X 10_15_7; rv:121.0) Gecko/20100101 Firefox/121.0"
157.230.39.14 - - [05/May/2026:17:52:05 +0000] "GET /wp-admin/edit.php HTTP/1.1" 503 7311 "https://nipponia.nl/wp-login.php" "Mozilla/5.0 (Macintosh; Intel Mac OS X 10_15_7; rv:121.0) Gecko/20100101 Firefox/121.0"
157.230.39.14 - - [05/May/2026:17:52:11 +0000] "GET /wp-admin/plugins.php HTTP/1.1" 503 7312 "https://nipponia.nl/wp-login.php" "Mozilla/5.0 (Macintosh; Intel Mac OS X 10_15_7; rv:121.0) Gecko/20100101 Firefox/121.0"
157.230.39.14 - - [05/May/2026:17:52:18 +0000] "POST /wp-login.php HTTP/1.1" 503 7109 "https://nipponia.nl/wp-login.php" "Mozilla/5.0 (Windows NT 11.0; Win64; x64) AppleWebKit/537.36 (KHTML, like Gecko) Chrome/119.0.0.0 Safari/537.36"
157.230.39.14 - - [05/May/2026:17:52:23 +0000] "GET /wp-admin/index.php HTTP/1.1" 503 7312 "https://nipponia.nl/wp-login.php" "Mozilla/5.0 (Windows NT 10.0; Win64; x64) AppleWebKit/537.36 (KHTML, like Gecko) Chrome/120.0.0.0 Safari/537.36"
20.123.172.228 - - [05/May/2026:17:52:24 +0000] "POST /?wordfence_syncAttackData=1778003544.5792 HTTP/1.1" 200 - "https://nipponia.nl/?wordfence_syncAttackData=1778003544.5792" "WordPress/6.1.10; https://nipponia.nl"
157.230.39.14 - - [05/May/2026:17:52:31 +0000] "GET /wp-admin/profile.php HTTP/1.1" 503 7311 "https://nipponia.nl/wp-login.php" "Mozilla/5.0 (Windows NT 10.0; Win64; x64) AppleWebKit/537.36 (KHTML, like Gecko) Chrome/120.0.0.0 Safari/537.36"
157.230.39.14 - - [05/May/2026:17:52:37 +0000] "GET /wp-admin/edit.php HTTP/1.1" 503 7312 "https://nipponia.nl/wp-login.php" "Mozilla/5.0 (Windows NT 10.0; Win64; x64) AppleWebKit/537.36 (KHTML, like Gecko) Chrome/120.0.0.0 Safari/537.36"
157.230.39.14 - - [05/May/2026:17:52:43 +0000] "GET /wp-admin/plugins.php HTTP/1.1" 503 7312 "https://nipponia.nl/wp-login.php" "Mozilla/5.0 (Windows NT 10.0; Win64; x64) AppleWebKit/537.36 (KHTML, like Gecko) Chrome/120.0.0.0 Safari/537.36"
157.230.39.14 - - [05/May/2026:17:52:49 +0000] "POST /wp-login.php HTTP/1.1" 503 7109 "https://nipponia.nl/wp-login.php" "Mozilla/5.0 (Windows NT 11.0; Win64; x64) AppleWebKit/537.36 (KHTML, like Gecko) Chrome/119.0.0.0 Safari/537.36"
157.230.39.14 - - [05/May/2026:17:52:53 +0000] "GET /wp-admin/index.php HTTP/1.1" 503 7312 "https://nipponia.nl/wp-login.php" "Mozilla/5.0 (Macintosh; Intel Mac OS X 10_15_7) AppleWebKit/605.1.15 (KHTML, like Gecko) Version/16.6 Safari/605.1.15"
20.123.172.228 - - [05/May/2026:17:52:55 +0000] "POST /?wordfence_syncAttackData=1778003575.0087 HTTP/1.1" 200 - "https://nipponia.nl/?wordfence_syncAttackData=1778003575.0087" "WordPress/6.1.10; https://nipponia.nl"
157.230.39.14 - - [05/May/2026:17:53:00 +0000] "GET /wp-admin/profile.php HTTP/1.1" 503 7312 "https://nipponia.nl/wp-login.php" "Mozilla/5.0 (Macintosh; Intel Mac OS X 10_15_7) AppleWebKit/605.1.15 (KHTML, like Gecko) Version/16.6 Safari/605.1.15"
157.230.39.14 - - [05/May/2026:17:53:06 +0000] "GET /wp-admin/edit.php HTTP/1.1" 503 7312 "https://nipponia.nl/wp-login.php" "Mozilla/5.0 (Macintosh; Intel Mac OS X 10_15_7) AppleWebKit/605.1.15 (KHTML, like Gecko) Version/16.6 Safari/605.1.15"
157.230.39.14 - - [05/May/2026:17:53:13 +0000] "GET /wp-admin/plugins.php HTTP/1.1" 503 7312 "https://nipponia.nl/wp-login.php" "Mozilla/5.0 (Macintosh; Intel Mac OS X 10_15_7) AppleWebKit/605.1.15 (KHTML, like Gecko) Version/16.6 Safari/605.1.15"
157.230.39.14 - - [05/May/2026:17:53:20 +0000] "POST /wp-login.php HTTP/1.1" 503 7109 "https://nipponia.nl/wp-login.php" "Mozilla/5.0 (Windows NT 11.0; Win64; x64) AppleWebKit/537.36 (KHTML, like Gecko) Chrome/120.0.0.0 Safari/537.36"
157.230.39.14 - - [05/May/2026:17:53:24 +0000] "GET /wp-admin/index.php HTTP/1.1" 503 7312 "https://nipponia.nl/wp-login.php" "Mozilla/5.0 (Windows NT 10.0; Win64; x64; rv:119.0) Gecko/20100101 Firefox/119.0"
20.123.172.228 - - [05/May/2026:17:53:26 +0000] "POST /?wordfence_syncAttackData=1778003606.1947 HTTP/1.1" 200 - "https://nipponia.nl/?wordfence_syncAttackData=1778003606.1947" "WordPress/6.1.10; https://nipponia.nl"
157.230.39.14 - - [05/May/2026:17:53:31 +0000] "GET /wp-admin/profile.php HTTP/1.1" 503 7311 "https://nipponia.nl/wp-login.php" "Mozilla/5.0 (Windows NT 10.0; Win64; x64; rv:119.0) Gecko/20100101 Firefox/119.0"
157.230.39.14 - - [05/May/2026:17:53:37 +0000] "GET /wp-admin/edit.php HTTP/1.1" 503 7312 "https://nipponia.nl/wp-login.php" "Mozilla/5.0 (Windows NT 10.0; Win64; x64; rv:119.0) Gecko/20100101 Firefox/119.0"
157.230.39.14 - - [05/May/2026:17:53:43 +0000] "GET /wp-admin/plugins.php HTTP/1.1" 503 7312 "https://nipponia.nl/wp-login.php" "Mozilla/5.0 (Windows NT 10.0; Win64; x64; rv:119.0) Gecko/20100101 Firefox/119.0"
157.230.39.14 - - [05/May/2026:17:53:49 +0000] "POST /wp-login.php HTTP/1.1" 503 7109 "https://nipponia.nl/wp-login.php" "Mozilla/5.0 (Macintosh; Intel Mac OS X 10_15_7) AppleWebKit/605.1.15 (KHTML, like Gecko) Version/17.1 Safari/605.1.15"
157.230.39.14 - - [05/May/2026:17:53:54 +0000] "GET /wp-admin/index.php HTTP/1.1" 503 7312 "https://nipponia.nl/wp-login.php" "Mozilla/5.0 (X11; Linux x86_64) AppleWebKit/537.36 (KHTML, like Gecko) Chrome/120.0.0.0 Safari/537.36"
20.123.172.228 - - [05/May/2026:17:53:55 +0000] "POST /?wordfence_syncAttackData=1778003635.8533 HTTP/1.1" 200 - "https://nipponia.nl/?wordfence_syncAttackData=1778003635.8533" "WordPress/6.1.10; https://nipponia.nl"
157.230.39.14 - - [05/May/2026:17:54:01 +0000] "GET /wp-admin/profile.php HTTP/1.1" 503 7312 "https://nipponia.nl/wp-login.php" "Mozilla/5.0 (X11; Linux x86_64) AppleWebKit/537.36 (KHTML, like Gecko) Chrome/120.0.0.0 Safari/537.36"
157.230.39.14 - - [05/May/2026:17:54:07 +0000] "GET /wp-admin/edit.php HTTP/1.1" 503 7312 "https://nipponia.nl/wp-login.php" "Mozilla/5.0 (X11; Linux x86_64) AppleWebKit/537.36 (KHTML, like Gecko) Chrome/120.0.0.0 Safari/537.36"
157.230.39.14 - - [05/May/2026:17:54:13 +0000] "GET /wp-admin/plugins.php HTTP/1.1" 503 7312 "https://nipponia.nl/wp-login.php" "Mozilla/5.0 (X11; Linux x86_64) AppleWebKit/537.36 (KHTML, like Gecko) Chrome/120.0.0.0 Safari/537.36"
157.230.39.14 - - [05/May/2026:17:54:19 +0000] "POST /wp-login.php HTTP/1.1" 503 7109 "https://nipponia.nl/wp-login.php" "Mozilla/5.0 (Windows NT 11.0; Win64; x64) AppleWebKit/537.36 (KHTML, like Gecko) Chrome/118.0.0.0 Safari/537.36"
157.230.39.14 - - [05/May/2026:17:54:30 +0000] "GET /wp-admin/index.php HTTP/1.1" 503 7312 "https://nipponia.nl/wp-login.php" "Mozilla/5.0 (Macintosh; Intel Mac OS X 10_15_7; rv:118.0) Gecko/20100101 Firefox/118.0"
20.123.172.228 - - [05/May/2026:17:54:32 +0000] "POST /?wordfence_syncAttackData=1778003672.1086 HTTP/1.1" 200 - "https://nipponia.nl/?wordfence_syncAttackData=1778003672.1086" "WordPress/6.1.10; https://nipponia.nl"
157.230.39.14 - - [05/May/2026:17:54:40 +0000] "GET /wp-admin/profile.php HTTP/1.1" 503 7312 "https://nipponia.nl/wp-login.php" "Mozilla/5.0 (Macintosh; Intel Mac OS X 10_15_7; rv:118.0) Gecko/20100101 Firefox/118.0"
157.230.39.14 - - [05/May/2026:17:54:48 +0000] "GET /wp-admin/edit.php HTTP/1.1" 503 7312 "https://nipponia.nl/wp-login.php" "Mozilla/5.0 (Macintosh; Intel Mac OS X 10_15_7; rv:118.0) Gecko/20100101 Firefox/118.0"
157.230.39.14 - - [05/May/2026:17:54:54 +0000] "GET /wp-admin/plugins.php HTTP/1.1" 503 7312 "https://nipponia.nl/wp-login.php" "Mozilla/5.0 (Macintosh; Intel Mac OS X 10_15_7; rv:118.0) Gecko/20100101 Firefox/118.0"
157.230.39.14 - - [05/May/2026:17:55:01 +0000] "POST /wp-login.php HTTP/1.1" 503 7109 "https://nipponia.nl/wp-login.php" "Mozilla/5.0 (X11; Ubuntu; Linux x86_64) AppleWebKit/537.36 (KHTML, like Gecko) Chrome/121.0.0.0 Safari/537.36"
157.230.39.14 - - [05/May/2026:17:55:09 +0000] "GET /wp-admin/index.php HTTP/1.1" 503 7312 "https://nipponia.nl/wp-login.php" "Mozilla/5.0 (X11; Ubuntu; Linux x86_64) AppleWebKit/537.36 (KHTML, like Gecko) Chrome/119.0.0.0 Safari/537.36"
20.123.172.228 - - [05/May/2026:17:55:11 +0000] "POST /?wordfence_syncAttackData=1778003711.1619 HTTP/1.1" 200 - "https://nipponia.nl/?wordfence_syncAttackData=1778003711.1619" "WordPress/6.1.10; https://nipponia.nl"
157.230.39.14 - - [05/May/2026:17:55:18 +0000] "GET /wp-admin/profile.php HTTP/1.1" 503 7312 "https://nipponia.nl/wp-login.php" "Mozilla/5.0 (X11; Ubuntu; Linux x86_64) AppleWebKit/537.36 (KHTML, like Gecko) Chrome/119.0.0.0 Safari/537.36"
157.230.39.14 - - [05/May/2026:17:55:24 +0000] "GET /wp-admin/edit.php HTTP/1.1" 503 7311 "https://nipponia.nl/wp-login.php" "Mozilla/5.0 (X11; Ubuntu; Linux x86_64) AppleWebKit/537.36 (KHTML, like Gecko) Chrome/119.0.0.0 Safari/537.36"
157.230.39.14 - - [05/May/2026:17:55:30 +0000] "GET /wp-admin/plugins.php HTTP/1.1" 503 7311 "https://nipponia.nl/wp-login.php" "Mozilla/5.0 (X11; Ubuntu; Linux x86_64) AppleWebKit/537.36 (KHTML, like Gecko) Chrome/119.0.0.0 Safari/537.36"
157.230.39.14 - - [05/May/2026:17:55:36 +0000] "POST /wp-login.php HTTP/1.1" 503 7109 "https://nipponia.nl/wp-login.php" "Mozilla/5.0 (X11; Linux x86_64) AppleWebKit/537.36 (KHTML, like Gecko) Chrome/120.0.0.0 Safari/537.36"
157.230.39.14 - - [05/May/2026:17:55:41 +0000] "GET /wp-admin/index.php HTTP/1.1" 503 7312 "https://nipponia.nl/wp-login.php" "Mozilla/5.0 (Windows NT 11.0; Win64; x64; rv:119.0) Gecko/20100101 Firefox/119.0"
20.123.172.228 - - [05/May/2026:17:55:42 +0000] "POST /?wordfence_syncAttackData=1778003742.7094 HTTP/1.1" 200 - "https://nipponia.nl/?wordfence_syncAttackData=1778003742.7094" "WordPress/6.1.10; https://nipponia.nl"
157.230.39.14 - - [05/May/2026:17:55:48 +0000] "GET /wp-admin/profile.php HTTP/1.1" 503 7312 "https://nipponia.nl/wp-login.php" "Mozilla/5.0 (Windows NT 11.0; Win64; x64; rv:119.0) Gecko/20100101 Firefox/119.0"
157.230.39.14 - - [05/May/2026:17:55:53 +0000] "GET /wp-admin/edit.php HTTP/1.1" 503 7311 "https://nipponia.nl/wp-login.php" "Mozilla/5.0 (Windows NT 11.0; Win64; x64; rv:119.0) Gecko/20100101 Firefox/119.0"
157.230.39.14 - - [05/May/2026:17:55:59 +0000] "GET /wp-admin/plugins.php HTTP/1.1" 503 7312 "https://nipponia.nl/wp-login.php" "Mozilla/5.0 (Windows NT 11.0; Win64; x64; rv:119.0) Gecko/20100101 Firefox/119.0"
157.230.39.14 - - [05/May/2026:17:56:06 +0000] "POST /wp-login.php HTTP/1.1" 503 7109 "https://nipponia.nl/wp-login.php" "Mozilla/5.0 (X11; Ubuntu; Linux x86_64) AppleWebKit/537.36 (KHTML, like Gecko) Chrome/119.0.0.0 Safari/537.36"
157.230.39.14 - - [05/May/2026:17:56:10 +0000] "GET /wp-admin/index.php HTTP/1.1" 503 7312 "https://nipponia.nl/wp-login.php" "Mozilla/5.0 (Macintosh; Intel Mac OS X 10_15_7) AppleWebKit/537.36 (KHTML, like Gecko) Chrome/120.0.0.0 Safari/537.36"
20.123.172.228 - - [05/May/2026:17:56:12 +0000] "POST /?wordfence_syncAttackData=1778003772.0989 HTTP/1.1" 200 - "https://nipponia.nl/?wordfence_syncAttackData=1778003772.0989" "WordPress/6.1.10; https://nipponia.nl"
157.230.39.14 - - [05/May/2026:17:56:24 +0000] "GET /wp-admin/profile.php HTTP/1.1" 503 7312 "https://nipponia.nl/wp-login.php" "Mozilla/5.0 (Macintosh; Intel Mac OS X 10_15_7) AppleWebKit/537.36 (KHTML, like Gecko) Chrome/120.0.0.0 Safari/537.36"
157.230.39.14 - - [05/May/2026:17:56:30 +0000] "GET /wp-admin/edit.php HTTP/1.1" 503 7312 "https://nipponia.nl/wp-login.php" "Mozilla/5.0 (Macintosh; Intel Mac OS X 10_15_7) AppleWebKit/537.36 (KHTML, like Gecko) Chrome/120.0.0.0 Safari/537.36"
66.249.66.193 - - [05/May/2026:17:56:37 +0000] "GET /wp-content/uploads/2025/05/prideRange-without-word-new-model-May-2025-1024x1024.jpg HTTP/1.1" 304 - "-" "Googlebot-Image/1.0"
157.230.39.14 - - [05/May/2026:17:56:36 +0000] "GET /wp-admin/plugins.php HTTP/1.1" 503 7312 "https://nipponia.nl/wp-login.php" "Mozilla/5.0 (Macintosh; Intel Mac OS X 10_15_7) AppleWebKit/537.36 (KHTML, like Gecko) Chrome/120.0.0.0 Safari/537.36"
157.230.39.14 - - [05/May/2026:17:56:41 +0000] "POST /wp-login.php HTTP/1.1" 503 7109 "https://nipponia.nl/wp-login.php" "Mozilla/5.0 (Macintosh; Intel Mac OS X 13_6_1) AppleWebKit/537.36 (KHTML, like Gecko) Chrome/118.0.0.0 Safari/537.36"
157.230.39.14 - - [05/May/2026:17:56:46 +0000] "GET /wp-admin/index.php HTTP/1.1" 503 7311 "https://nipponia.nl/wp-login.php" "Mozilla/5.0 (Macintosh; Intel Mac OS X 10_15_7) AppleWebKit/605.1.15 (KHTML, like Gecko) Version/17.0 Safari/605.1.15"
20.123.172.228 - - [05/May/2026:17:56:47 +0000] "POST /?wordfence_syncAttackData=1778003807.7935 HTTP/1.1" 200 - "https://nipponia.nl/?wordfence_syncAttackData=1778003807.7935" "WordPress/6.1.10; https://nipponia.nl"
157.230.39.14 - - [05/May/2026:17:56:52 +0000] "GET /wp-admin/profile.php HTTP/1.1" 503 7312 "https://nipponia.nl/wp-login.php" "Mozilla/5.0 (Macintosh; Intel Mac OS X 10_15_7) AppleWebKit/605.1.15 (KHTML, like Gecko) Version/17.0 Safari/605.1.15"
157.230.39.14 - - [05/May/2026:17:56:58 +0000] "GET /wp-admin/edit.php HTTP/1.1" 503 7312 "https://nipponia.nl/wp-login.php" "Mozilla/5.0 (Macintosh; Intel Mac OS X 10_15_7) AppleWebKit/605.1.15 (KHTML, like Gecko) Version/17.0 Safari/605.1.15"
157.230.39.14 - - [05/May/2026:17:57:04 +0000] "GET /wp-admin/plugins.php HTTP/1.1" 503 7312 "https://nipponia.nl/wp-login.php" "Mozilla/5.0 (Macintosh; Intel Mac OS X 10_15_7) AppleWebKit/605.1.15 (KHTML, like Gecko) Version/17.0 Safari/605.1.15"
157.230.39.14 - - [05/May/2026:17:57:11 +0000] "POST /wp-login.php HTTP/1.1" 503 7109 "https://nipponia.nl/wp-login.php" "Mozilla/5.0 (Windows NT 11.0; Win64; x64; rv:120.0) Gecko/20100101 Firefox/120.0"
157.230.39.14 - - [05/May/2026:17:57:16 +0000] "GET /wp-admin/index.php HTTP/1.1" 503 7312 "https://nipponia.nl/wp-login.php" "Mozilla/5.0 (Windows NT 10.0; Win64; x64; rv:118.0) Gecko/20100101 Firefox/118.0"
20.123.172.228 - - [05/May/2026:17:57:17 +0000] "POST /?wordfence_syncAttackData=1778003837.6079 HTTP/1.1" 200 - "https://nipponia.nl/?wordfence_syncAttackData=1778003837.6079" "WordPress/6.1.10; https://nipponia.nl"
157.230.39.14 - - [05/May/2026:17:57:22 +0000] "GET /wp-admin/profile.php HTTP/1.1" 503 7312 "https://nipponia.nl/wp-login.php" "Mozilla/5.0 (Windows NT 10.0; Win64; x64; rv:118.0) Gecko/20100101 Firefox/118.0"
157.230.39.14 - - [05/May/2026:17:57:28 +0000] "GET /wp-admin/edit.php HTTP/1.1" 503 7312 "https://nipponia.nl/wp-login.php" "Mozilla/5.0 (Windows NT 10.0; Win64; x64; rv:118.0) Gecko/20100101 Firefox/118.0"
157.230.39.14 - - [05/May/2026:17:57:34 +0000] "GET /wp-admin/plugins.php HTTP/1.1" 503 7312 "https://nipponia.nl/wp-login.php" "Mozilla/5.0 (Windows NT 10.0; Win64; x64; rv:118.0) Gecko/20100101 Firefox/118.0"
157.230.39.14 - - [05/May/2026:17:57:40 +0000] "POST /wp-login.php HTTP/1.1" 503 7109 "https://nipponia.nl/wp-login.php" "Mozilla/5.0 (Macintosh; Intel Mac OS X 10_15_7; rv:121.0) Gecko/20100101 Firefox/121.0"
157.230.39.14 - - [05/May/2026:17:57:45 +0000] "GET /wp-admin/index.php HTTP/1.1" 503 7312 "https://nipponia.nl/wp-login.php" "Mozilla/5.0 (X11; Linux x86_64) AppleWebKit/537.36 (KHTML, like Gecko) Chrome/121.0.0.0 Safari/537.36"
20.123.172.228 - - [05/May/2026:17:57:46 +0000] "POST /?wordfence_syncAttackData=1778003866.477 HTTP/1.1" 200 - "https://nipponia.nl/?wordfence_syncAttackData=1778003866.477" "WordPress/6.1.10; https://nipponia.nl"
157.230.39.14 - - [05/May/2026:17:57:51 +0000] "GET /wp-admin/profile.php HTTP/1.1" 503 7311 "https://nipponia.nl/wp-login.php" "Mozilla/5.0 (X11; Linux x86_64) AppleWebKit/537.36 (KHTML, like Gecko) Chrome/121.0.0.0 Safari/537.36"
157.230.39.14 - - [05/May/2026:17:57:57 +0000] "GET /wp-admin/edit.php HTTP/1.1" 503 7311 "https://nipponia.nl/wp-login.php" "Mozilla/5.0 (X11; Linux x86_64) AppleWebKit/537.36 (KHTML, like Gecko) Chrome/121.0.0.0 Safari/537.36"
157.230.39.14 - - [05/May/2026:17:58:04 +0000] "GET /wp-admin/plugins.php HTTP/1.1" 503 7312 "https://nipponia.nl/wp-login.php" "Mozilla/5.0 (X11; Linux x86_64) AppleWebKit/537.36 (KHTML, like Gecko) Chrome/121.0.0.0 Safari/537.36"
157.230.39.14 - - [05/May/2026:17:58:11 +0000] "POST /wp-login.php HTTP/1.1" 503 7109 "https://nipponia.nl/wp-login.php" "Mozilla/5.0 (Windows NT 11.0; Win64; x64; rv:119.0) Gecko/20100101 Firefox/119.0"
157.230.39.14 - - [05/May/2026:17:58:18 +0000] "GET /wp-admin/index.php HTTP/1.1" 503 7312 "https://nipponia.nl/wp-login.php" "Mozilla/5.0 (Macintosh; Intel Mac OS X 13_6_1) AppleWebKit/537.36 (KHTML, like Gecko) Chrome/119.0.0.0 Safari/537.36"
20.123.172.228 - - [05/May/2026:17:58:20 +0000] "POST /?wordfence_syncAttackData=1778003900.4146 HTTP/1.1" 200 - "https://nipponia.nl/?wordfence_syncAttackData=1778003900.4146" "WordPress/6.1.10; https://nipponia.nl"
20.123.172.228 - - [05/May/2026:17:58:23 +0000] "POST /wp-cron.php?doing_wp_cron=1778003903.1578938961029052734375 HTTP/1.1" 200 - "https://nipponia.nl/wp-cron.php?doing_wp_cron=1778003903.1578938961029052734375" "WordPress/6.1.10; https://nipponia.nl"
57.141.20.43 - - [05/May/2026:17:58:21 +0000] "GET /sitemap.txt HTTP/1.1" 404 54050 "-" "meta-externalagent/1.1 (+https://developers.facebook.com/docs/sharing/webmasters/crawler)"
157.230.39.14 - - [05/May/2026:17:58:27 +0000] "GET /wp-admin/profile.php HTTP/1.1" 503 7312 "https://nipponia.nl/wp-login.php" "Mozilla/5.0 (Macintosh; Intel Mac OS X 13_6_1) AppleWebKit/537.36 (KHTML, like Gecko) Chrome/119.0.0.0 Safari/537.36"
157.230.39.14 - - [05/May/2026:17:58:34 +0000] "GET /wp-admin/edit.php HTTP/1.1" 503 7312 "https://nipponia.nl/wp-login.php" "Mozilla/5.0 (Macintosh; Intel Mac OS X 13_6_1) AppleWebKit/537.36 (KHTML, like Gecko) Chrome/119.0.0.0 Safari/537.36"
157.230.39.14 - - [05/May/2026:17:58:41 +0000] "GET /wp-admin/plugins.php HTTP/1.1" 503 7312 "https://nipponia.nl/wp-login.php" "Mozilla/5.0 (Macintosh; Intel Mac OS X 13_6_1) AppleWebKit/537.36 (KHTML, like Gecko) Chrome/119.0.0.0 Safari/537.36"
157.230.39.14 - - [05/May/2026:17:58:47 +0000] "POST /wp-login.php HTTP/1.1" 503 7109 "https://nipponia.nl/wp-login.php" "Mozilla/5.0 (Windows NT 11.0; Win64; x64; rv:119.0) Gecko/20100101 Firefox/119.0"
157.230.39.14 - - [05/May/2026:17:58:51 +0000] "GET /wp-admin/index.php HTTP/1.1" 503 7312 "https://nipponia.nl/wp-login.php" "Mozilla/5.0 (Macintosh; Intel Mac OS X 10_15_7; rv:119.0) Gecko/20100101 Firefox/119.0"
20.123.172.228 - - [05/May/2026:17:58:53 +0000] "POST /?wordfence_syncAttackData=1778003933.1307 HTTP/1.1" 200 - "https://nipponia.nl/?wordfence_syncAttackData=1778003933.1307" "WordPress/6.1.10; https://nipponia.nl"
157.230.39.14 - - [05/May/2026:17:58:59 +0000] "GET /wp-admin/profile.php HTTP/1.1" 503 7311 "https://nipponia.nl/wp-login.php" "Mozilla/5.0 (Macintosh; Intel Mac OS X 10_15_7; rv:119.0) Gecko/20100101 Firefox/119.0"
157.230.39.14 - - [05/May/2026:17:59:04 +0000] "GET /wp-admin/edit.php HTTP/1.1" 503 7312 "https://nipponia.nl/wp-login.php" "Mozilla/5.0 (Macintosh; Intel Mac OS X 10_15_7; rv:119.0) Gecko/20100101 Firefox/119.0"
157.230.39.14 - - [05/May/2026:17:59:11 +0000] "GET /wp-admin/plugins.php HTTP/1.1" 503 7312 "https://nipponia.nl/wp-login.php" "Mozilla/5.0 (Macintosh; Intel Mac OS X 10_15_7; rv:119.0) Gecko/20100101 Firefox/119.0"
157.230.39.14 - - [05/May/2026:17:59:17 +0000] "POST /wp-login.php HTTP/1.1" 503 7109 "https://nipponia.nl/wp-login.php" "Mozilla/5.0 (Windows NT 10.0; Win64; x64; rv:120.0) Gecko/20100101 Firefox/120.0"
157.230.39.14 - - [05/May/2026:17:59:23 +0000] "GET /wp-admin/index.php HTTP/1.1" 503 7312 "https://nipponia.nl/wp-login.php" "Mozilla/5.0 (Windows NT 10.0; Win64; x64) AppleWebKit/537.36 (KHTML, like Gecko) Chrome/120.0.0.0 Safari/537.36"
20.123.172.228 - - [05/May/2026:17:59:24 +0000] "POST /?wordfence_syncAttackData=1778003964.5454 HTTP/1.1" 200 - "https://nipponia.nl/?wordfence_syncAttackData=1778003964.5454" "WordPress/6.1.10; https://nipponia.nl"
157.230.39.14 - - [05/May/2026:17:59:30 +0000] "GET /wp-admin/profile.php HTTP/1.1" 503 7312 "https://nipponia.nl/wp-login.php" "Mozilla/5.0 (Windows NT 10.0; Win64; x64) AppleWebKit/537.36 (KHTML, like Gecko) Chrome/120.0.0.0 Safari/537.36"
157.230.39.14 - - [05/May/2026:17:59:35 +0000] "GET /wp-admin/edit.php HTTP/1.1" 503 7312 "https://nipponia.nl/wp-login.php" "Mozilla/5.0 (Windows NT 10.0; Win64; x64) AppleWebKit/537.36 (KHTML, like Gecko) Chrome/120.0.0.0 Safari/537.36"
157.230.39.14 - - [05/May/2026:17:59:41 +0000] "GET /wp-admin/plugins.php HTTP/1.1" 503 7312 "https://nipponia.nl/wp-login.php" "Mozilla/5.0 (Windows NT 10.0; Win64; x64) AppleWebKit/537.36 (KHTML, like Gecko) Chrome/120.0.0.0 Safari/537.36"
157.230.39.14 - - [05/May/2026:17:59:46 +0000] "POST /wp-login.php HTTP/1.1" 503 7109 "https://nipponia.nl/wp-login.php" "Mozilla/5.0 (Windows NT 11.0; Win64; x64; rv:119.0) Gecko/20100101 Firefox/119.0"
157.230.39.14 - - [05/May/2026:17:59:50 +0000] "GET /wp-admin/index.php HTTP/1.1" 503 7312 "https://nipponia.nl/wp-login.php" "Mozilla/5.0 (Macintosh; Intel Mac OS X 10_15_7) AppleWebKit/537.36 (KHTML, like Gecko) Chrome/119.0.0.0 Safari/537.36"
20.123.172.228 - - [05/May/2026:17:59:52 +0000] "POST /?wordfence_syncAttackData=1778003992.3396 HTTP/1.1" 200 - "https://nipponia.nl/?wordfence_syncAttackData=1778003992.3396" "WordPress/6.1.10; https://nipponia.nl"
157.230.39.14 - - [05/May/2026:17:59:57 +0000] "GET /wp-admin/profile.php HTTP/1.1" 503 7312 "https://nipponia.nl/wp-login.php" "Mozilla/5.0 (Macintosh; Intel Mac OS X 10_15_7) AppleWebKit/537.36 (KHTML, like Gecko) Chrome/119.0.0.0 Safari/537.36"
157.230.39.14 - - [05/May/2026:18:00:08 +0000] "GET /wp-admin/edit.php HTTP/1.1" 503 7312 "https://nipponia.nl/wp-login.php" "Mozilla/5.0 (Macintosh; Intel Mac OS X 10_15_7) AppleWebKit/537.36 (KHTML, like Gecko) Chrome/119.0.0.0 Safari/537.36"
20.123.172.228 - - [05/May/2026:18:00:15 +0000] "POST /wp-cron.php?doing_wp_cron=1778004015.1197459697723388671875 HTTP/1.1" 200 - "https://nipponia.nl/wp-cron.php?doing_wp_cron=1778004015.1197459697723388671875" "WordPress/6.1.10; https://nipponia.nl"
88.97.167.245 - - [05/May/2026:18:00:13 +0000] "GET /nl/e-viball-2 HTTP/1.1" 301 - "-" "Mozilla/5.0 (Windows NT 10.0; Win64; x64) AppleWebKit/537.36 (KHTML, like Gecko) Chrome/99.0.4844.51 Safari/537.36"
88.97.167.245 - - [05/May/2026:18:00:15 +0000] "GET /en/e-viball-2/ HTTP/1.1" 200 21089 "-" "Mozilla/5.0 (Windows NT 10.0; Win64; x64) AppleWebKit/537.36 (KHTML, like Gecko) Chrome/99.0.4844.51 Safari/537.36"
157.230.39.14 - - [05/May/2026:18:00:20 +0000] "GET /wp-admin/plugins.php HTTP/1.1" 503 7312 "https://nipponia.nl/wp-login.php" "Mozilla/5.0 (Macintosh; Intel Mac OS X 10_15_7) AppleWebKit/537.36 (KHTML, like Gecko) Chrome/119.0.0.0 Safari/537.36"
157.230.39.14 - - [05/May/2026:18:00:39 +0000] "POST /wp-login.php HTTP/1.1" 503 7109 "https://nipponia.nl/wp-login.php" "Mozilla/5.0 (Windows NT 10.0; Win64; x64) AppleWebKit/537.36 (KHTML, like Gecko) Chrome/118.0.0.0 Safari/537.36"
157.230.39.14 - - [05/May/2026:18:00:46 +0000] "GET /wp-admin/index.php HTTP/1.1" 503 7311 "https://nipponia.nl/wp-login.php" "Mozilla/5.0 (Macintosh; Intel Mac OS X 10_15_7; rv:118.0) Gecko/20100101 Firefox/118.0"
20.123.172.228 - - [05/May/2026:18:00:47 +0000] "POST /?wordfence_syncAttackData=1778004047.7972 HTTP/1.1" 200 - "https://nipponia.nl/?wordfence_syncAttackData=1778004047.7972" "WordPress/6.1.10; https://nipponia.nl"
157.230.39.14 - - [05/May/2026:18:00:54 +0000] "GET /wp-admin/profile.php HTTP/1.1" 503 7312 "https://nipponia.nl/wp-login.php" "Mozilla/5.0 (Macintosh; Intel Mac OS X 10_15_7; rv:118.0) Gecko/20100101 Firefox/118.0"
157.230.39.14 - - [05/May/2026:18:01:00 +0000] "GET /wp-admin/edit.php HTTP/1.1" 503 7311 "https://nipponia.nl/wp-login.php" "Mozilla/5.0 (Macintosh; Intel Mac OS X 10_15_7; rv:118.0) Gecko/20100101 Firefox/118.0"
157.230.39.14 - - [05/May/2026:18:01:06 +0000] "GET /wp-admin/plugins.php HTTP/1.1" 503 7312 "https://nipponia.nl/wp-login.php" "Mozilla/5.0 (Macintosh; Intel Mac OS X 10_15_7; rv:118.0) Gecko/20100101 Firefox/118.0"
157.230.39.14 - - [05/May/2026:18:01:12 +0000] "POST /wp-login.php HTTP/1.1" 503 7109 "https://nipponia.nl/wp-login.php" "Mozilla/5.0 (Macintosh; Intel Mac OS X 10_15_7) AppleWebKit/537.36 (KHTML, like Gecko) Chrome/121.0.0.0 Safari/537.36"
20.123.172.228 - - [05/May/2026:18:01:20 +0000] "POST /wp-cron.php?doing_wp_cron=1778004080.1383380889892578125000 HTTP/1.1" 200 - "https://nipponia.nl/wp-cron.php?doing_wp_cron=1778004080.1383380889892578125000" "WordPress/6.1.10; https://nipponia.nl"
157.230.39.14 - - [05/May/2026:18:01:17 +0000] "GET /wp-admin/index.php HTTP/1.1" 302 - "https://nipponia.nl/wp-login.php" "Mozilla/5.0 (Windows NT 10.0; Win64; x64; rv:121.0) Gecko/20100101 Firefox/121.0"
20.123.172.228 - - [05/May/2026:18:01:18 +0000] "POST /?wordfence_syncAttackData=1778004078.7025 HTTP/1.1" 200 - "https://nipponia.nl/?wordfence_syncAttackData=1778004078.7025" "WordPress/6.1.10; https://nipponia.nl"
157.230.39.14 - - [05/May/2026:18:01:24 +0000] "GET /wp-login.php?redirect_to=https%3A%2F%2Fnipponia.nl%2Fwp-admin%2Findex.php&reauth=1 HTTP/1.1" 200 2621 "https://nipponia.nl/wp-login.php" "Mozilla/5.0 (Windows NT 10.0; Win64; x64; rv:121.0) Gecko/20100101 Firefox/121.0"
157.230.39.14 - - [05/May/2026:18:01:30 +0000] "POST /wp-login.php HTTP/1.1" 503 7312 "https://nipponia.nl/wp-login.php" "Mozilla/5.0 (Windows NT 11.0; Win64; x64; rv:119.0) Gecko/20100101 Firefox/119.0"
157.230.39.14 - - [05/May/2026:18:01:37 +0000] "GET /wp-admin/index.php HTTP/1.1" 503 7312 "https://nipponia.nl/wp-login.php" "Mozilla/5.0 (Windows NT 10.0; Win64; x64; rv:118.0) Gecko/20100101 Firefox/118.0"
157.230.39.14 - - [05/May/2026:18:01:43 +0000] "GET /wp-admin/profile.php HTTP/1.1" 503 7312 "https://nipponia.nl/wp-login.php" "Mozilla/5.0 (Windows NT 10.0; Win64; x64; rv:118.0) Gecko/20100101 Firefox/118.0"
157.230.39.14 - - [05/May/2026:18:01:49 +0000] "GET /wp-admin/edit.php HTTP/1.1" 503 7312 "https://nipponia.nl/wp-login.php" "Mozilla/5.0 (Windows NT 10.0; Win64; x64; rv:118.0) Gecko/20100101 Firefox/118.0"
34.221.49.20 - - [05/May/2026:18:01:54 +0000] "GET /wp-content/uploads/2022/06/Driewielscooter-Moto-Banner-updated-24-6-22.jpg HTTP/1.1" 200 160196 "-" "Mozilla/5.0 (Windows NT 10.0; Win64; x64) AppleWebKit/537.36 (KHTML, like Gecko) Chrome/144.0.0.0 Safari/537.36"
157.230.39.14 - - [05/May/2026:18:01:55 +0000] "GET /wp-admin/plugins.php HTTP/1.1" 503 7312 "https://nipponia.nl/wp-login.php" "Mozilla/5.0 (Windows NT 10.0; Win64; x64; rv:118.0) Gecko/20100101 Firefox/118.0"
157.230.39.14 - - [05/May/2026:18:02:01 +0000] "POST /wp-login.php HTTP/1.1" 503 7109 "https://nipponia.nl/wp-login.php" "Mozilla/5.0 (Windows NT 10.0; Win64; x64) AppleWebKit/537.36 (KHTML, like Gecko) Chrome/120.0.0.0 Safari/537.36"
157.230.39.14 - - [05/May/2026:18:02:06 +0000] "GET /wp-admin/index.php HTTP/1.1" 503 7312 "https://nipponia.nl/wp-login.php" "Mozilla/5.0 (Macintosh; Intel Mac OS X 10_15_7) AppleWebKit/605.1.15 (KHTML, like Gecko) Version/17.0 Safari/605.1.15"
20.123.172.228 - - [05/May/2026:18:02:07 +0000] "POST /?wordfence_syncAttackData=1778004127.734 HTTP/1.1" 200 - "https://nipponia.nl/?wordfence_syncAttackData=1778004127.734" "WordPress/6.1.10; https://nipponia.nl"
20.123.172.228 - - [05/May/2026:18:02:12 +0000] "POST /wp-cron.php?doing_wp_cron=1778004132.5675590038299560546875 HTTP/1.1" 200 - "https://nipponia.nl/wp-cron.php?doing_wp_cron=1778004132.5675590038299560546875" "WordPress/6.1.10; https://nipponia.nl"
62.108.5.32 - - [05/May/2026:18:02:10 +0000] "GET /pride-2/ HTTP/1.1" 200 20217 "https://www.google.com/" "Mozilla/5.0 (iPhone; CPU iPhone OS 18_7 like Mac OS X) AppleWebKit/605.1.15 (KHTML, like Gecko) Version/26.3 Mobile/15E148 Safari/604.1"
62.108.5.32 - - [05/May/2026:18:02:14 +0000] "GET /wp-includes/js/wp-emoji-release.min.js?ver=6.1.10 HTTP/1.1" 200 5009 "https://nipponia.nl/pride-2/" "Mozilla/5.0 (iPhone; CPU iPhone OS 18_7 like Mac OS X) AppleWebKit/605.1.15 (KHTML, like Gecko) Version/26.3 Mobile/15E148 Safari/604.1"
62.108.5.32 - - [05/May/2026:18:02:14 +0000] "GET /wp-content/plugins/premium-addons-for-elementor/assets/frontend/min-css/premium-addons.min.css?ver=4.10.82 HTTP/1.1" 200 45232 "https://nipponia.nl/pride-2/" "Mozilla/5.0 (iPhone; CPU iPhone OS 18_7 like Mac OS X) AppleWebKit/605.1.15 (KHTML, like Gecko) Version/26.3 Mobile/15E148 Safari/604.1"
62.108.5.32 - - [05/May/2026:18:02:14 +0000] "GET /wp-content/cache/autoptimize/css/autoptimize_single_5b51e7d5730e4076121c9d8a880aac25.css?ver=6.1.10 HTTP/1.1" 200 14271 "https://nipponia.nl/pride-2/" "Mozilla/5.0 (iPhone; CPU iPhone OS 18_7 like Mac OS X) AppleWebKit/605.1.15 (KHTML, like Gecko) Version/26.3 Mobile/15E148 Safari/604.1"
