178.85.252.99 - - [05/May/2026:18:12:34 +0000] "GET /wp-content/uploads/2023/07/Head-Banner-Site-1920-%C3%97-980-px-1920-%C3%97-880-px.mp4 HTTP/1.1" 206 2244106 "https://nipponia.nl/" "Mozilla/5.0 (Linux; Android 10; K) AppleWebKit/537.36 (KHTML, like Gecko) Chrome/138.0.0.0 Safari/537.36"
178.85.252.99 - - [05/May/2026:18:12:34 +0000] "GET /wp-content/uploads/2022/10/2-fast-for-web.jpg HTTP/1.1" 200 194839 "https://nipponia.nl/" "Mozilla/5.0 (Linux; Android 10; K) AppleWebKit/537.36 (KHTML, like Gecko) Chrome/138.0.0.0 Safari/537.36"
178.85.252.99 - - [05/May/2026:18:12:34 +0000] "GET /wp-content/uploads/2022/10/banner-for-web-3.jpg HTTP/1.1" 200 279980 "https://nipponia.nl/" "Mozilla/5.0 (Linux; Android 10; K) AppleWebKit/537.36 (KHTML, like Gecko) Chrome/138.0.0.0 Safari/537.36"
157.230.39.14 - - [05/May/2026:18:12:32 +0000] "GET /wp-admin/edit.php HTTP/1.1" 503 7312 "https://nipponia.nl/wp-login.php" "Mozilla/5.0 (Macintosh; Intel Mac OS X 13_6_1) AppleWebKit/537.36 (KHTML, like Gecko) Chrome/119.0.0.0 Safari/537.36"
178.85.252.99 - - [05/May/2026:18:12:36 +0000] "GET /wp-content/uploads/2021/03/cropped-1c_v_logo_hr_b.png HTTP/1.1" 200 24757 "https://nipponia.nl/" "Mozilla/5.0 (Linux; Android 10; K) AppleWebKit/537.36 (KHTML, like Gecko) Chrome/138.0.0.0 Safari/537.36"
66.249.66.192 - - [05/May/2026:18:12:35 +0000] "GET /nl/elektrische/ HTTP/1.1" 301 - "-" "Mozilla/5.0 (Linux; Android 6.0.1; Nexus 5X Build/MMB29P) AppleWebKit/537.36 (KHTML, like Gecko) Chrome/147.0.7727.137 Mobile Safari/537.36 (compatible; Googlebot/2.1; +http://www.google.com/bot.html)"
157.230.39.14 - - [05/May/2026:18:12:39 +0000] "GET /wp-admin/plugins.php HTTP/1.1" 503 7312 "https://nipponia.nl/wp-login.php" "Mozilla/5.0 (Macintosh; Intel Mac OS X 13_6_1) AppleWebKit/537.36 (KHTML, like Gecko) Chrome/119.0.0.0 Safari/537.36"
66.249.66.193 - - [05/May/2026:18:12:39 +0000] "GET /dealer-netwerk/ HTTP/1.1" 200 16229 "-" "Mozilla/5.0 (Linux; Android 6.0.1; Nexus 5X Build/MMB29P) AppleWebKit/537.36 (KHTML, like Gecko) Chrome/147.0.7727.137 Mobile Safari/537.36 (compatible; Googlebot/2.1; +http://www.google.com/bot.html)"
66.249.66.193 - - [05/May/2026:18:12:42 +0000] "GET /contact-2/ HTTP/1.1" 200 14760 "-" "Mozilla/5.0 (Linux; Android 6.0.1; Nexus 5X Build/MMB29P) AppleWebKit/537.36 (KHTML, like Gecko) Chrome/147.0.7727.137 Mobile Safari/537.36 (compatible; Googlebot/2.1; +http://www.google.com/bot.html)"
157.230.39.14 - - [05/May/2026:18:12:45 +0000] "POST /wp-login.php HTTP/1.1" 503 7109 "https://nipponia.nl/wp-login.php" "Mozilla/5.0 (Windows NT 10.0; Win64; x64; rv:118.0) Gecko/20100101 Firefox/118.0"
20.123.172.228 - - [05/May/2026:18:12:46 +0000] "POST /?wordfence_syncAttackData=1778004766.436 HTTP/1.1" 200 - "https://nipponia.nl/?wordfence_syncAttackData=1778004766.436" "WordPress/6.1.10; https://nipponia.nl"
66.249.66.193 - - [05/May/2026:18:12:45 +0000] "GET /gebruiksaanwijzingen/ HTTP/1.1" 200 17886 "-" "Mozilla/5.0 (Linux; Android 6.0.1; Nexus 5X Build/MMB29P) AppleWebKit/537.36 (KHTML, like Gecko) Chrome/147.0.7727.137 Mobile Safari/537.36 (compatible; Googlebot/2.1; +http://www.google.com/bot.html)"
157.230.39.14 - - [05/May/2026:18:12:49 +0000] "GET /wp-admin/index.php HTTP/1.1" 503 7312 "https://nipponia.nl/wp-login.php" "Mozilla/5.0 (Windows NT 11.0; Win64; x64) AppleWebKit/537.36 (KHTML, like Gecko) Chrome/118.0.0.0 Safari/537.36"
66.249.66.192 - - [05/May/2026:18:12:49 +0000] "GET /e-viball-nl/ HTTP/1.1" 200 21740 "-" "Mozilla/5.0 (Linux; Android 6.0.1; Nexus 5X Build/MMB29P) AppleWebKit/537.36 (KHTML, like Gecko) Chrome/147.0.7727.137 Mobile Safari/537.36 (compatible; Googlebot/2.1; +http://www.google.com/bot.html)"
20.123.172.228 - - [05/May/2026:18:12:55 +0000] "POST /wp-cron.php?doing_wp_cron=1778004775.0150640010833740234375 HTTP/1.1" 200 - "https://nipponia.nl/wp-cron.php?doing_wp_cron=1778004775.0150640010833740234375" "WordPress/6.1.10; https://nipponia.nl"
66.249.66.192 - - [05/May/2026:18:12:53 +0000] "GET /elektrische/ HTTP/1.1" 200 17378 "-" "Mozilla/5.0 (Linux; Android 6.0.1; Nexus 5X Build/MMB29P) AppleWebKit/537.36 (KHTML, like Gecko) Chrome/147.0.7727.137 Mobile Safari/537.36 (compatible; Googlebot/2.1; +http://www.google.com/bot.html)"
157.230.39.14 - - [05/May/2026:18:12:56 +0000] "GET /wp-admin/profile.php HTTP/1.1" 503 7312 "https://nipponia.nl/wp-login.php" "Mozilla/5.0 (Windows NT 11.0; Win64; x64) AppleWebKit/537.36 (KHTML, like Gecko) Chrome/118.0.0.0 Safari/537.36"
66.249.66.192 - - [05/May/2026:18:12:56 +0000] "GET /elektrische-step-ilark-doohan/ HTTP/1.1" 200 16586 "-" "Mozilla/5.0 (Linux; Android 6.0.1; Nexus 5X Build/MMB29P) AppleWebKit/537.36 (KHTML, like Gecko) Chrome/147.0.7727.137 Mobile Safari/537.36 (compatible; Googlebot/2.1; +http://www.google.com/bot.html)"
66.249.66.192 - - [05/May/2026:18:13:00 +0000] "GET /nl/benzine/ HTTP/1.1" 301 - "-" "Mozilla/5.0 (Linux; Android 6.0.1; Nexus 5X Build/MMB29P) AppleWebKit/537.36 (KHTML, like Gecko) Chrome/147.0.7727.137 Mobile Safari/537.36 (compatible; Googlebot/2.1; +http://www.google.com/bot.html)"
157.230.39.14 - - [05/May/2026:18:13:02 +0000] "GET /wp-admin/edit.php HTTP/1.1" 503 7312 "https://nipponia.nl/wp-login.php" "Mozilla/5.0 (Windows NT 11.0; Win64; x64) AppleWebKit/537.36 (KHTML, like Gecko) Chrome/118.0.0.0 Safari/537.36"
66.249.66.192 - - [05/May/2026:18:13:03 +0000] "GET /driewielscooter-2/ HTTP/1.1" 200 16546 "-" "Mozilla/5.0 (Linux; Android 6.0.1; Nexus 5X Build/MMB29P) AppleWebKit/537.36 (KHTML, like Gecko) Chrome/147.0.7727.137 Mobile Safari/537.36 (compatible; Googlebot/2.1; +http://www.google.com/bot.html)"
157.230.39.14 - - [05/May/2026:18:13:09 +0000] "GET /wp-admin/plugins.php HTTP/1.1" 503 7312 "https://nipponia.nl/wp-login.php" "Mozilla/5.0 (Windows NT 11.0; Win64; x64) AppleWebKit/537.36 (KHTML, like Gecko) Chrome/118.0.0.0 Safari/537.36"
66.249.66.192 - - [05/May/2026:18:13:10 +0000] "GET /2fast-2/ HTTP/1.1" 200 21660 "-" "Mozilla/5.0 (Linux; Android 6.0.1; Nexus 5X Build/MMB29P) AppleWebKit/537.36 (KHTML, like Gecko) Chrome/147.0.7727.137 Mobile Safari/537.36 (compatible; Googlebot/2.1; +http://www.google.com/bot.html)"
157.230.39.14 - - [05/May/2026:18:13:15 +0000] "POST /wp-login.php HTTP/1.1" 503 7109 "https://nipponia.nl/wp-login.php" "Mozilla/5.0 (Windows NT 10.0; Win64; x64) AppleWebKit/537.36 (KHTML, like Gecko) Chrome/119.0.0.0 Safari/537.36"
66.249.66.192 - - [05/May/2026:18:13:13 +0000] "GET /4fast-nl/ HTTP/1.1" 200 21733 "-" "Mozilla/5.0 (Linux; Android 6.0.1; Nexus 5X Build/MMB29P) AppleWebKit/537.36 (KHTML, like Gecko) Chrome/147.0.7727.137 Mobile Safari/537.36 (compatible; Googlebot/2.1; +http://www.google.com/bot.html)"
20.123.172.228 - - [05/May/2026:18:13:17 +0000] "POST /?wordfence_syncAttackData=1778004797.9526 HTTP/1.1" 200 - "https://nipponia.nl/?wordfence_syncAttackData=1778004797.9526" "WordPress/6.1.10; https://nipponia.nl"
66.249.66.192 - - [05/May/2026:18:13:16 +0000] "GET /benzine/ HTTP/1.1" 200 15762 "-" "Mozilla/5.0 (Linux; Android 6.0.1; Nexus 5X Build/MMB29P) AppleWebKit/537.36 (KHTML, like Gecko) Chrome/147.0.7727.137 Mobile Safari/537.36 (compatible; Googlebot/2.1; +http://www.google.com/bot.html)"
157.230.39.14 - - [05/May/2026:18:13:20 +0000] "GET /wp-admin/index.php HTTP/1.1" 503 7312 "https://nipponia.nl/wp-login.php" "Mozilla/5.0 (Windows NT 10.0; Win64; x64; rv:119.0) Gecko/20100101 Firefox/119.0"
157.230.39.14 - - [05/May/2026:18:13:25 +0000] "GET /wp-admin/profile.php HTTP/1.1" 503 7312 "https://nipponia.nl/wp-login.php" "Mozilla/5.0 (Windows NT 10.0; Win64; x64; rv:119.0) Gecko/20100101 Firefox/119.0"
157.230.39.14 - - [05/May/2026:18:13:31 +0000] "GET /wp-admin/edit.php HTTP/1.1" 503 7311 "https://nipponia.nl/wp-login.php" "Mozilla/5.0 (Windows NT 10.0; Win64; x64; rv:119.0) Gecko/20100101 Firefox/119.0"
157.230.39.14 - - [05/May/2026:18:13:37 +0000] "GET /wp-admin/plugins.php HTTP/1.1" 503 7312 "https://nipponia.nl/wp-login.php" "Mozilla/5.0 (Windows NT 10.0; Win64; x64; rv:119.0) Gecko/20100101 Firefox/119.0"
157.230.39.14 - - [05/May/2026:18:13:42 +0000] "POST /wp-login.php HTTP/1.1" 503 7109 "https://nipponia.nl/wp-login.php" "Mozilla/5.0 (Windows NT 10.0; Win64; x64; rv:118.0) Gecko/20100101 Firefox/118.0"
157.230.39.14 - - [05/May/2026:18:13:47 +0000] "GET /wp-admin/index.php HTTP/1.1" 503 7312 "https://nipponia.nl/wp-login.php" "Mozilla/5.0 (Macintosh; Intel Mac OS X 13_6_1) AppleWebKit/537.36 (KHTML, like Gecko) Chrome/120.0.0.0 Safari/537.36"
20.123.172.228 - - [05/May/2026:18:13:48 +0000] "POST /?wordfence_syncAttackData=1778004828.4313 HTTP/1.1" 200 - "https://nipponia.nl/?wordfence_syncAttackData=1778004828.4313" "WordPress/6.1.10; https://nipponia.nl"
157.230.39.14 - - [05/May/2026:18:13:53 +0000] "GET /wp-admin/profile.php HTTP/1.1" 503 7312 "https://nipponia.nl/wp-login.php" "Mozilla/5.0 (Macintosh; Intel Mac OS X 13_6_1) AppleWebKit/537.36 (KHTML, like Gecko) Chrome/120.0.0.0 Safari/537.36"
157.230.39.14 - - [05/May/2026:18:14:10 +0000] "GET /wp-admin/edit.php HTTP/1.1" 503 7312 "https://nipponia.nl/wp-login.php" "Mozilla/5.0 (Macintosh; Intel Mac OS X 13_6_1) AppleWebKit/537.36 (KHTML, like Gecko) Chrome/120.0.0.0 Safari/537.36"
157.230.39.14 - - [05/May/2026:18:14:17 +0000] "GET /wp-admin/plugins.php HTTP/1.1" 503 7312 "https://nipponia.nl/wp-login.php" "Mozilla/5.0 (Macintosh; Intel Mac OS X 13_6_1) AppleWebKit/537.36 (KHTML, like Gecko) Chrome/120.0.0.0 Safari/537.36"
157.230.39.14 - - [05/May/2026:18:14:24 +0000] "POST /wp-login.php HTTP/1.1" 503 7109 "https://nipponia.nl/wp-login.php" "Mozilla/5.0 (Macintosh; Intel Mac OS X 13_6_1) AppleWebKit/537.36 (KHTML, like Gecko) Chrome/121.0.0.0 Safari/537.36"
157.230.39.14 - - [05/May/2026:18:14:31 +0000] "GET /wp-admin/index.php HTTP/1.1" 503 7312 "https://nipponia.nl/wp-login.php" "Mozilla/5.0 (Windows NT 10.0; Win64; x64; rv:118.0) Gecko/20100101 Firefox/118.0"
20.123.172.228 - - [05/May/2026:18:14:32 +0000] "POST /?wordfence_syncAttackData=1778004872.8565 HTTP/1.1" 200 - "https://nipponia.nl/?wordfence_syncAttackData=1778004872.8565" "WordPress/6.1.10; https://nipponia.nl"
157.230.39.14 - - [05/May/2026:18:14:39 +0000] "GET /wp-admin/profile.php HTTP/1.1" 503 7312 "https://nipponia.nl/wp-login.php" "Mozilla/5.0 (Windows NT 10.0; Win64; x64; rv:118.0) Gecko/20100101 Firefox/118.0"
157.230.39.14 - - [05/May/2026:18:14:47 +0000] "GET /wp-admin/edit.php HTTP/1.1" 503 7311 "https://nipponia.nl/wp-login.php" "Mozilla/5.0 (Windows NT 10.0; Win64; x64; rv:118.0) Gecko/20100101 Firefox/118.0"
157.230.39.14 - - [05/May/2026:18:14:54 +0000] "GET /wp-admin/plugins.php HTTP/1.1" 503 7312 "https://nipponia.nl/wp-login.php" "Mozilla/5.0 (Windows NT 10.0; Win64; x64; rv:118.0) Gecko/20100101 Firefox/118.0"
20.123.172.228 - - [05/May/2026:18:14:58 +0000] "POST /wp-cron.php?doing_wp_cron=1778004898.8418700695037841796875 HTTP/1.1" 200 - "https://nipponia.nl/wp-cron.php?doing_wp_cron=1778004898.8418700695037841796875" "WordPress/6.1.10; https://nipponia.nl"
74.7.175.186 - - [05/May/2026:18:14:57 +0000] "GET /robots.txt HTTP/1.1" 200 122 "-" "Mozilla/5.0 (Macintosh; Intel Mac OS X 10_15_7) AppleWebKit/537.36 (KHTML, like Gecko) Chrome/131.0.0.0 Safari/537.36; compatible; OAI-SearchBot/1.3; robots.txt; +https://openai.com/searchbot"
157.230.39.14 - - [05/May/2026:18:15:00 +0000] "POST /wp-login.php HTTP/1.1" 503 7108 "https://nipponia.nl/wp-login.php" "Mozilla/5.0 (Macintosh; Intel Mac OS X 10_15_7) AppleWebKit/605.1.15 (KHTML, like Gecko) Version/16.6 Safari/605.1.15"
157.230.39.14 - - [05/May/2026:18:15:05 +0000] "GET /wp-admin/index.php HTTP/1.1" 503 7312 "https://nipponia.nl/wp-login.php" "Mozilla/5.0 (Macintosh; Intel Mac OS X 13_6_1) AppleWebKit/605.1.15 (KHTML, like Gecko) Version/17.2 Safari/605.1.15"
20.123.172.228 - - [05/May/2026:18:15:06 +0000] "POST /?wordfence_syncAttackData=1778004906.6827 HTTP/1.1" 200 - "https://nipponia.nl/?wordfence_syncAttackData=1778004906.6827" "WordPress/6.1.10; https://nipponia.nl"
157.230.39.14 - - [05/May/2026:18:15:12 +0000] "GET /wp-admin/profile.php HTTP/1.1" 503 7312 "https://nipponia.nl/wp-login.php" "Mozilla/5.0 (Macintosh; Intel Mac OS X 13_6_1) AppleWebKit/605.1.15 (KHTML, like Gecko) Version/17.2 Safari/605.1.15"
157.230.39.14 - - [05/May/2026:18:15:19 +0000] "GET /wp-admin/edit.php HTTP/1.1" 503 7312 "https://nipponia.nl/wp-login.php" "Mozilla/5.0 (Macintosh; Intel Mac OS X 13_6_1) AppleWebKit/605.1.15 (KHTML, like Gecko) Version/17.2 Safari/605.1.15"
157.230.39.14 - - [05/May/2026:18:15:25 +0000] "GET /wp-admin/plugins.php HTTP/1.1" 503 7311 "https://nipponia.nl/wp-login.php" "Mozilla/5.0 (Macintosh; Intel Mac OS X 13_6_1) AppleWebKit/605.1.15 (KHTML, like Gecko) Version/17.2 Safari/605.1.15"
157.230.39.14 - - [05/May/2026:18:15:31 +0000] "POST /wp-login.php HTTP/1.1" 503 7108 "https://nipponia.nl/wp-login.php" "Mozilla/5.0 (Macintosh; Intel Mac OS X 13_6_1) AppleWebKit/605.1.15 (KHTML, like Gecko) Version/17.0 Safari/605.1.15"
66.249.81.65 - - [05/May/2026:18:15:33 +0000] "GET /.well-known/traffic-advice HTTP/1.1" 404 11759 "-" "Chrome Privacy Preserving Prefetch Proxy"
20.123.172.228 - - [05/May/2026:18:15:39 +0000] "POST /wp-cron.php?doing_wp_cron=1778004939.2993319034576416015625 HTTP/1.1" 200 - "https://nipponia.nl/wp-cron.php?doing_wp_cron=1778004939.2993319034576416015625" "WordPress/6.1.10; https://nipponia.nl"
157.230.39.14 - - [05/May/2026:18:15:36 +0000] "GET /wp-admin/index.php HTTP/1.1" 503 7312 "https://nipponia.nl/wp-login.php" "Mozilla/5.0 (Macintosh; Intel Mac OS X 13_6_1) AppleWebKit/605.1.15 (KHTML, like Gecko) Version/17.0 Safari/605.1.15"
20.123.172.228 - - [05/May/2026:18:15:34 +0000] "POST /?wordfence_syncAttackData=1778004934.5028 HTTP/1.1" 200 - "https://nipponia.nl/?wordfence_syncAttackData=1778004934.5028" "WordPress/6.1.10; https://nipponia.nl"
72.14.201.59 - - [05/May/2026:18:15:33 +0000] "GET /pride-2/ HTTP/1.1" 200 20217 "https://www.google.com/" "Mozilla/5.0 (Linux; Android 10; K) AppleWebKit/537.36 (KHTML, like Gecko) Chrome/147.0.0.0 Mobile Safari/537.36"
20.123.172.228 - - [05/May/2026:18:15:35 +0000] "POST /?wordfence_syncAttackData=1778004935.1614 HTTP/1.1" 200 16906 "https://nipponia.nl/?wordfence_syncAttackData=1778004935.1614" "WordPress/6.1.10; https://nipponia.nl"
157.230.39.14 - - [05/May/2026:18:15:50 +0000] "GET /wp-admin/profile.php HTTP/1.1" 503 7312 "https://nipponia.nl/wp-login.php" "Mozilla/5.0 (Macintosh; Intel Mac OS X 13_6_1) AppleWebKit/605.1.15 (KHTML, like Gecko) Version/17.0 Safari/605.1.15"
157.230.39.14 - - [05/May/2026:18:16:02 +0000] "GET /wp-admin/edit.php HTTP/1.1" 503 7312 "https://nipponia.nl/wp-login.php" "Mozilla/5.0 (Macintosh; Intel Mac OS X 13_6_1) AppleWebKit/605.1.15 (KHTML, like Gecko) Version/17.0 Safari/605.1.15"
157.230.39.14 - - [05/May/2026:18:16:09 +0000] "GET /wp-admin/plugins.php HTTP/1.1" 503 7312 "https://nipponia.nl/wp-login.php" "Mozilla/5.0 (Macintosh; Intel Mac OS X 13_6_1) AppleWebKit/605.1.15 (KHTML, like Gecko) Version/17.0 Safari/605.1.15"
157.230.39.14 - - [05/May/2026:18:16:16 +0000] "POST /wp-login.php HTTP/1.1" 503 7108 "https://nipponia.nl/wp-login.php" "Mozilla/5.0 (Windows NT 11.0; Win64; x64) AppleWebKit/537.36 (KHTML, like Gecko) Chrome/119.0.0.0 Safari/537.36"
157.230.39.14 - - [05/May/2026:18:16:21 +0000] "GET /wp-admin/index.php HTTP/1.1" 503 7312 "https://nipponia.nl/wp-login.php" "Mozilla/5.0 (Macintosh; Intel Mac OS X 10_15_7; rv:120.0) Gecko/20100101 Firefox/120.0"
20.123.172.228 - - [05/May/2026:18:16:22 +0000] "POST /?wordfence_syncAttackData=1778004982.6968 HTTP/1.1" 200 - "https://nipponia.nl/?wordfence_syncAttackData=1778004982.6968" "WordPress/6.1.10; https://nipponia.nl"
157.230.39.14 - - [05/May/2026:18:16:27 +0000] "GET /wp-admin/profile.php HTTP/1.1" 503 7312 "https://nipponia.nl/wp-login.php" "Mozilla/5.0 (Macintosh; Intel Mac OS X 10_15_7; rv:120.0) Gecko/20100101 Firefox/120.0"
157.230.39.14 - - [05/May/2026:18:16:33 +0000] "GET /wp-admin/edit.php HTTP/1.1" 503 7312 "https://nipponia.nl/wp-login.php" "Mozilla/5.0 (Macintosh; Intel Mac OS X 10_15_7; rv:120.0) Gecko/20100101 Firefox/120.0"
157.230.39.14 - - [05/May/2026:18:16:39 +0000] "GET /wp-admin/plugins.php HTTP/1.1" 503 7312 "https://nipponia.nl/wp-login.php" "Mozilla/5.0 (Macintosh; Intel Mac OS X 10_15_7; rv:120.0) Gecko/20100101 Firefox/120.0"
157.230.39.14 - - [05/May/2026:18:16:45 +0000] "POST /wp-login.php HTTP/1.1" 503 7109 "https://nipponia.nl/wp-login.php" "Mozilla/5.0 (Macintosh; Intel Mac OS X 10_15_7) AppleWebKit/605.1.15 (KHTML, like Gecko) Version/16.6 Safari/605.1.15"
157.230.39.14 - - [05/May/2026:18:16:49 +0000] "GET /wp-admin/index.php HTTP/1.1" 503 7312 "https://nipponia.nl/wp-login.php" "Mozilla/5.0 (X11; Ubuntu; Linux x86_64) AppleWebKit/537.36 (KHTML, like Gecko) Chrome/118.0.0.0 Safari/537.36"
20.123.172.228 - - [05/May/2026:18:16:50 +0000] "POST /?wordfence_syncAttackData=1778005010.897 HTTP/1.1" 200 - "https://nipponia.nl/?wordfence_syncAttackData=1778005010.897" "WordPress/6.1.10; https://nipponia.nl"
157.230.39.14 - - [05/May/2026:18:16:56 +0000] "GET /wp-admin/profile.php HTTP/1.1" 503 7312 "https://nipponia.nl/wp-login.php" "Mozilla/5.0 (X11; Ubuntu; Linux x86_64) AppleWebKit/537.36 (KHTML, like Gecko) Chrome/118.0.0.0 Safari/537.36"
157.230.39.14 - - [05/May/2026:18:17:01 +0000] "GET /wp-admin/edit.php HTTP/1.1" 503 7312 "https://nipponia.nl/wp-login.php" "Mozilla/5.0 (X11; Ubuntu; Linux x86_64) AppleWebKit/537.36 (KHTML, like Gecko) Chrome/118.0.0.0 Safari/537.36"
157.230.39.14 - - [05/May/2026:18:17:08 +0000] "GET /wp-admin/plugins.php HTTP/1.1" 503 7312 "https://nipponia.nl/wp-login.php" "Mozilla/5.0 (X11; Ubuntu; Linux x86_64) AppleWebKit/537.36 (KHTML, like Gecko) Chrome/118.0.0.0 Safari/537.36"
157.230.39.14 - - [05/May/2026:18:17:14 +0000] "POST /wp-login.php HTTP/1.1" 503 7109 "https://nipponia.nl/wp-login.php" "Mozilla/5.0 (Windows NT 11.0; Win64; x64; rv:118.0) Gecko/20100101 Firefox/118.0"
157.230.39.14 - - [05/May/2026:18:17:18 +0000] "GET /wp-admin/index.php HTTP/1.1" 503 7312 "https://nipponia.nl/wp-login.php" "Mozilla/5.0 (Macintosh; Intel Mac OS X 10_15_7) AppleWebKit/605.1.15 (KHTML, like Gecko) Version/17.0 Safari/605.1.15"
20.123.172.228 - - [05/May/2026:18:17:20 +0000] "POST /?wordfence_syncAttackData=1778005040.0964 HTTP/1.1" 200 - "https://nipponia.nl/?wordfence_syncAttackData=1778005040.0964" "WordPress/6.1.10; https://nipponia.nl"
157.230.39.14 - - [05/May/2026:18:17:25 +0000] "GET /wp-admin/profile.php HTTP/1.1" 503 7311 "https://nipponia.nl/wp-login.php" "Mozilla/5.0 (Macintosh; Intel Mac OS X 10_15_7) AppleWebKit/605.1.15 (KHTML, like Gecko) Version/17.0 Safari/605.1.15"
157.230.39.14 - - [05/May/2026:18:17:30 +0000] "GET /wp-admin/edit.php HTTP/1.1" 503 7312 "https://nipponia.nl/wp-login.php" "Mozilla/5.0 (Macintosh; Intel Mac OS X 10_15_7) AppleWebKit/605.1.15 (KHTML, like Gecko) Version/17.0 Safari/605.1.15"
157.230.39.14 - - [05/May/2026:18:17:39 +0000] "GET /wp-admin/plugins.php HTTP/1.1" 503 7312 "https://nipponia.nl/wp-login.php" "Mozilla/5.0 (Macintosh; Intel Mac OS X 10_15_7) AppleWebKit/605.1.15 (KHTML, like Gecko) Version/17.0 Safari/605.1.15"
157.230.39.14 - - [05/May/2026:18:17:45 +0000] "POST /wp-login.php HTTP/1.1" 503 7109 "https://nipponia.nl/wp-login.php" "Mozilla/5.0 (Windows NT 11.0; Win64; x64; rv:120.0) Gecko/20100101 Firefox/120.0"
157.230.39.14 - - [05/May/2026:18:17:50 +0000] "GET /wp-admin/index.php HTTP/1.1" 503 7312 "https://nipponia.nl/wp-login.php" "Mozilla/5.0 (X11; Ubuntu; Linux x86_64) AppleWebKit/537.36 (KHTML, like Gecko) Chrome/118.0.0.0 Safari/537.36"
20.123.172.228 - - [05/May/2026:18:17:51 +0000] "POST /?wordfence_syncAttackData=1778005071.5184 HTTP/1.1" 200 - "https://nipponia.nl/?wordfence_syncAttackData=1778005071.5184" "WordPress/6.1.10; https://nipponia.nl"
157.230.39.14 - - [05/May/2026:18:17:56 +0000] "GET /wp-admin/profile.php HTTP/1.1" 503 7312 "https://nipponia.nl/wp-login.php" "Mozilla/5.0 (X11; Ubuntu; Linux x86_64) AppleWebKit/537.36 (KHTML, like Gecko) Chrome/118.0.0.0 Safari/537.36"
157.230.39.14 - - [05/May/2026:18:18:02 +0000] "GET /wp-admin/edit.php HTTP/1.1" 503 7311 "https://nipponia.nl/wp-login.php" "Mozilla/5.0 (X11; Ubuntu; Linux x86_64) AppleWebKit/537.36 (KHTML, like Gecko) Chrome/118.0.0.0 Safari/537.36"
157.230.39.14 - - [05/May/2026:18:18:08 +0000] "GET /wp-admin/plugins.php HTTP/1.1" 503 7310 "https://nipponia.nl/wp-login.php" "Mozilla/5.0 (X11; Ubuntu; Linux x86_64) AppleWebKit/537.36 (KHTML, like Gecko) Chrome/118.0.0.0 Safari/537.36"
157.230.39.14 - - [05/May/2026:18:18:14 +0000] "POST /wp-login.php HTTP/1.1" 503 7108 "https://nipponia.nl/wp-login.php" "Mozilla/5.0 (Macintosh; Intel Mac OS X 10_15_7) AppleWebKit/537.36 (KHTML, like Gecko) Chrome/120.0.0.0 Safari/537.36"
157.230.39.14 - - [05/May/2026:18:18:19 +0000] "GET /wp-admin/index.php HTTP/1.1" 503 7311 "https://nipponia.nl/wp-login.php" "Mozilla/5.0 (Macintosh; Intel Mac OS X 10_15_7) AppleWebKit/537.36 (KHTML, like Gecko) Chrome/118.0.0.0 Safari/537.36"
20.123.172.228 - - [05/May/2026:18:18:21 +0000] "POST /?wordfence_syncAttackData=1778005101.1627 HTTP/1.1" 200 - "https://nipponia.nl/?wordfence_syncAttackData=1778005101.1627" "WordPress/6.1.10; https://nipponia.nl"
157.230.39.14 - - [05/May/2026:18:18:30 +0000] "GET /wp-admin/profile.php HTTP/1.1" 503 7311 "https://nipponia.nl/wp-login.php" "Mozilla/5.0 (Macintosh; Intel Mac OS X 10_15_7) AppleWebKit/537.36 (KHTML, like Gecko) Chrome/118.0.0.0 Safari/537.36"
157.230.39.14 - - [05/May/2026:18:18:40 +0000] "GET /wp-admin/edit.php HTTP/1.1" 503 7311 "https://nipponia.nl/wp-login.php" "Mozilla/5.0 (Macintosh; Intel Mac OS X 10_15_7) AppleWebKit/537.36 (KHTML, like Gecko) Chrome/118.0.0.0 Safari/537.36"
157.230.39.14 - - [05/May/2026:18:18:48 +0000] "GET /wp-admin/plugins.php HTTP/1.1" 503 7311 "https://nipponia.nl/wp-login.php" "Mozilla/5.0 (Macintosh; Intel Mac OS X 10_15_7) AppleWebKit/537.36 (KHTML, like Gecko) Chrome/118.0.0.0 Safari/537.36"
157.230.39.14 - - [05/May/2026:18:18:53 +0000] "POST /wp-login.php HTTP/1.1" 503 7108 "https://nipponia.nl/wp-login.php" "Mozilla/5.0 (X11; Linux x86_64) AppleWebKit/537.36 (KHTML, like Gecko) Chrome/120.0.0.0 Safari/537.36"
157.230.39.14 - - [05/May/2026:18:18:58 +0000] "GET /wp-admin/index.php HTTP/1.1" 503 7311 "https://nipponia.nl/wp-login.php" "Mozilla/5.0 (Macintosh; Intel Mac OS X 13_6_1) AppleWebKit/605.1.15 (KHTML, like Gecko) Version/16.6 Safari/605.1.15"
20.123.172.228 - - [05/May/2026:18:18:59 +0000] "POST /?wordfence_syncAttackData=1778005139.4812 HTTP/1.1" 200 - "https://nipponia.nl/?wordfence_syncAttackData=1778005139.4812" "WordPress/6.1.10; https://nipponia.nl"
157.230.39.14 - - [05/May/2026:18:19:04 +0000] "GET /wp-admin/profile.php HTTP/1.1" 503 7312 "https://nipponia.nl/wp-login.php" "Mozilla/5.0 (Macintosh; Intel Mac OS X 13_6_1) AppleWebKit/605.1.15 (KHTML, like Gecko) Version/16.6 Safari/605.1.15"
157.230.39.14 - - [05/May/2026:18:19:10 +0000] "GET /wp-admin/edit.php HTTP/1.1" 503 7312 "https://nipponia.nl/wp-login.php" "Mozilla/5.0 (Macintosh; Intel Mac OS X 13_6_1) AppleWebKit/605.1.15 (KHTML, like Gecko) Version/16.6 Safari/605.1.15"
157.230.39.14 - - [05/May/2026:18:19:15 +0000] "GET /wp-admin/plugins.php HTTP/1.1" 503 7312 "https://nipponia.nl/wp-login.php" "Mozilla/5.0 (Macintosh; Intel Mac OS X 13_6_1) AppleWebKit/605.1.15 (KHTML, like Gecko) Version/16.6 Safari/605.1.15"
157.230.39.14 - - [05/May/2026:18:19:20 +0000] "POST /wp-login.php HTTP/1.1" 503 7109 "https://nipponia.nl/wp-login.php" "Mozilla/5.0 (Windows NT 10.0; Win64; x64; rv:119.0) Gecko/20100101 Firefox/119.0"
157.230.39.14 - - [05/May/2026:18:19:24 +0000] "GET /wp-admin/index.php HTTP/1.1" 503 7312 "https://nipponia.nl/wp-login.php" "Mozilla/5.0 (Windows NT 11.0; Win64; x64; rv:120.0) Gecko/20100101 Firefox/120.0"
20.123.172.228 - - [05/May/2026:18:19:26 +0000] "POST /?wordfence_syncAttackData=1778005166.1583 HTTP/1.1" 200 - "https://nipponia.nl/?wordfence_syncAttackData=1778005166.1583" "WordPress/6.1.10; https://nipponia.nl"
157.230.39.14 - - [05/May/2026:18:19:31 +0000] "GET /wp-admin/profile.php HTTP/1.1" 503 7312 "https://nipponia.nl/wp-login.php" "Mozilla/5.0 (Windows NT 11.0; Win64; x64; rv:120.0) Gecko/20100101 Firefox/120.0"
157.230.39.14 - - [05/May/2026:18:19:36 +0000] "GET /wp-admin/edit.php HTTP/1.1" 503 7312 "https://nipponia.nl/wp-login.php" "Mozilla/5.0 (Windows NT 11.0; Win64; x64; rv:120.0) Gecko/20100101 Firefox/120.0"
157.230.39.14 - - [05/May/2026:18:19:41 +0000] "GET /wp-admin/plugins.php HTTP/1.1" 503 7312 "https://nipponia.nl/wp-login.php" "Mozilla/5.0 (Windows NT 11.0; Win64; x64; rv:120.0) Gecko/20100101 Firefox/120.0"
157.230.39.14 - - [05/May/2026:18:19:47 +0000] "POST /wp-login.php HTTP/1.1" 503 7109 "https://nipponia.nl/wp-login.php" "Mozilla/5.0 (X11; Ubuntu; Linux x86_64) AppleWebKit/537.36 (KHTML, like Gecko) Chrome/118.0.0.0 Safari/537.36"
157.230.39.14 - - [05/May/2026:18:19:51 +0000] "GET /wp-admin/index.php HTTP/1.1" 503 7312 "https://nipponia.nl/wp-login.php" "Mozilla/5.0 (Macintosh; Intel Mac OS X 13_6_1; rv:120.0) Gecko/20100101 Firefox/120.0"
20.123.172.228 - - [05/May/2026:18:19:53 +0000] "POST /?wordfence_syncAttackData=1778005193.3026 HTTP/1.1" 200 - "https://nipponia.nl/?wordfence_syncAttackData=1778005193.3026" "WordPress/6.1.10; https://nipponia.nl"
157.230.39.14 - - [05/May/2026:18:19:58 +0000] "GET /wp-admin/profile.php HTTP/1.1" 503 7311 "https://nipponia.nl/wp-login.php" "Mozilla/5.0 (Macintosh; Intel Mac OS X 13_6_1; rv:120.0) Gecko/20100101 Firefox/120.0"
157.230.39.14 - - [05/May/2026:18:20:05 +0000] "GET /wp-admin/edit.php HTTP/1.1" 503 7312 "https://nipponia.nl/wp-login.php" "Mozilla/5.0 (Macintosh; Intel Mac OS X 13_6_1; rv:120.0) Gecko/20100101 Firefox/120.0"
157.230.39.14 - - [05/May/2026:18:20:11 +0000] "GET /wp-admin/plugins.php HTTP/1.1" 503 7312 "https://nipponia.nl/wp-login.php" "Mozilla/5.0 (Macintosh; Intel Mac OS X 13_6_1; rv:120.0) Gecko/20100101 Firefox/120.0"
157.230.39.14 - - [05/May/2026:18:20:17 +0000] "POST /wp-login.php HTTP/1.1" 503 7109 "https://nipponia.nl/wp-login.php" "Mozilla/5.0 (Windows NT 10.0; Win64; x64) AppleWebKit/537.36 (KHTML, like Gecko) Chrome/120.0.0.0 Safari/537.36"
157.230.39.14 - - [05/May/2026:18:20:21 +0000] "GET /wp-admin/index.php HTTP/1.1" 503 7312 "https://nipponia.nl/wp-login.php" "Mozilla/5.0 (Macintosh; Intel Mac OS X 10_15_7; rv:119.0) Gecko/20100101 Firefox/119.0"
20.123.172.228 - - [05/May/2026:18:20:22 +0000] "POST /?wordfence_syncAttackData=1778005222.8967 HTTP/1.1" 200 - "https://nipponia.nl/?wordfence_syncAttackData=1778005222.8967" "WordPress/6.1.10; https://nipponia.nl"
157.230.39.14 - - [05/May/2026:18:20:28 +0000] "GET /wp-admin/profile.php HTTP/1.1" 503 7312 "https://nipponia.nl/wp-login.php" "Mozilla/5.0 (Macintosh; Intel Mac OS X 10_15_7; rv:119.0) Gecko/20100101 Firefox/119.0"
157.230.39.14 - - [05/May/2026:18:20:34 +0000] "GET /wp-admin/edit.php HTTP/1.1" 503 7312 "https://nipponia.nl/wp-login.php" "Mozilla/5.0 (Macintosh; Intel Mac OS X 10_15_7; rv:119.0) Gecko/20100101 Firefox/119.0"
157.230.39.14 - - [05/May/2026:18:20:45 +0000] "GET /wp-admin/plugins.php HTTP/1.1" 503 7312 "https://nipponia.nl/wp-login.php" "Mozilla/5.0 (Macintosh; Intel Mac OS X 10_15_7; rv:119.0) Gecko/20100101 Firefox/119.0"
157.230.39.14 - - [05/May/2026:18:20:50 +0000] "POST /wp-login.php HTTP/1.1" 503 7109 "https://nipponia.nl/wp-login.php" "Mozilla/5.0 (Macintosh; Intel Mac OS X 13_6_1; rv:120.0) Gecko/20100101 Firefox/120.0"
157.230.39.14 - - [05/May/2026:18:20:55 +0000] "GET /wp-admin/index.php HTTP/1.1" 503 7312 "https://nipponia.nl/wp-login.php" "Mozilla/5.0 (Windows NT 10.0; Win64; x64; rv:120.0) Gecko/20100101 Firefox/120.0"
20.123.172.228 - - [05/May/2026:18:20:56 +0000] "POST /?wordfence_syncAttackData=1778005256.4181 HTTP/1.1" 200 - "https://nipponia.nl/?wordfence_syncAttackData=1778005256.4181" "WordPress/6.1.10; https://nipponia.nl"
157.230.39.14 - - [05/May/2026:18:21:01 +0000] "GET /wp-admin/profile.php HTTP/1.1" 503 7312 "https://nipponia.nl/wp-login.php" "Mozilla/5.0 (Windows NT 10.0; Win64; x64; rv:120.0) Gecko/20100101 Firefox/120.0"
157.230.39.14 - - [05/May/2026:18:21:08 +0000] "GET /wp-admin/edit.php HTTP/1.1" 503 7311 "https://nipponia.nl/wp-login.php" "Mozilla/5.0 (Windows NT 10.0; Win64; x64; rv:120.0) Gecko/20100101 Firefox/120.0"
157.230.39.14 - - [05/May/2026:18:21:17 +0000] "GET /wp-admin/plugins.php HTTP/1.1" 503 7312 "https://nipponia.nl/wp-login.php" "Mozilla/5.0 (Windows NT 10.0; Win64; x64; rv:120.0) Gecko/20100101 Firefox/120.0"
157.230.39.14 - - [05/May/2026:18:21:23 +0000] "POST /wp-login.php HTTP/1.1" 503 7109 "https://nipponia.nl/wp-login.php" "Mozilla/5.0 (Windows NT 10.0; Win64; x64) AppleWebKit/537.36 (KHTML, like Gecko) Chrome/120.0.0.0 Safari/537.36"
157.230.39.14 - - [05/May/2026:18:21:27 +0000] "GET /wp-admin/index.php HTTP/1.1" 503 7312 "https://nipponia.nl/wp-login.php" "Mozilla/5.0 (X11; Ubuntu; Linux x86_64) AppleWebKit/537.36 (KHTML, like Gecko) Chrome/119.0.0.0 Safari/537.36"
20.123.172.228 - - [05/May/2026:18:21:29 +0000] "POST /?wordfence_syncAttackData=1778005289.1738 HTTP/1.1" 200 - "https://nipponia.nl/?wordfence_syncAttackData=1778005289.1738" "WordPress/6.1.10; https://nipponia.nl"
157.230.39.14 - - [05/May/2026:18:21:34 +0000] "GET /wp-admin/profile.php HTTP/1.1" 503 7312 "https://nipponia.nl/wp-login.php" "Mozilla/5.0 (X11; Ubuntu; Linux x86_64) AppleWebKit/537.36 (KHTML, like Gecko) Chrome/119.0.0.0 Safari/537.36"
157.230.39.14 - - [05/May/2026:18:21:40 +0000] "GET /wp-admin/edit.php HTTP/1.1" 503 7312 "https://nipponia.nl/wp-login.php" "Mozilla/5.0 (X11; Ubuntu; Linux x86_64) AppleWebKit/537.36 (KHTML, like Gecko) Chrome/119.0.0.0 Safari/537.36"
20.123.172.228 - - [05/May/2026:18:21:48 +0000] "POST /wp-cron.php?doing_wp_cron=1778005308.1222569942474365234375 HTTP/1.1" 200 - "https://nipponia.nl/wp-cron.php?doing_wp_cron=1778005308.1222569942474365234375" "WordPress/6.1.10; https://nipponia.nl"
157.230.39.14 - - [05/May/2026:18:21:46 +0000] "GET /wp-admin/plugins.php HTTP/1.1" 302 - "https://nipponia.nl/wp-login.php" "Mozilla/5.0 (X11; Ubuntu; Linux x86_64) AppleWebKit/537.36 (KHTML, like Gecko) Chrome/119.0.0.0 Safari/537.36"
157.230.39.14 - - [05/May/2026:18:21:52 +0000] "GET /wp-login.php?redirect_to=https%3A%2F%2Fnipponia.nl%2Fwp-admin%2Fplugins.php&reauth=1 HTTP/1.1" 200 2624 "https://nipponia.nl/wp-login.php" "Mozilla/5.0 (X11; Ubuntu; Linux x86_64) AppleWebKit/537.36 (KHTML, like Gecko) Chrome/119.0.0.0 Safari/537.36"
20.123.172.228 - - [05/May/2026:18:22:00 +0000] "POST /wp-cron.php?doing_wp_cron=1778005320.1531879901885986328125 HTTP/1.1" 200 - "https://nipponia.nl/wp-cron.php?doing_wp_cron=1778005320.1531879901885986328125" "WordPress/6.1.10; https://nipponia.nl"
157.230.39.14 - - [05/May/2026:18:21:58 +0000] "POST /wp-login.php HTTP/1.1" 503 7311 "https://nipponia.nl/wp-login.php" "Mozilla/5.0 (Windows NT 11.0; Win64; x64) AppleWebKit/537.36 (KHTML, like Gecko) Chrome/118.0.0.0 Safari/537.36"
157.230.39.14 - - [05/May/2026:18:22:05 +0000] "GET /wp-admin/index.php HTTP/1.1" 503 7312 "https://nipponia.nl/wp-login.php" "Mozilla/5.0 (Macintosh; Intel Mac OS X 10_15_7) AppleWebKit/537.36 (KHTML, like Gecko) Chrome/118.0.0.0 Safari/537.36"
157.230.39.14 - - [05/May/2026:18:22:11 +0000] "GET /wp-admin/profile.php HTTP/1.1" 503 7312 "https://nipponia.nl/wp-login.php" "Mozilla/5.0 (Macintosh; Intel Mac OS X 10_15_7) AppleWebKit/537.36 (KHTML, like Gecko) Chrome/118.0.0.0 Safari/537.36"
157.230.39.14 - - [05/May/2026:18:22:17 +0000] "GET /wp-admin/edit.php HTTP/1.1" 503 7312 "https://nipponia.nl/wp-login.php" "Mozilla/5.0 (Macintosh; Intel Mac OS X 10_15_7) AppleWebKit/537.36 (KHTML, like Gecko) Chrome/118.0.0.0 Safari/537.36"
157.230.39.14 - - [05/May/2026:18:22:23 +0000] "GET /wp-admin/plugins.php HTTP/1.1" 503 7312 "https://nipponia.nl/wp-login.php" "Mozilla/5.0 (Macintosh; Intel Mac OS X 10_15_7) AppleWebKit/537.36 (KHTML, like Gecko) Chrome/118.0.0.0 Safari/537.36"
157.230.39.14 - - [05/May/2026:18:22:29 +0000] "POST /wp-login.php HTTP/1.1" 503 7109 "https://nipponia.nl/wp-login.php" "Mozilla/5.0 (Macintosh; Intel Mac OS X 10_15_7; rv:121.0) Gecko/20100101 Firefox/121.0"
157.230.39.14 - - [05/May/2026:18:22:42 +0000] "GET /wp-admin/index.php HTTP/1.1" 503 7312 "https://nipponia.nl/wp-login.php" "Mozilla/5.0 (Macintosh; Intel Mac OS X 10_15_7) AppleWebKit/605.1.15 (KHTML, like Gecko) Version/16.6 Safari/605.1.15"
20.123.172.228 - - [05/May/2026:18:22:43 +0000] "POST /?wordfence_syncAttackData=1778005363.969 HTTP/1.1" 200 - "https://nipponia.nl/?wordfence_syncAttackData=1778005363.969" "WordPress/6.1.10; https://nipponia.nl"
157.230.39.14 - - [05/May/2026:18:22:49 +0000] "GET /wp-admin/profile.php HTTP/1.1" 503 7312 "https://nipponia.nl/wp-login.php" "Mozilla/5.0 (Macintosh; Intel Mac OS X 10_15_7) AppleWebKit/605.1.15 (KHTML, like Gecko) Version/16.6 Safari/605.1.15"
157.230.39.14 - - [05/May/2026:18:22:54 +0000] "GET /wp-admin/edit.php HTTP/1.1" 503 7312 "https://nipponia.nl/wp-login.php" "Mozilla/5.0 (Macintosh; Intel Mac OS X 10_15_7) AppleWebKit/605.1.15 (KHTML, like Gecko) Version/16.6 Safari/605.1.15"
157.230.39.14 - - [05/May/2026:18:23:00 +0000] "GET /wp-admin/plugins.php HTTP/1.1" 503 7312 "https://nipponia.nl/wp-login.php" "Mozilla/5.0 (Macintosh; Intel Mac OS X 10_15_7) AppleWebKit/605.1.15 (KHTML, like Gecko) Version/16.6 Safari/605.1.15"
157.230.39.14 - - [05/May/2026:18:23:06 +0000] "POST /wp-login.php HTTP/1.1" 503 7108 "https://nipponia.nl/wp-login.php" "Mozilla/5.0 (Windows NT 10.0; Win64; x64) AppleWebKit/537.36 (KHTML, like Gecko) Chrome/119.0.0.0 Safari/537.36"
157.230.39.14 - - [05/May/2026:18:23:10 +0000] "GET /wp-admin/index.php HTTP/1.1" 503 7312 "https://nipponia.nl/wp-login.php" "Mozilla/5.0 (Windows NT 11.0; Win64; x64) AppleWebKit/537.36 (KHTML, like Gecko) Chrome/119.0.0.0 Safari/537.36"
20.123.172.228 - - [05/May/2026:18:23:12 +0000] "POST /?wordfence_syncAttackData=1778005392.4187 HTTP/1.1" 200 - "https://nipponia.nl/?wordfence_syncAttackData=1778005392.4187" "WordPress/6.1.10; https://nipponia.nl"
157.230.39.14 - - [05/May/2026:18:23:17 +0000] "GET /wp-admin/profile.php HTTP/1.1" 503 7312 "https://nipponia.nl/wp-login.php" "Mozilla/5.0 (Windows NT 11.0; Win64; x64) AppleWebKit/537.36 (KHTML, like Gecko) Chrome/119.0.0.0 Safari/537.36"
192.36.109.105 - - [05/May/2026:18:23:19 +0000] "GET /nl/dealer-netwerk/ HTTP/1.1" 301 - "-" "Mozilla/5.0 (Windows NT 10.0; Win64; x64) AppleWebKit/537.36 (KHTML, like Gecko) Chrome/120.0.0.0 Safari/537.36 Viewer/99.9.8853.8"
192.36.109.128 - - [05/May/2026:18:23:21 +0000] "GET /dealer-netwerk/ HTTP/1.1" 200 16229 "https://nipponia.nl/nl/dealer-netwerk/" "Mozilla/5.0 (Windows NT 10.0; Win64; x64) AppleWebKit/537.36 (KHTML, like Gecko) Chrome/120.0.0.0 Safari/537.36 Viewer/99.9.8853.8"
157.230.39.14 - - [05/May/2026:18:23:23 +0000] "GET /wp-admin/edit.php HTTP/1.1" 503 7312 "https://nipponia.nl/wp-login.php" "Mozilla/5.0 (Windows NT 11.0; Win64; x64) AppleWebKit/537.36 (KHTML, like Gecko) Chrome/119.0.0.0 Safari/537.36"
192.36.109.70 - - [05/May/2026:18:23:23 +0000] "GET /gebruiksaanwijzingen/ HTTP/1.1" 200 17886 "-" "Mozilla/5.0 (Windows NT 10.0; Win64; x64) AppleWebKit/537.36 (KHTML, like Gecko) Chrome/120.0.0.0 Safari/537.36 Viewer/99.9.8853.8"
192.36.109.117 - - [05/May/2026:18:23:27 +0000] "GET /scooter-met-lithium/ HTTP/1.1" 200 16364 "-" "Mozilla/5.0 (Windows NT 10.0; Win64; x64) AppleWebKit/537.36 (KHTML, like Gecko) Chrome/120.0.0.0 Safari/537.36 Viewer/99.9.8853.8"
157.230.39.14 - - [05/May/2026:18:23:29 +0000] "GET /wp-admin/plugins.php HTTP/1.1" 503 7312 "https://nipponia.nl/wp-login.php" "Mozilla/5.0 (Windows NT 11.0; Win64; x64) AppleWebKit/537.36 (KHTML, like Gecko) Chrome/119.0.0.0 Safari/537.36"
157.230.39.14 - - [05/May/2026:18:23:34 +0000] "POST /wp-login.php HTTP/1.1" 503 7109 "https://nipponia.nl/wp-login.php" "Mozilla/5.0 (Macintosh; Intel Mac OS X 13_6_1) AppleWebKit/537.36 (KHTML, like Gecko) Chrome/120.0.0.0 Safari/537.36"
157.230.39.14 - - [05/May/2026:18:23:39 +0000] "GET /wp-admin/index.php HTTP/1.1" 503 7312 "https://nipponia.nl/wp-login.php" "Mozilla/5.0 (Macintosh; Intel Mac OS X 13_6_1) AppleWebKit/605.1.15 (KHTML, like Gecko) Version/17.0 Safari/605.1.15"
20.123.172.228 - - [05/May/2026:18:23:40 +0000] "POST /?wordfence_syncAttackData=1778005420.7187 HTTP/1.1" 200 - "https://nipponia.nl/?wordfence_syncAttackData=1778005420.7187" "WordPress/6.1.10; https://nipponia.nl"
157.230.39.14 - - [05/May/2026:18:23:45 +0000] "GET /wp-admin/profile.php HTTP/1.1" 503 7312 "https://nipponia.nl/wp-login.php" "Mozilla/5.0 (Macintosh; Intel Mac OS X 13_6_1) AppleWebKit/605.1.15 (KHTML, like Gecko) Version/17.0 Safari/605.1.15"
157.230.39.14 - - [05/May/2026:18:24:00 +0000] "GET /wp-admin/edit.php HTTP/1.1" 503 7312 "https://nipponia.nl/wp-login.php" "Mozilla/5.0 (Macintosh; Intel Mac OS X 13_6_1) AppleWebKit/605.1.15 (KHTML, like Gecko) Version/17.0 Safari/605.1.15"
157.230.39.14 - - [05/May/2026:18:24:06 +0000] "GET /wp-admin/plugins.php HTTP/1.1" 503 7312 "https://nipponia.nl/wp-login.php" "Mozilla/5.0 (Macintosh; Intel Mac OS X 13_6_1) AppleWebKit/605.1.15 (KHTML, like Gecko) Version/17.0 Safari/605.1.15"
20.123.172.228 - - [05/May/2026:18:32:39 +0000] "POST /wp-cron.php?doing_wp_cron=1778005959.7566370964050292968750 HTTP/1.1" 200 - "https://nipponia.nl/wp-cron.php?doing_wp_cron=1778005959.7566370964050292968750" "WordPress/6.1.10; https://nipponia.nl"
66.249.66.32 - - [05/May/2026:18:32:37 +0000] "GET /e-viball/ HTTP/1.1" 301 - "-" "Mozilla/5.0 (Linux; Android 6.0.1; Nexus 5X Build/MMB29P) AppleWebKit/537.36 (KHTML, like Gecko) Chrome/147.0.7727.137 Mobile Safari/537.36 (compatible; Googlebot/2.1; +http://www.google.com/bot.html)"
66.249.66.194 - - [05/May/2026:18:32:40 +0000] "GET /en/e-viball/ HTTP/1.1" 200 22028 "-" "Mozilla/5.0 (Linux; Android 6.0.1; Nexus 5X Build/MMB29P) AppleWebKit/537.36 (KHTML, like Gecko) Chrome/147.0.7727.137 Mobile Safari/537.36 (compatible; Googlebot/2.1; +http://www.google.com/bot.html)"
66.249.66.193 - - [05/May/2026:18:32:49 +0000] "GET /wp-content/cache/autoptimize/css/autoptimize_single_11c329bd2f40a5d50c9ab2f203df6ffe.css?ver=1746123807 HTTP/1.1" 200 1821 "https://nipponia.nl/en/e-viball/" "Mozilla/5.0 (Linux; Android 6.0.1; Nexus 5X Build/MMB29P) AppleWebKit/537.36 (KHTML, like Gecko) Chrome/147.0.7727.137 Mobile Safari/537.36 (compatible; Googlebot/2.1; +http://www.google.com/bot.html)"
162.120.187.244 - - [05/May/2026:18:36:30 +0000] "GET /e-rex-2/ HTTP/1.1" 200 21537 "https://www.google.com/" "Mozilla/5.0 (Linux; Android 10; K) AppleWebKit/537.36 (KHTML, like Gecko) Chrome/147.0.0.0 Mobile Safari/537.36"
111.225.149.151 - - [05/May/2026:18:37:21 +0000] "GET /wp-content/uploads/manuals/EREX_manual_EN.pdf HTTP/1.1" 200 250986 "-" "Mozilla/5.0 (Linux; Android 5.0) AppleWebKit/537.36 (KHTML, like Gecko) Mobile Safari/537.36 (compatible; Bytespider; https://zhanzhang.toutiao.com/)"
110.249.201.185 - - [05/May/2026:18:37:20 +0000] "GET /en/dealer-network/ HTTP/1.1" 200 16381 "-" "Mozilla/5.0 (Linux; Android 5.0) AppleWebKit/537.36 (KHTML, like Gecko) Mobile Safari/537.36 (compatible; Bytespider; https://zhanzhang.toutiao.com/)"
110.249.201.185 - - [05/May/2026:18:37:23 +0000] "GET /wp-content/plugins/wp-store-locator/css/styles.min.css?ver=2.2.235 HTTP/1.1" 200 3368 "https://nipponia.nl/en/dealer-network/" "Mozilla/5.0 (Linux; Android 5.0) AppleWebKit/537.36 (KHTML, like Gecko) Mobile Safari/537.36 (compatible; Bytespider; https://zhanzhang.toutiao.com/)"
110.249.201.185 - - [05/May/2026:18:37:24 +0000] "GET /wp-admin/admin-ajax.php?lang=en&action=store_search&lat=52.4505373&lng=5.9958886&max_results=25&search_radius=50&autoload=1 HTTP/1.1" 200 9620 "https://nipponia.nl/en/dealer-network/" "Mozilla/5.0 (Linux; Android 5.0) AppleWebKit/537.36 (KHTML, like Gecko) Mobile Safari/537.36 (compatible; Bytespider; https://zhanzhang.toutiao.com/)"
110.249.201.148 - - [05/May/2026:18:37:45 +0000] "GET /wp-content/uploads/2021/12/e-Legance-Metallic-Red-Banner-720x405.jpg HTTP/1.1" 200 33865 "-" "Mozilla/5.0 (Linux; Android 5.0) AppleWebKit/537.36 (KHTML, like Gecko) Mobile Safari/537.36 (compatible; Bytespider; https://zhanzhang.toutiao.com/)"
110.249.202.10 - - [05/May/2026:18:37:44 +0000] "GET / HTTP/1.1" 200 16906 "-" "Mozilla/5.0 (Linux; Android 5.0) AppleWebKit/537.36 (KHTML, like Gecko) Mobile Safari/537.36 (compatible; Bytespider; https://zhanzhang.toutiao.com/)"
110.249.202.65 - - [05/May/2026:18:38:09 +0000] "GET /en/e-legance/ HTTP/1.1" 200 21005 "-" "Mozilla/5.0 (Linux; Android 5.0) AppleWebKit/537.36 (KHTML, like Gecko) Mobile Safari/537.36 (compatible; Bytespider; https://zhanzhang.toutiao.com/)"
110.249.202.65 - - [05/May/2026:18:38:13 +0000] "GET /wp-content/cache/autoptimize/css/autoptimize_single_26b4f0c3c1bcf76291fa4952fb7f04fb.css?ver=3.0.8 HTTP/1.1" 200 1369 "https://nipponia.nl/en/e-legance/" "Mozilla/5.0 (Linux; Android 5.0) AppleWebKit/537.36 (KHTML, like Gecko) Mobile Safari/537.36 (compatible; Bytespider; https://zhanzhang.toutiao.com/)"
111.225.149.37 - - [05/May/2026:18:39:20 +0000] "GET /wp-content/uploads/2025/05/prideRange-without-word-new-model-May-2025-720x720.jpg HTTP/1.1" 200 63483 "-" "Mozilla/5.0 (Linux; Android 5.0) AppleWebKit/537.36 (KHTML, like Gecko) Mobile Safari/537.36 (compatible; Bytespider; https://zhanzhang.toutiao.com/)"
110.249.201.213 - - [05/May/2026:18:39:44 +0000] "GET /wp-content/uploads/2024/01/PRIDE-User-manual.pdf HTTP/1.1" 200 234794 "-" "Mozilla/5.0 (Linux; Android 5.0) AppleWebKit/537.36 (KHTML, like Gecko) Mobile Safari/537.36 (compatible; Bytespider; https://zhanzhang.toutiao.com/)"
83.81.145.20 - - [05/May/2026:18:43:00 +0000] "GET /en/home/ HTTP/1.1" 200 16606 "https://www.google.com/" "Mozilla/5.0 (Linux; Android 10; K) AppleWebKit/537.36 (KHTML, like Gecko) Chrome/147.0.0.0 Mobile Safari/537.36"
83.81.145.20 - - [05/May/2026:18:43:03 +0000] "GET /wp-content/themes/airi/css/bootstrap/bootstrap.min.css?ver=1 HTTP/1.1" 200 20519 "https://nipponia.nl/en/home/" "Mozilla/5.0 (Linux; Android 10; K) AppleWebKit/537.36 (KHTML, like Gecko) Chrome/147.0.0.0 Mobile Safari/537.36"
83.81.145.20 - - [05/May/2026:18:43:03 +0000] "GET /wp-includes/css/classic-themes.min.css?ver=1 HTTP/1.1" 200 189 "https://nipponia.nl/en/home/" "Mozilla/5.0 (Linux; Android 10; K) AppleWebKit/537.36 (KHTML, like Gecko) Chrome/147.0.0.0 Mobile Safari/537.36"
83.81.145.20 - - [05/May/2026:18:43:03 +0000] "GET /wp-content/cache/autoptimize/css/autoptimize_single_0e4a098f3f6e3faede64db8b9da80ba2.css?ver=5.7.7 HTTP/1.1" 200 877 "https://nipponia.nl/en/home/" "Mozilla/5.0 (Linux; Android 10; K) AppleWebKit/537.36 (KHTML, like Gecko) Chrome/147.0.0.0 Mobile Safari/537.36"
83.81.145.20 - - [05/May/2026:18:43:03 +0000] "GET /wp-includes/css/dist/block-library/style.min.css?ver=6.1.10 HTTP/1.1" 200 12540 "https://nipponia.nl/en/home/" "Mozilla/5.0 (Linux; Android 10; K) AppleWebKit/537.36 (KHTML, like Gecko) Chrome/147.0.0.0 Mobile Safari/537.36"
83.81.145.20 - - [05/May/2026:18:43:03 +0000] "GET /wp-content/plugins/premium-addons-for-elementor/assets/frontend/min-css/premium-addons.min.css?ver=4.10.82 HTTP/1.1" 200 45232 "https://nipponia.nl/en/home/" "Mozilla/5.0 (Linux; Android 10; K) AppleWebKit/537.36 (KHTML, like Gecko) Chrome/147.0.0.0 Mobile Safari/537.36"
83.81.145.20 - - [05/May/2026:18:43:03 +0000] "GET /wp-content/cache/autoptimize/css/autoptimize_single_20e8490fab0dcf7557a5c8b54494db6f.css?ver=3.0.8 HTTP/1.1" 200 772 "https://nipponia.nl/en/home/" "Mozilla/5.0 (Linux; Android 10; K) AppleWebKit/537.36 (KHTML, like Gecko) Chrome/147.0.0.0 Mobile Safari/537.36"
83.81.145.20 - - [05/May/2026:18:43:03 +0000] "GET /wp-content/cache/autoptimize/css/autoptimize_single_359aca8a88b2331aa34ac505acad9911.css?ver=3.0.8 HTTP/1.1" 200 3809 "https://nipponia.nl/en/home/" "Mozilla/5.0 (Linux; Android 10; K) AppleWebKit/537.36 (KHTML, like Gecko) Chrome/147.0.0.0 Mobile Safari/537.36"
83.81.145.20 - - [05/May/2026:18:43:03 +0000] "GET /wp-content/plugins/wp-store-locator/css/styles.min.css?ver=2.2.235 HTTP/1.1" 200 3368 "https://nipponia.nl/en/home/" "Mozilla/5.0 (Linux; Android 10; K) AppleWebKit/537.36 (KHTML, like Gecko) Chrome/147.0.0.0 Mobile Safari/537.36"
83.81.145.20 - - [05/May/2026:18:43:03 +0000] "GET /wp-content/cache/autoptimize/css/autoptimize_single_5b51e7d5730e4076121c9d8a880aac25.css?ver=6.1.10 HTTP/1.1" 200 14271 "https://nipponia.nl/en/home/" "Mozilla/5.0 (Linux; Android 10; K) AppleWebKit/537.36 (KHTML, like Gecko) Chrome/147.0.0.0 Mobile Safari/537.36"
83.81.145.20 - - [05/May/2026:18:43:03 +0000] "GET /wp-content/themes/airi-child/style.css?ver=6.1.10 HTTP/1.1" 200 258 "https://nipponia.nl/en/home/" "Mozilla/5.0 (Linux; Android 10; K) AppleWebKit/537.36 (KHTML, like Gecko) Chrome/147.0.0.0 Mobile Safari/537.36"
83.81.145.20 - - [05/May/2026:18:43:03 +0000] "GET /wp-content/cache/autoptimize/css/autoptimize_single_7bfada4d24aae1256c6c2c41879f015d.css?ver=2.0.4 HTTP/1.1" 200 2472 "https://nipponia.nl/en/home/" "Mozilla/5.0 (Linux; Android 10; K) AppleWebKit/537.36 (KHTML, like Gecko) Chrome/147.0.0.0 Mobile Safari/537.36"
83.81.145.20 - - [05/May/2026:18:43:03 +0000] "GET /wp-content/themes/airi/css/font-awesome/css/all.min.css?ver=6.1.10 HTTP/1.1" 200 12863 "https://nipponia.nl/en/home/" "Mozilla/5.0 (Linux; Android 10; K) AppleWebKit/537.36 (KHTML, like Gecko) Chrome/147.0.0.0 Mobile Safari/537.36"
83.81.145.20 - - [05/May/2026:18:43:03 +0000] "GET /wp-content/plugins/elementor/assets/css/frontend-legacy.min.css?ver=3.10.1 HTTP/1.1" 200 708 "https://nipponia.nl/en/home/" "Mozilla/5.0 (Linux; Android 10; K) AppleWebKit/537.36 (KHTML, like Gecko) Chrome/147.0.0.0 Mobile Safari/537.36"
83.81.145.20 - - [05/May/2026:18:43:03 +0000] "GET /wp-content/plugins/elementor/assets/lib/eicons/css/elementor-icons.min.css?ver=5.17.0 HTTP/1.1" 200 3969 "https://nipponia.nl/en/home/" "Mozilla/5.0 (Linux; Android 10; K) AppleWebKit/537.36 (KHTML, like Gecko) Chrome/147.0.0.0 Mobile Safari/537.36"
83.81.145.20 - - [05/May/2026:18:43:03 +0000] "GET /wp-content/cache/autoptimize/css/autoptimize_single_20f15ecfaca3374b57a05300ef74a5e5.css?ver=1745828269 HTTP/1.1" 200 351 "https://nipponia.nl/en/home/" "Mozilla/5.0 (Linux; Android 10; K) AppleWebKit/537.36 (KHTML, like Gecko) Chrome/147.0.0.0 Mobile Safari/537.36"
83.81.145.20 - - [05/May/2026:18:43:03 +0000] "GET /wp-content/cache/autoptimize/css/autoptimize_single_04ea321a4b1aa8921a8b2e1782d261b2.css?ver=1747291980 HTTP/1.1" 200 505 "https://nipponia.nl/en/home/" "Mozilla/5.0 (Linux; Android 10; K) AppleWebKit/537.36 (KHTML, like Gecko) Chrome/147.0.0.0 Mobile Safari/537.36"
83.81.145.20 - - [05/May/2026:18:43:03 +0000] "GET /wp-content/plugins/elementor/assets/css/frontend.min.css?ver=3.10.1 HTTP/1.1" 200 19457 "https://nipponia.nl/en/home/" "Mozilla/5.0 (Linux; Android 10; K) AppleWebKit/537.36 (KHTML, like Gecko) Chrome/147.0.0.0 Mobile Safari/537.36"
83.81.145.20 - - [05/May/2026:18:43:03 +0000] "GET /wp-includes/js/mediaelement/mediaelementplayer-legacy.min.css?ver=4.2.17 HTTP/1.1" 200 2592 "https://nipponia.nl/en/home/" "Mozilla/5.0 (Linux; Android 10; K) AppleWebKit/537.36 (KHTML, like Gecko) Chrome/147.0.0.0 Mobile Safari/537.36"
83.81.145.20 - - [05/May/2026:18:43:03 +0000] "GET /wp-includes/js/mediaelement/wp-mediaelement.min.css?ver=6.1.10 HTTP/1.1" 200 1156 "https://nipponia.nl/en/home/" "Mozilla/5.0 (Linux; Android 10; K) AppleWebKit/537.36 (KHTML, like Gecko) Chrome/147.0.0.0 Mobile Safari/537.36"
83.81.145.20 - - [05/May/2026:18:43:03 +0000] "GET /wp-includes/js/jquery/jquery.min.js?ver=3.6.1 HTTP/1.1" 200 30995 "https://nipponia.nl/en/home/" "Mozilla/5.0 (Linux; Android 10; K) AppleWebKit/537.36 (KHTML, like Gecko) Chrome/147.0.0.0 Mobile Safari/537.36"
83.81.145.20 - - [05/May/2026:18:43:03 +0000] "GET /wp-includes/js/wp-emoji-release.min.js?ver=6.1.10 HTTP/1.1" 200 5009 "https://nipponia.nl/en/home/" "Mozilla/5.0 (Linux; Android 10; K) AppleWebKit/537.36 (KHTML, like Gecko) Chrome/147.0.0.0 Mobile Safari/537.36"
83.81.145.20 - - [05/May/2026:18:43:03 +0000] "GET /wp-content/uploads/2021/02/index.png HTTP/1.1" 200 10087 "https://nipponia.nl/en/home/" "Mozilla/5.0 (Linux; Android 10; K) AppleWebKit/537.36 (KHTML, like Gecko) Chrome/147.0.0.0 Mobile Safari/537.36"
83.81.145.20 - - [05/May/2026:18:43:03 +0000] "GET /wp-content/uploads/2021/02/index-300x62.png HTTP/1.1" 200 21630 "https://nipponia.nl/en/home/" "Mozilla/5.0 (Linux; Android 10; K) AppleWebKit/537.36 (KHTML, like Gecko) Chrome/147.0.0.0 Mobile Safari/537.36"
83.81.145.20 - - [05/May/2026:18:43:03 +0000] "GET /wp-content/uploads/images/eviball.png HTTP/1.1" 200 3676 "https://nipponia.nl/en/home/" "Mozilla/5.0 (Linux; Android 10; K) AppleWebKit/537.36 (KHTML, like Gecko) Chrome/147.0.0.0 Mobile Safari/537.36"
83.81.145.20 - - [05/May/2026:18:43:03 +0000] "GET /wp-content/uploads/images/Volty.png HTTP/1.1" 200 5379 "https://nipponia.nl/en/home/" "Mozilla/5.0 (Linux; Android 10; K) AppleWebKit/537.36 (KHTML, like Gecko) Chrome/147.0.0.0 Mobile Safari/537.36"
83.81.145.20 - - [05/May/2026:18:43:03 +0000] "GET /wp-content/uploads/images/elegance.png HTTP/1.1" 200 7658 "https://nipponia.nl/en/home/" "Mozilla/5.0 (Linux; Android 10; K) AppleWebKit/537.36 (KHTML, like Gecko) Chrome/147.0.0.0 Mobile Safari/537.36"
83.81.145.20 - - [05/May/2026:18:43:03 +0000] "GET /wp-content/cache/autoptimize/css/autoptimize_single_26b4f0c3c1bcf76291fa4952fb7f04fb.css?ver=3.0.8 HTTP/1.1" 200 1369 "https://nipponia.nl/en/home/" "Mozilla/5.0 (Linux; Android 10; K) AppleWebKit/537.36 (KHTML, like Gecko) Chrome/147.0.0.0 Mobile Safari/537.36"
83.81.145.20 - - [05/May/2026:18:43:03 +0000] "GET /wp-content/plugins/elementor/assets/lib/animations/animations.min.css?ver=3.10.1 HTTP/1.1" 200 2592 "https://nipponia.nl/en/home/" "Mozilla/5.0 (Linux; Android 10; K) AppleWebKit/537.36 (KHTML, like Gecko) Chrome/147.0.0.0 Mobile Safari/537.36"
