157.230.39.14 - - [05/May/2026:17:09:14 +0000] "POST /wp-login.php HTTP/1.1" 503 7110 "https://nipponia.nl/wp-login.php" "Mozilla/5.0 (Windows NT 11.0; Win64; x64) AppleWebKit/537.36 (KHTML, like Gecko) Chrome/118.0.0.0 Safari/537.36"
157.230.39.14 - - [05/May/2026:17:09:19 +0000] "GET /wp-admin/index.php HTTP/1.1" 503 7312 "https://nipponia.nl/wp-login.php" "Mozilla/5.0 (X11; Ubuntu; Linux x86_64) AppleWebKit/537.36 (KHTML, like Gecko) Chrome/120.0.0.0 Safari/537.36"
20.123.172.228 - - [05/May/2026:17:09:21 +0000] "POST /?wordfence_syncAttackData=1778000961.4014 HTTP/1.1" 200 - "https://nipponia.nl/?wordfence_syncAttackData=1778000961.4014" "WordPress/6.1.10; https://nipponia.nl"
157.230.39.14 - - [05/May/2026:17:09:27 +0000] "GET /wp-admin/profile.php HTTP/1.1" 503 7312 "https://nipponia.nl/wp-login.php" "Mozilla/5.0 (X11; Ubuntu; Linux x86_64) AppleWebKit/537.36 (KHTML, like Gecko) Chrome/120.0.0.0 Safari/537.36"
157.230.39.14 - - [05/May/2026:17:09:33 +0000] "GET /wp-admin/edit.php HTTP/1.1" 503 7312 "https://nipponia.nl/wp-login.php" "Mozilla/5.0 (X11; Ubuntu; Linux x86_64) AppleWebKit/537.36 (KHTML, like Gecko) Chrome/120.0.0.0 Safari/537.36"
20.123.172.228 - - [05/May/2026:17:09:42 +0000] "POST /wp-cron.php?doing_wp_cron=1778000982.4735829830169677734375 HTTP/1.1" 200 - "https://nipponia.nl/wp-cron.php?doing_wp_cron=1778000982.4735829830169677734375" "WordPress/6.1.10; https://nipponia.nl"
157.230.39.14 - - [05/May/2026:17:09:40 +0000] "GET /wp-admin/plugins.php HTTP/1.1" 302 - "https://nipponia.nl/wp-login.php" "Mozilla/5.0 (X11; Ubuntu; Linux x86_64) AppleWebKit/537.36 (KHTML, like Gecko) Chrome/120.0.0.0 Safari/537.36"
157.230.39.14 - - [05/May/2026:17:09:48 +0000] "GET /wp-login.php?redirect_to=https%3A%2F%2Fnipponia.nl%2Fwp-admin%2Fplugins.php&reauth=1 HTTP/1.1" 200 2624 "https://nipponia.nl/wp-login.php" "Mozilla/5.0 (X11; Ubuntu; Linux x86_64) AppleWebKit/537.36 (KHTML, like Gecko) Chrome/120.0.0.0 Safari/537.36"
157.230.39.14 - - [05/May/2026:17:09:56 +0000] "POST /wp-login.php HTTP/1.1" 503 7312 "https://nipponia.nl/wp-login.php" "Mozilla/5.0 (Macintosh; Intel Mac OS X 10_15_7) AppleWebKit/605.1.15 (KHTML, like Gecko) Version/17.0 Safari/605.1.15"
157.230.39.14 - - [05/May/2026:17:10:07 +0000] "GET /wp-admin/index.php HTTP/1.1" 503 7312 "https://nipponia.nl/wp-login.php" "Mozilla/5.0 (Windows NT 11.0; Win64; x64; rv:119.0) Gecko/20100101 Firefox/119.0"
151.0.80.21 - - [05/May/2026:17:10:12 +0000] "GET /wp-content/plugins/premium-addons-for-elementor/assets/frontend/min-css/premium-addons.min.css?ver=4.10.82 HTTP/1.1" 200 45232 "-" "Mozilla/5.0 (Linux; Android 10; K) AppleWebKit/537.36 (KHTML, like Gecko) Chrome/147.0.0.0 Mobile Safari/537.36"
151.0.80.21 - - [05/May/2026:17:10:12 +0000] "GET /wp-content/themes/airi/css/bootstrap/bootstrap.min.css?ver=1 HTTP/1.1" 200 20519 "-" "Mozilla/5.0 (Linux; Android 10; K) AppleWebKit/537.36 (KHTML, like Gecko) Chrome/147.0.0.0 Mobile Safari/537.36"
151.0.80.21 - - [05/May/2026:17:10:12 +0000] "GET /wp-includes/css/dist/block-library/style.min.css?ver=6.1.10 HTTP/1.1" 200 12540 "-" "Mozilla/5.0 (Linux; Android 10; K) AppleWebKit/537.36 (KHTML, like Gecko) Chrome/147.0.0.0 Mobile Safari/537.36"
151.0.80.21 - - [05/May/2026:17:10:12 +0000] "GET /wp-includes/css/classic-themes.min.css?ver=1 HTTP/1.1" 200 189 "-" "Mozilla/5.0 (Linux; Android 10; K) AppleWebKit/537.36 (KHTML, like Gecko) Chrome/147.0.0.0 Mobile Safari/537.36"
151.0.80.21 - - [05/May/2026:17:10:12 +0000] "GET /wp-content/cache/autoptimize/css/autoptimize_single_0e4a098f3f6e3faede64db8b9da80ba2.css?ver=5.7.7 HTTP/1.1" 200 877 "-" "Mozilla/5.0 (Linux; Android 10; K) AppleWebKit/537.36 (KHTML, like Gecko) Chrome/147.0.0.0 Mobile Safari/537.36"
151.0.80.21 - - [05/May/2026:17:10:12 +0000] "GET /wp-content/cache/autoptimize/css/autoptimize_single_20e8490fab0dcf7557a5c8b54494db6f.css?ver=3.0.8 HTTP/1.1" 200 772 "-" "Mozilla/5.0 (Linux; Android 10; K) AppleWebKit/537.36 (KHTML, like Gecko) Chrome/147.0.0.0 Mobile Safari/537.36"
151.0.80.21 - - [05/May/2026:17:10:12 +0000] "GET /wp-content/plugins/wp-store-locator/css/styles.min.css?ver=2.2.235 HTTP/1.1" 200 3368 "-" "Mozilla/5.0 (Linux; Android 10; K) AppleWebKit/537.36 (KHTML, like Gecko) Chrome/147.0.0.0 Mobile Safari/537.36"
151.0.80.21 - - [05/May/2026:17:10:12 +0000] "GET /wp-content/cache/autoptimize/css/autoptimize_single_359aca8a88b2331aa34ac505acad9911.css?ver=3.0.8 HTTP/1.1" 200 3809 "-" "Mozilla/5.0 (Linux; Android 10; K) AppleWebKit/537.36 (KHTML, like Gecko) Chrome/147.0.0.0 Mobile Safari/537.36"
151.0.80.21 - - [05/May/2026:17:10:12 +0000] "GET /wp-content/themes/airi-child/style.css?ver=6.1.10 HTTP/1.1" 200 258 "-" "Mozilla/5.0 (Linux; Android 10; K) AppleWebKit/537.36 (KHTML, like Gecko) Chrome/147.0.0.0 Mobile Safari/537.36"
151.0.80.21 - - [05/May/2026:17:10:12 +0000] "GET /wp-content/cache/autoptimize/css/autoptimize_single_5b51e7d5730e4076121c9d8a880aac25.css?ver=6.1.10 HTTP/1.1" 200 14271 "-" "Mozilla/5.0 (Linux; Android 10; K) AppleWebKit/537.36 (KHTML, like Gecko) Chrome/147.0.0.0 Mobile Safari/537.36"
151.0.80.21 - - [05/May/2026:17:10:11 +0000] "GET /en/home/ HTTP/1.1" 200 16606 "https://downloads.nipponia.com/" "Mozilla/5.0 (Linux; Android 10; K) AppleWebKit/537.36 (KHTML, like Gecko) Chrome/147.0.0.0 Mobile Safari/537.36"
151.0.80.21 - - [05/May/2026:17:10:14 +0000] "GET /wp-content/cache/autoptimize/css/autoptimize_single_7bfada4d24aae1256c6c2c41879f015d.css?ver=2.0.4 HTTP/1.1" 200 2472 "https://nipponia.nl/en/home/" "Mozilla/5.0 (Linux; Android 10; K) AppleWebKit/537.36 (KHTML, like Gecko) Chrome/147.0.0.0 Mobile Safari/537.36"
151.0.80.21 - - [05/May/2026:17:10:14 +0000] "GET /wp-content/themes/airi/css/font-awesome/css/all.min.css?ver=6.1.10 HTTP/1.1" 200 12863 "https://nipponia.nl/en/home/" "Mozilla/5.0 (Linux; Android 10; K) AppleWebKit/537.36 (KHTML, like Gecko) Chrome/147.0.0.0 Mobile Safari/537.36"
151.0.80.21 - - [05/May/2026:17:10:14 +0000] "GET /wp-content/plugins/elementor/assets/lib/eicons/css/elementor-icons.min.css?ver=5.17.0 HTTP/1.1" 200 3969 "https://nipponia.nl/en/home/" "Mozilla/5.0 (Linux; Android 10; K) AppleWebKit/537.36 (KHTML, like Gecko) Chrome/147.0.0.0 Mobile Safari/537.36"
151.0.80.21 - - [05/May/2026:17:10:14 +0000] "GET /wp-content/plugins/elementor/assets/css/frontend-legacy.min.css?ver=3.10.1 HTTP/1.1" 200 708 "https://nipponia.nl/en/home/" "Mozilla/5.0 (Linux; Android 10; K) AppleWebKit/537.36 (KHTML, like Gecko) Chrome/147.0.0.0 Mobile Safari/537.36"
151.0.80.21 - - [05/May/2026:17:10:14 +0000] "GET /wp-content/plugins/elementor/assets/css/frontend.min.css?ver=3.10.1 HTTP/1.1" 200 19457 "https://nipponia.nl/en/home/" "Mozilla/5.0 (Linux; Android 10; K) AppleWebKit/537.36 (KHTML, like Gecko) Chrome/147.0.0.0 Mobile Safari/537.36"
151.0.80.21 - - [05/May/2026:17:10:14 +0000] "GET /wp-content/cache/autoptimize/css/autoptimize_single_20f15ecfaca3374b57a05300ef74a5e5.css?ver=1745828269 HTTP/1.1" 200 351 "https://nipponia.nl/en/home/" "Mozilla/5.0 (Linux; Android 10; K) AppleWebKit/537.36 (KHTML, like Gecko) Chrome/147.0.0.0 Mobile Safari/537.36"
151.0.80.21 - - [05/May/2026:17:10:14 +0000] "GET /wp-includes/js/mediaelement/mediaelementplayer-legacy.min.css?ver=4.2.17 HTTP/1.1" 200 2592 "https://nipponia.nl/en/home/" "Mozilla/5.0 (Linux; Android 10; K) AppleWebKit/537.36 (KHTML, like Gecko) Chrome/147.0.0.0 Mobile Safari/537.36"
151.0.80.21 - - [05/May/2026:17:10:14 +0000] "GET /wp-content/cache/autoptimize/css/autoptimize_single_04ea321a4b1aa8921a8b2e1782d261b2.css?ver=1747291980 HTTP/1.1" 200 505 "https://nipponia.nl/en/home/" "Mozilla/5.0 (Linux; Android 10; K) AppleWebKit/537.36 (KHTML, like Gecko) Chrome/147.0.0.0 Mobile Safari/537.36"
151.0.80.21 - - [05/May/2026:17:10:14 +0000] "GET /wp-includes/js/mediaelement/wp-mediaelement.min.css?ver=6.1.10 HTTP/1.1" 200 1156 "https://nipponia.nl/en/home/" "Mozilla/5.0 (Linux; Android 10; K) AppleWebKit/537.36 (KHTML, like Gecko) Chrome/147.0.0.0 Mobile Safari/537.36"
151.0.80.21 - - [05/May/2026:17:10:15 +0000] "GET /wp-content/uploads/2021/02/index-300x62.png HTTP/1.1" 200 21630 "https://nipponia.nl/en/home/" "Mozilla/5.0 (Linux; Android 10; K) AppleWebKit/537.36 (KHTML, like Gecko) Chrome/147.0.0.0 Mobile Safari/537.36"
151.0.80.21 - - [05/May/2026:17:10:15 +0000] "GET /wp-content/uploads/2021/02/index.png HTTP/1.1" 200 10087 "https://nipponia.nl/en/home/" "Mozilla/5.0 (Linux; Android 10; K) AppleWebKit/537.36 (KHTML, like Gecko) Chrome/147.0.0.0 Mobile Safari/537.36"
151.0.80.21 - - [05/May/2026:17:10:15 +0000] "GET /wp-includes/js/jquery/jquery.min.js?ver=3.6.1 HTTP/1.1" 200 30995 "https://nipponia.nl/en/home/" "Mozilla/5.0 (Linux; Android 10; K) AppleWebKit/537.36 (KHTML, like Gecko) Chrome/147.0.0.0 Mobile Safari/537.36"
151.0.80.21 - - [05/May/2026:17:10:15 +0000] "GET /wp-content/uploads/images/eviball.png HTTP/1.1" 200 3676 "https://nipponia.nl/en/home/" "Mozilla/5.0 (Linux; Android 10; K) AppleWebKit/537.36 (KHTML, like Gecko) Chrome/147.0.0.0 Mobile Safari/537.36"
151.0.80.21 - - [05/May/2026:17:10:15 +0000] "GET /wp-content/uploads/images/Volty.png HTTP/1.1" 200 5379 "https://nipponia.nl/en/home/" "Mozilla/5.0 (Linux; Android 10; K) AppleWebKit/537.36 (KHTML, like Gecko) Chrome/147.0.0.0 Mobile Safari/537.36"
151.0.80.21 - - [05/May/2026:17:10:15 +0000] "GET /wp-content/uploads/images/elegance.png HTTP/1.1" 200 7658 "https://nipponia.nl/en/home/" "Mozilla/5.0 (Linux; Android 10; K) AppleWebKit/537.36 (KHTML, like Gecko) Chrome/147.0.0.0 Mobile Safari/537.36"
151.0.80.21 - - [05/May/2026:17:10:15 +0000] "GET /wp-content/cache/autoptimize/css/autoptimize_single_26b4f0c3c1bcf76291fa4952fb7f04fb.css?ver=3.0.8 HTTP/1.1" 200 1369 "https://nipponia.nl/en/home/" "Mozilla/5.0 (Linux; Android 10; K) AppleWebKit/537.36 (KHTML, like Gecko) Chrome/147.0.0.0 Mobile Safari/537.36"
151.0.80.21 - - [05/May/2026:17:10:15 +0000] "GET /wp-content/plugins/elementor/assets/lib/animations/animations.min.css?ver=3.10.1 HTTP/1.1" 200 2592 "https://nipponia.nl/en/home/" "Mozilla/5.0 (Linux; Android 10; K) AppleWebKit/537.36 (KHTML, like Gecko) Chrome/147.0.0.0 Mobile Safari/537.36"
151.0.80.21 - - [05/May/2026:17:10:15 +0000] "GET /wp-includes/js/dist/vendor/wp-polyfill.min.js?ver=3.15.0 HTTP/1.1" 200 6532 "https://nipponia.nl/en/home/" "Mozilla/5.0 (Linux; Android 10; K) AppleWebKit/537.36 (KHTML, like Gecko) Chrome/147.0.0.0 Mobile Safari/537.36"
151.0.80.21 - - [05/May/2026:17:10:15 +0000] "GET /wp-includes/js/dist/vendor/regenerator-runtime.min.js?ver=0.13.9 HTTP/1.1" 200 2457 "https://nipponia.nl/en/home/" "Mozilla/5.0 (Linux; Android 10; K) AppleWebKit/537.36 (KHTML, like Gecko) Chrome/147.0.0.0 Mobile Safari/537.36"
151.0.80.21 - - [05/May/2026:17:10:15 +0000] "GET /wp-includes/js/wp-emoji-release.min.js?ver=6.1.10 HTTP/1.1" 200 5009 "https://nipponia.nl/en/home/" "Mozilla/5.0 (Linux; Android 10; K) AppleWebKit/537.36 (KHTML, like Gecko) Chrome/147.0.0.0 Mobile Safari/537.36"
151.0.80.21 - - [05/May/2026:17:10:15 +0000] "GET /wp-content/uploads/images/e-Rex.png HTTP/1.1" 200 7953 "https://nipponia.nl/en/home/" "Mozilla/5.0 (Linux; Android 10; K) AppleWebKit/537.36 (KHTML, like Gecko) Chrome/147.0.0.0 Mobile Safari/537.36"
151.0.80.21 - - [05/May/2026:17:10:15 +0000] "GET /wp-content/uploads/images/one.png HTTP/1.1" 200 3003 "https://nipponia.nl/en/home/" "Mozilla/5.0 (Linux; Android 10; K) AppleWebKit/537.36 (KHTML, like Gecko) Chrome/147.0.0.0 Mobile Safari/537.36"
151.0.80.21 - - [05/May/2026:17:10:15 +0000] "GET /wp-content/fonts/work-sans/font HTTP/1.1" 200 25976 "https://nipponia.nl/en/home/" "Mozilla/5.0 (Linux; Android 10; K) AppleWebKit/537.36 (KHTML, like Gecko) Chrome/147.0.0.0 Mobile Safari/537.36"
151.0.80.21 - - [05/May/2026:17:10:15 +0000] "GET /wp-content/plugins/cookie-law-info/legacy/public/images/logo-cookieyes.svg HTTP/1.1" 200 1098 "https://nipponia.nl/en/home/" "Mozilla/5.0 (Linux; Android 10; K) AppleWebKit/537.36 (KHTML, like Gecko) Chrome/147.0.0.0 Mobile Safari/537.36"
151.0.80.21 - - [05/May/2026:17:10:15 +0000] "GET /wp-content/cache/autoptimize/js/autoptimize_cf679e5893ee5f2a92dcfca6e5be1faf.js HTTP/1.1" 200 167726 "https://nipponia.nl/en/home/" "Mozilla/5.0 (Linux; Android 10; K) AppleWebKit/537.36 (KHTML, like Gecko) Chrome/147.0.0.0 Mobile Safari/537.36"
162.120.188.244 - - [05/May/2026:17:10:13 +0000] "GET /dealer-netwerk/ HTTP/1.1" 200 16229 "https://www.google.com/" "Mozilla/5.0 (Windows NT 10.0; Win64; x64) AppleWebKit/537.36 (KHTML, like Gecko) Chrome/147.0.0.0 Safari/537.36"
162.120.188.74 - - [05/May/2026:17:10:13 +0000] "GET /scootmobiel-rotterdam/ HTTP/1.1" 200 16423 "https://www.google.com/" "Mozilla/5.0 (Windows NT 10.0; Win64; x64) AppleWebKit/537.36 (KHTML, like Gecko) Chrome/147.0.0.0 Safari/537.36"
151.0.80.21 - - [05/May/2026:17:10:17 +0000] "GET /wp-content/uploads/2021/03/cropped-1c_v_logo_hr_b.png HTTP/1.1" 200 24757 "https://nipponia.nl/en/home/" "Mozilla/5.0 (Linux; Android 10; K) AppleWebKit/537.36 (KHTML, like Gecko) Chrome/147.0.0.0 Mobile Safari/537.36"
151.0.80.21 - - [05/May/2026:17:10:15 +0000] "GET /wp-content/uploads/2023/07/Head-Banner-Site-1920-%C3%97-980-px-1920-%C3%97-880-px.mp4 HTTP/1.1" 206 2244106 "https://nipponia.nl/en/home/" "Mozilla/5.0 (Linux; Android 10; K) AppleWebKit/537.36 (KHTML, like Gecko) Chrome/147.0.0.0 Mobile Safari/537.36"
157.230.39.14 - - [05/May/2026:17:10:17 +0000] "GET /wp-admin/profile.php HTTP/1.1" 503 7312 "https://nipponia.nl/wp-login.php" "Mozilla/5.0 (Windows NT 11.0; Win64; x64; rv:119.0) Gecko/20100101 Firefox/119.0"
157.230.39.14 - - [05/May/2026:17:10:24 +0000] "GET /wp-admin/edit.php HTTP/1.1" 503 7312 "https://nipponia.nl/wp-login.php" "Mozilla/5.0 (Windows NT 11.0; Win64; x64; rv:119.0) Gecko/20100101 Firefox/119.0"
157.230.39.14 - - [05/May/2026:17:10:32 +0000] "GET /wp-admin/plugins.php HTTP/1.1" 503 7312 "https://nipponia.nl/wp-login.php" "Mozilla/5.0 (Windows NT 11.0; Win64; x64; rv:119.0) Gecko/20100101 Firefox/119.0"
157.230.39.14 - - [05/May/2026:17:10:39 +0000] "POST /wp-login.php HTTP/1.1" 503 7109 "https://nipponia.nl/wp-login.php" "Mozilla/5.0 (Windows NT 11.0; Win64; x64) AppleWebKit/537.36 (KHTML, like Gecko) Chrome/121.0.0.0 Safari/537.36"
157.230.39.14 - - [05/May/2026:17:10:45 +0000] "GET /wp-admin/index.php HTTP/1.1" 503 7312 "https://nipponia.nl/wp-login.php" "Mozilla/5.0 (Windows NT 10.0; Win64; x64; rv:120.0) Gecko/20100101 Firefox/120.0"
20.123.172.228 - - [05/May/2026:17:10:46 +0000] "POST /?wordfence_syncAttackData=1778001046.569 HTTP/1.1" 200 - "https://nipponia.nl/?wordfence_syncAttackData=1778001046.569" "WordPress/6.1.10; https://nipponia.nl"
20.123.172.228 - - [05/May/2026:17:10:49 +0000] "POST /wp-cron.php?doing_wp_cron=1778001049.2206571102142333984375 HTTP/1.1" 200 - "https://nipponia.nl/wp-cron.php?doing_wp_cron=1778001049.2206571102142333984375" "WordPress/6.1.10; https://nipponia.nl"
66.249.66.64 - - [05/May/2026:17:10:47 +0000] "GET /en/home/ HTTP/1.1" 200 16606 "-" "Mozilla/5.0 (Linux; Android 6.0.1; Nexus 5X Build/MMB29P) AppleWebKit/537.36 (KHTML, like Gecko) Chrome/147.0.7727.137 Mobile Safari/537.36 (compatible; Googlebot/2.1; +http://www.google.com/bot.html)"
157.230.39.14 - - [05/May/2026:17:10:52 +0000] "GET /wp-admin/profile.php HTTP/1.1" 503 7312 "https://nipponia.nl/wp-login.php" "Mozilla/5.0 (Windows NT 10.0; Win64; x64; rv:120.0) Gecko/20100101 Firefox/120.0"
84.26.55.179 - - [05/May/2026:17:10:57 +0000] "GET /wp-admin/admin-ajax.php?lang=nl&action=store_search&lat=51.5586193&lng=5.0586319&max_results=50&search_radius=10 HTTP/1.1" 200 516 "https://nipponia.nl/dealer-netwerk/" "Mozilla/5.0 (Windows NT 10.0; Win64; x64) AppleWebKit/537.36 (KHTML, like Gecko) Chrome/147.0.0.0 Safari/537.36 Edg/147.0.0.0"
157.230.39.14 - - [05/May/2026:17:10:59 +0000] "GET /wp-admin/edit.php HTTP/1.1" 503 7311 "https://nipponia.nl/wp-login.php" "Mozilla/5.0 (Windows NT 10.0; Win64; x64; rv:120.0) Gecko/20100101 Firefox/120.0"
157.230.39.14 - - [05/May/2026:17:11:12 +0000] "GET /wp-admin/plugins.php HTTP/1.1" 503 7312 "https://nipponia.nl/wp-login.php" "Mozilla/5.0 (Windows NT 10.0; Win64; x64; rv:120.0) Gecko/20100101 Firefox/120.0"
157.230.39.14 - - [05/May/2026:17:11:24 +0000] "POST /wp-login.php HTTP/1.1" 503 7109 "https://nipponia.nl/wp-login.php" "Mozilla/5.0 (Macintosh; Intel Mac OS X 10_15_7) AppleWebKit/537.36 (KHTML, like Gecko) Chrome/121.0.0.0 Safari/537.36"
20.123.172.228 - - [05/May/2026:17:11:32 +0000] "POST /wp-cron.php?doing_wp_cron=1778001092.8016788959503173828125 HTTP/1.1" 200 - "https://nipponia.nl/wp-cron.php?doing_wp_cron=1778001092.8016788959503173828125" "WordPress/6.1.10; https://nipponia.nl"
20.123.172.228 - - [05/May/2026:17:11:31 +0000] "POST /?wordfence_syncAttackData=1778001091.2827 HTTP/1.1" 200 - "https://nipponia.nl/?wordfence_syncAttackData=1778001091.2827" "WordPress/6.1.10; https://nipponia.nl"
84.26.55.179 - - [05/May/2026:17:11:29 +0000] "GET /stores/seniorenwinkel-udenhout/ HTTP/1.1" 200 13232 "https://nipponia.nl/dealer-netwerk/" "Mozilla/5.0 (Windows NT 10.0; Win64; x64) AppleWebKit/537.36 (KHTML, like Gecko) Chrome/147.0.0.0 Safari/537.36 Edg/147.0.0.0"
84.26.55.179 - - [05/May/2026:17:11:33 +0000] "GET /wp-content/cache/autoptimize/js/autoptimize_20bc1d8299b25d28fe56356d7311d1c9.js HTTP/1.1" 200 91457 "https://nipponia.nl/stores/seniorenwinkel-udenhout/" "Mozilla/5.0 (Windows NT 10.0; Win64; x64) AppleWebKit/537.36 (KHTML, like Gecko) Chrome/147.0.0.0 Safari/537.36 Edg/147.0.0.0"
157.230.39.14 - - [05/May/2026:17:11:35 +0000] "GET /wp-admin/index.php HTTP/1.1" 503 7312 "https://nipponia.nl/wp-login.php" "Mozilla/5.0 (Windows NT 11.0; Win64; x64; rv:121.0) Gecko/20100101 Firefox/121.0"
157.230.39.14 - - [05/May/2026:17:11:46 +0000] "GET /wp-admin/profile.php HTTP/1.1" 503 7311 "https://nipponia.nl/wp-login.php" "Mozilla/5.0 (Windows NT 11.0; Win64; x64; rv:121.0) Gecko/20100101 Firefox/121.0"
157.230.39.14 - - [05/May/2026:17:11:57 +0000] "GET /wp-admin/edit.php HTTP/1.1" 503 7311 "https://nipponia.nl/wp-login.php" "Mozilla/5.0 (Windows NT 11.0; Win64; x64; rv:121.0) Gecko/20100101 Firefox/121.0"
157.230.39.14 - - [05/May/2026:17:12:08 +0000] "GET /wp-admin/plugins.php HTTP/1.1" 503 7312 "https://nipponia.nl/wp-login.php" "Mozilla/5.0 (Windows NT 11.0; Win64; x64; rv:121.0) Gecko/20100101 Firefox/121.0"
84.26.55.179 - - [05/May/2026:17:12:11 +0000] "GET /stores/scootmobile-4all/ HTTP/1.1" 200 13248 "https://nipponia.nl/stores/seniorenwinkel-udenhout/" "Mozilla/5.0 (Windows NT 10.0; Win64; x64) AppleWebKit/537.36 (KHTML, like Gecko) Chrome/147.0.0.0 Safari/537.36 Edg/147.0.0.0"
157.230.39.14 - - [05/May/2026:17:12:14 +0000] "POST /wp-login.php HTTP/1.1" 503 7109 "https://nipponia.nl/wp-login.php" "Mozilla/5.0 (Macintosh; Intel Mac OS X 13_6_1) AppleWebKit/605.1.15 (KHTML, like Gecko) Version/17.2 Safari/605.1.15"
157.230.39.14 - - [05/May/2026:17:12:19 +0000] "GET /wp-admin/index.php HTTP/1.1" 503 7312 "https://nipponia.nl/wp-login.php" "Mozilla/5.0 (Macintosh; Intel Mac OS X 13_6_1) AppleWebKit/605.1.15 (KHTML, like Gecko) Version/17.2 Safari/605.1.15"
20.123.172.228 - - [05/May/2026:17:12:21 +0000] "POST /?wordfence_syncAttackData=1778001141.358 HTTP/1.1" 200 - "https://nipponia.nl/?wordfence_syncAttackData=1778001141.358" "WordPress/6.1.10; https://nipponia.nl"
157.230.39.14 - - [05/May/2026:17:12:26 +0000] "GET /wp-admin/profile.php HTTP/1.1" 503 7312 "https://nipponia.nl/wp-login.php" "Mozilla/5.0 (Macintosh; Intel Mac OS X 13_6_1) AppleWebKit/605.1.15 (KHTML, like Gecko) Version/17.2 Safari/605.1.15"
157.230.39.14 - - [05/May/2026:17:12:32 +0000] "GET /wp-admin/edit.php HTTP/1.1" 503 7312 "https://nipponia.nl/wp-login.php" "Mozilla/5.0 (Macintosh; Intel Mac OS X 13_6_1) AppleWebKit/605.1.15 (KHTML, like Gecko) Version/17.2 Safari/605.1.15"
157.230.39.14 - - [05/May/2026:17:12:38 +0000] "GET /wp-admin/plugins.php HTTP/1.1" 503 7312 "https://nipponia.nl/wp-login.php" "Mozilla/5.0 (Macintosh; Intel Mac OS X 13_6_1) AppleWebKit/605.1.15 (KHTML, like Gecko) Version/17.2 Safari/605.1.15"
157.230.39.14 - - [05/May/2026:17:12:44 +0000] "POST /wp-login.php HTTP/1.1" 503 7109 "https://nipponia.nl/wp-login.php" "Mozilla/5.0 (Macintosh; Intel Mac OS X 13_6_1) AppleWebKit/537.36 (KHTML, like Gecko) Chrome/120.0.0.0 Safari/537.36"
157.230.39.14 - - [05/May/2026:17:12:49 +0000] "GET /wp-admin/index.php HTTP/1.1" 503 7312 "https://nipponia.nl/wp-login.php" "Mozilla/5.0 (Macintosh; Intel Mac OS X 13_6_1; rv:118.0) Gecko/20100101 Firefox/118.0"
20.123.172.228 - - [05/May/2026:17:12:51 +0000] "POST /?wordfence_syncAttackData=1778001171.2485 HTTP/1.1" 200 - "https://nipponia.nl/?wordfence_syncAttackData=1778001171.2485" "WordPress/6.1.10; https://nipponia.nl"
157.230.39.14 - - [05/May/2026:17:12:57 +0000] "GET /wp-admin/profile.php HTTP/1.1" 503 7311 "https://nipponia.nl/wp-login.php" "Mozilla/5.0 (Macintosh; Intel Mac OS X 13_6_1; rv:118.0) Gecko/20100101 Firefox/118.0"
157.230.39.14 - - [05/May/2026:17:13:12 +0000] "GET /wp-admin/edit.php HTTP/1.1" 503 7311 "https://nipponia.nl/wp-login.php" "Mozilla/5.0 (Macintosh; Intel Mac OS X 13_6_1; rv:118.0) Gecko/20100101 Firefox/118.0"
157.230.39.14 - - [05/May/2026:17:13:20 +0000] "GET /wp-admin/plugins.php HTTP/1.1" 503 7312 "https://nipponia.nl/wp-login.php" "Mozilla/5.0 (Macintosh; Intel Mac OS X 13_6_1; rv:118.0) Gecko/20100101 Firefox/118.0"
157.230.39.14 - - [05/May/2026:17:13:27 +0000] "POST /wp-login.php HTTP/1.1" 503 7109 "https://nipponia.nl/wp-login.php" "Mozilla/5.0 (Windows NT 11.0; Win64; x64) AppleWebKit/537.36 (KHTML, like Gecko) Chrome/119.0.0.0 Safari/537.36"
157.230.39.14 - - [05/May/2026:17:13:34 +0000] "GET /wp-admin/index.php HTTP/1.1" 503 7312 "https://nipponia.nl/wp-login.php" "Mozilla/5.0 (Macintosh; Intel Mac OS X 13_6_1; rv:119.0) Gecko/20100101 Firefox/119.0"
20.123.172.228 - - [05/May/2026:17:13:35 +0000] "POST /?wordfence_syncAttackData=1778001215.7019 HTTP/1.1" 200 - "https://nipponia.nl/?wordfence_syncAttackData=1778001215.7019" "WordPress/6.1.10; https://nipponia.nl"
157.230.39.14 - - [05/May/2026:17:13:41 +0000] "GET /wp-admin/profile.php HTTP/1.1" 503 7312 "https://nipponia.nl/wp-login.php" "Mozilla/5.0 (Macintosh; Intel Mac OS X 13_6_1; rv:119.0) Gecko/20100101 Firefox/119.0"
157.230.39.14 - - [05/May/2026:17:13:47 +0000] "GET /wp-admin/edit.php HTTP/1.1" 503 7311 "https://nipponia.nl/wp-login.php" "Mozilla/5.0 (Macintosh; Intel Mac OS X 13_6_1; rv:119.0) Gecko/20100101 Firefox/119.0"
157.230.39.14 - - [05/May/2026:17:13:55 +0000] "GET /wp-admin/plugins.php HTTP/1.1" 503 7312 "https://nipponia.nl/wp-login.php" "Mozilla/5.0 (Macintosh; Intel Mac OS X 13_6_1; rv:119.0) Gecko/20100101 Firefox/119.0"
157.230.39.14 - - [05/May/2026:17:14:08 +0000] "POST /wp-login.php HTTP/1.1" 503 7109 "https://nipponia.nl/wp-login.php" "Mozilla/5.0 (Windows NT 11.0; Win64; x64; rv:119.0) Gecko/20100101 Firefox/119.0"
157.230.39.14 - - [05/May/2026:17:14:13 +0000] "GET /wp-admin/index.php HTTP/1.1" 503 7312 "https://nipponia.nl/wp-login.php" "Mozilla/5.0 (Macintosh; Intel Mac OS X 10_15_7) AppleWebKit/605.1.15 (KHTML, like Gecko) Version/17.0 Safari/605.1.15"
20.123.172.228 - - [05/May/2026:17:14:15 +0000] "POST /?wordfence_syncAttackData=1778001255.4846 HTTP/1.1" 200 - "https://nipponia.nl/?wordfence_syncAttackData=1778001255.4846" "WordPress/6.1.10; https://nipponia.nl"
157.230.39.14 - - [05/May/2026:17:14:27 +0000] "GET /wp-admin/profile.php HTTP/1.1" 503 7312 "https://nipponia.nl/wp-login.php" "Mozilla/5.0 (Macintosh; Intel Mac OS X 10_15_7) AppleWebKit/605.1.15 (KHTML, like Gecko) Version/17.0 Safari/605.1.15"
20.123.172.228 - - [05/May/2026:17:14:30 +0000] "POST /wp-cron.php?doing_wp_cron=1778001270.2983720302581787109375 HTTP/1.1" 200 - "https://nipponia.nl/wp-cron.php?doing_wp_cron=1778001270.2983720302581787109375" "WordPress/6.1.10; https://nipponia.nl"
84.26.55.179 - - [05/May/2026:17:14:28 +0000] "GET / HTTP/1.1" 200 16899 "https://nipponia.nl/stores/scootmobile-4all/" "Mozilla/5.0 (Windows NT 10.0; Win64; x64) AppleWebKit/537.36 (KHTML, like Gecko) Chrome/147.0.0.0 Safari/537.36 Edg/147.0.0.0"
157.230.39.14 - - [05/May/2026:17:14:33 +0000] "GET /wp-admin/edit.php HTTP/1.1" 503 7312 "https://nipponia.nl/wp-login.php" "Mozilla/5.0 (Macintosh; Intel Mac OS X 10_15_7) AppleWebKit/605.1.15 (KHTML, like Gecko) Version/17.0 Safari/605.1.15"
157.230.39.14 - - [05/May/2026:17:14:38 +0000] "GET /wp-admin/plugins.php HTTP/1.1" 503 7312 "https://nipponia.nl/wp-login.php" "Mozilla/5.0 (Macintosh; Intel Mac OS X 10_15_7) AppleWebKit/605.1.15 (KHTML, like Gecko) Version/17.0 Safari/605.1.15"
157.230.39.14 - - [05/May/2026:17:14:44 +0000] "POST /wp-login.php HTTP/1.1" 503 7109 "https://nipponia.nl/wp-login.php" "Mozilla/5.0 (Windows NT 11.0; Win64; x64) AppleWebKit/537.36 (KHTML, like Gecko) Chrome/120.0.0.0 Safari/537.36"
157.230.39.14 - - [05/May/2026:17:14:53 +0000] "GET /wp-admin/index.php HTTP/1.1" 503 7312 "https://nipponia.nl/wp-login.php" "Mozilla/5.0 (Macintosh; Intel Mac OS X 13_6_1) AppleWebKit/605.1.15 (KHTML, like Gecko) Version/17.2 Safari/605.1.15"
20.123.172.228 - - [05/May/2026:17:14:54 +0000] "POST /?wordfence_syncAttackData=1778001294.5419 HTTP/1.1" 200 - "https://nipponia.nl/?wordfence_syncAttackData=1778001294.5419" "WordPress/6.1.10; https://nipponia.nl"
157.230.39.14 - - [05/May/2026:17:15:00 +0000] "GET /wp-admin/profile.php HTTP/1.1" 503 7312 "https://nipponia.nl/wp-login.php" "Mozilla/5.0 (Macintosh; Intel Mac OS X 13_6_1) AppleWebKit/605.1.15 (KHTML, like Gecko) Version/17.2 Safari/605.1.15"
157.230.39.14 - - [05/May/2026:17:15:07 +0000] "GET /wp-admin/edit.php HTTP/1.1" 503 7311 "https://nipponia.nl/wp-login.php" "Mozilla/5.0 (Macintosh; Intel Mac OS X 13_6_1) AppleWebKit/605.1.15 (KHTML, like Gecko) Version/17.2 Safari/605.1.15"
157.230.39.14 - - [05/May/2026:17:15:15 +0000] "GET /wp-admin/plugins.php HTTP/1.1" 503 7312 "https://nipponia.nl/wp-login.php" "Mozilla/5.0 (Macintosh; Intel Mac OS X 13_6_1) AppleWebKit/605.1.15 (KHTML, like Gecko) Version/17.2 Safari/605.1.15"
157.230.39.14 - - [05/May/2026:17:15:24 +0000] "POST /wp-login.php HTTP/1.1" 503 7109 "https://nipponia.nl/wp-login.php" "Mozilla/5.0 (Windows NT 10.0; Win64; x64; rv:118.0) Gecko/20100101 Firefox/118.0"
157.230.39.14 - - [05/May/2026:17:15:30 +0000] "GET /wp-admin/index.php HTTP/1.1" 503 7312 "https://nipponia.nl/wp-login.php" "Mozilla/5.0 (Windows NT 10.0; Win64; x64) AppleWebKit/537.36 (KHTML, like Gecko) Chrome/120.0.0.0 Safari/537.36"
20.123.172.228 - - [05/May/2026:17:15:32 +0000] "POST /?wordfence_syncAttackData=1778001332.1896 HTTP/1.1" 200 - "https://nipponia.nl/?wordfence_syncAttackData=1778001332.1896" "WordPress/6.1.10; https://nipponia.nl"
157.230.39.14 - - [05/May/2026:17:15:40 +0000] "GET /wp-admin/profile.php HTTP/1.1" 503 7312 "https://nipponia.nl/wp-login.php" "Mozilla/5.0 (Windows NT 10.0; Win64; x64) AppleWebKit/537.36 (KHTML, like Gecko) Chrome/120.0.0.0 Safari/537.36"
157.230.39.14 - - [05/May/2026:17:15:46 +0000] "GET /wp-admin/edit.php HTTP/1.1" 503 7312 "https://nipponia.nl/wp-login.php" "Mozilla/5.0 (Windows NT 10.0; Win64; x64) AppleWebKit/537.36 (KHTML, like Gecko) Chrome/120.0.0.0 Safari/537.36"
157.230.39.14 - - [05/May/2026:17:15:52 +0000] "GET /wp-admin/plugins.php HTTP/1.1" 503 7312 "https://nipponia.nl/wp-login.php" "Mozilla/5.0 (Windows NT 10.0; Win64; x64) AppleWebKit/537.36 (KHTML, like Gecko) Chrome/120.0.0.0 Safari/537.36"
157.230.39.14 - - [05/May/2026:17:15:58 +0000] "POST /wp-login.php HTTP/1.1" 503 7109 "https://nipponia.nl/wp-login.php" "Mozilla/5.0 (Windows NT 11.0; Win64; x64; rv:121.0) Gecko/20100101 Firefox/121.0"
157.230.39.14 - - [05/May/2026:17:16:05 +0000] "GET /wp-admin/index.php HTTP/1.1" 503 7312 "https://nipponia.nl/wp-login.php" "Mozilla/5.0 (Macintosh; Intel Mac OS X 10_15_7; rv:120.0) Gecko/20100101 Firefox/120.0"
20.123.172.228 - - [05/May/2026:17:16:06 +0000] "POST /?wordfence_syncAttackData=1778001366.6814 HTTP/1.1" 200 - "https://nipponia.nl/?wordfence_syncAttackData=1778001366.6814" "WordPress/6.1.10; https://nipponia.nl"
157.230.39.14 - - [05/May/2026:17:16:13 +0000] "GET /wp-admin/profile.php HTTP/1.1" 503 7312 "https://nipponia.nl/wp-login.php" "Mozilla/5.0 (Macintosh; Intel Mac OS X 10_15_7; rv:120.0) Gecko/20100101 Firefox/120.0"
20.123.172.228 - - [05/May/2026:17:16:17 +0000] "POST /wp-cron.php?doing_wp_cron=1778001377.3797419071197509765625 HTTP/1.1" 200 - "https://nipponia.nl/wp-cron.php?doing_wp_cron=1778001377.3797419071197509765625" "WordPress/6.1.10; https://nipponia.nl"
84.26.55.179 - - [05/May/2026:17:16:15 +0000] "GET /nl/dealer-netwerk/ HTTP/1.1" 301 - "https://nipponia.nl/" "Mozilla/5.0 (Windows NT 10.0; Win64; x64) AppleWebKit/537.36 (KHTML, like Gecko) Chrome/147.0.0.0 Safari/537.36 Edg/147.0.0.0"
84.26.55.179 - - [05/May/2026:17:16:17 +0000] "GET /dealer-netwerk/ HTTP/1.1" 200 16223 "https://nipponia.nl/" "Mozilla/5.0 (Windows NT 10.0; Win64; x64) AppleWebKit/537.36 (KHTML, like Gecko) Chrome/147.0.0.0 Safari/537.36 Edg/147.0.0.0"
157.230.39.14 - - [05/May/2026:17:16:19 +0000] "GET /wp-admin/edit.php HTTP/1.1" 503 7312 "https://nipponia.nl/wp-login.php" "Mozilla/5.0 (Macintosh; Intel Mac OS X 10_15_7; rv:120.0) Gecko/20100101 Firefox/120.0"
84.26.55.179 - - [05/May/2026:17:16:20 +0000] "GET /wp-admin/admin-ajax.php?lang=nl&action=store_search&lat=52.4505373&lng=5.9958886&max_results=25&search_radius=50&autoload=1 HTTP/1.1" 200 9618 "https://nipponia.nl/dealer-netwerk/" "Mozilla/5.0 (Windows NT 10.0; Win64; x64) AppleWebKit/537.36 (KHTML, like Gecko) Chrome/147.0.0.0 Safari/537.36 Edg/147.0.0.0"
157.230.39.14 - - [05/May/2026:17:16:25 +0000] "GET /wp-admin/plugins.php HTTP/1.1" 503 7311 "https://nipponia.nl/wp-login.php" "Mozilla/5.0 (Macintosh; Intel Mac OS X 10_15_7; rv:120.0) Gecko/20100101 Firefox/120.0"
157.230.39.14 - - [05/May/2026:17:16:39 +0000] "POST /wp-login.php HTTP/1.1" 503 7109 "https://nipponia.nl/wp-login.php" "Mozilla/5.0 (Windows NT 11.0; Win64; x64) AppleWebKit/537.36 (KHTML, like Gecko) Chrome/119.0.0.0 Safari/537.36"
157.230.39.14 - - [05/May/2026:17:16:44 +0000] "GET /wp-admin/index.php HTTP/1.1" 503 7312 "https://nipponia.nl/wp-login.php" "Mozilla/5.0 (Macintosh; Intel Mac OS X 10_15_7) AppleWebKit/605.1.15 (KHTML, like Gecko) Version/17.1 Safari/605.1.15"
20.123.172.228 - - [05/May/2026:17:16:44 +0000] "POST /?wordfence_syncAttackData=1778001404.9268 HTTP/1.1" 200 - "https://nipponia.nl/?wordfence_syncAttackData=1778001404.9268" "WordPress/6.1.10; https://nipponia.nl"
84.26.55.179 - - [05/May/2026:17:16:43 +0000] "GET /wp-admin/admin-ajax.php?lang=nl&action=store_search&lat=51.5586193&lng=5.0586319&max_results=25&search_radius=50 HTTP/1.1" 200 2229 "https://nipponia.nl/dealer-netwerk/" "Mozilla/5.0 (Windows NT 10.0; Win64; x64) AppleWebKit/537.36 (KHTML, like Gecko) Chrome/147.0.0.0 Safari/537.36 Edg/147.0.0.0"
20.123.172.228 - - [05/May/2026:17:16:45 +0000] "POST /?wordfence_syncAttackData=1778001405.6584 HTTP/1.1" 200 16906 "https://nipponia.nl/?wordfence_syncAttackData=1778001405.6584" "WordPress/6.1.10; https://nipponia.nl"
157.230.39.14 - - [05/May/2026:17:16:52 +0000] "GET /wp-admin/profile.php HTTP/1.1" 503 7312 "https://nipponia.nl/wp-login.php" "Mozilla/5.0 (Macintosh; Intel Mac OS X 10_15_7) AppleWebKit/605.1.15 (KHTML, like Gecko) Version/17.1 Safari/605.1.15"
157.230.39.14 - - [05/May/2026:17:17:00 +0000] "GET /wp-admin/edit.php HTTP/1.1" 503 7311 "https://nipponia.nl/wp-login.php" "Mozilla/5.0 (Macintosh; Intel Mac OS X 10_15_7) AppleWebKit/605.1.15 (KHTML, like Gecko) Version/17.1 Safari/605.1.15"
157.230.39.14 - - [05/May/2026:17:17:07 +0000] "GET /wp-admin/plugins.php HTTP/1.1" 503 7311 "https://nipponia.nl/wp-login.php" "Mozilla/5.0 (Macintosh; Intel Mac OS X 10_15_7) AppleWebKit/605.1.15 (KHTML, like Gecko) Version/17.1 Safari/605.1.15"
157.230.39.14 - - [05/May/2026:17:17:13 +0000] "POST /wp-login.php HTTP/1.1" 503 7107 "https://nipponia.nl/wp-login.php" "Mozilla/5.0 (Macintosh; Intel Mac OS X 10_15_7) AppleWebKit/537.36 (KHTML, like Gecko) Chrome/120.0.0.0 Safari/537.36"
157.230.39.14 - - [05/May/2026:17:17:17 +0000] "GET /wp-admin/index.php HTTP/1.1" 503 7311 "https://nipponia.nl/wp-login.php" "Mozilla/5.0 (Macintosh; Intel Mac OS X 13_6_1; rv:120.0) Gecko/20100101 Firefox/120.0"
20.123.172.228 - - [05/May/2026:17:17:19 +0000] "POST /?wordfence_syncAttackData=1778001439.1287 HTTP/1.1" 200 - "https://nipponia.nl/?wordfence_syncAttackData=1778001439.1287" "WordPress/6.1.10; https://nipponia.nl"
157.230.39.14 - - [05/May/2026:17:17:24 +0000] "GET /wp-admin/profile.php HTTP/1.1" 503 7311 "https://nipponia.nl/wp-login.php" "Mozilla/5.0 (Macintosh; Intel Mac OS X 13_6_1; rv:120.0) Gecko/20100101 Firefox/120.0"
157.230.39.14 - - [05/May/2026:17:17:29 +0000] "GET /wp-admin/edit.php HTTP/1.1" 503 7311 "https://nipponia.nl/wp-login.php" "Mozilla/5.0 (Macintosh; Intel Mac OS X 13_6_1; rv:120.0) Gecko/20100101 Firefox/120.0"
157.230.39.14 - - [05/May/2026:17:17:35 +0000] "GET /wp-admin/plugins.php HTTP/1.1" 503 7311 "https://nipponia.nl/wp-login.php" "Mozilla/5.0 (Macintosh; Intel Mac OS X 13_6_1; rv:120.0) Gecko/20100101 Firefox/120.0"
157.230.39.14 - - [05/May/2026:17:17:40 +0000] "POST /wp-login.php HTTP/1.1" 503 7108 "https://nipponia.nl/wp-login.php" "Mozilla/5.0 (X11; Linux x86_64) AppleWebKit/537.36 (KHTML, like Gecko) Chrome/121.0.0.0 Safari/537.36"
157.230.39.14 - - [05/May/2026:17:17:45 +0000] "GET /wp-admin/index.php HTTP/1.1" 503 7311 "https://nipponia.nl/wp-login.php" "Mozilla/5.0 (X11; Ubuntu; Linux x86_64) AppleWebKit/537.36 (KHTML, like Gecko) Chrome/119.0.0.0 Safari/537.36"
20.123.172.228 - - [05/May/2026:17:17:46 +0000] "POST /?wordfence_syncAttackData=1778001466.4035 HTTP/1.1" 200 - "https://nipponia.nl/?wordfence_syncAttackData=1778001466.4035" "WordPress/6.1.10; https://nipponia.nl"
157.230.39.14 - - [05/May/2026:17:17:52 +0000] "GET /wp-admin/profile.php HTTP/1.1" 503 7311 "https://nipponia.nl/wp-login.php" "Mozilla/5.0 (X11; Ubuntu; Linux x86_64) AppleWebKit/537.36 (KHTML, like Gecko) Chrome/119.0.0.0 Safari/537.36"
157.230.39.14 - - [05/May/2026:17:17:59 +0000] "GET /wp-admin/edit.php HTTP/1.1" 503 7312 "https://nipponia.nl/wp-login.php" "Mozilla/5.0 (X11; Ubuntu; Linux x86_64) AppleWebKit/537.36 (KHTML, like Gecko) Chrome/119.0.0.0 Safari/537.36"
157.230.39.14 - - [05/May/2026:17:18:05 +0000] "GET /wp-admin/plugins.php HTTP/1.1" 503 7312 "https://nipponia.nl/wp-login.php" "Mozilla/5.0 (X11; Ubuntu; Linux x86_64) AppleWebKit/537.36 (KHTML, like Gecko) Chrome/119.0.0.0 Safari/537.36"
157.230.39.14 - - [05/May/2026:17:18:11 +0000] "POST /wp-login.php HTTP/1.1" 503 7109 "https://nipponia.nl/wp-login.php" "Mozilla/5.0 (Macintosh; Intel Mac OS X 10_15_7; rv:119.0) Gecko/20100101 Firefox/119.0"
176.63.11.35 - - [05/May/2026:17:17:56 +0000] "GET /wp-content/uploads/manuals/Cit-e_manual_EN.pdf HTTP/1.1" 200 4594344 "-" "Mozilla/5.0 (Linux; Android 10; K) AppleWebKit/537.36 (KHTML, like Gecko) Chrome/147.0.0.0 Mobile Safari/537.36"
157.230.39.14 - - [05/May/2026:17:18:16 +0000] "GET /wp-admin/index.php HTTP/1.1" 503 7311 "https://nipponia.nl/wp-login.php" "Mozilla/5.0 (Macintosh; Intel Mac OS X 10_15_7; rv:119.0) Gecko/20100101 Firefox/119.0"
20.123.172.228 - - [05/May/2026:17:18:17 +0000] "POST /?wordfence_syncAttackData=1778001497.7192 HTTP/1.1" 200 - "https://nipponia.nl/?wordfence_syncAttackData=1778001497.7192" "WordPress/6.1.10; https://nipponia.nl"
157.230.39.14 - - [05/May/2026:17:18:23 +0000] "GET /wp-admin/profile.php HTTP/1.1" 503 7312 "https://nipponia.nl/wp-login.php" "Mozilla/5.0 (Macintosh; Intel Mac OS X 10_15_7; rv:119.0) Gecko/20100101 Firefox/119.0"
157.230.39.14 - - [05/May/2026:17:18:28 +0000] "GET /wp-admin/edit.php HTTP/1.1" 503 7312 "https://nipponia.nl/wp-login.php" "Mozilla/5.0 (Macintosh; Intel Mac OS X 10_15_7; rv:119.0) Gecko/20100101 Firefox/119.0"
157.230.39.14 - - [05/May/2026:17:18:34 +0000] "GET /wp-admin/plugins.php HTTP/1.1" 503 7312 "https://nipponia.nl/wp-login.php" "Mozilla/5.0 (Macintosh; Intel Mac OS X 10_15_7; rv:119.0) Gecko/20100101 Firefox/119.0"
157.230.39.14 - - [05/May/2026:17:18:40 +0000] "POST /wp-login.php HTTP/1.1" 503 7109 "https://nipponia.nl/wp-login.php" "Mozilla/5.0 (Macintosh; Intel Mac OS X 10_15_7; rv:119.0) Gecko/20100101 Firefox/119.0"
157.230.39.14 - - [05/May/2026:17:18:45 +0000] "GET /wp-admin/index.php HTTP/1.1" 503 7312 "https://nipponia.nl/wp-login.php" "Mozilla/5.0 (Macintosh; Intel Mac OS X 13_6_1; rv:121.0) Gecko/20100101 Firefox/121.0"
20.123.172.228 - - [05/May/2026:17:18:46 +0000] "POST /?wordfence_syncAttackData=1778001526.5516 HTTP/1.1" 200 - "https://nipponia.nl/?wordfence_syncAttackData=1778001526.5516" "WordPress/6.1.10; https://nipponia.nl"
157.230.39.14 - - [05/May/2026:17:18:51 +0000] "GET /wp-admin/profile.php HTTP/1.1" 503 7312 "https://nipponia.nl/wp-login.php" "Mozilla/5.0 (Macintosh; Intel Mac OS X 13_6_1; rv:121.0) Gecko/20100101 Firefox/121.0"
157.230.39.14 - - [05/May/2026:17:18:57 +0000] "GET /wp-admin/edit.php HTTP/1.1" 503 7312 "https://nipponia.nl/wp-login.php" "Mozilla/5.0 (Macintosh; Intel Mac OS X 13_6_1; rv:121.0) Gecko/20100101 Firefox/121.0"
157.230.39.14 - - [05/May/2026:17:19:02 +0000] "GET /wp-admin/plugins.php HTTP/1.1" 503 7312 "https://nipponia.nl/wp-login.php" "Mozilla/5.0 (Macintosh; Intel Mac OS X 13_6_1; rv:121.0) Gecko/20100101 Firefox/121.0"
157.230.39.14 - - [05/May/2026:17:19:08 +0000] "POST /wp-login.php HTTP/1.1" 503 7109 "https://nipponia.nl/wp-login.php" "Mozilla/5.0 (X11; Linux x86_64) AppleWebKit/537.36 (KHTML, like Gecko) Chrome/118.0.0.0 Safari/537.36"
157.230.39.14 - - [05/May/2026:17:19:12 +0000] "GET /wp-admin/index.php HTTP/1.1" 503 7312 "https://nipponia.nl/wp-login.php" "Mozilla/5.0 (Macintosh; Intel Mac OS X 13_6_1) AppleWebKit/537.36 (KHTML, like Gecko) Chrome/118.0.0.0 Safari/537.36"
20.123.172.228 - - [05/May/2026:17:19:14 +0000] "POST /?wordfence_syncAttackData=1778001554.2243 HTTP/1.1" 200 - "https://nipponia.nl/?wordfence_syncAttackData=1778001554.2243" "WordPress/6.1.10; https://nipponia.nl"
157.230.39.14 - - [05/May/2026:17:19:19 +0000] "GET /wp-admin/profile.php HTTP/1.1" 503 7312 "https://nipponia.nl/wp-login.php" "Mozilla/5.0 (Macintosh; Intel Mac OS X 13_6_1) AppleWebKit/537.36 (KHTML, like Gecko) Chrome/118.0.0.0 Safari/537.36"
157.230.39.14 - - [05/May/2026:17:19:25 +0000] "GET /wp-admin/edit.php HTTP/1.1" 503 7311 "https://nipponia.nl/wp-login.php" "Mozilla/5.0 (Macintosh; Intel Mac OS X 13_6_1) AppleWebKit/537.36 (KHTML, like Gecko) Chrome/118.0.0.0 Safari/537.36"
157.230.39.14 - - [05/May/2026:17:19:43 +0000] "GET /wp-admin/plugins.php HTTP/1.1" 503 7312 "https://nipponia.nl/wp-login.php" "Mozilla/5.0 (Macintosh; Intel Mac OS X 13_6_1) AppleWebKit/537.36 (KHTML, like Gecko) Chrome/118.0.0.0 Safari/537.36"
157.230.39.14 - - [05/May/2026:17:19:50 +0000] "POST /wp-login.php HTTP/1.1" 503 7109 "https://nipponia.nl/wp-login.php" "Mozilla/5.0 (Macintosh; Intel Mac OS X 13_6_1) AppleWebKit/537.36 (KHTML, like Gecko) Chrome/120.0.0.0 Safari/537.36"
20.123.172.228 - - [05/May/2026:17:19:59 +0000] "POST /wp-cron.php?doing_wp_cron=1778001599.3105449676513671875000 HTTP/1.1" 200 - "https://nipponia.nl/wp-cron.php?doing_wp_cron=1778001599.3105449676513671875000" "WordPress/6.1.10; https://nipponia.nl"
157.230.39.14 - - [05/May/2026:17:19:56 +0000] "GET /wp-admin/index.php HTTP/1.1" 302 - "https://nipponia.nl/wp-login.php" "Mozilla/5.0 (Macintosh; Intel Mac OS X 10_15_7; rv:118.0) Gecko/20100101 Firefox/118.0"
20.123.172.228 - - [05/May/2026:17:19:57 +0000] "POST /?wordfence_syncAttackData=1778001597.842 HTTP/1.1" 200 - "https://nipponia.nl/?wordfence_syncAttackData=1778001597.842" "WordPress/6.1.10; https://nipponia.nl"
157.230.39.14 - - [05/May/2026:17:20:10 +0000] "GET /wp-login.php?redirect_to=https%3A%2F%2Fnipponia.nl%2Fwp-admin%2Findex.php&reauth=1 HTTP/1.1" 200 2621 "https://nipponia.nl/wp-login.php" "Mozilla/5.0 (Macintosh; Intel Mac OS X 10_15_7; rv:118.0) Gecko/20100101 Firefox/118.0"
157.230.39.14 - - [05/May/2026:17:20:20 +0000] "POST /wp-login.php HTTP/1.1" 503 7312 "https://nipponia.nl/wp-login.php" "Mozilla/5.0 (Windows NT 10.0; Win64; x64) AppleWebKit/537.36 (KHTML, like Gecko) Chrome/118.0.0.0 Safari/537.36"
157.230.39.14 - - [05/May/2026:17:20:30 +0000] "GET /wp-admin/index.php HTTP/1.1" 503 7312 "https://nipponia.nl/wp-login.php" "Mozilla/5.0 (Windows NT 11.0; Win64; x64; rv:120.0) Gecko/20100101 Firefox/120.0"
157.230.39.14 - - [05/May/2026:17:20:37 +0000] "GET /wp-admin/profile.php HTTP/1.1" 503 7312 "https://nipponia.nl/wp-login.php" "Mozilla/5.0 (Windows NT 11.0; Win64; x64; rv:120.0) Gecko/20100101 Firefox/120.0"
157.230.39.14 - - [05/May/2026:17:20:45 +0000] "GET /wp-admin/edit.php HTTP/1.1" 503 7312 "https://nipponia.nl/wp-login.php" "Mozilla/5.0 (Windows NT 11.0; Win64; x64; rv:120.0) Gecko/20100101 Firefox/120.0"
157.230.39.14 - - [05/May/2026:17:20:51 +0000] "GET /wp-admin/plugins.php HTTP/1.1" 503 7312 "https://nipponia.nl/wp-login.php" "Mozilla/5.0 (Windows NT 11.0; Win64; x64; rv:120.0) Gecko/20100101 Firefox/120.0"
157.230.39.14 - - [05/May/2026:17:20:59 +0000] "POST /wp-login.php HTTP/1.1" 503 7109 "https://nipponia.nl/wp-login.php" "Mozilla/5.0 (X11; Ubuntu; Linux x86_64) AppleWebKit/537.36 (KHTML, like Gecko) Chrome/121.0.0.0 Safari/537.36"
157.230.39.14 - - [05/May/2026:17:21:06 +0000] "GET /wp-admin/index.php HTTP/1.1" 503 7311 "https://nipponia.nl/wp-login.php" "Mozilla/5.0 (Macintosh; Intel Mac OS X 13_6_1; rv:118.0) Gecko/20100101 Firefox/118.0"
20.123.172.228 - - [05/May/2026:17:21:08 +0000] "POST /?wordfence_syncAttackData=1778001668.2775 HTTP/1.1" 200 - "https://nipponia.nl/?wordfence_syncAttackData=1778001668.2775" "WordPress/6.1.10; https://nipponia.nl"
157.230.39.14 - - [05/May/2026:17:21:15 +0000] "GET /wp-admin/profile.php HTTP/1.1" 503 7312 "https://nipponia.nl/wp-login.php" "Mozilla/5.0 (Macintosh; Intel Mac OS X 13_6_1; rv:118.0) Gecko/20100101 Firefox/118.0"
157.230.39.14 - - [05/May/2026:17:21:23 +0000] "GET /wp-admin/edit.php HTTP/1.1" 503 7312 "https://nipponia.nl/wp-login.php" "Mozilla/5.0 (Macintosh; Intel Mac OS X 13_6_1; rv:118.0) Gecko/20100101 Firefox/118.0"
157.230.39.14 - - [05/May/2026:17:21:31 +0000] "GET /wp-admin/plugins.php HTTP/1.1" 503 7311 "https://nipponia.nl/wp-login.php" "Mozilla/5.0 (Macintosh; Intel Mac OS X 13_6_1; rv:118.0) Gecko/20100101 Firefox/118.0"
157.230.39.14 - - [05/May/2026:17:21:39 +0000] "POST /wp-login.php HTTP/1.1" 503 7109 "https://nipponia.nl/wp-login.php" "Mozilla/5.0 (Macintosh; Intel Mac OS X 13_6_1) AppleWebKit/537.36 (KHTML, like Gecko) Chrome/120.0.0.0 Safari/537.36"
157.230.39.14 - - [05/May/2026:17:21:46 +0000] "GET /wp-admin/index.php HTTP/1.1" 503 7311 "https://nipponia.nl/wp-login.php" "Mozilla/5.0 (Windows NT 11.0; Win64; x64) AppleWebKit/537.36 (KHTML, like Gecko) Chrome/119.0.0.0 Safari/537.36"
20.123.172.228 - - [05/May/2026:17:21:47 +0000] "POST /?wordfence_syncAttackData=1778001707.8281 HTTP/1.1" 200 - "https://nipponia.nl/?wordfence_syncAttackData=1778001707.8281" "WordPress/6.1.10; https://nipponia.nl"
157.230.39.14 - - [05/May/2026:17:21:55 +0000] "GET /wp-admin/profile.php HTTP/1.1" 503 7312 "https://nipponia.nl/wp-login.php" "Mozilla/5.0 (Windows NT 11.0; Win64; x64) AppleWebKit/537.36 (KHTML, like Gecko) Chrome/119.0.0.0 Safari/537.36"
157.230.39.14 - - [05/May/2026:17:22:03 +0000] "GET /wp-admin/edit.php HTTP/1.1" 503 7312 "https://nipponia.nl/wp-login.php" "Mozilla/5.0 (Windows NT 11.0; Win64; x64) AppleWebKit/537.36 (KHTML, like Gecko) Chrome/119.0.0.0 Safari/537.36"
157.230.39.14 - - [05/May/2026:17:22:10 +0000] "GET /wp-admin/plugins.php HTTP/1.1" 503 7312 "https://nipponia.nl/wp-login.php" "Mozilla/5.0 (Windows NT 11.0; Win64; x64) AppleWebKit/537.36 (KHTML, like Gecko) Chrome/119.0.0.0 Safari/537.36"
157.230.39.14 - - [05/May/2026:17:22:17 +0000] "POST /wp-login.php HTTP/1.1" 503 7109 "https://nipponia.nl/wp-login.php" "Mozilla/5.0 (Macintosh; Intel Mac OS X 10_15_7) AppleWebKit/605.1.15 (KHTML, like Gecko) Version/17.0 Safari/605.1.15"
157.230.39.14 - - [05/May/2026:17:22:22 +0000] "GET /wp-admin/index.php HTTP/1.1" 503 7312 "https://nipponia.nl/wp-login.php" "Mozilla/5.0 (Windows NT 11.0; Win64; x64; rv:121.0) Gecko/20100101 Firefox/121.0"
20.123.172.228 - - [05/May/2026:17:22:23 +0000] "POST /?wordfence_syncAttackData=1778001743.5245 HTTP/1.1" 200 - "https://nipponia.nl/?wordfence_syncAttackData=1778001743.5245" "WordPress/6.1.10; https://nipponia.nl"
157.230.39.14 - - [05/May/2026:17:22:28 +0000] "GET /wp-admin/profile.php HTTP/1.1" 503 7312 "https://nipponia.nl/wp-login.php" "Mozilla/5.0 (Windows NT 11.0; Win64; x64; rv:121.0) Gecko/20100101 Firefox/121.0"
157.230.39.14 - - [05/May/2026:17:22:34 +0000] "GET /wp-admin/edit.php HTTP/1.1" 503 7312 "https://nipponia.nl/wp-login.php" "Mozilla/5.0 (Windows NT 11.0; Win64; x64; rv:121.0) Gecko/20100101 Firefox/121.0"
157.230.39.14 - - [05/May/2026:17:22:39 +0000] "GET /wp-admin/plugins.php HTTP/1.1" 503 7312 "https://nipponia.nl/wp-login.php" "Mozilla/5.0 (Windows NT 11.0; Win64; x64; rv:121.0) Gecko/20100101 Firefox/121.0"
157.230.39.14 - - [05/May/2026:17:22:45 +0000] "POST /wp-login.php HTTP/1.1" 503 7109 "https://nipponia.nl/wp-login.php" "Mozilla/5.0 (X11; Linux x86_64) AppleWebKit/537.36 (KHTML, like Gecko) Chrome/120.0.0.0 Safari/537.36"
157.230.39.14 - - [05/May/2026:17:22:49 +0000] "GET /wp-admin/index.php HTTP/1.1" 503 7312 "https://nipponia.nl/wp-login.php" "Mozilla/5.0 (Macintosh; Intel Mac OS X 10_15_7; rv:118.0) Gecko/20100101 Firefox/118.0"
20.123.172.228 - - [05/May/2026:17:22:51 +0000] "POST /?wordfence_syncAttackData=1778001771.0073 HTTP/1.1" 200 - "https://nipponia.nl/?wordfence_syncAttackData=1778001771.0073" "WordPress/6.1.10; https://nipponia.nl"
157.230.39.14 - - [05/May/2026:17:22:56 +0000] "GET /wp-admin/profile.php HTTP/1.1" 503 7312 "https://nipponia.nl/wp-login.php" "Mozilla/5.0 (Macintosh; Intel Mac OS X 10_15_7; rv:118.0) Gecko/20100101 Firefox/118.0"
157.230.39.14 - - [05/May/2026:17:23:02 +0000] "GET /wp-admin/edit.php HTTP/1.1" 503 7312 "https://nipponia.nl/wp-login.php" "Mozilla/5.0 (Macintosh; Intel Mac OS X 10_15_7; rv:118.0) Gecko/20100101 Firefox/118.0"
157.230.39.14 - - [05/May/2026:17:23:08 +0000] "GET /wp-admin/plugins.php HTTP/1.1" 503 7311 "https://nipponia.nl/wp-login.php" "Mozilla/5.0 (Macintosh; Intel Mac OS X 10_15_7; rv:118.0) Gecko/20100101 Firefox/118.0"
157.230.39.14 - - [05/May/2026:17:23:14 +0000] "POST /wp-login.php HTTP/1.1" 503 7109 "https://nipponia.nl/wp-login.php" "Mozilla/5.0 (Macintosh; Intel Mac OS X 13_6_1) AppleWebKit/605.1.15 (KHTML, like Gecko) Version/17.0 Safari/605.1.15"
157.230.39.14 - - [05/May/2026:17:23:19 +0000] "GET /wp-admin/index.php HTTP/1.1" 503 7312 "https://nipponia.nl/wp-login.php" "Mozilla/5.0 (Macintosh; Intel Mac OS X 10_15_7) AppleWebKit/537.36 (KHTML, like Gecko) Chrome/119.0.0.0 Safari/537.36"
20.123.172.228 - - [05/May/2026:17:23:20 +0000] "POST /?wordfence_syncAttackData=1778001800.7252 HTTP/1.1" 200 - "https://nipponia.nl/?wordfence_syncAttackData=1778001800.7252" "WordPress/6.1.10; https://nipponia.nl"
157.230.39.14 - - [05/May/2026:17:23:25 +0000] "GET /wp-admin/profile.php HTTP/1.1" 503 7312 "https://nipponia.nl/wp-login.php" "Mozilla/5.0 (Macintosh; Intel Mac OS X 10_15_7) AppleWebKit/537.36 (KHTML, like Gecko) Chrome/119.0.0.0 Safari/537.36"
157.230.39.14 - - [05/May/2026:17:23:32 +0000] "GET /wp-admin/edit.php HTTP/1.1" 503 7312 "https://nipponia.nl/wp-login.php" "Mozilla/5.0 (Macintosh; Intel Mac OS X 10_15_7) AppleWebKit/537.36 (KHTML, like Gecko) Chrome/119.0.0.0 Safari/537.36"
157.230.39.14 - - [05/May/2026:17:23:37 +0000] "GET /wp-admin/plugins.php HTTP/1.1" 503 7312 "https://nipponia.nl/wp-login.php" "Mozilla/5.0 (Macintosh; Intel Mac OS X 10_15_7) AppleWebKit/537.36 (KHTML, like Gecko) Chrome/119.0.0.0 Safari/537.36"
20.123.172.228 - - [05/May/2026:17:23:42 +0000] "POST /wp-cron.php?doing_wp_cron=1778001822.1113519668579101562500 HTTP/1.1" 200 - "https://nipponia.nl/wp-cron.php?doing_wp_cron=1778001822.1113519668579101562500" "WordPress/6.1.10; https://nipponia.nl"
84.26.55.179 - - [05/May/2026:17:23:40 +0000] "GET /nl/dealer-netwerk/ HTTP/1.1" 301 - "https://nipponia.nl/" "Mozilla/5.0 (Windows NT 10.0; Win64; x64) AppleWebKit/537.36 (KHTML, like Gecko) Chrome/147.0.0.0 Safari/537.36 Edg/147.0.0.0"
157.230.39.14 - - [05/May/2026:17:23:43 +0000] "POST /wp-login.php HTTP/1.1" 503 7109 "https://nipponia.nl/wp-login.php" "Mozilla/5.0 (Macintosh; Intel Mac OS X 13_6_1) AppleWebKit/537.36 (KHTML, like Gecko) Chrome/119.0.0.0 Safari/537.36"
20.123.172.228 - - [05/May/2026:17:23:43 +0000] "POST /?wordfence_syncAttackData=1778001823.7579 HTTP/1.1" 200 - "https://nipponia.nl/?wordfence_syncAttackData=1778001823.7579" "WordPress/6.1.10; https://nipponia.nl"
84.26.55.179 - - [05/May/2026:17:23:42 +0000] "GET /dealer-netwerk/ HTTP/1.1" 200 16223 "https://nipponia.nl/" "Mozilla/5.0 (Windows NT 10.0; Win64; x64) AppleWebKit/537.36 (KHTML, like Gecko) Chrome/147.0.0.0 Safari/537.36 Edg/147.0.0.0"
20.123.172.228 - - [05/May/2026:17:23:48 +0000] "POST /wp-cron.php?doing_wp_cron=1778001828.2997229099273681640625 HTTP/1.1" 200 - "https://nipponia.nl/wp-cron.php?doing_wp_cron=1778001828.2997229099273681640625" "WordPress/6.1.10; https://nipponia.nl"
84.26.55.179 - - [05/May/2026:17:23:46 +0000] "GET /wp-admin/admin-ajax.php?lang=nl&action=store_search&lat=52.4505373&lng=5.9958886&max_results=25&search_radius=50&autoload=1 HTTP/1.1" 200 9618 "https://nipponia.nl/dealer-netwerk/" "Mozilla/5.0 (Windows NT 10.0; Win64; x64) AppleWebKit/537.36 (KHTML, like Gecko) Chrome/147.0.0.0 Safari/537.36 Edg/147.0.0.0"
157.230.39.14 - - [05/May/2026:17:23:48 +0000] "GET /wp-admin/index.php HTTP/1.1" 503 7312 "https://nipponia.nl/wp-login.php" "Mozilla/5.0 (Windows NT 10.0; Win64; x64) AppleWebKit/537.36 (KHTML, like Gecko) Chrome/118.0.0.0 Safari/537.36"
