17.241.75.237 - - [05/May/2026:16:17:14 +0000] "GET /wp-includes/css/classic-themes.min.css?ver=1 HTTP/1.1" 200 189 "https://nipponia.nl/en/e-viball/" "Mozilla/5.0 (Macintosh; Intel Mac OS X 10_15_7) AppleWebKit/605.1.15 (KHTML, like Gecko) Version/17.4 Safari/605.1.15 (Applebot/0.1; +http://www.apple.com/go/applebot)"
17.241.227.91 - - [05/May/2026:16:17:15 +0000] "GET /wp-content/plugins/wp-store-locator/css/styles.min.css?ver=2.2.235 HTTP/1.1" 200 3368 "https://nipponia.nl/en/e-viball/" "Mozilla/5.0 (Macintosh; Intel Mac OS X 10_15_7) AppleWebKit/605.1.15 (KHTML, like Gecko) Version/17.4 Safari/605.1.15 (Applebot/0.1; +http://www.apple.com/go/applebot)"
17.241.219.169 - - [05/May/2026:16:17:15 +0000] "GET /wp-content/themes/airi-child/style.css?ver=6.1.10 HTTP/1.1" 200 258 "https://nipponia.nl/en/e-viball/" "Mozilla/5.0 (Macintosh; Intel Mac OS X 10_15_7) AppleWebKit/605.1.15 (KHTML, like Gecko) Version/17.4 Safari/605.1.15 (Applebot/0.1; +http://www.apple.com/go/applebot)"
17.241.75.12 - - [05/May/2026:16:17:16 +0000] "GET /wp-content/themes/airi/css/font-awesome/css/all.min.css?ver=6.1.10 HTTP/1.1" 200 12863 "https://nipponia.nl/en/e-viball/" "Mozilla/5.0 (Macintosh; Intel Mac OS X 10_15_7) AppleWebKit/605.1.15 (KHTML, like Gecko) Version/17.4 Safari/605.1.15 (Applebot/0.1; +http://www.apple.com/go/applebot)"
17.241.75.59 - - [05/May/2026:16:17:17 +0000] "GET /wp-content/plugins/elementor/assets/lib/eicons/css/elementor-icons.min.css?ver=5.17.0 HTTP/1.1" 200 3969 "https://nipponia.nl/en/e-viball/" "Mozilla/5.0 (Macintosh; Intel Mac OS X 10_15_7) AppleWebKit/605.1.15 (KHTML, like Gecko) Version/17.4 Safari/605.1.15 (Applebot/0.1; +http://www.apple.com/go/applebot)"
17.241.75.138 - - [05/May/2026:16:17:17 +0000] "GET /wp-content/plugins/elementor/assets/css/frontend-legacy.min.css?ver=3.10.1 HTTP/1.1" 200 708 "https://nipponia.nl/en/e-viball/" "Mozilla/5.0 (Macintosh; Intel Mac OS X 10_15_7) AppleWebKit/605.1.15 (KHTML, like Gecko) Version/17.4 Safari/605.1.15 (Applebot/0.1; +http://www.apple.com/go/applebot)"
17.241.219.111 - - [05/May/2026:16:17:18 +0000] "GET /wp-content/plugins/elementor/assets/css/frontend.min.css?ver=3.10.1 HTTP/1.1" 200 19457 "https://nipponia.nl/en/e-viball/" "Mozilla/5.0 (Macintosh; Intel Mac OS X 10_15_7) AppleWebKit/605.1.15 (KHTML, like Gecko) Version/17.4 Safari/605.1.15 (Applebot/0.1; +http://www.apple.com/go/applebot)"
17.241.219.235 - - [05/May/2026:16:17:19 +0000] "GET /wp-content/cache/autoptimize/css/autoptimize_single_11c329bd2f40a5d50c9ab2f203df6ffe.css?ver=1746123807 HTTP/1.1" 200 1821 "https://nipponia.nl/en/e-viball/" "Mozilla/5.0 (Macintosh; Intel Mac OS X 10_15_7) AppleWebKit/605.1.15 (KHTML, like Gecko) Version/17.4 Safari/605.1.15 (Applebot/0.1; +http://www.apple.com/go/applebot)"
17.241.219.70 - - [05/May/2026:16:17:19 +0000] "GET /wp-includes/js/jquery/jquery.min.js?ver=3.6.1 HTTP/1.1" 200 30995 "https://nipponia.nl/en/e-viball/" "Mozilla/5.0 (Macintosh; Intel Mac OS X 10_15_7) AppleWebKit/605.1.15 (KHTML, like Gecko) Version/17.4 Safari/605.1.15 (Applebot/0.1; +http://www.apple.com/go/applebot)"
17.241.75.139 - - [05/May/2026:16:17:20 +0000] "GET /wp-content/cache/autoptimize/css/autoptimize_single_26b4f0c3c1bcf76291fa4952fb7f04fb.css?ver=3.0.8 HTTP/1.1" 200 1369 "https://nipponia.nl/en/e-viball/" "Mozilla/5.0 (Macintosh; Intel Mac OS X 10_15_7) AppleWebKit/605.1.15 (KHTML, like Gecko) Version/17.4 Safari/605.1.15 (Applebot/0.1; +http://www.apple.com/go/applebot)"
17.241.227.143 - - [05/May/2026:16:17:21 +0000] "GET /wp-content/plugins/elementor/assets/lib/animations/animations.min.css?ver=3.10.1 HTTP/1.1" 200 2592 "https://nipponia.nl/en/e-viball/" "Mozilla/5.0 (Macintosh; Intel Mac OS X 10_15_7) AppleWebKit/605.1.15 (KHTML, like Gecko) Version/17.4 Safari/605.1.15 (Applebot/0.1; +http://www.apple.com/go/applebot)"
17.241.219.99 - - [05/May/2026:16:17:21 +0000] "GET /wp-content/cache/autoptimize/css/autoptimize_single_c8f0bdecb2daec9e306eb2ac6ffc14e9.css?ver=6.1.10 HTTP/1.1" 200 21742 "https://nipponia.nl/en/e-viball/" "Mozilla/5.0 (Macintosh; Intel Mac OS X 10_15_7) AppleWebKit/605.1.15 (KHTML, like Gecko) Version/17.4 Safari/605.1.15 (Applebot/0.1; +http://www.apple.com/go/applebot)"
17.241.219.235 - - [05/May/2026:16:17:22 +0000] "GET /wp-content/cache/autoptimize/css/autoptimize_single_f7333c2bc870df3a0a6c0a1aa93f7834.css?ver=6.1.10 HTTP/1.1" 200 666 "https://nipponia.nl/en/e-viball/" "Mozilla/5.0 (Macintosh; Intel Mac OS X 10_15_7) AppleWebKit/605.1.15 (KHTML, like Gecko) Version/17.4 Safari/605.1.15 (Applebot/0.1; +http://www.apple.com/go/applebot)"
17.241.75.43 - - [05/May/2026:16:17:23 +0000] "GET /wp-includes/js/dist/vendor/regenerator-runtime.min.js?ver=0.13.9 HTTP/1.1" 200 2457 "https://nipponia.nl/en/e-viball/" "Mozilla/5.0 (Macintosh; Intel Mac OS X 10_15_7) AppleWebKit/605.1.15 (KHTML, like Gecko) Version/17.4 Safari/605.1.15 (Applebot/0.1; +http://www.apple.com/go/applebot)"
17.241.219.131 - - [05/May/2026:16:17:23 +0000] "GET /wp-includes/js/dist/vendor/wp-polyfill.min.js?ver=3.15.0 HTTP/1.1" 200 6532 "https://nipponia.nl/en/e-viball/" "Mozilla/5.0 (Macintosh; Intel Mac OS X 10_15_7) AppleWebKit/605.1.15 (KHTML, like Gecko) Version/17.4 Safari/605.1.15 (Applebot/0.1; +http://www.apple.com/go/applebot)"
17.241.219.70 - - [05/May/2026:16:17:24 +0000] "GET /wp-content/cache/autoptimize/js/autoptimize_862aeb7a0056d117f8433ae8101443eb.js HTTP/1.1" 200 159239 "https://nipponia.nl/en/e-viball/" "Mozilla/5.0 (Macintosh; Intel Mac OS X 10_15_7) AppleWebKit/605.1.15 (KHTML, like Gecko) Version/17.4 Safari/605.1.15 (Applebot/0.1; +http://www.apple.com/go/applebot)"
20.123.172.228 - - [05/May/2026:16:22:04 +0000] "POST /wp-cron.php?doing_wp_cron=1777998124.2892489433288574218750 HTTP/1.1" 200 - "https://nipponia.nl/wp-cron.php?doing_wp_cron=1777998124.2892489433288574218750" "WordPress/6.1.10; https://nipponia.nl"
4.227.176.58 - - [05/May/2026:16:22:02 +0000] "GET /.env HTTP/1.1" 404 11759 "-" "Mozilla/5.0 (Macintosh; Intel Mac OS X 10_10_3) AppleWebKit/537.36 (KHTML, like Gecko) Chrome/45.0.2454.85 Safari/537.36"
4.227.176.58 - - [05/May/2026:16:22:05 +0000] "POST / HTTP/1.1" 200 16906 "-" "Mozilla/5.0 (Macintosh; Intel Mac OS X 10_10_3) AppleWebKit/537.36 (KHTML, like Gecko) Chrome/45.0.2454.85 Safari/537.36"
17.22.237.19 - - [05/May/2026:16:23:49 +0000] "GET /wp-content/uploads/2021/02/index.png HTTP/1.1" 200 10087 "-" "Mozilla/5.0 (Macintosh; Intel Mac OS X 10_15_7) AppleWebKit/605.1.15 (KHTML, like Gecko) Version/17.4 Safari/605.1.15 (Applebot/0.1; +http://www.apple.com/go/applebot)"
20.169.73.188 - - [05/May/2026:16:24:33 +0000] "GET / HTTP/1.1" 302 - "-" "Mozilla/5.0 AppleWebKit/537.36 (KHTML, like Gecko); compatible; ChatGPT-User/1.0; +https://openai.com/bot"
20.123.172.228 - - [05/May/2026:16:29:39 +0000] "POST /wp-cron.php?doing_wp_cron=1777998579.8367600440979003906250 HTTP/1.1" 200 - "https://nipponia.nl/wp-cron.php?doing_wp_cron=1777998579.8367600440979003906250" "WordPress/6.1.10; https://nipponia.nl"
165.22.132.171 - - [05/May/2026:16:29:37 +0000] "GET /media/djcatalog2/images/item/1/e-rex_m.jpg HTTP/1.1" 404 11759 "https://nipponia.nl" "Mozilla/5.0 (Windows NT 10.0; Win64; x64) AppleWebKit/537.36 (KHTML, like Gecko) Chrome/147.0.0.0 Safari/537.36"
216.194.86.63 - - [05/May/2026:16:29:41 +0000] "GET /media/djcatalog2/images/item/1/e-rex_m.jpg HTTP/1.1" 404 11759 "https://nipponia.nl" "Mozilla/5.0 (Windows NT 10.0; Win64; x64) AppleWebKit/537.36 (KHTML, like Gecko) Chrome/147.0.0.0 Safari/537.36"
143.244.180.167 - - [05/May/2026:16:29:48 +0000] "GET /media/djcatalog2/images/item/1/e-rex_m.jpg HTTP/1.1" 404 11759 "https://nipponia.nl" "Mozilla/5.0 (Windows NT 10.0; Win64; x64) AppleWebKit/537.36 (KHTML, like Gecko) Chrome/147.0.0.0 Safari/537.36"
161.123.58.208 - - [05/May/2026:16:29:51 +0000] "GET /media/djcatalog2/images/item/1/e-rex_m.jpg HTTP/1.1" 404 11759 "https://nipponia.nl" "Mozilla/5.0 (Windows NT 10.0; Win64; x64) AppleWebKit/537.36 (KHTML, like Gecko) Chrome/147.0.0.0 Safari/537.36"
143.244.178.108 - - [05/May/2026:16:30:01 +0000] "GET /media/djcatalog2/images/item/1/e-rex_m.jpg HTTP/1.1" 404 11759 "https://nipponia.nl" "Mozilla/5.0 (Windows NT 10.0; Win64; x64) AppleWebKit/537.36 (KHTML, like Gecko) Chrome/147.0.0.0 Safari/537.36"
194.156.115.254 - - [05/May/2026:16:30:04 +0000] "GET /media/djcatalog2/images/item/1/e-rex_m.jpg HTTP/1.1" 404 11759 "https://nipponia.nl" "Mozilla/5.0 (Windows NT 10.0; Win64; x64) AppleWebKit/537.36 (KHTML, like Gecko) Chrome/147.0.0.0 Safari/537.36"
178.128.185.37 - - [05/May/2026:16:30:13 +0000] "GET /media/djcatalog2/images/item/1/e-rex_m.jpg HTTP/1.1" 404 11759 "https://nipponia.nl" "Mozilla/5.0 (Windows NT 10.0; Win64; x64) AppleWebKit/537.36 (KHTML, like Gecko) Chrome/147.0.0.0 Safari/537.36"
204.217.152.189 - - [05/May/2026:16:30:16 +0000] "GET /media/djcatalog2/images/item/1/e-rex_m.jpg HTTP/1.1" 404 11759 "https://nipponia.nl" "Mozilla/5.0 (Windows NT 10.0; Win64; x64) AppleWebKit/537.36 (KHTML, like Gecko) Chrome/147.0.0.0 Safari/537.36"
95.135.3.178 - - [05/May/2026:16:30:19 +0000] "GET /media/djcatalog2/images/item/1/e-rex_m.jpg HTTP/1.1" 404 11759 "https://nipponia.nl" "Mozilla/5.0 (Windows NT 10.0; Win64; x64) AppleWebKit/537.36 (KHTML, like Gecko) Chrome/147.0.0.0 Safari/537.36"
171.25.158.50 - - [05/May/2026:16:33:23 +0000] "GET / HTTP/1.1" 200 16906 "https://nipponia.nl" "Mozilla/5.0 (Windows NT 10.0; Win64; x64) AppleWebKit/537.36 (KHTML, like Gecko) Chrome/125.0.0.0 Safari/537.36"
192.42.116.21 - - [05/May/2026:16:33:28 +0000] "GET /feed HTTP/1.1" 301 - "https://nipponia.nl/feed" "Mozilla/5.0 (Windows NT 10.0; Win64; x64) AppleWebKit/537.36 (KHTML, like Gecko) Chrome/125.0.0.0 Safari/537.36"
192.42.116.21 - - [05/May/2026:16:33:32 +0000] "GET /feed/ HTTP/1.1" 200 522 "https://nipponia.nl/feed" "Mozilla/5.0 (Windows NT 10.0; Win64; x64) AppleWebKit/537.36 (KHTML, like Gecko) Chrome/125.0.0.0 Safari/537.36"
192.42.116.112 - - [05/May/2026:16:33:39 +0000] "GET /2fast-2 HTTP/1.1" 301 - "https://nipponia.nl/2fast-2" "Mozilla/5.0 (Windows NT 10.0; Win64; x64) AppleWebKit/537.36 (KHTML, like Gecko) Chrome/125.0.0.0 Safari/537.36"
192.42.116.112 - - [05/May/2026:16:33:41 +0000] "GET /2fast-2/ HTTP/1.1" 200 21660 "https://nipponia.nl/2fast-2" "Mozilla/5.0 (Windows NT 10.0; Win64; x64) AppleWebKit/537.36 (KHTML, like Gecko) Chrome/125.0.0.0 Safari/537.36"
192.42.116.112 - - [05/May/2026:16:33:44 +0000] "GET /wp-json HTTP/1.1" 200 14825 "https://nipponia.nl/wp-json" "Mozilla/5.0 (Windows NT 10.0; Win64; x64) AppleWebKit/537.36 (KHTML, like Gecko) Chrome/125.0.0.0 Safari/537.36"
185.220.100.252 - - [05/May/2026:16:33:47 +0000] "GET /over-ons HTTP/1.1" 301 - "https://nipponia.nl/over-ons" "Mozilla/5.0 (Windows NT 10.0; Win64; x64) AppleWebKit/537.36 (KHTML, like Gecko) Chrome/125.0.0.0 Safari/537.36"
185.220.100.252 - - [05/May/2026:16:33:49 +0000] "GET /over-ons/ HTTP/1.1" 200 15509 "https://nipponia.nl/over-ons" "Mozilla/5.0 (Windows NT 10.0; Win64; x64) AppleWebKit/537.36 (KHTML, like Gecko) Chrome/125.0.0.0 Safari/537.36"
185.220.100.252 - - [05/May/2026:16:33:52 +0000] "GET /contact-2 HTTP/1.1" 301 - "https://nipponia.nl/contact-2" "Mozilla/5.0 (Windows NT 10.0; Win64; x64) AppleWebKit/537.36 (KHTML, like Gecko) Chrome/125.0.0.0 Safari/537.36"
185.220.100.252 - - [05/May/2026:16:33:54 +0000] "GET /contact-2/ HTTP/1.1" 200 14760 "https://nipponia.nl/contact-2" "Mozilla/5.0 (Windows NT 10.0; Win64; x64) AppleWebKit/537.36 (KHTML, like Gecko) Chrome/125.0.0.0 Safari/537.36"
171.25.193.46 - - [05/May/2026:16:33:57 +0000] "GET /e-viball-2 HTTP/1.1" 301 - "https://nipponia.nl/e-viball-2" "Mozilla/5.0 (Windows NT 10.0; Win64; x64) AppleWebKit/537.36 (KHTML, like Gecko) Chrome/125.0.0.0 Safari/537.36"
171.25.193.46 - - [05/May/2026:16:33:59 +0000] "GET /en/e-viball-2/ HTTP/1.1" 200 21089 "https://nipponia.nl/e-viball-2" "Mozilla/5.0 (Windows NT 10.0; Win64; x64) AppleWebKit/537.36 (KHTML, like Gecko) Chrome/125.0.0.0 Safari/537.36"
171.25.193.46 - - [05/May/2026:16:34:05 +0000] "GET /nl/benzine HTTP/1.1" 301 - "https://nipponia.nl/nl/benzine" "Mozilla/5.0 (Windows NT 10.0; Win64; x64) AppleWebKit/537.36 (KHTML, like Gecko) Chrome/125.0.0.0 Safari/537.36"
171.25.193.46 - - [05/May/2026:16:34:07 +0000] "GET /benzine/ HTTP/1.1" 200 15762 "https://nipponia.nl/nl/benzine" "Mozilla/5.0 (Windows NT 10.0; Win64; x64) AppleWebKit/537.36 (KHTML, like Gecko) Chrome/125.0.0.0 Safari/537.36"
110.249.201.32 - - [05/May/2026:16:35:58 +0000] "GET /en/dealer-network/ HTTP/1.1" 200 16381 "-" "Mozilla/5.0 (Linux; Android 5.0) AppleWebKit/537.36 (KHTML, like Gecko) Mobile Safari/537.36 (compatible; Bytespider; https://zhanzhang.toutiao.com/)"
110.249.201.83 - - [05/May/2026:16:36:00 +0000] "GET /wp-content/uploads/manuals/EREX_manual_EN.pdf HTTP/1.1" 200 250986 "-" "Mozilla/5.0 (Linux; Android 5.0) AppleWebKit/537.36 (KHTML, like Gecko) Mobile Safari/537.36 (compatible; Bytespider; https://zhanzhang.toutiao.com/)"
110.249.201.32 - - [05/May/2026:16:36:02 +0000] "GET /wp-content/themes/airi-child/style.css?ver=6.1.10 HTTP/1.1" 200 258 "https://nipponia.nl/en/dealer-network/" "Mozilla/5.0 (Linux; Android 5.0) AppleWebKit/537.36 (KHTML, like Gecko) Mobile Safari/537.36 (compatible; Bytespider; https://zhanzhang.toutiao.com/)"
110.249.201.32 - - [05/May/2026:16:36:02 +0000] "GET /wp-includes/js/jquery/jquery.min.js?ver=3.6.1 HTTP/1.1" 200 30995 "https://nipponia.nl/en/dealer-network/" "Mozilla/5.0 (Linux; Android 5.0) AppleWebKit/537.36 (KHTML, like Gecko) Mobile Safari/537.36 (compatible; Bytespider; https://zhanzhang.toutiao.com/)"
110.249.201.32 - - [05/May/2026:16:36:03 +0000] "GET /wp-content/uploads/2021/02/index-300x62.png HTTP/1.1" 206 500 "https://nipponia.nl/en/dealer-network/" "Mozilla/5.0 (Linux; Android 5.0) AppleWebKit/537.36 (KHTML, like Gecko) Mobile Safari/537.36 (compatible; Bytespider; https://zhanzhang.toutiao.com/)"
110.249.201.32 - - [05/May/2026:16:36:03 +0000] "GET /wp-content/cache/autoptimize/js/autoptimize_b204cf81ec98320b7a9de4f5787f9838.js HTTP/1.1" 200 142139 "https://nipponia.nl/en/dealer-network/" "Mozilla/5.0 (Linux; Android 5.0) AppleWebKit/537.36 (KHTML, like Gecko) Mobile Safari/537.36 (compatible; Bytespider; https://zhanzhang.toutiao.com/)"
110.249.201.137 - - [05/May/2026:16:36:03 +0000] "GET /wp-content/plugins/cookie-law-info/legacy/public/images/logo-cookieyes.svg HTTP/1.1" 206 500 "https://nipponia.nl/en/dealer-network/" "Mozilla/5.0 (Linux; Android 5.0) AppleWebKit/537.36 (KHTML, like Gecko) Mobile Safari/537.36 (compatible; Bytespider; https://zhanzhang.toutiao.com/)"
110.249.201.137 - - [05/May/2026:16:36:03 +0000] "GET /wp-content/plugins/cookie-law-info/legacy/public/images/logo-cookieyes.svg HTTP/1.1" 200 1098 "https://nipponia.nl/en/dealer-network/" "Mozilla/5.0 (Linux; Android 5.0) AppleWebKit/537.36 (KHTML, like Gecko) Mobile Safari/537.36 (compatible; Bytespider; https://zhanzhang.toutiao.com/)"
110.249.201.32 - - [05/May/2026:16:36:04 +0000] "GET /wp-admin/admin-ajax.php?lang=en&action=store_search&lat=52.4505373&lng=5.9958886&max_results=25&search_radius=50&autoload=1 HTTP/1.1" 200 9620 "https://nipponia.nl/en/dealer-network/" "Mozilla/5.0 (Linux; Android 5.0) AppleWebKit/537.36 (KHTML, like Gecko) Mobile Safari/537.36 (compatible; Bytespider; https://zhanzhang.toutiao.com/)"
111.225.149.228 - - [05/May/2026:16:36:23 +0000] "GET /wp-content/uploads/2021/12/e-Legance-Metallic-Red-Banner-720x405.jpg HTTP/1.1" 200 33865 "-" "Mozilla/5.0 (Linux; Android 5.0) AppleWebKit/537.36 (KHTML, like Gecko) Mobile Safari/537.36 (compatible; Bytespider; https://zhanzhang.toutiao.com/)"
110.249.201.112 - - [05/May/2026:16:36:22 +0000] "GET / HTTP/1.1" 200 16906 "-" "Mozilla/5.0 (Linux; Android 5.0) AppleWebKit/537.36 (KHTML, like Gecko) Mobile Safari/537.36 (compatible; Bytespider; https://zhanzhang.toutiao.com/)"
110.249.201.112 - - [05/May/2026:16:36:26 +0000] "GET /wp-content/plugins/premium-addons-for-elementor/assets/frontend/min-css/premium-addons.min.css?ver=4.10.82 HTTP/1.1" 200 45232 "https://nipponia.nl/" "Mozilla/5.0 (Linux; Android 5.0) AppleWebKit/537.36 (KHTML, like Gecko) Mobile Safari/537.36 (compatible; Bytespider; https://zhanzhang.toutiao.com/)"
110.249.201.112 - - [05/May/2026:16:36:26 +0000] "GET /wp-content/uploads/images/e-Rex.png HTTP/1.1" 206 500 "https://nipponia.nl/" "Mozilla/5.0 (Linux; Android 5.0) AppleWebKit/537.36 (KHTML, like Gecko) Mobile Safari/537.36 (compatible; Bytespider; https://zhanzhang.toutiao.com/)"
110.249.201.112 - - [05/May/2026:16:36:27 +0000] "GET /wp-content/uploads/2021/04/Trimo-Sea-720x720.jpg HTTP/1.1" 206 500 "https://nipponia.nl/" "Mozilla/5.0 (Linux; Android 5.0) AppleWebKit/537.36 (KHTML, like Gecko) Mobile Safari/537.36 (compatible; Bytespider; https://zhanzhang.toutiao.com/)"
110.249.201.93 - - [05/May/2026:16:36:27 +0000] "GET /wp-content/uploads/images/one.png HTTP/1.1" 206 500 "https://nipponia.nl/" "Mozilla/5.0 (Linux; Android 5.0) AppleWebKit/537.36 (KHTML, like Gecko) Mobile Safari/537.36 (compatible; Bytespider; https://zhanzhang.toutiao.com/)"
47.128.30.171 - - [05/May/2026:16:36:25 +0000] "GET /stores/k-s-motoren/ HTTP/1.1" 200 13288 "-" "Mozilla/5.0 (Linux; Android 5.0) AppleWebKit/537.36 (KHTML, like Gecko) Mobile Safari/537.36 (compatible; Bytespider; spider-feedback@bytedance.com)"
110.249.202.245 - - [05/May/2026:16:36:46 +0000] "GET /en/e-legance/ HTTP/1.1" 200 21005 "-" "Mozilla/5.0 (Linux; Android 5.0) AppleWebKit/537.36 (KHTML, like Gecko) Mobile Safari/537.36 (compatible; Bytespider; https://zhanzhang.toutiao.com/)"
110.249.202.245 - - [05/May/2026:16:36:51 +0000] "GET /wp-includes/css/classic-themes.min.css?ver=1 HTTP/1.1" 200 189 "https://nipponia.nl/en/e-legance/" "Mozilla/5.0 (Linux; Android 5.0) AppleWebKit/537.36 (KHTML, like Gecko) Mobile Safari/537.36 (compatible; Bytespider; https://zhanzhang.toutiao.com/)"
110.249.202.245 - - [05/May/2026:16:36:51 +0000] "GET /wp-content/cache/autoptimize/css/autoptimize_single_0e4a098f3f6e3faede64db8b9da80ba2.css?ver=5.7.7 HTTP/1.1" 200 877 "https://nipponia.nl/en/e-legance/" "Mozilla/5.0 (Linux; Android 5.0) AppleWebKit/537.36 (KHTML, like Gecko) Mobile Safari/537.36 (compatible; Bytespider; https://zhanzhang.toutiao.com/)"
110.249.202.29 - - [05/May/2026:16:36:51 +0000] "GET /wp-content/plugins/wp-store-locator/css/styles.min.css?ver=2.2.235 HTTP/1.1" 200 3368 "https://nipponia.nl/en/e-legance/" "Mozilla/5.0 (Linux; Android 5.0) AppleWebKit/537.36 (KHTML, like Gecko) Mobile Safari/537.36 (compatible; Bytespider; https://zhanzhang.toutiao.com/)"
110.249.202.148 - - [05/May/2026:16:36:52 +0000] "GET /wp-content/plugins/elementor/assets/css/frontend.min.css?ver=3.10.1 HTTP/1.1" 200 19457 "https://nipponia.nl/en/e-legance/" "Mozilla/5.0 (Linux; Android 5.0) AppleWebKit/537.36 (KHTML, like Gecko) Mobile Safari/537.36 (compatible; Bytespider; https://zhanzhang.toutiao.com/)"
110.249.202.29 - - [05/May/2026:16:36:52 +0000] "GET /wp-content/uploads/2021/12/B0005096.jpg HTTP/1.1" 206 500 "https://nipponia.nl/en/e-legance/" "Mozilla/5.0 (Linux; Android 5.0) AppleWebKit/537.36 (KHTML, like Gecko) Mobile Safari/537.36 (compatible; Bytespider; https://zhanzhang.toutiao.com/)"
110.249.202.29 - - [05/May/2026:16:36:53 +0000] "GET /wp-content/uploads/2021/12/B0004911.jpg HTTP/1.1" 206 500 "https://nipponia.nl/en/e-legance/" "Mozilla/5.0 (Linux; Android 5.0) AppleWebKit/537.36 (KHTML, like Gecko) Mobile Safari/537.36 (compatible; Bytespider; https://zhanzhang.toutiao.com/)"
110.249.202.29 - - [05/May/2026:16:36:53 +0000] "GET /wp-content/uploads/2021/12/B0004911.jpg HTTP/1.1" 304 - "https://nipponia.nl/en/e-legance/" "Mozilla/5.0 (Linux; Android 5.0) AppleWebKit/537.36 (KHTML, like Gecko) Mobile Safari/537.36 (compatible; Bytespider; https://zhanzhang.toutiao.com/)"
110.249.202.148 - - [05/May/2026:16:36:53 +0000] "GET /wp-content/uploads/2021/12/B0004885.jpg HTTP/1.1" 206 500 "https://nipponia.nl/en/e-legance/" "Mozilla/5.0 (Linux; Android 5.0) AppleWebKit/537.36 (KHTML, like Gecko) Mobile Safari/537.36 (compatible; Bytespider; https://zhanzhang.toutiao.com/)"
110.249.202.245 - - [05/May/2026:16:36:53 +0000] "GET /wp-content/uploads/2021/12/B0004874.jpg HTTP/1.1" 206 500 "https://nipponia.nl/en/e-legance/" "Mozilla/5.0 (Linux; Android 5.0) AppleWebKit/537.36 (KHTML, like Gecko) Mobile Safari/537.36 (compatible; Bytespider; https://zhanzhang.toutiao.com/)"
110.249.202.143 - - [05/May/2026:16:36:53 +0000] "GET /wp-content/uploads/2021/12/B0004875.jpg HTTP/1.1" 206 500 "https://nipponia.nl/en/e-legance/" "Mozilla/5.0 (Linux; Android 5.0) AppleWebKit/537.36 (KHTML, like Gecko) Mobile Safari/537.36 (compatible; Bytespider; https://zhanzhang.toutiao.com/)"
110.249.202.29 - - [05/May/2026:16:36:53 +0000] "GET /wp-content/uploads/2021/12/B0004871.jpg HTTP/1.1" 206 500 "https://nipponia.nl/en/e-legance/" "Mozilla/5.0 (Linux; Android 5.0) AppleWebKit/537.36 (KHTML, like Gecko) Mobile Safari/537.36 (compatible; Bytespider; https://zhanzhang.toutiao.com/)"
110.249.202.148 - - [05/May/2026:16:36:53 +0000] "GET /wp-content/uploads/2021/12/B0004862.jpg HTTP/1.1" 206 500 "https://nipponia.nl/en/e-legance/" "Mozilla/5.0 (Linux; Android 5.0) AppleWebKit/537.36 (KHTML, like Gecko) Mobile Safari/537.36 (compatible; Bytespider; https://zhanzhang.toutiao.com/)"
110.249.202.143 - - [05/May/2026:16:36:53 +0000] "GET /wp-content/uploads/2021/12/B0004885.jpg HTTP/1.1" 304 - "https://nipponia.nl/en/e-legance/" "Mozilla/5.0 (Linux; Android 5.0) AppleWebKit/537.36 (KHTML, like Gecko) Mobile Safari/537.36 (compatible; Bytespider; https://zhanzhang.toutiao.com/)"
110.249.202.29 - - [05/May/2026:16:36:54 +0000] "GET /wp-content/uploads/2021/12/B0004874.jpg HTTP/1.1" 304 - "https://nipponia.nl/en/e-legance/" "Mozilla/5.0 (Linux; Android 5.0) AppleWebKit/537.36 (KHTML, like Gecko) Mobile Safari/537.36 (compatible; Bytespider; https://zhanzhang.toutiao.com/)"
110.249.202.148 - - [05/May/2026:16:36:54 +0000] "GET /wp-content/uploads/2021/12/B0004875.jpg HTTP/1.1" 304 - "https://nipponia.nl/en/e-legance/" "Mozilla/5.0 (Linux; Android 5.0) AppleWebKit/537.36 (KHTML, like Gecko) Mobile Safari/537.36 (compatible; Bytespider; https://zhanzhang.toutiao.com/)"
110.249.202.245 - - [05/May/2026:16:36:53 +0000] "GET /wp-content/uploads/2021/12/B0004911.jpg HTTP/1.1" 206 124705 "https://nipponia.nl/en/e-legance/" "Mozilla/5.0 (Linux; Android 5.0) AppleWebKit/537.36 (KHTML, like Gecko) Mobile Safari/537.36 (compatible; Bytespider; https://zhanzhang.toutiao.com/)"
110.249.202.143 - - [05/May/2026:16:36:54 +0000] "GET /wp-content/uploads/2021/12/B0004871.jpg HTTP/1.1" 304 - "https://nipponia.nl/en/e-legance/" "Mozilla/5.0 (Linux; Android 5.0) AppleWebKit/537.36 (KHTML, like Gecko) Mobile Safari/537.36 (compatible; Bytespider; https://zhanzhang.toutiao.com/)"
110.249.202.29 - - [05/May/2026:16:36:54 +0000] "GET /wp-content/uploads/2021/12/B0004862.jpg HTTP/1.1" 304 - "https://nipponia.nl/en/e-legance/" "Mozilla/5.0 (Linux; Android 5.0) AppleWebKit/537.36 (KHTML, like Gecko) Mobile Safari/537.36 (compatible; Bytespider; https://zhanzhang.toutiao.com/)"
110.249.202.148 - - [05/May/2026:16:36:54 +0000] "GET /wp-content/uploads/2021/12/B0004885.jpg HTTP/1.1" 206 115301 "https://nipponia.nl/en/e-legance/" "Mozilla/5.0 (Linux; Android 5.0) AppleWebKit/537.36 (KHTML, like Gecko) Mobile Safari/537.36 (compatible; Bytespider; https://zhanzhang.toutiao.com/)"
110.249.202.143 - - [05/May/2026:16:36:54 +0000] "GET /wp-content/uploads/2021/12/B0004874.jpg HTTP/1.1" 206 229665 "https://nipponia.nl/en/e-legance/" "Mozilla/5.0 (Linux; Android 5.0) AppleWebKit/537.36 (KHTML, like Gecko) Mobile Safari/537.36 (compatible; Bytespider; https://zhanzhang.toutiao.com/)"
110.249.202.29 - - [05/May/2026:16:36:54 +0000] "GET /wp-content/uploads/2021/12/B0004871.jpg HTTP/1.1" 206 230082 "https://nipponia.nl/en/e-legance/" "Mozilla/5.0 (Linux; Android 5.0) AppleWebKit/537.36 (KHTML, like Gecko) Mobile Safari/537.36 (compatible; Bytespider; https://zhanzhang.toutiao.com/)"
110.249.202.53 - - [05/May/2026:16:36:54 +0000] "GET /wp-content/uploads/2021/12/B0004875.jpg HTTP/1.1" 206 226989 "https://nipponia.nl/en/e-legance/" "Mozilla/5.0 (Linux; Android 5.0) AppleWebKit/537.36 (KHTML, like Gecko) Mobile Safari/537.36 (compatible; Bytespider; https://zhanzhang.toutiao.com/)"
110.249.202.50 - - [05/May/2026:16:36:54 +0000] "GET /wp-content/uploads/2021/12/B0004862.jpg HTTP/1.1" 206 185407 "https://nipponia.nl/en/e-legance/" "Mozilla/5.0 (Linux; Android 5.0) AppleWebKit/537.36 (KHTML, like Gecko) Mobile Safari/537.36 (compatible; Bytespider; https://zhanzhang.toutiao.com/)"
111.225.148.149 - - [05/May/2026:16:37:57 +0000] "GET /wp-content/uploads/2025/05/prideRange-without-word-new-model-May-2025-720x720.jpg HTTP/1.1" 200 63483 "-" "Mozilla/5.0 (Linux; Android 5.0) AppleWebKit/537.36 (KHTML, like Gecko) Mobile Safari/537.36 (compatible; Bytespider; https://zhanzhang.toutiao.com/)"
111.225.148.33 - - [05/May/2026:16:38:46 +0000] "GET /wp-content/uploads/2022/06/Driewielscooter-Moto-Banner-updated-24-6-22-720x405.jpg HTTP/1.1" 200 39724 "-" "Mozilla/5.0 (Linux; Android 5.0) AppleWebKit/537.36 (KHTML, like Gecko) Mobile Safari/537.36 (compatible; Bytespider; https://zhanzhang.toutiao.com/)"
185.191.171.12 - - [05/May/2026:16:43:35 +0000] "GET /robots.txt HTTP/1.1" 200 122 "-" "Mozilla/5.0 (compatible; SemrushBot/7~bl; +http://www.semrush.com/bot.html)"
185.191.171.10 - - [05/May/2026:16:43:43 +0000] "GET /stores/tweewielerservice-faas/ HTTP/1.1" 200 13253 "-" "Mozilla/5.0 (compatible; SemrushBot/7~bl; +http://www.semrush.com/bot.html)"
66.249.92.193 - - [05/May/2026:16:47:02 +0000] "GET /contact-2/ HTTP/1.1" 200 14760 "-" "AdsBot-Google (+http://www.google.com/adsbot.html)"
66.249.92.193 - - [05/May/2026:16:47:07 +0000] "GET /wp-content/plugins/elementor/assets/lib/eicons/css/elementor-icons.min.css?ver=5.17.0 HTTP/1.1" 200 3969 "https://nipponia.nl/contact-2/" "AdsBot-Google (+http://www.google.com/adsbot.html)"
66.249.92.192 - - [05/May/2026:16:47:10 +0000] "GET /wp-content/plugins/premium-addons-for-elementor/assets/frontend/min-css/premium-addons.min.css?ver=4.10.82 HTTP/1.1" 200 45232 "https://nipponia.nl/contact-2/" "AdsBot-Google (+http://www.google.com/adsbot.html)"
66.249.92.192 - - [05/May/2026:16:47:12 +0000] "GET /wp-content/themes/airi/css/font-awesome/css/all.min.css?ver=6.1.10 HTTP/1.1" 200 12863 "https://nipponia.nl/contact-2/" "AdsBot-Google (+http://www.google.com/adsbot.html)"
66.249.92.192 - - [05/May/2026:16:47:14 +0000] "GET /wp-content/themes/airi-child/style.css?ver=6.1.10 HTTP/1.1" 200 258 "https://nipponia.nl/contact-2/" "AdsBot-Google (+http://www.google.com/adsbot.html)"
66.249.92.192 - - [05/May/2026:16:47:16 +0000] "GET /wp-includes/css/classic-themes.min.css?ver=1 HTTP/1.1" 200 189 "https://nipponia.nl/contact-2/" "AdsBot-Google (+http://www.google.com/adsbot.html)"
66.249.92.192 - - [05/May/2026:16:47:19 +0000] "GET /wp-includes/css/dist/block-library/style.min.css?ver=6.1.10 HTTP/1.1" 200 12540 "https://nipponia.nl/contact-2/" "AdsBot-Google (+http://www.google.com/adsbot.html)"
66.249.92.192 - - [05/May/2026:16:47:22 +0000] "GET /wp-content/cache/autoptimize/css/autoptimize_single_20e8490fab0dcf7557a5c8b54494db6f.css?ver=3.0.8 HTTP/1.1" 200 772 "https://nipponia.nl/contact-2/" "AdsBot-Google (+http://www.google.com/adsbot.html)"
66.249.92.192 - - [05/May/2026:16:47:25 +0000] "GET /wp-includes/js/wp-emoji-release.min.js?ver=6.1.10 HTTP/1.1" 200 5009 "https://nipponia.nl/contact-2/" "AdsBot-Google (+http://www.google.com/adsbot.html)"
66.249.92.192 - - [05/May/2026:16:47:28 +0000] "GET /wp-content/plugins/wp-store-locator/css/styles.min.css?ver=2.2.235 HTTP/1.1" 200 3368 "https://nipponia.nl/contact-2/" "AdsBot-Google (+http://www.google.com/adsbot.html)"
66.249.92.192 - - [05/May/2026:16:47:31 +0000] "GET /wp-content/plugins/elementor/assets/css/frontend.min.css?ver=3.10.1 HTTP/1.1" 200 19457 "https://nipponia.nl/contact-2/" "AdsBot-Google (+http://www.google.com/adsbot.html)"
66.249.92.192 - - [05/May/2026:16:47:33 +0000] "GET /wp-content/cache/autoptimize/css/autoptimize_single_fe05127da1f5e917a604362ab35daa3e.css?ver=1745830306 HTTP/1.1" 200 284 "https://nipponia.nl/contact-2/" "AdsBot-Google (+http://www.google.com/adsbot.html)"
66.249.92.192 - - [05/May/2026:16:47:39 +0000] "GET /wp-includes/js/dist/vendor/wp-polyfill.min.js?ver=3.15.0 HTTP/1.1" 200 6532 "https://nipponia.nl/contact-2/" "AdsBot-Google (+http://www.google.com/adsbot.html)"
66.249.92.192 - - [05/May/2026:16:47:42 +0000] "GET /wp-content/cache/autoptimize/js/autoptimize_d70dd6bb7be92d2866d726509940de92.js HTTP/1.1" 200 127225 "https://nipponia.nl/contact-2/" "AdsBot-Google (+http://www.google.com/adsbot.html)"
66.249.92.192 - - [05/May/2026:16:47:44 +0000] "GET /wp-content/fonts/work-sans/font HTTP/1.1" 200 25976 "https://nipponia.nl/contact-2/" "AdsBot-Google (+http://www.google.com/adsbot.html)"
66.249.92.192 - - [05/May/2026:16:47:47 +0000] "GET /wp-content/themes/airi/css/font-awesome/webfonts/fa-solid-900.woff2 HTTP/1.1" 200 78083 "https://nipponia.nl/wp-content/themes/airi/css/font-awesome/css/all.min.css?ver=6.1.10" "AdsBot-Google (+http://www.google.com/adsbot.html)"
85.208.96.198 - - [05/May/2026:16:47:50 +0000] "GET /en/user-manuals/ HTTP/1.1" 200 19251 "-" "Mozilla/5.0 (compatible; SemrushBot/7~bl; +http://www.semrush.com/bot.html)"
188.166.244.214 - - [05/May/2026:16:47:59 +0000] "POST /wp-login.php HTTP/1.1" 503 7327 "-" "Mozilla/5.0 (Windows NT 10.0; WOW64) AppleWebKit/537.43 (KHTML, like Gecko) Chrome/139.0.0.0 Safari/537.36 OPR/123.0.0.0"
20.123.172.228 - - [05/May/2026:16:48:38 +0000] "POST /wp-cron.php?doing_wp_cron=1777999718.9646549224853515625000 HTTP/1.1" 200 - "https://nipponia.nl/wp-cron.php?doing_wp_cron=1777999718.9646549224853515625000" "WordPress/6.1.10; https://nipponia.nl"
157.230.39.14 - - [05/May/2026:16:48:36 +0000] "GET /wp-login.php HTTP/1.1" 200 2613 "https://t.co/" "Mozilla/5.0 (Macintosh; Intel Mac OS X 13_6_1) AppleWebKit/537.36 (KHTML, like Gecko) Chrome/120.0.0.0 Safari/537.36"
157.230.39.14 - - [05/May/2026:16:48:43 +0000] "GET /?author=1 HTTP/1.1" 404 11423 "-" "Mozilla/5.0 (Macintosh; Intel Mac OS X 13_6_1) AppleWebKit/537.36 (KHTML, like Gecko) Chrome/120.0.0.0 Safari/537.36"
157.230.39.14 - - [05/May/2026:16:48:49 +0000] "GET /?author=2 HTTP/1.1" 404 11423 "https://wordpress.org/" "Mozilla/5.0 (Windows NT 10.0; Win64; x64; rv:120.0) Gecko/20100101 Firefox/120.0"
157.230.39.14 - - [05/May/2026:16:48:55 +0000] "GET /?author=3 HTTP/1.1" 404 11423 "-" "Mozilla/5.0 (X11; Linux x86_64) AppleWebKit/537.36 (KHTML, like Gecko) Chrome/121.0.0.0 Safari/537.36"
157.230.39.14 - - [05/May/2026:16:49:02 +0000] "GET /?author=4 HTTP/1.1" 404 11423 "https://www.bing.com/" "Mozilla/5.0 (Macintosh; Intel Mac OS X 10_15_7) AppleWebKit/605.1.15 (KHTML, like Gecko) Version/17.0 Safari/605.1.15"
157.230.39.14 - - [05/May/2026:16:49:10 +0000] "GET /?author=5 HTTP/1.1" 404 11423 "-" "Mozilla/5.0 (Macintosh; Intel Mac OS X 10_15_7) AppleWebKit/605.1.15 (KHTML, like Gecko) Version/17.2 Safari/605.1.15"
157.230.39.14 - - [05/May/2026:16:49:16 +0000] "GET /wp-json/wp/v2/users HTTP/1.1" 401 110 "-" "Mozilla/5.0 (X11; Ubuntu; Linux x86_64) AppleWebKit/537.36 (KHTML, like Gecko) Chrome/118.0.0.0 Safari/537.36"
157.230.39.14 - - [05/May/2026:16:49:22 +0000] "POST /wp-login.php HTTP/1.1" 503 7312 "https://nipponia.nl/wp-login.php" "Mozilla/5.0 (Macintosh; Intel Mac OS X 13_6_1) AppleWebKit/605.1.15 (KHTML, like Gecko) Version/16.6 Safari/605.1.15"
157.230.39.14 - - [05/May/2026:16:49:30 +0000] "GET /wp-admin/index.php HTTP/1.1" 503 7312 "https://nipponia.nl/wp-login.php" "Mozilla/5.0 (Windows NT 11.0; Win64; x64; rv:119.0) Gecko/20100101 Firefox/119.0"
157.230.39.14 - - [05/May/2026:16:49:36 +0000] "GET /wp-admin/profile.php HTTP/1.1" 503 7312 "https://nipponia.nl/wp-login.php" "Mozilla/5.0 (Windows NT 11.0; Win64; x64; rv:119.0) Gecko/20100101 Firefox/119.0"
157.230.39.14 - - [05/May/2026:16:49:43 +0000] "GET /wp-admin/edit.php HTTP/1.1" 503 7312 "https://nipponia.nl/wp-login.php" "Mozilla/5.0 (Windows NT 11.0; Win64; x64; rv:119.0) Gecko/20100101 Firefox/119.0"
157.230.39.14 - - [05/May/2026:16:49:49 +0000] "GET /wp-admin/plugins.php HTTP/1.1" 503 7312 "https://nipponia.nl/wp-login.php" "Mozilla/5.0 (Windows NT 11.0; Win64; x64; rv:119.0) Gecko/20100101 Firefox/119.0"
157.230.39.14 - - [05/May/2026:16:49:55 +0000] "POST /wp-login.php HTTP/1.1" 503 7109 "https://nipponia.nl/wp-login.php" "Mozilla/5.0 (X11; Linux x86_64) AppleWebKit/537.36 (KHTML, like Gecko) Chrome/121.0.0.0 Safari/537.36"
157.230.39.14 - - [05/May/2026:16:49:59 +0000] "GET /wp-admin/index.php HTTP/1.1" 503 7312 "https://nipponia.nl/wp-login.php" "Mozilla/5.0 (Macintosh; Intel Mac OS X 13_6_1) AppleWebKit/537.36 (KHTML, like Gecko) Chrome/119.0.0.0 Safari/537.36"
20.123.172.228 - - [05/May/2026:16:50:01 +0000] "POST /?wordfence_syncAttackData=1777999801.5331 HTTP/1.1" 200 - "https://nipponia.nl/?wordfence_syncAttackData=1777999801.5331" "WordPress/6.1.10; https://nipponia.nl"
157.230.39.14 - - [05/May/2026:16:50:11 +0000] "GET /wp-admin/profile.php HTTP/1.1" 503 7312 "https://nipponia.nl/wp-login.php" "Mozilla/5.0 (Macintosh; Intel Mac OS X 13_6_1) AppleWebKit/537.36 (KHTML, like Gecko) Chrome/119.0.0.0 Safari/537.36"
157.230.39.14 - - [05/May/2026:16:50:18 +0000] "GET /wp-admin/edit.php HTTP/1.1" 503 7312 "https://nipponia.nl/wp-login.php" "Mozilla/5.0 (Macintosh; Intel Mac OS X 13_6_1) AppleWebKit/537.36 (KHTML, like Gecko) Chrome/119.0.0.0 Safari/537.36"
157.230.39.14 - - [05/May/2026:16:50:25 +0000] "GET /wp-admin/plugins.php HTTP/1.1" 503 7312 "https://nipponia.nl/wp-login.php" "Mozilla/5.0 (Macintosh; Intel Mac OS X 13_6_1) AppleWebKit/537.36 (KHTML, like Gecko) Chrome/119.0.0.0 Safari/537.36"
157.230.39.14 - - [05/May/2026:16:50:42 +0000] "POST /wp-login.php HTTP/1.1" 503 7109 "https://nipponia.nl/wp-login.php" "Mozilla/5.0 (Windows NT 11.0; Win64; x64) AppleWebKit/537.36 (KHTML, like Gecko) Chrome/120.0.0.0 Safari/537.36"
157.230.39.14 - - [05/May/2026:16:50:48 +0000] "GET /wp-admin/index.php HTTP/1.1" 503 7312 "https://nipponia.nl/wp-login.php" "Mozilla/5.0 (Macintosh; Intel Mac OS X 10_15_7) AppleWebKit/605.1.15 (KHTML, like Gecko) Version/17.0 Safari/605.1.15"
20.123.172.228 - - [05/May/2026:16:50:50 +0000] "POST /?wordfence_syncAttackData=1777999850.3575 HTTP/1.1" 200 - "https://nipponia.nl/?wordfence_syncAttackData=1777999850.3575" "WordPress/6.1.10; https://nipponia.nl"
157.230.39.14 - - [05/May/2026:16:50:57 +0000] "GET /wp-admin/profile.php HTTP/1.1" 503 7312 "https://nipponia.nl/wp-login.php" "Mozilla/5.0 (Macintosh; Intel Mac OS X 10_15_7) AppleWebKit/605.1.15 (KHTML, like Gecko) Version/17.0 Safari/605.1.15"
157.230.39.14 - - [05/May/2026:16:51:09 +0000] "GET /wp-admin/edit.php HTTP/1.1" 503 7312 "https://nipponia.nl/wp-login.php" "Mozilla/5.0 (Macintosh; Intel Mac OS X 10_15_7) AppleWebKit/605.1.15 (KHTML, like Gecko) Version/17.0 Safari/605.1.15"
157.230.39.14 - - [05/May/2026:16:51:15 +0000] "GET /wp-admin/plugins.php HTTP/1.1" 503 7312 "https://nipponia.nl/wp-login.php" "Mozilla/5.0 (Macintosh; Intel Mac OS X 10_15_7) AppleWebKit/605.1.15 (KHTML, like Gecko) Version/17.0 Safari/605.1.15"
157.230.39.14 - - [05/May/2026:16:51:22 +0000] "POST /wp-login.php HTTP/1.1" 503 7107 "https://nipponia.nl/wp-login.php" "Mozilla/5.0 (Windows NT 10.0; Win64; x64; rv:120.0) Gecko/20100101 Firefox/120.0"
20.123.172.228 - - [05/May/2026:16:51:25 +0000] "POST /wp-cron.php?doing_wp_cron=1777999885.6735670566558837890625 HTTP/1.1" 200 - "https://nipponia.nl/wp-cron.php?doing_wp_cron=1777999885.6735670566558837890625" "WordPress/6.1.10; https://nipponia.nl"
20.123.172.228 - - [05/May/2026:16:51:24 +0000] "POST /?wordfence_syncAttackData=1777999884.1362 HTTP/1.1" 200 - "https://nipponia.nl/?wordfence_syncAttackData=1777999884.1362" "WordPress/6.1.10; https://nipponia.nl"
198.235.24.161 - - [05/May/2026:16:51:22 +0000] "GET / HTTP/1.1" 200 89935 "http://europe.nipponia.com/" "Hello from Palo Alto Networks, find out more about our scans in https://docs-cortex.paloaltonetworks.com/r/1/Cortex-Xpanse/Scanning-activity"
157.230.39.14 - - [05/May/2026:16:51:28 +0000] "GET /wp-admin/index.php HTTP/1.1" 503 7312 "https://nipponia.nl/wp-login.php" "Mozilla/5.0 (Macintosh; Intel Mac OS X 13_6_1) AppleWebKit/605.1.15 (KHTML, like Gecko) Version/17.2 Safari/605.1.15"
157.230.39.14 - - [05/May/2026:16:51:34 +0000] "GET /wp-admin/profile.php HTTP/1.1" 503 7312 "https://nipponia.nl/wp-login.php" "Mozilla/5.0 (Macintosh; Intel Mac OS X 13_6_1) AppleWebKit/605.1.15 (KHTML, like Gecko) Version/17.2 Safari/605.1.15"
157.230.39.14 - - [05/May/2026:16:51:40 +0000] "GET /wp-admin/edit.php HTTP/1.1" 503 7312 "https://nipponia.nl/wp-login.php" "Mozilla/5.0 (Macintosh; Intel Mac OS X 13_6_1) AppleWebKit/605.1.15 (KHTML, like Gecko) Version/17.2 Safari/605.1.15"
157.230.39.14 - - [05/May/2026:16:51:46 +0000] "GET /wp-admin/plugins.php HTTP/1.1" 503 7312 "https://nipponia.nl/wp-login.php" "Mozilla/5.0 (Macintosh; Intel Mac OS X 13_6_1) AppleWebKit/605.1.15 (KHTML, like Gecko) Version/17.2 Safari/605.1.15"
157.230.39.14 - - [05/May/2026:16:51:51 +0000] "POST /wp-login.php HTTP/1.1" 503 7108 "https://nipponia.nl/wp-login.php" "Mozilla/5.0 (Macintosh; Intel Mac OS X 13_6_1) AppleWebKit/605.1.15 (KHTML, like Gecko) Version/17.0 Safari/605.1.15"
157.230.39.14 - - [05/May/2026:16:52:01 +0000] "GET /wp-admin/index.php HTTP/1.1" 503 7312 "https://nipponia.nl/wp-login.php" "Mozilla/5.0 (Windows NT 11.0; Win64; x64) AppleWebKit/537.36 (KHTML, like Gecko) Chrome/121.0.0.0 Safari/537.36"
20.123.172.228 - - [05/May/2026:16:52:03 +0000] "POST /?wordfence_syncAttackData=1777999923.2619 HTTP/1.1" 200 - "https://nipponia.nl/?wordfence_syncAttackData=1777999923.2619" "WordPress/6.1.10; https://nipponia.nl"
157.230.39.14 - - [05/May/2026:16:52:11 +0000] "GET /wp-admin/profile.php HTTP/1.1" 503 7312 "https://nipponia.nl/wp-login.php" "Mozilla/5.0 (Windows NT 11.0; Win64; x64) AppleWebKit/537.36 (KHTML, like Gecko) Chrome/121.0.0.0 Safari/537.36"
157.230.39.14 - - [05/May/2026:16:52:20 +0000] "GET /wp-admin/edit.php HTTP/1.1" 503 7312 "https://nipponia.nl/wp-login.php" "Mozilla/5.0 (Windows NT 11.0; Win64; x64) AppleWebKit/537.36 (KHTML, like Gecko) Chrome/121.0.0.0 Safari/537.36"
157.230.39.14 - - [05/May/2026:16:52:29 +0000] "GET /wp-admin/plugins.php HTTP/1.1" 503 7312 "https://nipponia.nl/wp-login.php" "Mozilla/5.0 (Windows NT 11.0; Win64; x64) AppleWebKit/537.36 (KHTML, like Gecko) Chrome/121.0.0.0 Safari/537.36"
157.230.39.14 - - [05/May/2026:16:52:35 +0000] "POST /wp-login.php HTTP/1.1" 503 7109 "https://nipponia.nl/wp-login.php" "Mozilla/5.0 (Macintosh; Intel Mac OS X 10_15_7) AppleWebKit/605.1.15 (KHTML, like Gecko) Version/17.1 Safari/605.1.15"
157.230.39.14 - - [05/May/2026:16:52:40 +0000] "GET /wp-admin/index.php HTTP/1.1" 503 7312 "https://nipponia.nl/wp-login.php" "Mozilla/5.0 (Macintosh; Intel Mac OS X 13_6_1) AppleWebKit/537.36 (KHTML, like Gecko) Chrome/119.0.0.0 Safari/537.36"
20.123.172.228 - - [05/May/2026:16:52:42 +0000] "POST /?wordfence_syncAttackData=1777999962.3567 HTTP/1.1" 200 - "https://nipponia.nl/?wordfence_syncAttackData=1777999962.3567" "WordPress/6.1.10; https://nipponia.nl"
157.230.39.14 - - [05/May/2026:16:52:50 +0000] "GET /wp-admin/profile.php HTTP/1.1" 503 7312 "https://nipponia.nl/wp-login.php" "Mozilla/5.0 (Macintosh; Intel Mac OS X 13_6_1) AppleWebKit/537.36 (KHTML, like Gecko) Chrome/119.0.0.0 Safari/537.36"
157.230.39.14 - - [05/May/2026:16:52:57 +0000] "GET /wp-admin/edit.php HTTP/1.1" 503 7312 "https://nipponia.nl/wp-login.php" "Mozilla/5.0 (Macintosh; Intel Mac OS X 13_6_1) AppleWebKit/537.36 (KHTML, like Gecko) Chrome/119.0.0.0 Safari/537.36"
157.230.39.14 - - [05/May/2026:16:53:04 +0000] "GET /wp-admin/plugins.php HTTP/1.1" 503 7311 "https://nipponia.nl/wp-login.php" "Mozilla/5.0 (Macintosh; Intel Mac OS X 13_6_1) AppleWebKit/537.36 (KHTML, like Gecko) Chrome/119.0.0.0 Safari/537.36"
157.230.39.14 - - [05/May/2026:16:53:12 +0000] "POST /wp-login.php HTTP/1.1" 503 7109 "https://nipponia.nl/wp-login.php" "Mozilla/5.0 (X11; Linux x86_64) AppleWebKit/537.36 (KHTML, like Gecko) Chrome/119.0.0.0 Safari/537.36"
157.230.39.14 - - [05/May/2026:16:53:18 +0000] "GET /wp-admin/index.php HTTP/1.1" 503 7312 "https://nipponia.nl/wp-login.php" "Mozilla/5.0 (Windows NT 10.0; Win64; x64; rv:119.0) Gecko/20100101 Firefox/119.0"
20.123.172.228 - - [05/May/2026:16:53:20 +0000] "POST /?wordfence_syncAttackData=1778000000.3542 HTTP/1.1" 200 - "https://nipponia.nl/?wordfence_syncAttackData=1778000000.3542" "WordPress/6.1.10; https://nipponia.nl"
157.230.39.14 - - [05/May/2026:16:53:27 +0000] "GET /wp-admin/profile.php HTTP/1.1" 503 7312 "https://nipponia.nl/wp-login.php" "Mozilla/5.0 (Windows NT 10.0; Win64; x64; rv:119.0) Gecko/20100101 Firefox/119.0"
157.230.39.14 - - [05/May/2026:16:53:35 +0000] "GET /wp-admin/edit.php HTTP/1.1" 503 7312 "https://nipponia.nl/wp-login.php" "Mozilla/5.0 (Windows NT 10.0; Win64; x64; rv:119.0) Gecko/20100101 Firefox/119.0"
157.230.39.14 - - [05/May/2026:16:53:42 +0000] "GET /wp-admin/plugins.php HTTP/1.1" 503 7312 "https://nipponia.nl/wp-login.php" "Mozilla/5.0 (Windows NT 10.0; Win64; x64; rv:119.0) Gecko/20100101 Firefox/119.0"
157.230.39.14 - - [05/May/2026:16:53:50 +0000] "POST /wp-login.php HTTP/1.1" 503 7109 "https://nipponia.nl/wp-login.php" "Mozilla/5.0 (Macintosh; Intel Mac OS X 13_6_1) AppleWebKit/605.1.15 (KHTML, like Gecko) Version/17.0 Safari/605.1.15"
157.230.39.14 - - [05/May/2026:16:53:57 +0000] "GET /wp-admin/index.php HTTP/1.1" 503 7311 "https://nipponia.nl/wp-login.php" "Mozilla/5.0 (Macintosh; Intel Mac OS X 13_6_1) AppleWebKit/537.36 (KHTML, like Gecko) Chrome/121.0.0.0 Safari/537.36"
20.123.172.228 - - [05/May/2026:16:53:58 +0000] "POST /?wordfence_syncAttackData=1778000038.9822 HTTP/1.1" 200 - "https://nipponia.nl/?wordfence_syncAttackData=1778000038.9822" "WordPress/6.1.10; https://nipponia.nl"
157.230.39.14 - - [05/May/2026:16:54:07 +0000] "GET /wp-admin/profile.php HTTP/1.1" 503 7312 "https://nipponia.nl/wp-login.php" "Mozilla/5.0 (Macintosh; Intel Mac OS X 13_6_1) AppleWebKit/537.36 (KHTML, like Gecko) Chrome/121.0.0.0 Safari/537.36"
157.230.39.14 - - [05/May/2026:16:54:15 +0000] "GET /wp-admin/edit.php HTTP/1.1" 503 7312 "https://nipponia.nl/wp-login.php" "Mozilla/5.0 (Macintosh; Intel Mac OS X 13_6_1) AppleWebKit/537.36 (KHTML, like Gecko) Chrome/121.0.0.0 Safari/537.36"
157.230.39.14 - - [05/May/2026:16:54:23 +0000] "GET /wp-admin/plugins.php HTTP/1.1" 503 7312 "https://nipponia.nl/wp-login.php" "Mozilla/5.0 (Macintosh; Intel Mac OS X 13_6_1) AppleWebKit/537.36 (KHTML, like Gecko) Chrome/121.0.0.0 Safari/537.36"
157.230.39.14 - - [05/May/2026:16:54:32 +0000] "POST /wp-login.php HTTP/1.1" 503 7109 "https://nipponia.nl/wp-login.php" "Mozilla/5.0 (Macintosh; Intel Mac OS X 10_15_7; rv:121.0) Gecko/20100101 Firefox/121.0"
157.230.39.14 - - [05/May/2026:16:54:39 +0000] "GET /wp-admin/index.php HTTP/1.1" 503 7312 "https://nipponia.nl/wp-login.php" "Mozilla/5.0 (Windows NT 11.0; Win64; x64; rv:119.0) Gecko/20100101 Firefox/119.0"
20.123.172.228 - - [05/May/2026:16:54:41 +0000] "POST /?wordfence_syncAttackData=1778000081.2025 HTTP/1.1" 200 - "https://nipponia.nl/?wordfence_syncAttackData=1778000081.2025" "WordPress/6.1.10; https://nipponia.nl"
157.230.39.14 - - [05/May/2026:16:54:48 +0000] "GET /wp-admin/profile.php HTTP/1.1" 503 7312 "https://nipponia.nl/wp-login.php" "Mozilla/5.0 (Windows NT 11.0; Win64; x64; rv:119.0) Gecko/20100101 Firefox/119.0"
157.230.39.14 - - [05/May/2026:16:54:55 +0000] "GET /wp-admin/edit.php HTTP/1.1" 503 7312 "https://nipponia.nl/wp-login.php" "Mozilla/5.0 (Windows NT 11.0; Win64; x64; rv:119.0) Gecko/20100101 Firefox/119.0"
157.230.39.14 - - [05/May/2026:16:55:03 +0000] "GET /wp-admin/plugins.php HTTP/1.1" 503 7312 "https://nipponia.nl/wp-login.php" "Mozilla/5.0 (Windows NT 11.0; Win64; x64; rv:119.0) Gecko/20100101 Firefox/119.0"
157.230.39.14 - - [05/May/2026:16:55:10 +0000] "POST /wp-login.php HTTP/1.1" 503 7109 "https://nipponia.nl/wp-login.php" "Mozilla/5.0 (Macintosh; Intel Mac OS X 13_6_1) AppleWebKit/605.1.15 (KHTML, like Gecko) Version/17.1 Safari/605.1.15"
157.230.39.14 - - [05/May/2026:16:55:17 +0000] "GET /wp-admin/index.php HTTP/1.1" 503 7312 "https://nipponia.nl/wp-login.php" "Mozilla/5.0 (Windows NT 10.0; Win64; x64; rv:121.0) Gecko/20100101 Firefox/121.0"
20.123.172.228 - - [05/May/2026:16:55:18 +0000] "POST /?wordfence_syncAttackData=1778000118.6846 HTTP/1.1" 200 - "https://nipponia.nl/?wordfence_syncAttackData=1778000118.6846" "WordPress/6.1.10; https://nipponia.nl"
157.230.39.14 - - [05/May/2026:16:55:25 +0000] "GET /wp-admin/profile.php HTTP/1.1" 503 7311 "https://nipponia.nl/wp-login.php" "Mozilla/5.0 (Windows NT 10.0; Win64; x64; rv:121.0) Gecko/20100101 Firefox/121.0"
157.230.39.14 - - [05/May/2026:16:55:32 +0000] "GET /wp-admin/edit.php HTTP/1.1" 503 7312 "https://nipponia.nl/wp-login.php" "Mozilla/5.0 (Windows NT 10.0; Win64; x64; rv:121.0) Gecko/20100101 Firefox/121.0"
157.230.39.14 - - [05/May/2026:16:55:37 +0000] "GET /wp-admin/plugins.php HTTP/1.1" 503 7312 "https://nipponia.nl/wp-login.php" "Mozilla/5.0 (Windows NT 10.0; Win64; x64; rv:121.0) Gecko/20100101 Firefox/121.0"
157.230.39.14 - - [05/May/2026:16:55:44 +0000] "POST /wp-login.php HTTP/1.1" 503 7109 "https://nipponia.nl/wp-login.php" "Mozilla/5.0 (Macintosh; Intel Mac OS X 13_6_1) AppleWebKit/605.1.15 (KHTML, like Gecko) Version/16.6 Safari/605.1.15"
157.230.39.14 - - [05/May/2026:16:55:49 +0000] "GET /wp-admin/index.php HTTP/1.1" 503 7312 "https://nipponia.nl/wp-login.php" "Mozilla/5.0 (Macintosh; Intel Mac OS X 13_6_1; rv:121.0) Gecko/20100101 Firefox/121.0"
20.123.172.228 - - [05/May/2026:16:55:50 +0000] "POST /?wordfence_syncAttackData=1778000150.5427 HTTP/1.1" 200 - "https://nipponia.nl/?wordfence_syncAttackData=1778000150.5427" "WordPress/6.1.10; https://nipponia.nl"
157.230.39.14 - - [05/May/2026:16:56:04 +0000] "GET /wp-admin/profile.php HTTP/1.1" 503 7312 "https://nipponia.nl/wp-login.php" "Mozilla/5.0 (Macintosh; Intel Mac OS X 13_6_1; rv:121.0) Gecko/20100101 Firefox/121.0"
157.230.39.14 - - [05/May/2026:16:56:11 +0000] "GET /wp-admin/edit.php HTTP/1.1" 503 7312 "https://nipponia.nl/wp-login.php" "Mozilla/5.0 (Macintosh; Intel Mac OS X 13_6_1; rv:121.0) Gecko/20100101 Firefox/121.0"
157.230.39.14 - - [05/May/2026:16:56:17 +0000] "GET /wp-admin/plugins.php HTTP/1.1" 503 7312 "https://nipponia.nl/wp-login.php" "Mozilla/5.0 (Macintosh; Intel Mac OS X 13_6_1; rv:121.0) Gecko/20100101 Firefox/121.0"
157.230.39.14 - - [05/May/2026:16:56:23 +0000] "POST /wp-login.php HTTP/1.1" 503 7109 "https://nipponia.nl/wp-login.php" "Mozilla/5.0 (X11; Linux x86_64) AppleWebKit/537.36 (KHTML, like Gecko) Chrome/118.0.0.0 Safari/537.36"
157.230.39.14 - - [05/May/2026:16:56:28 +0000] "GET /wp-admin/index.php HTTP/1.1" 503 7312 "https://nipponia.nl/wp-login.php" "Mozilla/5.0 (Windows NT 10.0; Win64; x64) AppleWebKit/537.36 (KHTML, like Gecko) Chrome/118.0.0.0 Safari/537.36"
20.123.172.228 - - [05/May/2026:16:56:29 +0000] "POST /?wordfence_syncAttackData=1778000189.551 HTTP/1.1" 200 - "https://nipponia.nl/?wordfence_syncAttackData=1778000189.551" "WordPress/6.1.10; https://nipponia.nl"
157.230.39.14 - - [05/May/2026:16:56:34 +0000] "GET /wp-admin/profile.php HTTP/1.1" 503 7312 "https://nipponia.nl/wp-login.php" "Mozilla/5.0 (Windows NT 10.0; Win64; x64) AppleWebKit/537.36 (KHTML, like Gecko) Chrome/118.0.0.0 Safari/537.36"
157.230.39.14 - - [05/May/2026:16:56:40 +0000] "GET /wp-admin/edit.php HTTP/1.1" 503 7312 "https://nipponia.nl/wp-login.php" "Mozilla/5.0 (Windows NT 10.0; Win64; x64) AppleWebKit/537.36 (KHTML, like Gecko) Chrome/118.0.0.0 Safari/537.36"
157.230.39.14 - - [05/May/2026:16:56:45 +0000] "GET /wp-admin/plugins.php HTTP/1.1" 503 7312 "https://nipponia.nl/wp-login.php" "Mozilla/5.0 (Windows NT 10.0; Win64; x64) AppleWebKit/537.36 (KHTML, like Gecko) Chrome/118.0.0.0 Safari/537.36"
157.230.39.14 - - [05/May/2026:16:56:51 +0000] "POST /wp-login.php HTTP/1.1" 503 7108 "https://nipponia.nl/wp-login.php" "Mozilla/5.0 (Macintosh; Intel Mac OS X 10_15_7) AppleWebKit/605.1.15 (KHTML, like Gecko) Version/17.2 Safari/605.1.15"
157.230.39.14 - - [05/May/2026:16:56:56 +0000] "GET /wp-admin/index.php HTTP/1.1" 503 7311 "https://nipponia.nl/wp-login.php" "Mozilla/5.0 (Windows NT 11.0; Win64; x64) AppleWebKit/537.36 (KHTML, like Gecko) Chrome/120.0.0.0 Safari/537.36"
20.123.172.228 - - [05/May/2026:16:56:57 +0000] "POST /?wordfence_syncAttackData=1778000217.5207 HTTP/1.1" 200 - "https://nipponia.nl/?wordfence_syncAttackData=1778000217.5207" "WordPress/6.1.10; https://nipponia.nl"
157.230.39.14 - - [05/May/2026:16:57:03 +0000] "GET /wp-admin/profile.php HTTP/1.1" 503 7312 "https://nipponia.nl/wp-login.php" "Mozilla/5.0 (Windows NT 11.0; Win64; x64) AppleWebKit/537.36 (KHTML, like Gecko) Chrome/120.0.0.0 Safari/537.36"
157.230.39.14 - - [05/May/2026:16:57:09 +0000] "GET /wp-admin/edit.php HTTP/1.1" 503 7312 "https://nipponia.nl/wp-login.php" "Mozilla/5.0 (Windows NT 11.0; Win64; x64) AppleWebKit/537.36 (KHTML, like Gecko) Chrome/120.0.0.0 Safari/537.36"
157.230.39.14 - - [05/May/2026:16:57:23 +0000] "GET /wp-admin/plugins.php HTTP/1.1" 503 7312 "https://nipponia.nl/wp-login.php" "Mozilla/5.0 (Windows NT 11.0; Win64; x64) AppleWebKit/537.36 (KHTML, like Gecko) Chrome/120.0.0.0 Safari/537.36"
157.230.39.14 - - [05/May/2026:16:57:29 +0000] "POST /wp-login.php HTTP/1.1" 503 7109 "https://nipponia.nl/wp-login.php" "Mozilla/5.0 (Macintosh; Intel Mac OS X 13_6_1) AppleWebKit/605.1.15 (KHTML, like Gecko) Version/17.0 Safari/605.1.15"
20.123.172.228 - - [05/May/2026:16:57:31 +0000] "POST /?wordfence_syncAttackData=1778000251.0181 HTTP/1.1" 200 - "https://nipponia.nl/?wordfence_syncAttackData=1778000251.0181" "WordPress/6.1.10; https://nipponia.nl"
