157.230.39.14 - - [05/May/2026:17:23:54 +0000] "GET /wp-admin/profile.php HTTP/1.1" 503 7312 "https://nipponia.nl/wp-login.php" "Mozilla/5.0 (Windows NT 10.0; Win64; x64) AppleWebKit/537.36 (KHTML, like Gecko) Chrome/118.0.0.0 Safari/537.36"
157.230.39.14 - - [05/May/2026:17:24:00 +0000] "GET /wp-admin/edit.php HTTP/1.1" 503 7312 "https://nipponia.nl/wp-login.php" "Mozilla/5.0 (Windows NT 10.0; Win64; x64) AppleWebKit/537.36 (KHTML, like Gecko) Chrome/118.0.0.0 Safari/537.36"
84.26.55.179 - - [05/May/2026:17:24:05 +0000] "GET /wp-admin/admin-ajax.php?lang=nl&action=store_search&lat=51.5586193&lng=5.0586319&max_results=25&search_radius=50 HTTP/1.1" 200 2229 "https://nipponia.nl/dealer-netwerk/" "Mozilla/5.0 (Windows NT 10.0; Win64; x64) AppleWebKit/537.36 (KHTML, like Gecko) Chrome/147.0.0.0 Safari/537.36 Edg/147.0.0.0"
157.230.39.14 - - [05/May/2026:17:24:06 +0000] "GET /wp-admin/plugins.php HTTP/1.1" 503 7312 "https://nipponia.nl/wp-login.php" "Mozilla/5.0 (Windows NT 10.0; Win64; x64) AppleWebKit/537.36 (KHTML, like Gecko) Chrome/118.0.0.0 Safari/537.36"
157.230.39.14 - - [05/May/2026:17:24:11 +0000] "POST /wp-login.php HTTP/1.1" 503 7109 "https://nipponia.nl/wp-login.php" "Mozilla/5.0 (X11; Ubuntu; Linux x86_64) AppleWebKit/537.36 (KHTML, like Gecko) Chrome/120.0.0.0 Safari/537.36"
157.230.39.14 - - [05/May/2026:17:24:16 +0000] "GET /wp-admin/index.php HTTP/1.1" 503 7312 "https://nipponia.nl/wp-login.php" "Mozilla/5.0 (Macintosh; Intel Mac OS X 10_15_7; rv:119.0) Gecko/20100101 Firefox/119.0"
20.123.172.228 - - [05/May/2026:17:24:17 +0000] "POST /?wordfence_syncAttackData=1778001857.3498 HTTP/1.1" 200 - "https://nipponia.nl/?wordfence_syncAttackData=1778001857.3498" "WordPress/6.1.10; https://nipponia.nl"
157.230.39.14 - - [05/May/2026:17:24:22 +0000] "GET /wp-admin/profile.php HTTP/1.1" 503 7312 "https://nipponia.nl/wp-login.php" "Mozilla/5.0 (Macintosh; Intel Mac OS X 10_15_7; rv:119.0) Gecko/20100101 Firefox/119.0"
157.230.39.14 - - [05/May/2026:17:24:28 +0000] "GET /wp-admin/edit.php HTTP/1.1" 503 7312 "https://nipponia.nl/wp-login.php" "Mozilla/5.0 (Macintosh; Intel Mac OS X 10_15_7; rv:119.0) Gecko/20100101 Firefox/119.0"
157.230.39.14 - - [05/May/2026:17:24:33 +0000] "GET /wp-admin/plugins.php HTTP/1.1" 503 7312 "https://nipponia.nl/wp-login.php" "Mozilla/5.0 (Macintosh; Intel Mac OS X 10_15_7; rv:119.0) Gecko/20100101 Firefox/119.0"
157.230.39.14 - - [05/May/2026:17:24:39 +0000] "POST /wp-login.php HTTP/1.1" 503 7109 "https://nipponia.nl/wp-login.php" "Mozilla/5.0 (X11; Ubuntu; Linux x86_64) AppleWebKit/537.36 (KHTML, like Gecko) Chrome/119.0.0.0 Safari/537.36"
157.230.39.14 - - [05/May/2026:17:24:44 +0000] "GET /wp-admin/index.php HTTP/1.1" 503 7312 "https://nipponia.nl/wp-login.php" "Mozilla/5.0 (Macintosh; Intel Mac OS X 13_6_1) AppleWebKit/537.36 (KHTML, like Gecko) Chrome/120.0.0.0 Safari/537.36"
20.123.172.228 - - [05/May/2026:17:24:45 +0000] "POST /?wordfence_syncAttackData=1778001885.6671 HTTP/1.1" 200 - "https://nipponia.nl/?wordfence_syncAttackData=1778001885.6671" "WordPress/6.1.10; https://nipponia.nl"
157.230.39.14 - - [05/May/2026:17:24:51 +0000] "GET /wp-admin/profile.php HTTP/1.1" 503 7312 "https://nipponia.nl/wp-login.php" "Mozilla/5.0 (Macintosh; Intel Mac OS X 13_6_1) AppleWebKit/537.36 (KHTML, like Gecko) Chrome/120.0.0.0 Safari/537.36"
157.230.39.14 - - [05/May/2026:17:24:56 +0000] "GET /wp-admin/edit.php HTTP/1.1" 503 7312 "https://nipponia.nl/wp-login.php" "Mozilla/5.0 (Macintosh; Intel Mac OS X 13_6_1) AppleWebKit/537.36 (KHTML, like Gecko) Chrome/120.0.0.0 Safari/537.36"
157.230.39.14 - - [05/May/2026:17:25:04 +0000] "GET /wp-admin/plugins.php HTTP/1.1" 503 7312 "https://nipponia.nl/wp-login.php" "Mozilla/5.0 (Macintosh; Intel Mac OS X 13_6_1) AppleWebKit/537.36 (KHTML, like Gecko) Chrome/120.0.0.0 Safari/537.36"
157.230.39.14 - - [05/May/2026:17:25:13 +0000] "POST /wp-login.php HTTP/1.1" 503 7109 "https://nipponia.nl/wp-login.php" "Mozilla/5.0 (Windows NT 11.0; Win64; x64) AppleWebKit/537.36 (KHTML, like Gecko) Chrome/120.0.0.0 Safari/537.36"
157.230.39.14 - - [05/May/2026:17:25:19 +0000] "GET /wp-admin/index.php HTTP/1.1" 503 7312 "https://nipponia.nl/wp-login.php" "Mozilla/5.0 (Macintosh; Intel Mac OS X 13_6_1) AppleWebKit/537.36 (KHTML, like Gecko) Chrome/121.0.0.0 Safari/537.36"
20.123.172.228 - - [05/May/2026:17:25:20 +0000] "POST /?wordfence_syncAttackData=1778001920.9039 HTTP/1.1" 200 - "https://nipponia.nl/?wordfence_syncAttackData=1778001920.9039" "WordPress/6.1.10; https://nipponia.nl"
157.230.39.14 - - [05/May/2026:17:25:36 +0000] "GET /wp-admin/profile.php HTTP/1.1" 503 7312 "https://nipponia.nl/wp-login.php" "Mozilla/5.0 (Macintosh; Intel Mac OS X 13_6_1) AppleWebKit/537.36 (KHTML, like Gecko) Chrome/121.0.0.0 Safari/537.36"
157.230.39.14 - - [05/May/2026:17:25:45 +0000] "GET /wp-admin/edit.php HTTP/1.1" 503 7312 "https://nipponia.nl/wp-login.php" "Mozilla/5.0 (Macintosh; Intel Mac OS X 13_6_1) AppleWebKit/537.36 (KHTML, like Gecko) Chrome/121.0.0.0 Safari/537.36"
157.230.39.14 - - [05/May/2026:17:25:54 +0000] "GET /wp-admin/plugins.php HTTP/1.1" 503 7312 "https://nipponia.nl/wp-login.php" "Mozilla/5.0 (Macintosh; Intel Mac OS X 13_6_1) AppleWebKit/537.36 (KHTML, like Gecko) Chrome/121.0.0.0 Safari/537.36"
157.230.39.14 - - [05/May/2026:17:26:02 +0000] "POST /wp-login.php HTTP/1.1" 503 7109 "https://nipponia.nl/wp-login.php" "Mozilla/5.0 (X11; Linux x86_64) AppleWebKit/537.36 (KHTML, like Gecko) Chrome/118.0.0.0 Safari/537.36"
157.230.39.14 - - [05/May/2026:17:26:09 +0000] "GET /wp-admin/index.php HTTP/1.1" 503 7312 "https://nipponia.nl/wp-login.php" "Mozilla/5.0 (Macintosh; Intel Mac OS X 10_15_7; rv:121.0) Gecko/20100101 Firefox/121.0"
20.123.172.228 - - [05/May/2026:17:26:10 +0000] "POST /?wordfence_syncAttackData=1778001970.7897 HTTP/1.1" 200 - "https://nipponia.nl/?wordfence_syncAttackData=1778001970.7897" "WordPress/6.1.10; https://nipponia.nl"
157.230.39.14 - - [05/May/2026:17:26:17 +0000] "GET /wp-admin/profile.php HTTP/1.1" 503 7312 "https://nipponia.nl/wp-login.php" "Mozilla/5.0 (Macintosh; Intel Mac OS X 10_15_7; rv:121.0) Gecko/20100101 Firefox/121.0"
157.230.39.14 - - [05/May/2026:17:26:24 +0000] "GET /wp-admin/edit.php HTTP/1.1" 503 7312 "https://nipponia.nl/wp-login.php" "Mozilla/5.0 (Macintosh; Intel Mac OS X 10_15_7; rv:121.0) Gecko/20100101 Firefox/121.0"
157.230.39.14 - - [05/May/2026:17:26:29 +0000] "GET /wp-admin/plugins.php HTTP/1.1" 503 7312 "https://nipponia.nl/wp-login.php" "Mozilla/5.0 (Macintosh; Intel Mac OS X 10_15_7; rv:121.0) Gecko/20100101 Firefox/121.0"
157.230.39.14 - - [05/May/2026:17:26:35 +0000] "POST /wp-login.php HTTP/1.1" 503 7109 "https://nipponia.nl/wp-login.php" "Mozilla/5.0 (Macintosh; Intel Mac OS X 13_6_1) AppleWebKit/605.1.15 (KHTML, like Gecko) Version/17.0 Safari/605.1.15"
157.230.39.14 - - [05/May/2026:17:26:40 +0000] "GET /wp-admin/index.php HTTP/1.1" 503 7312 "https://nipponia.nl/wp-login.php" "Mozilla/5.0 (Macintosh; Intel Mac OS X 13_6_1; rv:120.0) Gecko/20100101 Firefox/120.0"
20.123.172.228 - - [05/May/2026:17:26:41 +0000] "POST /?wordfence_syncAttackData=1778002001.6941 HTTP/1.1" 200 - "https://nipponia.nl/?wordfence_syncAttackData=1778002001.6941" "WordPress/6.1.10; https://nipponia.nl"
157.230.39.14 - - [05/May/2026:17:26:47 +0000] "GET /wp-admin/profile.php HTTP/1.1" 503 7311 "https://nipponia.nl/wp-login.php" "Mozilla/5.0 (Macintosh; Intel Mac OS X 13_6_1; rv:120.0) Gecko/20100101 Firefox/120.0"
157.230.39.14 - - [05/May/2026:17:26:52 +0000] "GET /wp-admin/edit.php HTTP/1.1" 503 7312 "https://nipponia.nl/wp-login.php" "Mozilla/5.0 (Macintosh; Intel Mac OS X 13_6_1; rv:120.0) Gecko/20100101 Firefox/120.0"
157.230.39.14 - - [05/May/2026:17:26:58 +0000] "GET /wp-admin/plugins.php HTTP/1.1" 503 7311 "https://nipponia.nl/wp-login.php" "Mozilla/5.0 (Macintosh; Intel Mac OS X 13_6_1; rv:120.0) Gecko/20100101 Firefox/120.0"
157.230.39.14 - - [05/May/2026:17:27:04 +0000] "POST /wp-login.php HTTP/1.1" 503 7109 "https://nipponia.nl/wp-login.php" "Mozilla/5.0 (Windows NT 11.0; Win64; x64) AppleWebKit/537.36 (KHTML, like Gecko) Chrome/120.0.0.0 Safari/537.36"
157.230.39.14 - - [05/May/2026:17:27:09 +0000] "GET /wp-admin/index.php HTTP/1.1" 503 7312 "https://nipponia.nl/wp-login.php" "Mozilla/5.0 (X11; Linux x86_64) AppleWebKit/537.36 (KHTML, like Gecko) Chrome/121.0.0.0 Safari/537.36"
20.123.172.228 - - [05/May/2026:17:27:11 +0000] "POST /?wordfence_syncAttackData=1778002030.9865 HTTP/1.1" 200 - "https://nipponia.nl/?wordfence_syncAttackData=1778002030.9865" "WordPress/6.1.10; https://nipponia.nl"
157.230.39.14 - - [05/May/2026:17:27:16 +0000] "GET /wp-admin/profile.php HTTP/1.1" 503 7312 "https://nipponia.nl/wp-login.php" "Mozilla/5.0 (X11; Linux x86_64) AppleWebKit/537.36 (KHTML, like Gecko) Chrome/121.0.0.0 Safari/537.36"
157.230.39.14 - - [05/May/2026:17:27:22 +0000] "GET /wp-admin/edit.php HTTP/1.1" 503 7311 "https://nipponia.nl/wp-login.php" "Mozilla/5.0 (X11; Linux x86_64) AppleWebKit/537.36 (KHTML, like Gecko) Chrome/121.0.0.0 Safari/537.36"
157.230.39.14 - - [05/May/2026:17:27:28 +0000] "GET /wp-admin/plugins.php HTTP/1.1" 503 7311 "https://nipponia.nl/wp-login.php" "Mozilla/5.0 (X11; Linux x86_64) AppleWebKit/537.36 (KHTML, like Gecko) Chrome/121.0.0.0 Safari/537.36"
157.230.39.14 - - [05/May/2026:17:27:33 +0000] "POST /wp-login.php HTTP/1.1" 503 7109 "https://nipponia.nl/wp-login.php" "Mozilla/5.0 (Macintosh; Intel Mac OS X 10_15_7) AppleWebKit/537.36 (KHTML, like Gecko) Chrome/119.0.0.0 Safari/537.36"
157.230.39.14 - - [05/May/2026:17:27:38 +0000] "GET /wp-admin/index.php HTTP/1.1" 503 7312 "https://nipponia.nl/wp-login.php" "Mozilla/5.0 (Macintosh; Intel Mac OS X 13_6_1) AppleWebKit/537.36 (KHTML, like Gecko) Chrome/120.0.0.0 Safari/537.36"
20.123.172.228 - - [05/May/2026:17:27:39 +0000] "POST /?wordfence_syncAttackData=1778002059.5027 HTTP/1.1" 200 - "https://nipponia.nl/?wordfence_syncAttackData=1778002059.5027" "WordPress/6.1.10; https://nipponia.nl"
157.230.39.14 - - [05/May/2026:17:27:44 +0000] "GET /wp-admin/profile.php HTTP/1.1" 503 7312 "https://nipponia.nl/wp-login.php" "Mozilla/5.0 (Macintosh; Intel Mac OS X 13_6_1) AppleWebKit/537.36 (KHTML, like Gecko) Chrome/120.0.0.0 Safari/537.36"
157.230.39.14 - - [05/May/2026:17:27:50 +0000] "GET /wp-admin/edit.php HTTP/1.1" 503 7312 "https://nipponia.nl/wp-login.php" "Mozilla/5.0 (Macintosh; Intel Mac OS X 13_6_1) AppleWebKit/537.36 (KHTML, like Gecko) Chrome/120.0.0.0 Safari/537.36"
157.230.39.14 - - [05/May/2026:17:27:56 +0000] "GET /wp-admin/plugins.php HTTP/1.1" 503 7312 "https://nipponia.nl/wp-login.php" "Mozilla/5.0 (Macintosh; Intel Mac OS X 13_6_1) AppleWebKit/537.36 (KHTML, like Gecko) Chrome/120.0.0.0 Safari/537.36"
157.230.39.14 - - [05/May/2026:17:28:07 +0000] "POST /wp-login.php HTTP/1.1" 503 7109 "https://nipponia.nl/wp-login.php" "Mozilla/5.0 (Windows NT 11.0; Win64; x64) AppleWebKit/537.36 (KHTML, like Gecko) Chrome/119.0.0.0 Safari/537.36"
157.230.39.14 - - [05/May/2026:17:28:12 +0000] "GET /wp-admin/index.php HTTP/1.1" 503 7312 "https://nipponia.nl/wp-login.php" "Mozilla/5.0 (Macintosh; Intel Mac OS X 10_15_7) AppleWebKit/605.1.15 (KHTML, like Gecko) Version/16.6 Safari/605.1.15"
20.123.172.228 - - [05/May/2026:17:28:13 +0000] "POST /?wordfence_syncAttackData=1778002093.9552 HTTP/1.1" 200 - "https://nipponia.nl/?wordfence_syncAttackData=1778002093.9552" "WordPress/6.1.10; https://nipponia.nl"
157.230.39.14 - - [05/May/2026:17:28:19 +0000] "GET /wp-admin/profile.php HTTP/1.1" 503 7312 "https://nipponia.nl/wp-login.php" "Mozilla/5.0 (Macintosh; Intel Mac OS X 10_15_7) AppleWebKit/605.1.15 (KHTML, like Gecko) Version/16.6 Safari/605.1.15"
157.230.39.14 - - [05/May/2026:17:28:26 +0000] "GET /wp-admin/edit.php HTTP/1.1" 503 7312 "https://nipponia.nl/wp-login.php" "Mozilla/5.0 (Macintosh; Intel Mac OS X 10_15_7) AppleWebKit/605.1.15 (KHTML, like Gecko) Version/16.6 Safari/605.1.15"
157.230.39.14 - - [05/May/2026:17:28:31 +0000] "GET /wp-admin/plugins.php HTTP/1.1" 503 7312 "https://nipponia.nl/wp-login.php" "Mozilla/5.0 (Macintosh; Intel Mac OS X 10_15_7) AppleWebKit/605.1.15 (KHTML, like Gecko) Version/16.6 Safari/605.1.15"
157.230.39.14 - - [05/May/2026:17:28:38 +0000] "POST /wp-login.php HTTP/1.1" 503 7109 "https://nipponia.nl/wp-login.php" "Mozilla/5.0 (X11; Linux x86_64) AppleWebKit/537.36 (KHTML, like Gecko) Chrome/119.0.0.0 Safari/537.36"
157.230.39.14 - - [05/May/2026:17:28:42 +0000] "GET /wp-admin/index.php HTTP/1.1" 503 7312 "https://nipponia.nl/wp-login.php" "Mozilla/5.0 (Macintosh; Intel Mac OS X 13_6_1) AppleWebKit/537.36 (KHTML, like Gecko) Chrome/118.0.0.0 Safari/537.36"
20.123.172.228 - - [05/May/2026:17:28:44 +0000] "POST /?wordfence_syncAttackData=1778002124.0459 HTTP/1.1" 200 - "https://nipponia.nl/?wordfence_syncAttackData=1778002124.0459" "WordPress/6.1.10; https://nipponia.nl"
157.230.39.14 - - [05/May/2026:17:28:49 +0000] "GET /wp-admin/profile.php HTTP/1.1" 503 7312 "https://nipponia.nl/wp-login.php" "Mozilla/5.0 (Macintosh; Intel Mac OS X 13_6_1) AppleWebKit/537.36 (KHTML, like Gecko) Chrome/118.0.0.0 Safari/537.36"
157.230.39.14 - - [05/May/2026:17:28:54 +0000] "GET /wp-admin/edit.php HTTP/1.1" 503 7312 "https://nipponia.nl/wp-login.php" "Mozilla/5.0 (Macintosh; Intel Mac OS X 13_6_1) AppleWebKit/537.36 (KHTML, like Gecko) Chrome/118.0.0.0 Safari/537.36"
157.230.39.14 - - [05/May/2026:17:29:01 +0000] "GET /wp-admin/plugins.php HTTP/1.1" 503 7312 "https://nipponia.nl/wp-login.php" "Mozilla/5.0 (Macintosh; Intel Mac OS X 13_6_1) AppleWebKit/537.36 (KHTML, like Gecko) Chrome/118.0.0.0 Safari/537.36"
157.230.39.14 - - [05/May/2026:17:29:07 +0000] "POST /wp-login.php HTTP/1.1" 503 7109 "https://nipponia.nl/wp-login.php" "Mozilla/5.0 (Macintosh; Intel Mac OS X 10_15_7) AppleWebKit/537.36 (KHTML, like Gecko) Chrome/118.0.0.0 Safari/537.36"
157.230.39.14 - - [05/May/2026:17:29:12 +0000] "GET /wp-admin/index.php HTTP/1.1" 503 7312 "https://nipponia.nl/wp-login.php" "Mozilla/5.0 (Macintosh; Intel Mac OS X 13_6_1) AppleWebKit/605.1.15 (KHTML, like Gecko) Version/17.1 Safari/605.1.15"
20.123.172.228 - - [05/May/2026:17:29:13 +0000] "POST /?wordfence_syncAttackData=1778002153.7133 HTTP/1.1" 200 - "https://nipponia.nl/?wordfence_syncAttackData=1778002153.7133" "WordPress/6.1.10; https://nipponia.nl"
157.230.39.14 - - [05/May/2026:17:29:21 +0000] "GET /wp-admin/profile.php HTTP/1.1" 503 7315 "https://nipponia.nl/wp-login.php" "Mozilla/5.0 (Macintosh; Intel Mac OS X 13_6_1) AppleWebKit/605.1.15 (KHTML, like Gecko) Version/17.1 Safari/605.1.15"
157.230.39.14 - - [05/May/2026:17:29:27 +0000] "GET /wp-admin/edit.php HTTP/1.1" 503 7311 "https://nipponia.nl/wp-login.php" "Mozilla/5.0 (Macintosh; Intel Mac OS X 13_6_1) AppleWebKit/605.1.15 (KHTML, like Gecko) Version/17.1 Safari/605.1.15"
157.230.39.14 - - [05/May/2026:17:29:33 +0000] "GET /wp-admin/plugins.php HTTP/1.1" 503 7312 "https://nipponia.nl/wp-login.php" "Mozilla/5.0 (Macintosh; Intel Mac OS X 13_6_1) AppleWebKit/605.1.15 (KHTML, like Gecko) Version/17.1 Safari/605.1.15"
157.230.39.14 - - [05/May/2026:17:29:39 +0000] "POST /wp-login.php HTTP/1.1" 503 7109 "https://nipponia.nl/wp-login.php" "Mozilla/5.0 (Macintosh; Intel Mac OS X 10_15_7) AppleWebKit/605.1.15 (KHTML, like Gecko) Version/17.2 Safari/605.1.15"
157.230.39.14 - - [05/May/2026:17:29:44 +0000] "GET /wp-admin/index.php HTTP/1.1" 503 7312 "https://nipponia.nl/wp-login.php" "Mozilla/5.0 (Macintosh; Intel Mac OS X 10_15_7) AppleWebKit/605.1.15 (KHTML, like Gecko) Version/17.2 Safari/605.1.15"
20.123.172.228 - - [05/May/2026:17:29:45 +0000] "POST /?wordfence_syncAttackData=1778002185.9029 HTTP/1.1" 200 - "https://nipponia.nl/?wordfence_syncAttackData=1778002185.9029" "WordPress/6.1.10; https://nipponia.nl"
157.230.39.14 - - [05/May/2026:17:29:52 +0000] "GET /wp-admin/profile.php HTTP/1.1" 503 7312 "https://nipponia.nl/wp-login.php" "Mozilla/5.0 (Macintosh; Intel Mac OS X 10_15_7) AppleWebKit/605.1.15 (KHTML, like Gecko) Version/17.2 Safari/605.1.15"
157.230.39.14 - - [05/May/2026:17:29:58 +0000] "GET /wp-admin/edit.php HTTP/1.1" 503 7311 "https://nipponia.nl/wp-login.php" "Mozilla/5.0 (Macintosh; Intel Mac OS X 10_15_7) AppleWebKit/605.1.15 (KHTML, like Gecko) Version/17.2 Safari/605.1.15"
157.230.39.14 - - [05/May/2026:17:30:05 +0000] "GET /wp-admin/plugins.php HTTP/1.1" 503 7312 "https://nipponia.nl/wp-login.php" "Mozilla/5.0 (Macintosh; Intel Mac OS X 10_15_7) AppleWebKit/605.1.15 (KHTML, like Gecko) Version/17.2 Safari/605.1.15"
157.230.39.14 - - [05/May/2026:17:30:16 +0000] "POST /wp-login.php HTTP/1.1" 503 7109 "https://nipponia.nl/wp-login.php" "Mozilla/5.0 (Macintosh; Intel Mac OS X 10_15_7) AppleWebKit/605.1.15 (KHTML, like Gecko) Version/16.6 Safari/605.1.15"
20.123.172.228 - - [05/May/2026:17:30:26 +0000] "POST /wp-cron.php?doing_wp_cron=1778002226.2979409694671630859375 HTTP/1.1" 200 - "https://nipponia.nl/wp-cron.php?doing_wp_cron=1778002226.2979409694671630859375" "WordPress/6.1.10; https://nipponia.nl"
157.230.39.14 - - [05/May/2026:17:30:22 +0000] "GET /wp-admin/index.php HTTP/1.1" 302 - "https://nipponia.nl/wp-login.php" "Mozilla/5.0 (X11; Ubuntu; Linux x86_64) AppleWebKit/537.36 (KHTML, like Gecko) Chrome/119.0.0.0 Safari/537.36"
20.123.172.228 - - [05/May/2026:17:30:24 +0000] "POST /?wordfence_syncAttackData=1778002224.8235 HTTP/1.1" 200 - "https://nipponia.nl/?wordfence_syncAttackData=1778002224.8235" "WordPress/6.1.10; https://nipponia.nl"
157.230.39.14 - - [05/May/2026:17:30:32 +0000] "GET /wp-login.php?redirect_to=https%3A%2F%2Fnipponia.nl%2Fwp-admin%2Findex.php&reauth=1 HTTP/1.1" 200 2621 "https://nipponia.nl/wp-login.php" "Mozilla/5.0 (X11; Ubuntu; Linux x86_64) AppleWebKit/537.36 (KHTML, like Gecko) Chrome/119.0.0.0 Safari/537.36"
157.230.39.14 - - [05/May/2026:17:30:43 +0000] "POST /wp-login.php HTTP/1.1" 503 7312 "https://nipponia.nl/wp-login.php" "Mozilla/5.0 (Macintosh; Intel Mac OS X 10_15_7) AppleWebKit/605.1.15 (KHTML, like Gecko) Version/16.6 Safari/605.1.15"
157.230.39.14 - - [05/May/2026:17:30:50 +0000] "GET /wp-admin/index.php HTTP/1.1" 503 7312 "https://nipponia.nl/wp-login.php" "Mozilla/5.0 (Windows NT 11.0; Win64; x64; rv:120.0) Gecko/20100101 Firefox/120.0"
157.230.39.14 - - [05/May/2026:17:30:56 +0000] "GET /wp-admin/profile.php HTTP/1.1" 503 7312 "https://nipponia.nl/wp-login.php" "Mozilla/5.0 (Windows NT 11.0; Win64; x64; rv:120.0) Gecko/20100101 Firefox/120.0"
157.230.39.14 - - [05/May/2026:17:31:02 +0000] "GET /wp-admin/edit.php HTTP/1.1" 503 7312 "https://nipponia.nl/wp-login.php" "Mozilla/5.0 (Windows NT 11.0; Win64; x64; rv:120.0) Gecko/20100101 Firefox/120.0"
157.230.39.14 - - [05/May/2026:17:31:08 +0000] "GET /wp-admin/plugins.php HTTP/1.1" 503 7311 "https://nipponia.nl/wp-login.php" "Mozilla/5.0 (Windows NT 11.0; Win64; x64; rv:120.0) Gecko/20100101 Firefox/120.0"
157.230.39.14 - - [05/May/2026:17:31:14 +0000] "POST /wp-login.php HTTP/1.1" 503 7109 "https://nipponia.nl/wp-login.php" "Mozilla/5.0 (Macintosh; Intel Mac OS X 10_15_7) AppleWebKit/537.36 (KHTML, like Gecko) Chrome/118.0.0.0 Safari/537.36"
157.230.39.14 - - [05/May/2026:17:31:19 +0000] "GET /wp-admin/index.php HTTP/1.1" 503 7312 "https://nipponia.nl/wp-login.php" "Mozilla/5.0 (Macintosh; Intel Mac OS X 10_15_7) AppleWebKit/605.1.15 (KHTML, like Gecko) Version/17.0 Safari/605.1.15"
20.123.172.228 - - [05/May/2026:17:31:20 +0000] "POST /?wordfence_syncAttackData=1778002280.5877 HTTP/1.1" 200 - "https://nipponia.nl/?wordfence_syncAttackData=1778002280.5877" "WordPress/6.1.10; https://nipponia.nl"
157.230.39.14 - - [05/May/2026:17:31:26 +0000] "GET /wp-admin/profile.php HTTP/1.1" 503 7312 "https://nipponia.nl/wp-login.php" "Mozilla/5.0 (Macintosh; Intel Mac OS X 10_15_7) AppleWebKit/605.1.15 (KHTML, like Gecko) Version/17.0 Safari/605.1.15"
157.230.39.14 - - [05/May/2026:17:31:32 +0000] "GET /wp-admin/edit.php HTTP/1.1" 503 7312 "https://nipponia.nl/wp-login.php" "Mozilla/5.0 (Macintosh; Intel Mac OS X 10_15_7) AppleWebKit/605.1.15 (KHTML, like Gecko) Version/17.0 Safari/605.1.15"
157.230.39.14 - - [05/May/2026:17:31:38 +0000] "GET /wp-admin/plugins.php HTTP/1.1" 503 7312 "https://nipponia.nl/wp-login.php" "Mozilla/5.0 (Macintosh; Intel Mac OS X 10_15_7) AppleWebKit/605.1.15 (KHTML, like Gecko) Version/17.0 Safari/605.1.15"
157.230.39.14 - - [05/May/2026:17:31:46 +0000] "POST /wp-login.php HTTP/1.1" 503 7109 "https://nipponia.nl/wp-login.php" "Mozilla/5.0 (Macintosh; Intel Mac OS X 10_15_7; rv:119.0) Gecko/20100101 Firefox/119.0"
157.230.39.14 - - [05/May/2026:17:31:52 +0000] "GET /wp-admin/index.php HTTP/1.1" 503 7312 "https://nipponia.nl/wp-login.php" "Mozilla/5.0 (Macintosh; Intel Mac OS X 13_6_1) AppleWebKit/605.1.15 (KHTML, like Gecko) Version/17.0 Safari/605.1.15"
20.123.172.228 - - [05/May/2026:17:31:54 +0000] "POST /?wordfence_syncAttackData=1778002314.382 HTTP/1.1" 200 - "https://nipponia.nl/?wordfence_syncAttackData=1778002314.382" "WordPress/6.1.10; https://nipponia.nl"
157.230.39.14 - - [05/May/2026:17:31:59 +0000] "GET /wp-admin/profile.php HTTP/1.1" 503 7312 "https://nipponia.nl/wp-login.php" "Mozilla/5.0 (Macintosh; Intel Mac OS X 13_6_1) AppleWebKit/605.1.15 (KHTML, like Gecko) Version/17.0 Safari/605.1.15"
157.230.39.14 - - [05/May/2026:17:32:05 +0000] "GET /wp-admin/edit.php HTTP/1.1" 503 7312 "https://nipponia.nl/wp-login.php" "Mozilla/5.0 (Macintosh; Intel Mac OS X 13_6_1) AppleWebKit/605.1.15 (KHTML, like Gecko) Version/17.0 Safari/605.1.15"
157.230.39.14 - - [05/May/2026:17:32:11 +0000] "GET /wp-admin/plugins.php HTTP/1.1" 503 7312 "https://nipponia.nl/wp-login.php" "Mozilla/5.0 (Macintosh; Intel Mac OS X 13_6_1) AppleWebKit/605.1.15 (KHTML, like Gecko) Version/17.0 Safari/605.1.15"
157.230.39.14 - - [05/May/2026:17:32:17 +0000] "POST /wp-login.php HTTP/1.1" 503 7109 "https://nipponia.nl/wp-login.php" "Mozilla/5.0 (Macintosh; Intel Mac OS X 10_15_7) AppleWebKit/605.1.15 (KHTML, like Gecko) Version/16.6 Safari/605.1.15"
157.230.39.14 - - [05/May/2026:17:32:22 +0000] "GET /wp-admin/index.php HTTP/1.1" 503 7312 "https://nipponia.nl/wp-login.php" "Mozilla/5.0 (Macintosh; Intel Mac OS X 10_15_7; rv:118.0) Gecko/20100101 Firefox/118.0"
20.123.172.228 - - [05/May/2026:17:32:24 +0000] "POST /?wordfence_syncAttackData=1778002344.3188 HTTP/1.1" 200 - "https://nipponia.nl/?wordfence_syncAttackData=1778002344.3188" "WordPress/6.1.10; https://nipponia.nl"
157.230.39.14 - - [05/May/2026:17:32:39 +0000] "GET /wp-admin/profile.php HTTP/1.1" 503 7312 "https://nipponia.nl/wp-login.php" "Mozilla/5.0 (Macintosh; Intel Mac OS X 10_15_7; rv:118.0) Gecko/20100101 Firefox/118.0"
157.230.39.14 - - [05/May/2026:17:32:46 +0000] "GET /wp-admin/edit.php HTTP/1.1" 503 7311 "https://nipponia.nl/wp-login.php" "Mozilla/5.0 (Macintosh; Intel Mac OS X 10_15_7; rv:118.0) Gecko/20100101 Firefox/118.0"
157.230.39.14 - - [05/May/2026:17:32:53 +0000] "GET /wp-admin/plugins.php HTTP/1.1" 503 7312 "https://nipponia.nl/wp-login.php" "Mozilla/5.0 (Macintosh; Intel Mac OS X 10_15_7; rv:118.0) Gecko/20100101 Firefox/118.0"
157.230.39.14 - - [05/May/2026:17:32:59 +0000] "POST /wp-login.php HTTP/1.1" 503 7109 "https://nipponia.nl/wp-login.php" "Mozilla/5.0 (X11; Ubuntu; Linux x86_64) AppleWebKit/537.36 (KHTML, like Gecko) Chrome/121.0.0.0 Safari/537.36"
157.230.39.14 - - [05/May/2026:17:33:04 +0000] "GET /wp-admin/index.php HTTP/1.1" 503 7311 "https://nipponia.nl/wp-login.php" "Mozilla/5.0 (Macintosh; Intel Mac OS X 13_6_1) AppleWebKit/605.1.15 (KHTML, like Gecko) Version/17.2 Safari/605.1.15"
20.123.172.228 - - [05/May/2026:17:33:05 +0000] "POST /?wordfence_syncAttackData=1778002385.5347 HTTP/1.1" 200 - "https://nipponia.nl/?wordfence_syncAttackData=1778002385.5347" "WordPress/6.1.10; https://nipponia.nl"
157.230.39.14 - - [05/May/2026:17:33:10 +0000] "GET /wp-admin/profile.php HTTP/1.1" 503 7312 "https://nipponia.nl/wp-login.php" "Mozilla/5.0 (Macintosh; Intel Mac OS X 13_6_1) AppleWebKit/605.1.15 (KHTML, like Gecko) Version/17.2 Safari/605.1.15"
157.230.39.14 - - [05/May/2026:17:33:15 +0000] "GET /wp-admin/edit.php HTTP/1.1" 503 7312 "https://nipponia.nl/wp-login.php" "Mozilla/5.0 (Macintosh; Intel Mac OS X 13_6_1) AppleWebKit/605.1.15 (KHTML, like Gecko) Version/17.2 Safari/605.1.15"
157.230.39.14 - - [05/May/2026:17:33:21 +0000] "GET /wp-admin/plugins.php HTTP/1.1" 503 7312 "https://nipponia.nl/wp-login.php" "Mozilla/5.0 (Macintosh; Intel Mac OS X 13_6_1) AppleWebKit/605.1.15 (KHTML, like Gecko) Version/17.2 Safari/605.1.15"
157.230.39.14 - - [05/May/2026:17:33:27 +0000] "POST /wp-login.php HTTP/1.1" 503 7109 "https://nipponia.nl/wp-login.php" "Mozilla/5.0 (Windows NT 11.0; Win64; x64; rv:119.0) Gecko/20100101 Firefox/119.0"
157.230.39.14 - - [05/May/2026:17:33:32 +0000] "GET /wp-admin/index.php HTTP/1.1" 503 7312 "https://nipponia.nl/wp-login.php" "Mozilla/5.0 (Macintosh; Intel Mac OS X 10_15_7) AppleWebKit/605.1.15 (KHTML, like Gecko) Version/16.6 Safari/605.1.15"
20.123.172.228 - - [05/May/2026:17:33:34 +0000] "POST /?wordfence_syncAttackData=1778002414.1451 HTTP/1.1" 200 - "https://nipponia.nl/?wordfence_syncAttackData=1778002414.1451" "WordPress/6.1.10; https://nipponia.nl"
157.230.39.14 - - [05/May/2026:17:33:40 +0000] "GET /wp-admin/profile.php HTTP/1.1" 503 7312 "https://nipponia.nl/wp-login.php" "Mozilla/5.0 (Macintosh; Intel Mac OS X 10_15_7) AppleWebKit/605.1.15 (KHTML, like Gecko) Version/16.6 Safari/605.1.15"
157.230.39.14 - - [05/May/2026:17:33:46 +0000] "GET /wp-admin/edit.php HTTP/1.1" 503 7312 "https://nipponia.nl/wp-login.php" "Mozilla/5.0 (Macintosh; Intel Mac OS X 10_15_7) AppleWebKit/605.1.15 (KHTML, like Gecko) Version/16.6 Safari/605.1.15"
157.230.39.14 - - [05/May/2026:17:33:52 +0000] "GET /wp-admin/plugins.php HTTP/1.1" 503 7312 "https://nipponia.nl/wp-login.php" "Mozilla/5.0 (Macintosh; Intel Mac OS X 10_15_7) AppleWebKit/605.1.15 (KHTML, like Gecko) Version/16.6 Safari/605.1.15"
157.230.39.14 - - [05/May/2026:17:33:58 +0000] "POST /wp-login.php HTTP/1.1" 503 7108 "https://nipponia.nl/wp-login.php" "Mozilla/5.0 (X11; Ubuntu; Linux x86_64) AppleWebKit/537.36 (KHTML, like Gecko) Chrome/119.0.0.0 Safari/537.36"
220.181.108.157 - - [05/May/2026:17:33:59 +0000] "GET /wp-includes/js/mediaelement/mediaelementplayer-legacy.min.css?ver=4.2.17 HTTP/1.1" 200 2592 "-" "Mozilla/5.0 (compatible; Baiduspider/2.0; +http://www.baidu.com/search/spider.html)"
157.230.39.14 - - [05/May/2026:17:34:03 +0000] "GET /wp-admin/index.php HTTP/1.1" 503 7312 "https://nipponia.nl/wp-login.php" "Mozilla/5.0 (Windows NT 10.0; Win64; x64) AppleWebKit/537.36 (KHTML, like Gecko) Chrome/118.0.0.0 Safari/537.36"
20.123.172.228 - - [05/May/2026:17:34:04 +0000] "POST /?wordfence_syncAttackData=1778002444.5948 HTTP/1.1" 200 - "https://nipponia.nl/?wordfence_syncAttackData=1778002444.5948" "WordPress/6.1.10; https://nipponia.nl"
157.230.39.14 - - [05/May/2026:17:34:09 +0000] "GET /wp-admin/profile.php HTTP/1.1" 503 7312 "https://nipponia.nl/wp-login.php" "Mozilla/5.0 (Windows NT 10.0; Win64; x64) AppleWebKit/537.36 (KHTML, like Gecko) Chrome/118.0.0.0 Safari/537.36"
157.230.39.14 - - [05/May/2026:17:34:16 +0000] "GET /wp-admin/edit.php HTTP/1.1" 503 7312 "https://nipponia.nl/wp-login.php" "Mozilla/5.0 (Windows NT 10.0; Win64; x64) AppleWebKit/537.36 (KHTML, like Gecko) Chrome/118.0.0.0 Safari/537.36"
157.230.39.14 - - [05/May/2026:17:34:21 +0000] "GET /wp-admin/plugins.php HTTP/1.1" 503 7312 "https://nipponia.nl/wp-login.php" "Mozilla/5.0 (Windows NT 10.0; Win64; x64) AppleWebKit/537.36 (KHTML, like Gecko) Chrome/118.0.0.0 Safari/537.36"
157.230.39.14 - - [05/May/2026:17:34:28 +0000] "POST /wp-login.php HTTP/1.1" 503 7109 "https://nipponia.nl/wp-login.php" "Mozilla/5.0 (Macintosh; Intel Mac OS X 10_15_7) AppleWebKit/605.1.15 (KHTML, like Gecko) Version/17.2 Safari/605.1.15"
157.230.39.14 - - [05/May/2026:17:34:33 +0000] "GET /wp-admin/index.php HTTP/1.1" 503 7312 "https://nipponia.nl/wp-login.php" "Mozilla/5.0 (Windows NT 10.0; Win64; x64; rv:120.0) Gecko/20100101 Firefox/120.0"
20.123.172.228 - - [05/May/2026:17:34:34 +0000] "POST /?wordfence_syncAttackData=1778002474.9128 HTTP/1.1" 200 - "https://nipponia.nl/?wordfence_syncAttackData=1778002474.9128" "WordPress/6.1.10; https://nipponia.nl"
157.230.39.14 - - [05/May/2026:17:34:41 +0000] "GET /wp-admin/profile.php HTTP/1.1" 503 7312 "https://nipponia.nl/wp-login.php" "Mozilla/5.0 (Windows NT 10.0; Win64; x64; rv:120.0) Gecko/20100101 Firefox/120.0"
157.230.39.14 - - [05/May/2026:17:34:48 +0000] "GET /wp-admin/edit.php HTTP/1.1" 503 7312 "https://nipponia.nl/wp-login.php" "Mozilla/5.0 (Windows NT 10.0; Win64; x64; rv:120.0) Gecko/20100101 Firefox/120.0"
157.230.39.14 - - [05/May/2026:17:34:55 +0000] "GET /wp-admin/plugins.php HTTP/1.1" 503 7312 "https://nipponia.nl/wp-login.php" "Mozilla/5.0 (Windows NT 10.0; Win64; x64; rv:120.0) Gecko/20100101 Firefox/120.0"
157.230.39.14 - - [05/May/2026:17:35:04 +0000] "POST /wp-login.php HTTP/1.1" 503 7109 "https://nipponia.nl/wp-login.php" "Mozilla/5.0 (Macintosh; Intel Mac OS X 13_6_1) AppleWebKit/605.1.15 (KHTML, like Gecko) Version/17.2 Safari/605.1.15"
157.230.39.14 - - [05/May/2026:17:35:13 +0000] "GET /wp-admin/index.php HTTP/1.1" 503 7312 "https://nipponia.nl/wp-login.php" "Mozilla/5.0 (Macintosh; Intel Mac OS X 10_15_7) AppleWebKit/537.36 (KHTML, like Gecko) Chrome/121.0.0.0 Safari/537.36"
20.123.172.228 - - [05/May/2026:17:35:15 +0000] "POST /?wordfence_syncAttackData=1778002515.0844 HTTP/1.1" 200 - "https://nipponia.nl/?wordfence_syncAttackData=1778002515.0844" "WordPress/6.1.10; https://nipponia.nl"
157.230.39.14 - - [05/May/2026:17:35:20 +0000] "GET /wp-admin/profile.php HTTP/1.1" 503 7312 "https://nipponia.nl/wp-login.php" "Mozilla/5.0 (Macintosh; Intel Mac OS X 10_15_7) AppleWebKit/537.36 (KHTML, like Gecko) Chrome/121.0.0.0 Safari/537.36"
157.230.39.14 - - [05/May/2026:17:35:26 +0000] "GET /wp-admin/edit.php HTTP/1.1" 503 7312 "https://nipponia.nl/wp-login.php" "Mozilla/5.0 (Macintosh; Intel Mac OS X 10_15_7) AppleWebKit/537.36 (KHTML, like Gecko) Chrome/121.0.0.0 Safari/537.36"
157.230.39.14 - - [05/May/2026:17:35:31 +0000] "GET /wp-admin/plugins.php HTTP/1.1" 503 7312 "https://nipponia.nl/wp-login.php" "Mozilla/5.0 (Macintosh; Intel Mac OS X 10_15_7) AppleWebKit/537.36 (KHTML, like Gecko) Chrome/121.0.0.0 Safari/537.36"
157.230.39.14 - - [05/May/2026:17:35:37 +0000] "POST /wp-login.php HTTP/1.1" 503 7109 "https://nipponia.nl/wp-login.php" "Mozilla/5.0 (X11; Linux x86_64) AppleWebKit/537.36 (KHTML, like Gecko) Chrome/119.0.0.0 Safari/537.36"
157.230.39.14 - - [05/May/2026:17:35:41 +0000] "GET /wp-admin/index.php HTTP/1.1" 503 7312 "https://nipponia.nl/wp-login.php" "Mozilla/5.0 (Macintosh; Intel Mac OS X 13_6_1; rv:121.0) Gecko/20100101 Firefox/121.0"
20.123.172.228 - - [05/May/2026:17:35:43 +0000] "POST /?wordfence_syncAttackData=1778002543.577 HTTP/1.1" 200 - "https://nipponia.nl/?wordfence_syncAttackData=1778002543.577" "WordPress/6.1.10; https://nipponia.nl"
157.230.39.14 - - [05/May/2026:17:35:49 +0000] "GET /wp-admin/profile.php HTTP/1.1" 503 7312 "https://nipponia.nl/wp-login.php" "Mozilla/5.0 (Macintosh; Intel Mac OS X 13_6_1; rv:121.0) Gecko/20100101 Firefox/121.0"
157.230.39.14 - - [05/May/2026:17:35:55 +0000] "GET /wp-admin/edit.php HTTP/1.1" 503 7312 "https://nipponia.nl/wp-login.php" "Mozilla/5.0 (Macintosh; Intel Mac OS X 13_6_1; rv:121.0) Gecko/20100101 Firefox/121.0"
157.230.39.14 - - [05/May/2026:17:36:01 +0000] "GET /wp-admin/plugins.php HTTP/1.1" 503 7312 "https://nipponia.nl/wp-login.php" "Mozilla/5.0 (Macintosh; Intel Mac OS X 13_6_1; rv:121.0) Gecko/20100101 Firefox/121.0"
157.230.39.14 - - [05/May/2026:17:36:07 +0000] "POST /wp-login.php HTTP/1.1" 503 7109 "https://nipponia.nl/wp-login.php" "Mozilla/5.0 (Windows NT 11.0; Win64; x64; rv:121.0) Gecko/20100101 Firefox/121.0"
157.230.39.14 - - [05/May/2026:17:36:12 +0000] "GET /wp-admin/index.php HTTP/1.1" 503 7312 "https://nipponia.nl/wp-login.php" "Mozilla/5.0 (Windows NT 11.0; Win64; x64; rv:119.0) Gecko/20100101 Firefox/119.0"
20.123.172.228 - - [05/May/2026:17:36:13 +0000] "POST /?wordfence_syncAttackData=1778002573.6597 HTTP/1.1" 200 - "https://nipponia.nl/?wordfence_syncAttackData=1778002573.6597" "WordPress/6.1.10; https://nipponia.nl"
157.230.39.14 - - [05/May/2026:17:36:19 +0000] "GET /wp-admin/profile.php HTTP/1.1" 503 7312 "https://nipponia.nl/wp-login.php" "Mozilla/5.0 (Windows NT 11.0; Win64; x64; rv:119.0) Gecko/20100101 Firefox/119.0"
157.230.39.14 - - [05/May/2026:17:36:25 +0000] "GET /wp-admin/edit.php HTTP/1.1" 503 7311 "https://nipponia.nl/wp-login.php" "Mozilla/5.0 (Windows NT 11.0; Win64; x64; rv:119.0) Gecko/20100101 Firefox/119.0"
157.230.39.14 - - [05/May/2026:17:36:32 +0000] "GET /wp-admin/plugins.php HTTP/1.1" 503 7312 "https://nipponia.nl/wp-login.php" "Mozilla/5.0 (Windows NT 11.0; Win64; x64; rv:119.0) Gecko/20100101 Firefox/119.0"
157.230.39.14 - - [05/May/2026:17:36:37 +0000] "POST /wp-login.php HTTP/1.1" 503 7109 "https://nipponia.nl/wp-login.php" "Mozilla/5.0 (X11; Linux x86_64) AppleWebKit/537.36 (KHTML, like Gecko) Chrome/121.0.0.0 Safari/537.36"
157.230.39.14 - - [05/May/2026:17:36:42 +0000] "GET /wp-admin/index.php HTTP/1.1" 503 7312 "https://nipponia.nl/wp-login.php" "Mozilla/5.0 (Windows NT 10.0; Win64; x64) AppleWebKit/537.36 (KHTML, like Gecko) Chrome/119.0.0.0 Safari/537.36"
20.123.172.228 - - [05/May/2026:17:36:43 +0000] "POST /?wordfence_syncAttackData=1778002603.8047 HTTP/1.1" 200 - "https://nipponia.nl/?wordfence_syncAttackData=1778002603.8047" "WordPress/6.1.10; https://nipponia.nl"
157.230.39.14 - - [05/May/2026:17:36:49 +0000] "GET /wp-admin/profile.php HTTP/1.1" 503 7312 "https://nipponia.nl/wp-login.php" "Mozilla/5.0 (Windows NT 10.0; Win64; x64) AppleWebKit/537.36 (KHTML, like Gecko) Chrome/119.0.0.0 Safari/537.36"
157.230.39.14 - - [05/May/2026:17:36:55 +0000] "GET /wp-admin/edit.php HTTP/1.1" 503 7312 "https://nipponia.nl/wp-login.php" "Mozilla/5.0 (Windows NT 10.0; Win64; x64) AppleWebKit/537.36 (KHTML, like Gecko) Chrome/119.0.0.0 Safari/537.36"
157.230.39.14 - - [05/May/2026:17:37:01 +0000] "GET /wp-admin/plugins.php HTTP/1.1" 503 7312 "https://nipponia.nl/wp-login.php" "Mozilla/5.0 (Windows NT 10.0; Win64; x64) AppleWebKit/537.36 (KHTML, like Gecko) Chrome/119.0.0.0 Safari/537.36"
157.230.39.14 - - [05/May/2026:17:37:07 +0000] "POST /wp-login.php HTTP/1.1" 503 7109 "https://nipponia.nl/wp-login.php" "Mozilla/5.0 (X11; Linux x86_64) AppleWebKit/537.36 (KHTML, like Gecko) Chrome/121.0.0.0 Safari/537.36"
157.230.39.14 - - [05/May/2026:17:37:11 +0000] "GET /wp-admin/index.php HTTP/1.1" 503 7312 "https://nipponia.nl/wp-login.php" "Mozilla/5.0 (Windows NT 10.0; Win64; x64) AppleWebKit/537.36 (KHTML, like Gecko) Chrome/121.0.0.0 Safari/537.36"
20.123.172.228 - - [05/May/2026:17:37:13 +0000] "POST /?wordfence_syncAttackData=1778002633.0546 HTTP/1.1" 200 - "https://nipponia.nl/?wordfence_syncAttackData=1778002633.0546" "WordPress/6.1.10; https://nipponia.nl"
157.230.39.14 - - [05/May/2026:17:37:18 +0000] "GET /wp-admin/profile.php HTTP/1.1" 503 7312 "https://nipponia.nl/wp-login.php" "Mozilla/5.0 (Windows NT 10.0; Win64; x64) AppleWebKit/537.36 (KHTML, like Gecko) Chrome/121.0.0.0 Safari/537.36"
157.230.39.14 - - [05/May/2026:17:37:26 +0000] "GET /wp-admin/edit.php HTTP/1.1" 503 7312 "https://nipponia.nl/wp-login.php" "Mozilla/5.0 (Windows NT 10.0; Win64; x64) AppleWebKit/537.36 (KHTML, like Gecko) Chrome/121.0.0.0 Safari/537.36"
157.230.39.14 - - [05/May/2026:17:37:33 +0000] "GET /wp-admin/plugins.php HTTP/1.1" 503 7311 "https://nipponia.nl/wp-login.php" "Mozilla/5.0 (Windows NT 10.0; Win64; x64) AppleWebKit/537.36 (KHTML, like Gecko) Chrome/121.0.0.0 Safari/537.36"
157.230.39.14 - - [05/May/2026:17:37:39 +0000] "POST /wp-login.php HTTP/1.1" 503 7109 "https://nipponia.nl/wp-login.php" "Mozilla/5.0 (Macintosh; Intel Mac OS X 13_6_1) AppleWebKit/605.1.15 (KHTML, like Gecko) Version/17.1 Safari/605.1.15"
157.230.39.14 - - [05/May/2026:17:37:49 +0000] "GET /wp-admin/index.php HTTP/1.1" 503 7312 "https://nipponia.nl/wp-login.php" "Mozilla/5.0 (Windows NT 10.0; Win64; x64; rv:120.0) Gecko/20100101 Firefox/120.0"
20.123.172.228 - - [05/May/2026:17:37:50 +0000] "POST /?wordfence_syncAttackData=1778002670.902 HTTP/1.1" 200 - "https://nipponia.nl/?wordfence_syncAttackData=1778002670.902" "WordPress/6.1.10; https://nipponia.nl"
157.230.39.14 - - [05/May/2026:17:38:01 +0000] "GET /wp-admin/profile.php HTTP/1.1" 503 7312 "https://nipponia.nl/wp-login.php" "Mozilla/5.0 (Windows NT 10.0; Win64; x64; rv:120.0) Gecko/20100101 Firefox/120.0"
157.230.39.14 - - [05/May/2026:17:38:12 +0000] "GET /wp-admin/edit.php HTTP/1.1" 503 7312 "https://nipponia.nl/wp-login.php" "Mozilla/5.0 (Windows NT 10.0; Win64; x64; rv:120.0) Gecko/20100101 Firefox/120.0"
157.230.39.14 - - [05/May/2026:17:38:19 +0000] "GET /wp-admin/plugins.php HTTP/1.1" 503 7312 "https://nipponia.nl/wp-login.php" "Mozilla/5.0 (Windows NT 10.0; Win64; x64; rv:120.0) Gecko/20100101 Firefox/120.0"
157.230.39.14 - - [05/May/2026:17:38:26 +0000] "POST /wp-login.php HTTP/1.1" 503 7108 "https://nipponia.nl/wp-login.php" "Mozilla/5.0 (Windows NT 11.0; Win64; x64; rv:118.0) Gecko/20100101 Firefox/118.0"
157.230.39.14 - - [05/May/2026:17:38:30 +0000] "GET /wp-admin/index.php HTTP/1.1" 503 7312 "https://nipponia.nl/wp-login.php" "Mozilla/5.0 (Macintosh; Intel Mac OS X 10_15_7) AppleWebKit/605.1.15 (KHTML, like Gecko) Version/17.1 Safari/605.1.15"
20.123.172.228 - - [05/May/2026:17:38:32 +0000] "POST /?wordfence_syncAttackData=1778002712.1932 HTTP/1.1" 200 - "https://nipponia.nl/?wordfence_syncAttackData=1778002712.1932" "WordPress/6.1.10; https://nipponia.nl"
157.230.39.14 - - [05/May/2026:17:38:44 +0000] "GET /wp-admin/profile.php HTTP/1.1" 503 7312 "https://nipponia.nl/wp-login.php" "Mozilla/5.0 (Macintosh; Intel Mac OS X 10_15_7) AppleWebKit/605.1.15 (KHTML, like Gecko) Version/17.1 Safari/605.1.15"
157.230.39.14 - - [05/May/2026:17:38:51 +0000] "GET /wp-admin/edit.php HTTP/1.1" 503 7312 "https://nipponia.nl/wp-login.php" "Mozilla/5.0 (Macintosh; Intel Mac OS X 10_15_7) AppleWebKit/605.1.15 (KHTML, like Gecko) Version/17.1 Safari/605.1.15"
157.230.39.14 - - [05/May/2026:17:38:57 +0000] "GET /wp-admin/plugins.php HTTP/1.1" 503 7312 "https://nipponia.nl/wp-login.php" "Mozilla/5.0 (Macintosh; Intel Mac OS X 10_15_7) AppleWebKit/605.1.15 (KHTML, like Gecko) Version/17.1 Safari/605.1.15"
157.230.39.14 - - [05/May/2026:17:39:04 +0000] "POST /wp-login.php HTTP/1.1" 503 7109 "https://nipponia.nl/wp-login.php" "Mozilla/5.0 (Macintosh; Intel Mac OS X 10_15_7) AppleWebKit/605.1.15 (KHTML, like Gecko) Version/17.2 Safari/605.1.15"
157.230.39.14 - - [05/May/2026:17:39:08 +0000] "GET /wp-admin/index.php HTTP/1.1" 503 7312 "https://nipponia.nl/wp-login.php" "Mozilla/5.0 (Macintosh; Intel Mac OS X 10_15_7; rv:118.0) Gecko/20100101 Firefox/118.0"
20.123.172.228 - - [05/May/2026:17:39:10 +0000] "POST /?wordfence_syncAttackData=1778002750.4166 HTTP/1.1" 200 - "https://nipponia.nl/?wordfence_syncAttackData=1778002750.4166" "WordPress/6.1.10; https://nipponia.nl"
157.230.39.14 - - [05/May/2026:17:39:15 +0000] "GET /wp-admin/profile.php HTTP/1.1" 503 7312 "https://nipponia.nl/wp-login.php" "Mozilla/5.0 (Macintosh; Intel Mac OS X 10_15_7; rv:118.0) Gecko/20100101 Firefox/118.0"
157.230.39.14 - - [05/May/2026:17:39:28 +0000] "GET /wp-admin/edit.php HTTP/1.1" 503 7312 "https://nipponia.nl/wp-login.php" "Mozilla/5.0 (Macintosh; Intel Mac OS X 10_15_7; rv:118.0) Gecko/20100101 Firefox/118.0"
157.230.39.14 - - [05/May/2026:17:39:34 +0000] "GET /wp-admin/plugins.php HTTP/1.1" 503 7312 "https://nipponia.nl/wp-login.php" "Mozilla/5.0 (Macintosh; Intel Mac OS X 10_15_7; rv:118.0) Gecko/20100101 Firefox/118.0"
157.230.39.14 - - [05/May/2026:17:39:39 +0000] "POST /wp-login.php HTTP/1.1" 503 7108 "https://nipponia.nl/wp-login.php" "Mozilla/5.0 (X11; Linux x86_64) AppleWebKit/537.36 (KHTML, like Gecko) Chrome/120.0.0.0 Safari/537.36"
157.230.39.14 - - [05/May/2026:17:39:44 +0000] "GET /wp-admin/index.php HTTP/1.1" 503 7312 "https://nipponia.nl/wp-login.php" "Mozilla/5.0 (X11; Linux x86_64) AppleWebKit/537.36 (KHTML, like Gecko) Chrome/119.0.0.0 Safari/537.36"
20.123.172.228 - - [05/May/2026:17:39:45 +0000] "POST /?wordfence_syncAttackData=1778002785.7228 HTTP/1.1" 200 - "https://nipponia.nl/?wordfence_syncAttackData=1778002785.7228" "WordPress/6.1.10; https://nipponia.nl"
157.230.39.14 - - [05/May/2026:17:39:51 +0000] "GET /wp-admin/profile.php HTTP/1.1" 503 7312 "https://nipponia.nl/wp-login.php" "Mozilla/5.0 (X11; Linux x86_64) AppleWebKit/537.36 (KHTML, like Gecko) Chrome/119.0.0.0 Safari/537.36"
157.230.39.14 - - [05/May/2026:17:39:56 +0000] "GET /wp-admin/edit.php HTTP/1.1" 503 7312 "https://nipponia.nl/wp-login.php" "Mozilla/5.0 (X11; Linux x86_64) AppleWebKit/537.36 (KHTML, like Gecko) Chrome/119.0.0.0 Safari/537.36"
157.230.39.14 - - [05/May/2026:17:40:04 +0000] "GET /wp-admin/plugins.php HTTP/1.1" 503 7312 "https://nipponia.nl/wp-login.php" "Mozilla/5.0 (X11; Linux x86_64) AppleWebKit/537.36 (KHTML, like Gecko) Chrome/119.0.0.0 Safari/537.36"
157.230.39.14 - - [05/May/2026:17:40:10 +0000] "POST /wp-login.php HTTP/1.1" 503 7109 "https://nipponia.nl/wp-login.php" "Mozilla/5.0 (Macintosh; Intel Mac OS X 10_15_7) AppleWebKit/537.36 (KHTML, like Gecko) Chrome/119.0.0.0 Safari/537.36"
157.230.39.14 - - [05/May/2026:17:40:15 +0000] "GET /wp-admin/index.php HTTP/1.1" 503 7312 "https://nipponia.nl/wp-login.php" "Mozilla/5.0 (Macintosh; Intel Mac OS X 13_6_1) AppleWebKit/605.1.15 (KHTML, like Gecko) Version/17.1 Safari/605.1.15"
20.123.172.228 - - [05/May/2026:17:40:16 +0000] "POST /?wordfence_syncAttackData=1778002816.7052 HTTP/1.1" 200 - "https://nipponia.nl/?wordfence_syncAttackData=1778002816.7052" "WordPress/6.1.10; https://nipponia.nl"
157.230.39.14 - - [05/May/2026:17:40:22 +0000] "GET /wp-admin/profile.php HTTP/1.1" 503 7312 "https://nipponia.nl/wp-login.php" "Mozilla/5.0 (Macintosh; Intel Mac OS X 13_6_1) AppleWebKit/605.1.15 (KHTML, like Gecko) Version/17.1 Safari/605.1.15"
157.230.39.14 - - [05/May/2026:17:40:27 +0000] "GET /wp-admin/edit.php HTTP/1.1" 503 7312 "https://nipponia.nl/wp-login.php" "Mozilla/5.0 (Macintosh; Intel Mac OS X 13_6_1) AppleWebKit/605.1.15 (KHTML, like Gecko) Version/17.1 Safari/605.1.15"
157.230.39.14 - - [05/May/2026:17:40:33 +0000] "GET /wp-admin/plugins.php HTTP/1.1" 503 7312 "https://nipponia.nl/wp-login.php" "Mozilla/5.0 (Macintosh; Intel Mac OS X 13_6_1) AppleWebKit/605.1.15 (KHTML, like Gecko) Version/17.1 Safari/605.1.15"
157.230.39.14 - - [05/May/2026:17:40:40 +0000] "POST /wp-login.php HTTP/1.1" 503 7108 "https://nipponia.nl/wp-login.php" "Mozilla/5.0 (Windows NT 11.0; Win64; x64; rv:118.0) Gecko/20100101 Firefox/118.0"
20.123.172.228 - - [05/May/2026:17:40:48 +0000] "POST /wp-cron.php?doing_wp_cron=1778002848.0809431076049804687500 HTTP/1.1" 200 - "https://nipponia.nl/wp-cron.php?doing_wp_cron=1778002848.0809431076049804687500" "WordPress/6.1.10; https://nipponia.nl"
20.123.172.228 - - [05/May/2026:17:40:46 +0000] "POST /?wordfence_syncAttackData=1778002846.6163 HTTP/1.1" 200 - "https://nipponia.nl/?wordfence_syncAttackData=1778002846.6163" "WordPress/6.1.10; https://nipponia.nl"
157.230.39.14 - - [05/May/2026:17:40:45 +0000] "GET /wp-admin/index.php HTTP/1.1" 302 - "https://nipponia.nl/wp-login.php" "Mozilla/5.0 (X11; Ubuntu; Linux x86_64) AppleWebKit/537.36 (KHTML, like Gecko) Chrome/120.0.0.0 Safari/537.36"
157.230.39.14 - - [05/May/2026:17:40:52 +0000] "GET /wp-login.php?redirect_to=https%3A%2F%2Fnipponia.nl%2Fwp-admin%2Findex.php&reauth=1 HTTP/1.1" 200 2621 "https://nipponia.nl/wp-login.php" "Mozilla/5.0 (X11; Ubuntu; Linux x86_64) AppleWebKit/537.36 (KHTML, like Gecko) Chrome/120.0.0.0 Safari/537.36"
157.230.39.14 - - [05/May/2026:17:40:58 +0000] "POST /wp-login.php HTTP/1.1" 503 7312 "https://nipponia.nl/wp-login.php" "Mozilla/5.0 (Windows NT 10.0; Win64; x64; rv:119.0) Gecko/20100101 Firefox/119.0"
157.230.39.14 - - [05/May/2026:17:41:05 +0000] "GET /wp-admin/index.php HTTP/1.1" 503 7312 "https://nipponia.nl/wp-login.php" "Mozilla/5.0 (Windows NT 11.0; Win64; x64) AppleWebKit/537.36 (KHTML, like Gecko) Chrome/121.0.0.0 Safari/537.36"
157.230.39.14 - - [05/May/2026:17:41:12 +0000] "GET /wp-admin/profile.php HTTP/1.1" 503 7312 "https://nipponia.nl/wp-login.php" "Mozilla/5.0 (Windows NT 11.0; Win64; x64) AppleWebKit/537.36 (KHTML, like Gecko) Chrome/121.0.0.0 Safari/537.36"
157.230.39.14 - - [05/May/2026:17:41:18 +0000] "GET /wp-admin/edit.php HTTP/1.1" 503 7312 "https://nipponia.nl/wp-login.php" "Mozilla/5.0 (Windows NT 11.0; Win64; x64) AppleWebKit/537.36 (KHTML, like Gecko) Chrome/121.0.0.0 Safari/537.36"
157.230.39.14 - - [05/May/2026:17:41:23 +0000] "GET /wp-admin/plugins.php HTTP/1.1" 503 7312 "https://nipponia.nl/wp-login.php" "Mozilla/5.0 (Windows NT 11.0; Win64; x64) AppleWebKit/537.36 (KHTML, like Gecko) Chrome/121.0.0.0 Safari/537.36"
157.230.39.14 - - [05/May/2026:17:41:29 +0000] "POST /wp-login.php HTTP/1.1" 503 7109 "https://nipponia.nl/wp-login.php" "Mozilla/5.0 (Macintosh; Intel Mac OS X 10_15_7) AppleWebKit/537.36 (KHTML, like Gecko) Chrome/120.0.0.0 Safari/537.36"
157.230.39.14 - - [05/May/2026:17:41:34 +0000] "GET /wp-admin/index.php HTTP/1.1" 503 7312 "https://nipponia.nl/wp-login.php" "Mozilla/5.0 (X11; Linux x86_64) AppleWebKit/537.36 (KHTML, like Gecko) Chrome/121.0.0.0 Safari/537.36"
20.123.172.228 - - [05/May/2026:17:41:35 +0000] "POST /?wordfence_syncAttackData=1778002895.8526 HTTP/1.1" 200 - "https://nipponia.nl/?wordfence_syncAttackData=1778002895.8526" "WordPress/6.1.10; https://nipponia.nl"
157.230.39.14 - - [05/May/2026:17:41:41 +0000] "GET /wp-admin/profile.php HTTP/1.1" 503 7312 "https://nipponia.nl/wp-login.php" "Mozilla/5.0 (X11; Linux x86_64) AppleWebKit/537.36 (KHTML, like Gecko) Chrome/121.0.0.0 Safari/537.36"
157.230.39.14 - - [05/May/2026:17:41:46 +0000] "GET /wp-admin/edit.php HTTP/1.1" 503 7311 "https://nipponia.nl/wp-login.php" "Mozilla/5.0 (X11; Linux x86_64) AppleWebKit/537.36 (KHTML, like Gecko) Chrome/121.0.0.0 Safari/537.36"
157.230.39.14 - - [05/May/2026:17:41:52 +0000] "GET /wp-admin/plugins.php HTTP/1.1" 503 7312 "https://nipponia.nl/wp-login.php" "Mozilla/5.0 (X11; Linux x86_64) AppleWebKit/537.36 (KHTML, like Gecko) Chrome/121.0.0.0 Safari/537.36"
157.230.39.14 - - [05/May/2026:17:41:58 +0000] "POST /wp-login.php HTTP/1.1" 503 7109 "https://nipponia.nl/wp-login.php" "Mozilla/5.0 (Macintosh; Intel Mac OS X 10_15_7) AppleWebKit/537.36 (KHTML, like Gecko) Chrome/121.0.0.0 Safari/537.36"
157.230.39.14 - - [05/May/2026:17:42:05 +0000] "GET /wp-admin/index.php HTTP/1.1" 503 7312 "https://nipponia.nl/wp-login.php" "Mozilla/5.0 (Windows NT 11.0; Win64; x64) AppleWebKit/537.36 (KHTML, like Gecko) Chrome/121.0.0.0 Safari/537.36"
20.123.172.228 - - [05/May/2026:17:42:06 +0000] "POST /?wordfence_syncAttackData=1778002926.7998 HTTP/1.1" 200 - "https://nipponia.nl/?wordfence_syncAttackData=1778002926.7998" "WordPress/6.1.10; https://nipponia.nl"
157.230.39.14 - - [05/May/2026:17:42:13 +0000] "GET /wp-admin/profile.php HTTP/1.1" 503 7312 "https://nipponia.nl/wp-login.php" "Mozilla/5.0 (Windows NT 11.0; Win64; x64) AppleWebKit/537.36 (KHTML, like Gecko) Chrome/121.0.0.0 Safari/537.36"
157.230.39.14 - - [05/May/2026:17:42:21 +0000] "GET /wp-admin/edit.php HTTP/1.1" 503 7312 "https://nipponia.nl/wp-login.php" "Mozilla/5.0 (Windows NT 11.0; Win64; x64) AppleWebKit/537.36 (KHTML, like Gecko) Chrome/121.0.0.0 Safari/537.36"
157.230.39.14 - - [05/May/2026:17:42:27 +0000] "GET /wp-admin/plugins.php HTTP/1.1" 503 7312 "https://nipponia.nl/wp-login.php" "Mozilla/5.0 (Windows NT 11.0; Win64; x64) AppleWebKit/537.36 (KHTML, like Gecko) Chrome/121.0.0.0 Safari/537.36"
157.230.39.14 - - [05/May/2026:17:42:34 +0000] "POST /wp-login.php HTTP/1.1" 503 7109 "https://nipponia.nl/wp-login.php" "Mozilla/5.0 (Macintosh; Intel Mac OS X 13_6_1) AppleWebKit/605.1.15 (KHTML, like Gecko) Version/17.2 Safari/605.1.15"
157.230.39.14 - - [05/May/2026:17:42:39 +0000] "GET /wp-admin/index.php HTTP/1.1" 503 7312 "https://nipponia.nl/wp-login.php" "Mozilla/5.0 (Windows NT 10.0; Win64; x64) AppleWebKit/537.36 (KHTML, like Gecko) Chrome/120.0.0.0 Safari/537.36"
20.123.172.228 - - [05/May/2026:17:42:40 +0000] "POST /?wordfence_syncAttackData=1778002960.8005 HTTP/1.1" 200 - "https://nipponia.nl/?wordfence_syncAttackData=1778002960.8005" "WordPress/6.1.10; https://nipponia.nl"
157.230.39.14 - - [05/May/2026:17:42:46 +0000] "GET /wp-admin/profile.php HTTP/1.1" 503 7312 "https://nipponia.nl/wp-login.php" "Mozilla/5.0 (Windows NT 10.0; Win64; x64) AppleWebKit/537.36 (KHTML, like Gecko) Chrome/120.0.0.0 Safari/537.36"
157.230.39.14 - - [05/May/2026:17:42:51 +0000] "GET /wp-admin/edit.php HTTP/1.1" 503 7312 "https://nipponia.nl/wp-login.php" "Mozilla/5.0 (Windows NT 10.0; Win64; x64) AppleWebKit/537.36 (KHTML, like Gecko) Chrome/120.0.0.0 Safari/537.36"
157.230.39.14 - - [05/May/2026:17:42:57 +0000] "GET /wp-admin/plugins.php HTTP/1.1" 503 7312 "https://nipponia.nl/wp-login.php" "Mozilla/5.0 (Windows NT 10.0; Win64; x64) AppleWebKit/537.36 (KHTML, like Gecko) Chrome/120.0.0.0 Safari/537.36"
157.230.39.14 - - [05/May/2026:17:43:03 +0000] "POST /wp-login.php HTTP/1.1" 503 7109 "https://nipponia.nl/wp-login.php" "Mozilla/5.0 (Macintosh; Intel Mac OS X 13_6_1) AppleWebKit/537.36 (KHTML, like Gecko) Chrome/118.0.0.0 Safari/537.36"
157.230.39.14 - - [05/May/2026:17:43:15 +0000] "GET /wp-admin/index.php HTTP/1.1" 503 7312 "https://nipponia.nl/wp-login.php" "Mozilla/5.0 (Windows NT 10.0; Win64; x64; rv:118.0) Gecko/20100101 Firefox/118.0"
20.123.172.228 - - [05/May/2026:17:43:17 +0000] "POST /?wordfence_syncAttackData=1778002997.2074 HTTP/1.1" 200 - "https://nipponia.nl/?wordfence_syncAttackData=1778002997.2074" "WordPress/6.1.10; https://nipponia.nl"
157.230.39.14 - - [05/May/2026:17:43:24 +0000] "GET /wp-admin/profile.php HTTP/1.1" 503 7312 "https://nipponia.nl/wp-login.php" "Mozilla/5.0 (Windows NT 10.0; Win64; x64; rv:118.0) Gecko/20100101 Firefox/118.0"
