190.80.246.191 - - [05/May/2026:21:30:42 +0000] "GET /wp-content/plugins/elementor-pro/assets/js/elements-handlers.min.js?ver=4.0.4 HTTP/1.1" 304 - "https://nipponiacaribe.com/contact/" "Mozilla/5.0 (Linux; Android 10; K) AppleWebKit/537.36 (KHTML, like Gecko) Chrome/147.0.0.0 Mobile Safari/537.36"
190.80.246.191 - - [05/May/2026:21:30:42 +0000] "GET /wp-content/plugins/optimole-wp/assets/build/optimizer/optimizer.js?v=4.2.4 HTTP/1.1" 304 - "https://nipponiacaribe.com/contact/" "Mozilla/5.0 (Linux; Android 10; K) AppleWebKit/537.36 (KHTML, like Gecko) Chrome/147.0.0.0 Mobile Safari/537.36"
190.80.246.191 - - [05/May/2026:21:30:42 +0000] "GET /wp-content/plugins/google-site-kit/dist/assets/js/googlesitekit-events-provider-contact-form-7-08e8756782316cb65854.js HTTP/1.1" 304 - "https://nipponiacaribe.com/contact/" "Mozilla/5.0 (Linux; Android 10; K) AppleWebKit/537.36 (KHTML, like Gecko) Chrome/147.0.0.0 Mobile Safari/537.36"
190.80.246.191 - - [05/May/2026:21:30:43 +0000] "GET /wp-content/plugins/google-site-kit/dist/assets/js/googlesitekit-events-provider-ninja-forms-de64a20f79b99aba5219.js HTTP/1.1" 304 - "https://nipponiacaribe.com/contact/" "Mozilla/5.0 (Linux; Android 10; K) AppleWebKit/537.36 (KHTML, like Gecko) Chrome/147.0.0.0 Mobile Safari/537.36"
190.80.246.191 - - [05/May/2026:21:30:43 +0000] "GET /wp-json/contact-form-7/v1/contact-forms/576/feedback/schema HTTP/1.1" 200 242 "https://nipponiacaribe.com/contact/" "Mozilla/5.0 (Linux; Android 10; K) AppleWebKit/537.36 (KHTML, like Gecko) Chrome/147.0.0.0 Mobile Safari/537.36"
190.80.246.191 - - [05/May/2026:21:30:50 +0000] "GET /wp-content/plugins/elementor/assets/js/section-frontend-handlers.d85ab872da118940910d.bundle.min.js HTTP/1.1" 304 - "https://nipponiacaribe.com/contact/" "Mozilla/5.0 (Linux; Android 10; K) AppleWebKit/537.36 (KHTML, like Gecko) Chrome/147.0.0.0 Mobile Safari/537.36"
190.80.246.191 - - [05/May/2026:21:30:51 +0000] "GET /wp-content/plugins/elementor/assets/js/text-editor.45609661e409413f1cef.bundle.min.js HTTP/1.1" 304 - "https://nipponiacaribe.com/contact/" "Mozilla/5.0 (Linux; Android 10; K) AppleWebKit/537.36 (KHTML, like Gecko) Chrome/147.0.0.0 Mobile Safari/537.36"
190.80.246.191 - - [05/May/2026:21:30:53 +0000] "GET /wp-content/plugins/elementor/assets/js/shared-frontend-handlers.03caa53373b56d3bab67.bundle.min.js HTTP/1.1" 304 - "https://nipponiacaribe.com/contact/" "Mozilla/5.0 (Linux; Android 10; K) AppleWebKit/537.36 (KHTML, like Gecko) Chrome/147.0.0.0 Mobile Safari/537.36"
52.230.163.35 - - [05/May/2026:21:31:18 +0000] "GET / HTTP/1.1" 200 20668 "-" "Mozilla/5.0 AppleWebKit/537.36 (KHTML, like Gecko); compatible; ChatGPT-User/1.0; +https://openai.com/bot"
190.80.246.191 - - [05/May/2026:21:31:31 +0000] "GET /wp-json/contact-form-7/v1/contact-forms/576/refill HTTP/1.1" 200 22 "https://nipponiacaribe.com/contact/" "Mozilla/5.0 (Linux; Android 10; K) AppleWebKit/537.36 (KHTML, like Gecko) Chrome/147.0.0.0 Mobile Safari/537.36"
190.80.246.191 - - [05/May/2026:21:31:33 +0000] "POST /wp-json/optml/v1/optimizations HTTP/1.1" 200 76 "https://nipponiacaribe.com/contact/" "Mozilla/5.0 (Linux; Android 10; K) AppleWebKit/537.36 (KHTML, like Gecko) Chrome/147.0.0.0 Mobile Safari/537.36"
190.8.36.97 - - [05/May/2026:21:32:50 +0000] "GET /wp-content/themes/airi/css/bootstrap/bootstrap.min.css?ver=1 HTTP/1.1" 200 20519 "-" "Mozilla/5.0 (Linux; Android 10; K) AppleWebKit/537.36 (KHTML, like Gecko) Chrome/147.0.0.0 Mobile Safari/537.36"
190.8.36.97 - - [05/May/2026:21:32:50 +0000] "GET /wp-includes/css/dist/block-library/style.min.css?ver=6.9.4 HTTP/1.1" 200 15916 "-" "Mozilla/5.0 (Linux; Android 10; K) AppleWebKit/537.36 (KHTML, like Gecko) Chrome/147.0.0.0 Mobile Safari/537.36"
20.123.172.228 - - [05/May/2026:21:32:58 +0000] "POST /wp-cron.php?doing_wp_cron=1778016778.1292300224304199218750 HTTP/1.1" 200 - "-" "WordPress/6.9.4; https://nipponiacaribe.com"
190.8.36.97 - - [05/May/2026:21:32:47 +0000] "GET /patron125/ HTTP/1.1" 200 22108 "https://www.google.com/" "Mozilla/5.0 (Linux; Android 10; K) AppleWebKit/537.36 (KHTML, like Gecko) Chrome/147.0.0.0 Mobile Safari/537.36"
13.75.199.23 - - [05/May/2026:21:39:07 +0000] "GET /wp-content/plugins/admin.php HTTP/1.1" 404 14290 "-" "Mozilla/5.0 (Windows NT 10.0; Win64; x64) AppleWebKit/537.36 (KHTML, like Gecko) Chrome/120.0.0.0 Safari/537.36"
13.75.199.23 - - [05/May/2026:21:39:15 +0000] "GET /admin.php HTTP/1.1" 404 14290 "-" "Mozilla/5.0 (Windows NT 10.0; Win64; x64) AppleWebKit/537.36 (KHTML, like Gecko) Chrome/120.0.0.0 Safari/537.36"
13.75.199.23 - - [05/May/2026:21:39:22 +0000] "GET /wk/index.php HTTP/1.1" 301 - "-" "Mozilla/5.0 (Windows NT 10.0; Win64; x64) AppleWebKit/537.36 (KHTML, like Gecko) Chrome/120.0.0.0 Safari/537.36"
13.75.199.23 - - [05/May/2026:21:39:28 +0000] "GET /supyffqkrnyxagxcjucnCdefault.php HTTP/1.1" 404 14290 "-" "Mozilla/5.0 (Windows NT 10.0; Win64; x64) AppleWebKit/537.36 (KHTML, like Gecko) Chrome/120.0.0.0 Safari/537.36"
13.75.199.23 - - [05/May/2026:21:39:36 +0000] "GET /elp.php HTTP/1.1" 404 14290 "-" "Mozilla/5.0 (Windows NT 10.0; Win64; x64) AppleWebKit/537.36 (KHTML, like Gecko) Chrome/120.0.0.0 Safari/537.36"
13.75.199.23 - - [05/May/2026:21:39:43 +0000] "GET /adminfuns.php HTTP/1.1" 404 14290 "-" "Mozilla/5.0 (Windows NT 10.0; Win64; x64) AppleWebKit/537.36 (KHTML, like Gecko) Chrome/120.0.0.0 Safari/537.36"
13.75.199.23 - - [05/May/2026:21:39:51 +0000] "GET /.tmb/cloud.php HTTP/1.1" 404 14290 "-" "Mozilla/5.0 (Windows NT 10.0; Win64; x64) AppleWebKit/537.36 (KHTML, like Gecko) Chrome/120.0.0.0 Safari/537.36"
13.75.199.23 - - [05/May/2026:21:39:58 +0000] "GET /php8.php HTTP/1.1" 404 14290 "-" "Mozilla/5.0 (Windows NT 10.0; Win64; x64) AppleWebKit/537.36 (KHTML, like Gecko) Chrome/120.0.0.0 Safari/537.36"
13.75.199.23 - - [05/May/2026:21:40:06 +0000] "GET /.well-known HTTP/1.1" 301 287 "-" "Mozilla/5.0 (Windows NT 10.0; Win64; x64) AppleWebKit/537.36 (KHTML, like Gecko) Chrome/120.0.0.0 Safari/537.36"
13.75.199.23 - - [05/May/2026:21:40:06 +0000] "GET /inputs.php HTTP/1.1" 404 14290 "-" "Mozilla/5.0 (Windows NT 10.0; Win64; x64) AppleWebKit/537.36 (KHTML, like Gecko) Chrome/120.0.0.0 Safari/537.36"
13.75.199.23 - - [05/May/2026:21:40:13 +0000] "GET /goods.php HTTP/1.1" 404 14290 "-" "Mozilla/5.0 (Windows NT 10.0; Win64; x64) AppleWebKit/537.36 (KHTML, like Gecko) Chrome/120.0.0.0 Safari/537.36"
20.123.172.228 - - [05/May/2026:21:40:28 +0000] "POST /wp-cron.php?doing_wp_cron=1778017228.1924710273742675781250 HTTP/1.1" 200 - "-" "WordPress/6.9.4; https://nipponiacaribe.com"
13.75.199.23 - - [05/May/2026:21:40:21 +0000] "GET /classwithtostring.php HTTP/1.1" 404 14290 "-" "Mozilla/5.0 (Windows NT 10.0; Win64; x64) AppleWebKit/537.36 (KHTML, like Gecko) Chrome/120.0.0.0 Safari/537.36"
72.14.201.62 - - [05/May/2026:21:40:29 +0000] "GET /tn-200/ HTTP/1.1" 200 21958 "https://www.google.com/" "Mozilla/5.0 (Linux; Android 10; K) AppleWebKit/537.36 (KHTML, like Gecko) Chrome/147.0.0.0 Mobile Safari/537.36"
13.75.199.23 - - [05/May/2026:21:40:29 +0000] "GET /simple.php HTTP/1.1" 404 14290 "-" "Mozilla/5.0 (Windows NT 10.0; Win64; x64) AppleWebKit/537.36 (KHTML, like Gecko) Chrome/120.0.0.0 Safari/537.36"
13.75.199.23 - - [05/May/2026:21:40:37 +0000] "GET /wp-mail.php HTTP/1.1" 403 1044 "-" "Mozilla/5.0 (Windows NT 10.0; Win64; x64) AppleWebKit/537.36 (KHTML, like Gecko) Chrome/120.0.0.0 Safari/537.36"
13.75.199.23 - - [05/May/2026:21:40:43 +0000] "GET /about.php HTTP/1.1" 404 14290 "-" "Mozilla/5.0 (Windows NT 10.0; Win64; x64) AppleWebKit/537.36 (KHTML, like Gecko) Chrome/120.0.0.0 Safari/537.36"
13.75.199.23 - - [05/May/2026:21:40:51 +0000] "GET /1.php HTTP/1.1" 404 14290 "-" "Mozilla/5.0 (Windows NT 10.0; Win64; x64) AppleWebKit/537.36 (KHTML, like Gecko) Chrome/120.0.0.0 Safari/537.36"
13.75.199.23 - - [05/May/2026:21:40:58 +0000] "GET /file.php HTTP/1.1" 404 14290 "-" "Mozilla/5.0 (Windows NT 10.0; Win64; x64) AppleWebKit/537.36 (KHTML, like Gecko) Chrome/120.0.0.0 Safari/537.36"
13.75.199.23 - - [05/May/2026:21:41:06 +0000] "GET /404.php HTTP/1.1" 404 14290 "-" "Mozilla/5.0 (Windows NT 10.0; Win64; x64) AppleWebKit/537.36 (KHTML, like Gecko) Chrome/120.0.0.0 Safari/537.36"
13.75.199.23 - - [05/May/2026:21:41:12 +0000] "GET /wp-login.php HTTP/1.1" 302 - "-" "Mozilla/5.0 (Windows NT 10.0; Win64; x64) AppleWebKit/537.36 (KHTML, like Gecko) Chrome/120.0.0.0 Safari/537.36"
13.75.199.23 - - [05/May/2026:21:41:14 +0000] "GET /index.php/feed/atom HTTP/1.1" 301 - "-" "Mozilla/5.0 (Windows NT 10.0; Win64; x64) AppleWebKit/537.36 (KHTML, like Gecko) Chrome/120.0.0.0 Safari/537.36"
13.75.199.23 - - [05/May/2026:21:41:19 +0000] "GET /php.php HTTP/1.1" 404 14290 "-" "Mozilla/5.0 (Windows NT 10.0; Win64; x64) AppleWebKit/537.36 (KHTML, like Gecko) Chrome/120.0.0.0 Safari/537.36"
13.75.199.23 - - [05/May/2026:21:41:27 +0000] "GET /wp-includes/Text/Diff/Engine.php HTTP/1.1" 404 14290 "-" "Mozilla/5.0 (Windows NT 10.0; Win64; x64) AppleWebKit/537.36 (KHTML, like Gecko) Chrome/120.0.0.0 Safari/537.36"
20.123.172.228 - - [05/May/2026:21:41:41 +0000] "POST /wp-cron.php?doing_wp_cron=1778017301.7761490345001220703125 HTTP/1.1" 200 - "-" "WordPress/6.9.4; https://nipponiacaribe.com"
13.75.199.23 - - [05/May/2026:21:41:34 +0000] "GET /wp-content/admin.php HTTP/1.1" 404 14290 "-" "Mozilla/5.0 (Windows NT 10.0; Win64; x64) AppleWebKit/537.36 (KHTML, like Gecko) Chrome/120.0.0.0 Safari/537.36"
13.75.199.23 - - [05/May/2026:21:41:42 +0000] "GET /wp-content/themes/admin.php HTTP/1.1" 404 14290 "-" "Mozilla/5.0 (Windows NT 10.0; Win64; x64) AppleWebKit/537.36 (KHTML, like Gecko) Chrome/120.0.0.0 Safari/537.36"
13.75.199.23 - - [05/May/2026:21:41:49 +0000] "GET /7.php HTTP/1.1" 404 14290 "-" "Mozilla/5.0 (Windows NT 10.0; Win64; x64) AppleWebKit/537.36 (KHTML, like Gecko) Chrome/120.0.0.0 Safari/537.36"
13.75.199.23 - - [05/May/2026:21:41:57 +0000] "GET /wp-content/index.php HTTP/1.1" 200 - "-" "Mozilla/5.0 (Windows NT 10.0; Win64; x64) AppleWebKit/537.36 (KHTML, like Gecko) Chrome/120.0.0.0 Safari/537.36"
13.75.199.23 - - [05/May/2026:21:41:57 +0000] "GET /.well-known/acme-challenge/index.php HTTP/1.1" 301 - "-" "Mozilla/5.0 (Windows NT 10.0; Win64; x64) AppleWebKit/537.36 (KHTML, like Gecko) Chrome/120.0.0.0 Safari/537.36"
13.75.199.23 - - [05/May/2026:21:42:03 +0000] "GET /atomlib.php HTTP/1.1" 500 - "-" "Mozilla/5.0 (Windows NT 10.0; Win64; x64) AppleWebKit/537.36 (KHTML, like Gecko) Chrome/120.0.0.0 Safari/537.36"
13.75.199.23 - - [05/May/2026:21:42:04 +0000] "GET /chosen.php HTTP/1.1" 404 14290 "-" "Mozilla/5.0 (Windows NT 10.0; Win64; x64) AppleWebKit/537.36 (KHTML, like Gecko) Chrome/120.0.0.0 Safari/537.36"
13.75.199.23 - - [05/May/2026:21:42:12 +0000] "GET /css.php HTTP/1.1" 500 - "-" "Mozilla/5.0 (Windows NT 10.0; Win64; x64) AppleWebKit/537.36 (KHTML, like Gecko) Chrome/120.0.0.0 Safari/537.36"
13.75.199.23 - - [05/May/2026:21:42:13 +0000] "GET /files.php HTTP/1.1" 404 14290 "-" "Mozilla/5.0 (Windows NT 10.0; Win64; x64) AppleWebKit/537.36 (KHTML, like Gecko) Chrome/120.0.0.0 Safari/537.36"
13.75.199.23 - - [05/May/2026:21:42:20 +0000] "GET /index/function.php HTTP/1.1" 500 - "-" "Mozilla/5.0 (Windows NT 10.0; Win64; x64) AppleWebKit/537.36 (KHTML, like Gecko) Chrome/120.0.0.0 Safari/537.36"
13.75.199.23 - - [05/May/2026:21:42:21 +0000] "GET /buy.php HTTP/1.1" 404 14290 "-" "Mozilla/5.0 (Windows NT 10.0; Win64; x64) AppleWebKit/537.36 (KHTML, like Gecko) Chrome/120.0.0.0 Safari/537.36"
13.75.199.23 - - [05/May/2026:21:42:29 +0000] "GET /info.php HTTP/1.1" 404 14290 "-" "Mozilla/5.0 (Windows NT 10.0; Win64; x64) AppleWebKit/537.36 (KHTML, like Gecko) Chrome/120.0.0.0 Safari/537.36"
20.169.78.112 - - [05/May/2026:21:42:39 +0000] "GET / HTTP/1.1" 200 20668 "-" "Mozilla/5.0 AppleWebKit/537.36 (KHTML, like Gecko); compatible; ChatGPT-User/1.0; +https://openai.com/bot"
13.75.199.23 - - [05/May/2026:21:42:36 +0000] "GET /wp.php HTTP/1.1" 404 14290 "-" "Mozilla/5.0 (Windows NT 10.0; Win64; x64) AppleWebKit/537.36 (KHTML, like Gecko) Chrome/120.0.0.0 Safari/537.36"
13.75.199.23 - - [05/May/2026:21:42:44 +0000] "GET /wp-content/uploads/index.php HTTP/1.1" 500 - "-" "Mozilla/5.0 (Windows NT 10.0; Win64; x64) AppleWebKit/537.36 (KHTML, like Gecko) Chrome/120.0.0.0 Safari/537.36"
13.75.199.23 - - [05/May/2026:21:42:45 +0000] "GET /wp-config-sample.php HTTP/1.1" 500 1004 "-" "Mozilla/5.0 (Windows NT 10.0; Win64; x64) AppleWebKit/537.36 (KHTML, like Gecko) Chrome/120.0.0.0 Safari/537.36"
13.75.199.23 - - [05/May/2026:21:42:46 +0000] "GET /wp-content/themes/x/bypass.php HTTP/1.1" 500 - "-" "Mozilla/5.0 (Windows NT 10.0; Win64; x64) AppleWebKit/537.36 (KHTML, like Gecko) Chrome/120.0.0.0 Safari/537.36"
13.75.199.23 - - [05/May/2026:21:42:47 +0000] "GET /666.php HTTP/1.1" 500 - "-" "Mozilla/5.0 (Windows NT 10.0; Win64; x64) AppleWebKit/537.36 (KHTML, like Gecko) Chrome/120.0.0.0 Safari/537.36"
13.75.199.23 - - [05/May/2026:21:42:48 +0000] "GET /bgymj.php HTTP/1.1" 404 14290 "-" "Mozilla/5.0 (Windows NT 10.0; Win64; x64) AppleWebKit/537.36 (KHTML, like Gecko) Chrome/120.0.0.0 Safari/537.36"
13.75.199.23 - - [05/May/2026:21:42:56 +0000] "GET /control.php HTTP/1.1" 500 - "-" "Mozilla/5.0 (Windows NT 10.0; Win64; x64) AppleWebKit/537.36 (KHTML, like Gecko) Chrome/120.0.0.0 Safari/537.36"
13.75.199.23 - - [05/May/2026:21:42:57 +0000] "GET /randkeyword.PhP7 HTTP/1.1" 404 14290 "-" "Mozilla/5.0 (Windows NT 10.0; Win64; x64) AppleWebKit/537.36 (KHTML, like Gecko) Chrome/120.0.0.0 Safari/537.36"
13.75.199.23 - - [05/May/2026:21:43:05 +0000] "GET /wp-content/plugins/core-plugin/include.php HTTP/1.1" 500 - "-" "Mozilla/5.0 (Windows NT 10.0; Win64; x64) AppleWebKit/537.36 (KHTML, like Gecko) Chrome/120.0.0.0 Safari/537.36"
20.123.172.228 - - [05/May/2026:21:43:13 +0000] "POST /wp-cron.php?doing_wp_cron=1778017393.4427990913391113281250 HTTP/1.1" 200 - "-" "WordPress/6.9.4; https://nipponiacaribe.com"
13.75.199.23 - - [05/May/2026:21:43:06 +0000] "GET /wp-includes/assets/ty.php HTTP/1.1" 404 14290 "-" "Mozilla/5.0 (Windows NT 10.0; Win64; x64) AppleWebKit/537.36 (KHTML, like Gecko) Chrome/120.0.0.0 Safari/537.36"
13.75.199.23 - - [05/May/2026:21:43:14 +0000] "GET /file61.php HTTP/1.1" 404 14290 "-" "Mozilla/5.0 (Windows NT 10.0; Win64; x64) AppleWebKit/537.36 (KHTML, like Gecko) Chrome/120.0.0.0 Safari/537.36"
13.75.199.23 - - [05/May/2026:21:43:21 +0000] "GET /p.php HTTP/1.1" 404 14290 "-" "Mozilla/5.0 (Windows NT 10.0; Win64; x64) AppleWebKit/537.36 (KHTML, like Gecko) Chrome/120.0.0.0 Safari/537.36"
13.75.199.23 - - [05/May/2026:21:43:29 +0000] "GET /ms-edit.php HTTP/1.1" 404 14290 "-" "Mozilla/5.0 (Windows NT 10.0; Win64; x64) AppleWebKit/537.36 (KHTML, like Gecko) Chrome/120.0.0.0 Safari/537.36"
13.75.199.23 - - [05/May/2026:21:43:36 +0000] "GET /alfanew.PHP7 HTTP/1.1" 404 14290 "-" "Mozilla/5.0 (Windows NT 10.0; Win64; x64) AppleWebKit/537.36 (KHTML, like Gecko) Chrome/120.0.0.0 Safari/537.36"
13.75.199.23 - - [05/May/2026:21:43:44 +0000] "GET /cgi-bin HTTP/1.1" 301 283 "-" "Mozilla/5.0 (Windows NT 10.0; Win64; x64) AppleWebKit/537.36 (KHTML, like Gecko) Chrome/120.0.0.0 Safari/537.36"
162.120.185.250 - - [05/May/2026:21:43:48 +0000] "GET /patron125/ HTTP/1.1" 200 22108 "https://www.google.com/" "Mozilla/5.0 (Linux; Android 10; K) AppleWebKit/537.36 (KHTML, like Gecko) Chrome/147.0.0.0 Mobile Safari/537.36"
13.75.199.23 - - [05/May/2026:21:43:44 +0000] "GET /dx.php HTTP/1.1" 404 14290 "-" "Mozilla/5.0 (Windows NT 10.0; Win64; x64) AppleWebKit/537.36 (KHTML, like Gecko) Chrome/120.0.0.0 Safari/537.36"
162.120.185.250 - - [05/May/2026:21:43:49 +0000] "GET /motocicletas/ HTTP/1.1" 200 19366 "https://www.google.com/" "Mozilla/5.0 (Linux; Android 10; K) AppleWebKit/537.36 (KHTML, like Gecko) Chrome/147.0.0.0 Mobile Safari/537.36"
13.75.199.23 - - [05/May/2026:21:43:52 +0000] "GET /wp-admin/maint/index.php HTTP/1.1" 301 - "-" "Mozilla/5.0 (Windows NT 10.0; Win64; x64) AppleWebKit/537.36 (KHTML, like Gecko) Chrome/120.0.0.0 Safari/537.36"
13.75.199.23 - - [05/May/2026:21:43:58 +0000] "GET /.well-known/pki-validation HTTP/1.1" 301 302 "-" "Mozilla/5.0 (Windows NT 10.0; Win64; x64) AppleWebKit/537.36 (KHTML, like Gecko) Chrome/120.0.0.0 Safari/537.36"
13.75.199.23 - - [05/May/2026:21:43:58 +0000] "GET /doc.php HTTP/1.1" 404 14290 "-" "Mozilla/5.0 (Windows NT 10.0; Win64; x64) AppleWebKit/537.36 (KHTML, like Gecko) Chrome/120.0.0.0 Safari/537.36"
13.75.199.23 - - [05/May/2026:21:44:06 +0000] "GET /tool.php HTTP/1.1" 404 14290 "-" "Mozilla/5.0 (Windows NT 10.0; Win64; x64) AppleWebKit/537.36 (KHTML, like Gecko) Chrome/120.0.0.0 Safari/537.36"
13.75.199.23 - - [05/May/2026:21:44:14 +0000] "GET /xx.php HTTP/1.1" 404 14290 "-" "Mozilla/5.0 (Windows NT 10.0; Win64; x64) AppleWebKit/537.36 (KHTML, like Gecko) Chrome/120.0.0.0 Safari/537.36"
13.75.199.23 - - [05/May/2026:21:44:22 +0000] "GET /xxx.php HTTP/1.1" 404 14290 "-" "Mozilla/5.0 (Windows NT 10.0; Win64; x64) AppleWebKit/537.36 (KHTML, like Gecko) Chrome/120.0.0.0 Safari/537.36"
13.75.199.23 - - [05/May/2026:21:44:29 +0000] "GET /100.php HTTP/1.1" 404 14290 "-" "Mozilla/5.0 (Windows NT 10.0; Win64; x64) AppleWebKit/537.36 (KHTML, like Gecko) Chrome/120.0.0.0 Safari/537.36"
13.75.199.23 - - [05/May/2026:21:44:37 +0000] "GET /wp-admin/network/about.php HTTP/1.1" 302 - "-" "Mozilla/5.0 (Windows NT 10.0; Win64; x64) AppleWebKit/537.36 (KHTML, like Gecko) Chrome/120.0.0.0 Safari/537.36"
13.75.199.23 - - [05/May/2026:21:44:44 +0000] "GET /wp-blog.php HTTP/1.1" 404 14290 "-" "Mozilla/5.0 (Windows NT 10.0; Win64; x64) AppleWebKit/537.36 (KHTML, like Gecko) Chrome/120.0.0.0 Safari/537.36"
13.75.199.23 - - [05/May/2026:21:44:52 +0000] "GET /wp-content/themes/index.php HTTP/1.1" 200 - "-" "Mozilla/5.0 (Windows NT 10.0; Win64; x64) AppleWebKit/537.36 (KHTML, like Gecko) Chrome/120.0.0.0 Safari/537.36"
13.75.199.23 - - [05/May/2026:21:44:52 +0000] "GET /wp-includes/images HTTP/1.1" 301 294 "-" "Mozilla/5.0 (Windows NT 10.0; Win64; x64) AppleWebKit/537.36 (KHTML, like Gecko) Chrome/120.0.0.0 Safari/537.36"
13.75.199.23 - - [05/May/2026:21:44:53 +0000] "GET /data.php HTTP/1.1" 404 14290 "-" "Mozilla/5.0 (Windows NT 10.0; Win64; x64) AppleWebKit/537.36 (KHTML, like Gecko) Chrome/120.0.0.0 Safari/537.36"
13.75.199.23 - - [05/May/2026:21:45:00 +0000] "GET /ioxi-o.php HTTP/1.1" 500 - "-" "Mozilla/5.0 (Windows NT 10.0; Win64; x64) AppleWebKit/537.36 (KHTML, like Gecko) Chrome/120.0.0.0 Safari/537.36"
13.75.199.23 - - [05/May/2026:21:45:01 +0000] "GET /as.php HTTP/1.1" 404 14290 "-" "Mozilla/5.0 (Windows NT 10.0; Win64; x64) AppleWebKit/537.36 (KHTML, like Gecko) Chrome/120.0.0.0 Safari/537.36"
13.75.199.23 - - [05/May/2026:21:45:09 +0000] "GET /term.php HTTP/1.1" 500 - "-" "Mozilla/5.0 (Windows NT 10.0; Win64; x64) AppleWebKit/537.36 (KHTML, like Gecko) Chrome/120.0.0.0 Safari/537.36"
13.75.199.23 - - [05/May/2026:21:45:10 +0000] "GET /vx.php HTTP/1.1" 404 14290 "-" "Mozilla/5.0 (Windows NT 10.0; Win64; x64) AppleWebKit/537.36 (KHTML, like Gecko) Chrome/120.0.0.0 Safari/537.36"
13.75.199.23 - - [05/May/2026:21:45:17 +0000] "GET /wp-includes/PHPMailer HTTP/1.1" 301 297 "-" "Mozilla/5.0 (Windows NT 10.0; Win64; x64) AppleWebKit/537.36 (KHTML, like Gecko) Chrome/120.0.0.0 Safari/537.36"
13.75.199.23 - - [05/May/2026:21:45:18 +0000] "GET /a7.php HTTP/1.1" 500 - "-" "Mozilla/5.0 (Windows NT 10.0; Win64; x64) AppleWebKit/537.36 (KHTML, like Gecko) Chrome/120.0.0.0 Safari/537.36"
13.75.199.23 - - [05/May/2026:21:45:19 +0000] "GET /wp-admin/css/colors/ectoplasm HTTP/1.1" 301 305 "-" "Mozilla/5.0 (Windows NT 10.0; Win64; x64) AppleWebKit/537.36 (KHTML, like Gecko) Chrome/120.0.0.0 Safari/537.36"
13.75.199.23 - - [05/May/2026:21:45:19 +0000] "GET /wp-content/themes/seotheme/mar.php HTTP/1.1" 404 14290 "-" "Mozilla/5.0 (Windows NT 10.0; Win64; x64) AppleWebKit/537.36 (KHTML, like Gecko) Chrome/120.0.0.0 Safari/537.36"
13.75.199.23 - - [05/May/2026:21:45:27 +0000] "GET /222.php HTTP/1.1" 404 14290 "-" "Mozilla/5.0 (Windows NT 10.0; Win64; x64) AppleWebKit/537.36 (KHTML, like Gecko) Chrome/120.0.0.0 Safari/537.36"
13.75.199.23 - - [05/May/2026:21:45:34 +0000] "GET /7logs.php HTTP/1.1" 404 14290 "-" "Mozilla/5.0 (Windows NT 10.0; Win64; x64) AppleWebKit/537.36 (KHTML, like Gecko) Chrome/120.0.0.0 Safari/537.36"
13.75.199.23 - - [05/May/2026:21:45:42 +0000] "GET /a.php HTTP/1.1" 404 14290 "-" "Mozilla/5.0 (Windows NT 10.0; Win64; x64) AppleWebKit/537.36 (KHTML, like Gecko) Chrome/120.0.0.0 Safari/537.36"
13.75.199.23 - - [05/May/2026:21:45:49 +0000] "GET /abc.php HTTP/1.1" 404 14290 "-" "Mozilla/5.0 (Windows NT 10.0; Win64; x64) AppleWebKit/537.36 (KHTML, like Gecko) Chrome/120.0.0.0 Safari/537.36"
13.75.199.23 - - [05/May/2026:21:45:57 +0000] "GET /fone1.php HTTP/1.1" 404 14290 "-" "Mozilla/5.0 (Windows NT 10.0; Win64; x64) AppleWebKit/537.36 (KHTML, like Gecko) Chrome/120.0.0.0 Safari/537.36"
13.75.199.23 - - [05/May/2026:21:46:05 +0000] "GET /lib.php HTTP/1.1" 404 14290 "-" "Mozilla/5.0 (Windows NT 10.0; Win64; x64) AppleWebKit/537.36 (KHTML, like Gecko) Chrome/120.0.0.0 Safari/537.36"
13.75.199.23 - - [05/May/2026:21:46:12 +0000] "GET /sadcut1.php HTTP/1.1" 404 14290 "-" "Mozilla/5.0 (Windows NT 10.0; Win64; x64) AppleWebKit/537.36 (KHTML, like Gecko) Chrome/120.0.0.0 Safari/537.36"
13.75.199.23 - - [05/May/2026:21:46:19 +0000] "GET /wp-includes/interactivity-api/index.php HTTP/1.1" 301 - "-" "Mozilla/5.0 (Windows NT 10.0; Win64; x64) AppleWebKit/537.36 (KHTML, like Gecko) Chrome/120.0.0.0 Safari/537.36"
13.75.199.23 - - [05/May/2026:21:46:25 +0000] "GET /xmlrpc.php HTTP/1.1" 405 60 "-" "Mozilla/5.0 (Windows NT 10.0; Win64; x64) AppleWebKit/537.36 (KHTML, like Gecko) Chrome/120.0.0.0 Safari/537.36"
20.123.172.228 - - [05/May/2026:21:46:39 +0000] "POST /wp-cron.php?doing_wp_cron=1778017599.0551750659942626953125 HTTP/1.1" 200 - "-" "WordPress/6.9.4; https://nipponiacaribe.com"
13.75.199.23 - - [05/May/2026:21:46:32 +0000] "GET /aa.php HTTP/1.1" 404 14290 "-" "Mozilla/5.0 (Windows NT 10.0; Win64; x64) AppleWebKit/537.36 (KHTML, like Gecko) Chrome/120.0.0.0 Safari/537.36"
13.75.199.23 - - [05/May/2026:21:46:40 +0000] "GET /admin.php/wp-includes/certificates/about.php HTTP/1.1" 404 14290 "-" "Mozilla/5.0 (Windows NT 10.0; Win64; x64) AppleWebKit/537.36 (KHTML, like Gecko) Chrome/120.0.0.0 Safari/537.36"
13.75.199.23 - - [05/May/2026:21:46:47 +0000] "GET /amax.php HTTP/1.1" 404 14290 "-" "Mozilla/5.0 (Windows NT 10.0; Win64; x64) AppleWebKit/537.36 (KHTML, like Gecko) Chrome/120.0.0.0 Safari/537.36"
13.75.199.23 - - [05/May/2026:21:46:54 +0000] "GET /av.php HTTP/1.1" 404 14290 "-" "Mozilla/5.0 (Windows NT 10.0; Win64; x64) AppleWebKit/537.36 (KHTML, like Gecko) Chrome/120.0.0.0 Safari/537.36"
13.75.199.23 - - [05/May/2026:21:47:02 +0000] "GET /function/function.php HTTP/1.1" 404 14290 "-" "Mozilla/5.0 (Windows NT 10.0; Win64; x64) AppleWebKit/537.36 (KHTML, like Gecko) Chrome/120.0.0.0 Safari/537.36"
216.73.217.100 - - [05/May/2026:21:47:05 +0000] "GET /robots.txt HTTP/1.1" 200 129 "-" "Mozilla/5.0 AppleWebKit/537.36 (KHTML, like Gecko; compatible; ClaudeBot/1.0; +claudebot@anthropic.com)"
13.75.199.23 - - [05/May/2026:21:47:10 +0000] "GET /modules/mod_footer/tmpl/index.php HTTP/1.1" 301 - "-" "Mozilla/5.0 (Windows NT 10.0; Win64; x64) AppleWebKit/537.36 (KHTML, like Gecko) Chrome/120.0.0.0 Safari/537.36"
216.73.217.100 - - [05/May/2026:21:47:11 +0000] "GET /sitemap_index.xml HTTP/1.1" 200 342 "-" "Mozilla/5.0 AppleWebKit/537.36 (KHTML, like Gecko; compatible; ClaudeBot/1.0; +claudebot@anthropic.com)"
13.75.199.23 - - [05/May/2026:21:47:18 +0000] "GET /wp-admin/js/index.php HTTP/1.1" 301 - "-" "Mozilla/5.0 (Windows NT 10.0; Win64; x64) AppleWebKit/537.36 (KHTML, like Gecko) Chrome/120.0.0.0 Safari/537.36"
13.75.199.23 - - [05/May/2026:21:47:25 +0000] "GET /wp-content/plugins/WordPressCore/include.php HTTP/1.1" 404 14290 "-" "Mozilla/5.0 (Windows NT 10.0; Win64; x64) AppleWebKit/537.36 (KHTML, like Gecko) Chrome/120.0.0.0 Safari/537.36"
13.75.199.23 - - [05/May/2026:21:47:36 +0000] "GET /wp-content/plugins/index.php HTTP/1.1" 200 - "-" "Mozilla/5.0 (Windows NT 10.0; Win64; x64) AppleWebKit/537.36 (KHTML, like Gecko) Chrome/120.0.0.0 Safari/537.36"
13.75.199.23 - - [05/May/2026:21:47:37 +0000] "GET /wp-content/upgrade/index.php HTTP/1.1" 301 - "-" "Mozilla/5.0 (Windows NT 10.0; Win64; x64) AppleWebKit/537.36 (KHTML, like Gecko) Chrome/120.0.0.0 Safari/537.36"
13.75.199.23 - - [05/May/2026:21:47:47 +0000] "GET /ahax.php HTTP/1.1" 500 - "-" "Mozilla/5.0 (Windows NT 10.0; Win64; x64) AppleWebKit/537.36 (KHTML, like Gecko) Chrome/120.0.0.0 Safari/537.36"
13.75.199.23 - - [05/May/2026:21:47:48 +0000] "GET /alfa.php HTTP/1.1" 404 14290 "-" "Mozilla/5.0 (Windows NT 10.0; Win64; x64) AppleWebKit/537.36 (KHTML, like Gecko) Chrome/120.0.0.0 Safari/537.36"
13.75.199.23 - - [05/May/2026:21:47:59 +0000] "GET /bolt.php HTTP/1.1" 404 14290 "-" "Mozilla/5.0 (Windows NT 10.0; Win64; x64) AppleWebKit/537.36 (KHTML, like Gecko) Chrome/120.0.0.0 Safari/537.36"
13.75.199.23 - - [05/May/2026:21:48:08 +0000] "GET /wp-content/themes/about.php HTTP/1.1" 404 14290 "-" "Mozilla/5.0 (Windows NT 10.0; Win64; x64) AppleWebKit/537.36 (KHTML, like Gecko) Chrome/120.0.0.0 Safari/537.36"
13.75.199.23 - - [05/May/2026:21:48:17 +0000] "GET /wp-includes/Text/index.php HTTP/1.1" 301 - "-" "Mozilla/5.0 (Windows NT 10.0; Win64; x64) AppleWebKit/537.36 (KHTML, like Gecko) Chrome/120.0.0.0 Safari/537.36"
13.75.199.23 - - [05/May/2026:21:48:26 +0000] "GET /wp-signin.php HTTP/1.1" 404 14290 "-" "Mozilla/5.0 (Windows NT 10.0; Win64; x64) AppleWebKit/537.36 (KHTML, like Gecko) Chrome/120.0.0.0 Safari/537.36"
13.75.199.23 - - [05/May/2026:21:48:37 +0000] "GET /x.php HTTP/1.1" 404 14290 "-" "Mozilla/5.0 (Windows NT 10.0; Win64; x64) AppleWebKit/537.36 (KHTML, like Gecko) Chrome/120.0.0.0 Safari/537.36"
162.120.185.250 - - [05/May/2026:21:48:38 +0000] "GET /lead-150/ HTTP/1.1" 200 19127 "https://www.google.com/" "Mozilla/5.0 (Linux; Android 10; K) AppleWebKit/537.36 (KHTML, like Gecko) Chrome/147.0.0.0 Mobile Safari/537.36"
13.75.199.23 - - [05/May/2026:21:48:48 +0000] "GET /about/function.php HTTP/1.1" 404 14290 "-" "Mozilla/5.0 (Windows NT 10.0; Win64; x64) AppleWebKit/537.36 (KHTML, like Gecko) Chrome/120.0.0.0 Safari/537.36"
13.75.199.23 - - [05/May/2026:21:48:58 +0000] "GET /bless.php HTTP/1.1" 404 14290 "-" "Mozilla/5.0 (Windows NT 10.0; Win64; x64) AppleWebKit/537.36 (KHTML, like Gecko) Chrome/120.0.0.0 Safari/537.36"
13.75.199.23 - - [05/May/2026:21:49:06 +0000] "GET /content.php HTTP/1.1" 404 14290 "-" "Mozilla/5.0 (Windows NT 10.0; Win64; x64) AppleWebKit/537.36 (KHTML, like Gecko) Chrome/120.0.0.0 Safari/537.36"
13.75.199.23 - - [05/May/2026:21:49:17 +0000] "GET /radio.php HTTP/1.1" 404 14290 "-" "Mozilla/5.0 (Windows NT 10.0; Win64; x64) AppleWebKit/537.36 (KHTML, like Gecko) Chrome/120.0.0.0 Safari/537.36"
13.75.199.23 - - [05/May/2026:21:49:27 +0000] "GET /wp-content/about.php HTTP/1.1" 404 14290 "-" "Mozilla/5.0 (Windows NT 10.0; Win64; x64) AppleWebKit/537.36 (KHTML, like Gecko) Chrome/120.0.0.0 Safari/537.36"
13.75.199.23 - - [05/May/2026:21:49:37 +0000] "GET /wp-content/uploads/admin.php HTTP/1.1" 404 14290 "-" "Mozilla/5.0 (Windows NT 10.0; Win64; x64) AppleWebKit/537.36 (KHTML, like Gecko) Chrome/120.0.0.0 Safari/537.36"
13.75.199.23 - - [05/May/2026:21:49:47 +0000] "GET /wp-includes/pomo HTTP/1.1" 301 292 "-" "Mozilla/5.0 (Windows NT 10.0; Win64; x64) AppleWebKit/537.36 (KHTML, like Gecko) Chrome/120.0.0.0 Safari/537.36"
13.75.199.23 - - [05/May/2026:21:49:47 +0000] "GET /.dj/index.php HTTP/1.1" 301 - "-" "Mozilla/5.0 (Windows NT 10.0; Win64; x64) AppleWebKit/537.36 (KHTML, like Gecko) Chrome/120.0.0.0 Safari/537.36"
13.75.199.23 - - [05/May/2026:21:49:57 +0000] "GET /aaa.php HTTP/1.1" 404 14290 "-" "Mozilla/5.0 (Windows NT 10.0; Win64; x64) AppleWebKit/537.36 (KHTML, like Gecko) Chrome/120.0.0.0 Safari/537.36"
13.75.199.23 - - [05/May/2026:21:50:08 +0000] "GET /abcd.php HTTP/1.1" 404 14290 "-" "Mozilla/5.0 (Windows NT 10.0; Win64; x64) AppleWebKit/537.36 (KHTML, like Gecko) Chrome/120.0.0.0 Safari/537.36"
13.75.199.23 - - [05/May/2026:21:50:19 +0000] "GET /admin/function.php HTTP/1.1" 404 14290 "-" "Mozilla/5.0 (Windows NT 10.0; Win64; x64) AppleWebKit/537.36 (KHTML, like Gecko) Chrome/120.0.0.0 Safari/537.36"
20.123.172.228 - - [05/May/2026:21:55:45 +0000] "POST /wp-cron.php?doing_wp_cron=1778018145.3294460773468017578125 HTTP/1.1" 200 - "-" "WordPress/6.9.4; https://nipponiacaribe.com"
211.21.61.246 - - [05/May/2026:21:55:39 +0000] "POST /wp-login.php HTTP/1.1" 302 - "-" "Mozilla/5.0 (Windows NT 10.0; WOW64) AppleWebKit/537.36 (KHTML, like Gecko) Chrome/137.0.0.0 Safari/537.36 Edg/137.0.0.0"
211.21.61.246 - - [05/May/2026:21:55:46 +0000] "GET /wp-login.php HTTP/1.1" 302 - "-" "Mozilla/5.0 (Windows NT 10.0; WOW64) AppleWebKit/537.36 (KHTML, like Gecko) Chrome/137.0.0.0 Safari/537.36 Edg/137.0.0.0"
211.21.61.246 - - [05/May/2026:21:55:52 +0000] "GET /wp-login.php HTTP/1.1" 302 - "-" "Mozilla/5.0 (Windows NT 10.0; WOW64) AppleWebKit/537.36 (KHTML, like Gecko) Chrome/137.0.0.0 Safari/537.36 Edg/137.0.0.0"
211.21.61.246 - - [05/May/2026:21:55:58 +0000] "GET /wp-login.php HTTP/1.1" 302 - "-" "Mozilla/5.0 (Windows NT 10.0; WOW64) AppleWebKit/537.36 (KHTML, like Gecko) Chrome/137.0.0.0 Safari/537.36 Edg/137.0.0.0"
211.21.61.246 - - [05/May/2026:21:56:04 +0000] "GET /wp-login.php HTTP/1.1" 302 - "-" "Mozilla/5.0 (Windows NT 10.0; WOW64) AppleWebKit/537.36 (KHTML, like Gecko) Chrome/137.0.0.0 Safari/537.36 Edg/137.0.0.0"
211.21.61.246 - - [05/May/2026:21:56:10 +0000] "GET /wp-login.php HTTP/1.1" 302 - "-" "Mozilla/5.0 (Windows NT 10.0; WOW64) AppleWebKit/537.36 (KHTML, like Gecko) Chrome/137.0.0.0 Safari/537.36 Edg/137.0.0.0"
211.21.61.246 - - [05/May/2026:21:56:16 +0000] "GET /wp-login.php HTTP/1.1" 302 - "-" "Mozilla/5.0 (Windows NT 10.0; WOW64) AppleWebKit/537.36 (KHTML, like Gecko) Chrome/137.0.0.0 Safari/537.36 Edg/137.0.0.0"
211.21.61.246 - - [05/May/2026:21:56:22 +0000] "GET /wp-login.php HTTP/1.1" 302 - "-" "Mozilla/5.0 (Windows NT 10.0; WOW64) AppleWebKit/537.36 (KHTML, like Gecko) Chrome/137.0.0.0 Safari/537.36 Edg/137.0.0.0"
211.21.61.246 - - [05/May/2026:21:56:28 +0000] "GET /wp-login.php HTTP/1.1" 302 - "-" "Mozilla/5.0 (Windows NT 10.0; WOW64) AppleWebKit/537.36 (KHTML, like Gecko) Chrome/137.0.0.0 Safari/537.36 Edg/137.0.0.0"
211.21.61.246 - - [05/May/2026:21:56:34 +0000] "GET /wp-login.php HTTP/1.1" 302 - "-" "Mozilla/5.0 (Windows NT 10.0; WOW64) AppleWebKit/537.36 (KHTML, like Gecko) Chrome/137.0.0.0 Safari/537.36 Edg/137.0.0.0"
211.21.61.246 - - [05/May/2026:21:56:40 +0000] "GET /wp-login.php HTTP/1.1" 302 - "-" "Mozilla/5.0 (Windows NT 10.0; WOW64) AppleWebKit/537.36 (KHTML, like Gecko) Chrome/137.0.0.0 Safari/537.36 Edg/137.0.0.0"
211.21.61.246 - - [05/May/2026:21:56:46 +0000] "GET /wp-login.php HTTP/1.1" 302 - "-" "Mozilla/5.0 (Windows NT 10.0; WOW64) AppleWebKit/537.36 (KHTML, like Gecko) Chrome/137.0.0.0 Safari/537.36 Edg/137.0.0.0"
211.21.61.246 - - [05/May/2026:21:56:52 +0000] "GET /wp-login.php HTTP/1.1" 302 - "-" "Mozilla/5.0 (Windows NT 10.0; WOW64) AppleWebKit/537.36 (KHTML, like Gecko) Chrome/137.0.0.0 Safari/537.36 Edg/137.0.0.0"
211.21.61.246 - - [05/May/2026:21:56:58 +0000] "GET /wp-login.php HTTP/1.1" 302 - "-" "Mozilla/5.0 (Windows NT 10.0; WOW64) AppleWebKit/537.36 (KHTML, like Gecko) Chrome/137.0.0.0 Safari/537.36 Edg/137.0.0.0"
211.21.61.246 - - [05/May/2026:21:57:04 +0000] "GET /wp-login.php HTTP/1.1" 302 - "-" "Mozilla/5.0 (Windows NT 10.0; WOW64) AppleWebKit/537.36 (KHTML, like Gecko) Chrome/137.0.0.0 Safari/537.36 Edg/137.0.0.0"
211.21.61.246 - - [05/May/2026:21:57:10 +0000] "GET /wp-login.php HTTP/1.1" 302 - "-" "Mozilla/5.0 (Windows NT 10.0; WOW64) AppleWebKit/537.36 (KHTML, like Gecko) Chrome/137.0.0.0 Safari/537.36 Edg/137.0.0.0"
211.21.61.246 - - [05/May/2026:21:57:16 +0000] "GET /wp-login.php HTTP/1.1" 302 - "-" "Mozilla/5.0 (Windows NT 10.0; WOW64) AppleWebKit/537.36 (KHTML, like Gecko) Chrome/137.0.0.0 Safari/537.36 Edg/137.0.0.0"
211.21.61.246 - - [05/May/2026:21:57:22 +0000] "GET /wp-login.php HTTP/1.1" 302 - "-" "Mozilla/5.0 (Windows NT 10.0; WOW64) AppleWebKit/537.36 (KHTML, like Gecko) Chrome/137.0.0.0 Safari/537.36 Edg/137.0.0.0"
211.21.61.246 - - [05/May/2026:21:57:28 +0000] "GET /wp-login.php HTTP/1.1" 302 - "-" "Mozilla/5.0 (Windows NT 10.0; WOW64) AppleWebKit/537.36 (KHTML, like Gecko) Chrome/137.0.0.0 Safari/537.36 Edg/137.0.0.0"
211.21.61.246 - - [05/May/2026:21:57:34 +0000] "GET /wp-login.php HTTP/1.1" 302 - "-" "Mozilla/5.0 (Windows NT 10.0; WOW64) AppleWebKit/537.36 (KHTML, like Gecko) Chrome/137.0.0.0 Safari/537.36 Edg/137.0.0.0"
211.21.61.246 - - [05/May/2026:21:57:40 +0000] "GET /wp-login.php HTTP/1.1" 302 - "-" "Mozilla/5.0 (Windows NT 10.0; WOW64) AppleWebKit/537.36 (KHTML, like Gecko) Chrome/137.0.0.0 Safari/537.36 Edg/137.0.0.0"
211.21.61.246 - - [05/May/2026:21:57:46 +0000] "GET /wp-login.php HTTP/1.1" 302 - "-" "Mozilla/5.0 (Windows NT 10.0; WOW64) AppleWebKit/537.36 (KHTML, like Gecko) Chrome/137.0.0.0 Safari/537.36 Edg/137.0.0.0"
211.21.61.246 - - [05/May/2026:21:57:52 +0000] "GET /wp-login.php HTTP/1.1" 302 - "-" "Mozilla/5.0 (Windows NT 10.0; WOW64) AppleWebKit/537.36 (KHTML, like Gecko) Chrome/137.0.0.0 Safari/537.36 Edg/137.0.0.0"
211.21.61.246 - - [05/May/2026:21:57:58 +0000] "GET /wp-login.php HTTP/1.1" 302 - "-" "Mozilla/5.0 (Windows NT 10.0; WOW64) AppleWebKit/537.36 (KHTML, like Gecko) Chrome/137.0.0.0 Safari/537.36 Edg/137.0.0.0"
211.21.61.246 - - [05/May/2026:21:58:04 +0000] "GET /wp-login.php HTTP/1.1" 302 - "-" "Mozilla/5.0 (Windows NT 10.0; WOW64) AppleWebKit/537.36 (KHTML, like Gecko) Chrome/137.0.0.0 Safari/537.36 Edg/137.0.0.0"
211.21.61.246 - - [05/May/2026:21:58:10 +0000] "GET /wp-login.php HTTP/1.1" 302 - "-" "Mozilla/5.0 (Windows NT 10.0; WOW64) AppleWebKit/537.36 (KHTML, like Gecko) Chrome/137.0.0.0 Safari/537.36 Edg/137.0.0.0"
211.21.61.246 - - [05/May/2026:21:58:16 +0000] "GET /wp-login.php HTTP/1.1" 302 - "-" "Mozilla/5.0 (Windows NT 10.0; WOW64) AppleWebKit/537.36 (KHTML, like Gecko) Chrome/137.0.0.0 Safari/537.36 Edg/137.0.0.0"
211.21.61.246 - - [05/May/2026:21:58:22 +0000] "GET /wp-login.php HTTP/1.1" 302 - "-" "Mozilla/5.0 (Windows NT 10.0; WOW64) AppleWebKit/537.36 (KHTML, like Gecko) Chrome/137.0.0.0 Safari/537.36 Edg/137.0.0.0"
211.21.61.246 - - [05/May/2026:21:58:28 +0000] "GET /wp-login.php HTTP/1.1" 302 - "-" "Mozilla/5.0 (Windows NT 10.0; WOW64) AppleWebKit/537.36 (KHTML, like Gecko) Chrome/137.0.0.0 Safari/537.36 Edg/137.0.0.0"
211.21.61.246 - - [05/May/2026:21:58:34 +0000] "GET /wp-login.php HTTP/1.1" 302 - "-" "Mozilla/5.0 (Windows NT 10.0; WOW64) AppleWebKit/537.36 (KHTML, like Gecko) Chrome/137.0.0.0 Safari/537.36 Edg/137.0.0.0"
211.21.61.246 - - [05/May/2026:21:58:40 +0000] "GET /wp-login.php HTTP/1.1" 302 - "-" "Mozilla/5.0 (Windows NT 10.0; WOW64) AppleWebKit/537.36 (KHTML, like Gecko) Chrome/137.0.0.0 Safari/537.36 Edg/137.0.0.0"
162.120.186.122 - - [05/May/2026:21:59:33 +0000] "GET /patron125/ HTTP/1.1" 200 22108 "https://www.google.com/" "Mozilla/5.0 (Linux; Android 10; K) AppleWebKit/537.36 (KHTML, like Gecko) Chrome/147.0.0.0 Mobile Safari/537.36"
162.120.186.122 - - [05/May/2026:21:59:34 +0000] "GET /motocicletas/ HTTP/1.1" 200 19366 "https://www.google.com/" "Mozilla/5.0 (Linux; Android 10; K) AppleWebKit/537.36 (KHTML, like Gecko) Chrome/147.0.0.0 Mobile Safari/537.36"
162.120.186.122 - - [05/May/2026:22:02:37 +0000] "GET /vrs-150/ HTTP/1.1" 200 21051 "https://www.google.com/" "Mozilla/5.0 (Linux; Android 10; K) AppleWebKit/537.36 (KHTML, like Gecko) Chrome/147.0.0.0 Mobile Safari/537.36"
52.4.76.156 - - [05/May/2026:22:03:28 +0000] "GET /address-z150/ HTTP/1.1" 200 21396 "-" "Mozilla/5.0 AppleWebKit/537.36 (KHTML, like Gecko; compatible; Amazonbot/0.1; +https://developer.amazon.com/support/amazonbot) Chrome/119.0.6045.214 Safari/537.36"
74.7.227.35 - - [05/May/2026:22:04:08 +0000] "GET /sitemap_index.xml HTTP/1.1" 200 342 "-" "Mozilla/5.0 AppleWebKit/537.36 (KHTML, like Gecko; compatible; GPTBot/1.3; +https://openai.com/gptbot)"
162.120.186.122 - - [05/May/2026:22:05:11 +0000] "GET /motocicletas/ HTTP/1.1" 200 19366 "https://www.google.com/" "Mozilla/5.0 (Linux; Android 10; K) AppleWebKit/537.36 (KHTML, like Gecko) Chrome/147.0.0.0 Mobile Safari/537.36"
162.120.186.186 - - [05/May/2026:22:05:13 +0000] "GET /magnetoxp/ HTTP/1.1" 200 21654 "https://www.google.com/" "Mozilla/5.0 (Linux; Android 10; K) AppleWebKit/537.36 (KHTML, like Gecko) Chrome/147.0.0.0 Mobile Safari/537.36"
137.184.64.22 - - [05/May/2026:22:05:19 +0000] "POST /wp-login.php HTTP/1.1" 302 - "-" "Mozilla/5.0 (Windows NT 10.0; Win64; x64; rv:142.0) Gecko/20100101 Firefox/142.0"
137.184.64.22 - - [05/May/2026:22:05:26 +0000] "GET /wp-login.php HTTP/1.1" 302 - "-" "Mozilla/5.0 (Windows NT 10.0; Win64; x64; rv:142.0) Gecko/20100101 Firefox/142.0"
137.184.64.22 - - [05/May/2026:22:05:31 +0000] "GET /wp-login.php HTTP/1.1" 302 - "-" "Mozilla/5.0 (Windows NT 10.0; Win64; x64; rv:142.0) Gecko/20100101 Firefox/142.0"
137.184.64.22 - - [05/May/2026:22:05:37 +0000] "GET /wp-login.php HTTP/1.1" 302 - "-" "Mozilla/5.0 (Windows NT 10.0; Win64; x64; rv:142.0) Gecko/20100101 Firefox/142.0"
137.184.64.22 - - [05/May/2026:22:05:43 +0000] "GET /wp-login.php HTTP/1.1" 302 - "-" "Mozilla/5.0 (Windows NT 10.0; Win64; x64; rv:142.0) Gecko/20100101 Firefox/142.0"
20.123.172.228 - - [05/May/2026:22:05:55 +0000] "POST /wp-cron.php?doing_wp_cron=1778018755.7165620326995849609375 HTTP/1.1" 200 - "-" "WordPress/6.9.4; https://nipponiacaribe.com"
137.184.64.22 - - [05/May/2026:22:05:49 +0000] "GET /wp-login.php HTTP/1.1" 302 - "-" "Mozilla/5.0 (Windows NT 10.0; Win64; x64; rv:142.0) Gecko/20100101 Firefox/142.0"
23.120.219.181 - - [05/May/2026:22:05:49 +0000] "GET /volty/ HTTP/1.1" 200 21323 "-" "Mozilla/5.0 (Windows 98; Win 9x 4.90) AppleWebKit/531.0 (KHTML, like Gecko) Chrome/37.0.898.0 Safari/531.0"
187.36.32.71 - - [05/May/2026:22:05:50 +0000] "GET /pasolas-electricas/ HTTP/1.1" 200 18679 "-" "Mozilla/5.0 (X11; Linux x86_64) AppleWebKit/532.0 (KHTML, like Gecko) Chrome/54.0.887.0 Safari/532.0"
152.166.133.90 - - [05/May/2026:22:05:59 +0000] "GET /wp-content/themes/airi/css/bootstrap/bootstrap.min.css?ver=1 HTTP/1.1" 200 20519 "-" "Mozilla/5.0 (Linux; Android 10; K) AppleWebKit/537.36 (KHTML, like Gecko) Chrome/147.0.0.0 Mobile Safari/537.36"
152.166.133.90 - - [05/May/2026:22:05:59 +0000] "GET /wp-includes/css/dist/block-library/style.min.css?ver=6.9.4 HTTP/1.1" 200 15916 "-" "Mozilla/5.0 (Linux; Android 10; K) AppleWebKit/537.36 (KHTML, like Gecko) Chrome/147.0.0.0 Mobile Safari/537.36"
152.166.133.90 - - [05/May/2026:22:05:59 +0000] "GET /wp-content/plugins/contact-form-7/includes/css/styles.css?ver=5.7.7 HTTP/1.1" 200 1031 "-" "Mozilla/5.0 (Linux; Android 10; K) AppleWebKit/537.36 (KHTML, like Gecko) Chrome/147.0.0.0 Mobile Safari/537.36"
152.166.133.90 - - [05/May/2026:22:05:59 +0000] "GET /wp-content/plugins/wp-store-locator/css/styles.min.css?ver=2.2.235 HTTP/1.1" 200 3638 "-" "Mozilla/5.0 (Linux; Android 10; K) AppleWebKit/537.36 (KHTML, like Gecko) Chrome/147.0.0.0 Mobile Safari/537.36"
152.166.133.90 - - [05/May/2026:22:05:59 +0000] "GET /wp-content/themes/airi/style.css?ver=6.9.4 HTTP/1.1" 200 16952 "-" "Mozilla/5.0 (Linux; Android 10; K) AppleWebKit/537.36 (KHTML, like Gecko) Chrome/147.0.0.0 Mobile Safari/537.36"
152.166.133.90 - - [05/May/2026:22:05:59 +0000] "GET /wp-content/themes/airi-child/style.css?ver=6.9.4 HTTP/1.1" 200 186 "-" "Mozilla/5.0 (Linux; Android 10; K) AppleWebKit/537.36 (KHTML, like Gecko) Chrome/147.0.0.0 Mobile Safari/537.36"
152.166.133.90 - - [05/May/2026:22:05:59 +0000] "GET /wp-content/themes/airi/css/font-awesome/css/all.min.css?ver=6.9.4 HTTP/1.1" 200 12863 "-" "Mozilla/5.0 (Linux; Android 10; K) AppleWebKit/537.36 (KHTML, like Gecko) Chrome/147.0.0.0 Mobile Safari/537.36"
152.166.133.90 - - [05/May/2026:22:05:59 +0000] "GET /wp-content/plugins/tablepress/css/build/default.css?ver=2.0.4 HTTP/1.1" 200 1767 "-" "Mozilla/5.0 (Linux; Android 10; K) AppleWebKit/537.36 (KHTML, like Gecko) Chrome/147.0.0.0 Mobile Safari/537.36"
152.166.133.90 - - [05/May/2026:22:05:59 +0000] "GET /wp-content/plugins/elementor/assets/lib/eicons/css/elementor-icons.min.css?ver=5.17.0 HTTP/1.1" 200 4455 "-" "Mozilla/5.0 (Linux; Android 10; K) AppleWebKit/537.36 (KHTML, like Gecko) Chrome/147.0.0.0 Mobile Safari/537.36"
152.166.133.90 - - [05/May/2026:22:06:00 +0000] "GET /wp-content/plugins/elementor/assets/css/frontend.min.css?ver=3.10.1 HTTP/1.1" 200 7271 "-" "Mozilla/5.0 (Linux; Android 10; K) AppleWebKit/537.36 (KHTML, like Gecko) Chrome/147.0.0.0 Mobile Safari/537.36"
137.184.64.22 - - [05/May/2026:22:05:56 +0000] "GET /wp-login.php HTTP/1.1" 302 - "-" "Mozilla/5.0 (Windows NT 10.0; Win64; x64; rv:142.0) Gecko/20100101 Firefox/142.0"
152.166.133.90 - - [05/May/2026:22:05:59 +0000] "GET /pasolas/ HTTP/1.1" 200 23347 "https://www.google.com/" "Mozilla/5.0 (Linux; Android 10; K) AppleWebKit/537.36 (KHTML, like Gecko) Chrome/147.0.0.0 Mobile Safari/537.36"
152.166.133.90 - - [05/May/2026:22:06:07 +0000] "GET /wp-content/plugins/categories-images/assets/css/zci-styles.css?ver=3.3.3 HTTP/1.1" 200 650 "https://nipponiacaribe.com/pasolas/" "Mozilla/5.0 (Linux; Android 10; K) AppleWebKit/537.36 (KHTML, like Gecko) Chrome/147.0.0.0 Mobile Safari/537.36"
152.166.133.90 - - [05/May/2026:22:06:07 +0000] "GET /wp-content/plugins/wp-store-locator/css/styles.min.css?ver=2.3.0 HTTP/1.1" 200 3638 "https://nipponiacaribe.com/pasolas/" "Mozilla/5.0 (Linux; Android 10; K) AppleWebKit/537.36 (KHTML, like Gecko) Chrome/147.0.0.0 Mobile Safari/537.36"
152.166.133.90 - - [05/May/2026:22:06:07 +0000] "GET /wp-content/plugins/contact-form-7/includes/css/styles.css?ver=6.1.5 HTTP/1.1" 200 1031 "https://nipponiacaribe.com/pasolas/" "Mozilla/5.0 (Linux; Android 10; K) AppleWebKit/537.36 (KHTML, like Gecko) Chrome/147.0.0.0 Mobile Safari/537.36"
152.166.133.90 - - [05/May/2026:22:06:07 +0000] "GET /wp-content/plugins/elementor/assets/lib/eicons/css/elementor-icons.min.css?ver=5.48.0 HTTP/1.1" 200 4455 "https://nipponiacaribe.com/pasolas/" "Mozilla/5.0 (Linux; Android 10; K) AppleWebKit/537.36 (KHTML, like Gecko) Chrome/147.0.0.0 Mobile Safari/537.36"
152.166.133.90 - - [05/May/2026:22:06:07 +0000] "GET /wp-content/uploads/elementor/css/post-158.css?ver=1777997079 HTTP/1.1" 200 460 "https://nipponiacaribe.com/pasolas/" "Mozilla/5.0 (Linux; Android 10; K) AppleWebKit/537.36 (KHTML, like Gecko) Chrome/147.0.0.0 Mobile Safari/537.36"
152.166.133.90 - - [05/May/2026:22:06:07 +0000] "GET /wp-content/plugins/tablepress/css/build/default.css?ver=3.3 HTTP/1.1" 200 1767 "https://nipponiacaribe.com/pasolas/" "Mozilla/5.0 (Linux; Android 10; K) AppleWebKit/537.36 (KHTML, like Gecko) Chrome/147.0.0.0 Mobile Safari/537.36"
152.166.133.90 - - [05/May/2026:22:06:07 +0000] "GET /wp-content/plugins/elementor/assets/css/frontend.min.css?ver=4.0.6 HTTP/1.1" 200 7271 "https://nipponiacaribe.com/pasolas/" "Mozilla/5.0 (Linux; Android 10; K) AppleWebKit/537.36 (KHTML, like Gecko) Chrome/147.0.0.0 Mobile Safari/537.36"
152.166.133.90 - - [05/May/2026:22:06:08 +0000] "GET /wp-content/plugins/elementor/assets/lib/animations/styles/fadeInRight.min.css?ver=4.0.6 HTTP/1.1" 200 120 "https://nipponiacaribe.com/pasolas/" "Mozilla/5.0 (Linux; Android 10; K) AppleWebKit/537.36 (KHTML, like Gecko) Chrome/147.0.0.0 Mobile Safari/537.36"
152.166.133.90 - - [05/May/2026:22:06:08 +0000] "GET /wp-content/plugins/elementor/assets/css/widget-spacer.min.css?ver=4.0.6 HTTP/1.1" 200 338 "https://nipponiacaribe.com/pasolas/" "Mozilla/5.0 (Linux; Android 10; K) AppleWebKit/537.36 (KHTML, like Gecko) Chrome/147.0.0.0 Mobile Safari/537.36"
152.166.133.90 - - [05/May/2026:22:06:08 +0000] "GET /wp-content/plugins/elementor/assets/lib/swiper/v8/css/swiper.min.css?ver=8.4.5 HTTP/1.1" 200 4583 "https://nipponiacaribe.com/pasolas/" "Mozilla/5.0 (Linux; Android 10; K) AppleWebKit/537.36 (KHTML, like Gecko) Chrome/147.0.0.0 Mobile Safari/537.36"
152.166.133.90 - - [05/May/2026:22:06:08 +0000] "GET /wp-content/plugins/elementor-pro/assets/css/widget-slides.min.css?ver=4.0.4 HTTP/1.1" 200 622 "https://nipponiacaribe.com/pasolas/" "Mozilla/5.0 (Linux; Android 10; K) AppleWebKit/537.36 (KHTML, like Gecko) Chrome/147.0.0.0 Mobile Safari/537.36"
152.166.133.90 - - [05/May/2026:22:06:08 +0000] "GET /wp-content/plugins/elementor/assets/css/conditionals/e-swiper.min.css?ver=4.0.6 HTTP/1.1" 200 799 "https://nipponiacaribe.com/pasolas/" "Mozilla/5.0 (Linux; Android 10; K) AppleWebKit/537.36 (KHTML, like Gecko) Chrome/147.0.0.0 Mobile Safari/537.36"
152.166.133.90 - - [05/May/2026:22:06:08 +0000] "GET /wp-content/plugins/elementor/assets/css/widget-heading.min.css?ver=4.0.6 HTTP/1.1" 200 160 "https://nipponiacaribe.com/pasolas/" "Mozilla/5.0 (Linux; Android 10; K) AppleWebKit/537.36 (KHTML, like Gecko) Chrome/147.0.0.0 Mobile Safari/537.36"
152.166.133.90 - - [05/May/2026:22:06:08 +0000] "GET /wp-content/plugins/elementor/assets/lib/animations/styles/e-animation-shrink.min.css?ver=4.0.6 HTTP/1.1" 200 118 "https://nipponiacaribe.com/pasolas/" "Mozilla/5.0 (Linux; Android 10; K) AppleWebKit/537.36 (KHTML, like Gecko) Chrome/147.0.0.0 Mobile Safari/537.36"
152.166.133.90 - - [05/May/2026:22:06:08 +0000] "GET /wp-content/plugins/elementor/assets/css/widget-image.min.css?ver=4.0.6 HTTP/1.1" 200 135 "https://nipponiacaribe.com/pasolas/" "Mozilla/5.0 (Linux; Android 10; K) AppleWebKit/537.36 (KHTML, like Gecko) Chrome/147.0.0.0 Mobile Safari/537.36"
152.166.133.90 - - [05/May/2026:22:06:08 +0000] "GET /wp-content/uploads/elementor/css/post-220.css?ver=1777999637 HTTP/1.1" 200 1462 "https://nipponiacaribe.com/pasolas/" "Mozilla/5.0 (Linux; Android 10; K) AppleWebKit/537.36 (KHTML, like Gecko) Chrome/147.0.0.0 Mobile Safari/537.36"
152.166.133.90 - - [05/May/2026:22:06:08 +0000] "GET /wp-includes/js/jquery/jquery-migrate.min.js?ver=3.4.1 HTTP/1.1" 200 4872 "https://nipponiacaribe.com/pasolas/" "Mozilla/5.0 (Linux; Android 10; K) AppleWebKit/537.36 (KHTML, like Gecko) Chrome/147.0.0.0 Mobile Safari/537.36"
152.166.133.90 - - [05/May/2026:22:06:08 +0000] "GET /wp-includes/js/jquery/jquery.min.js?ver=3.7.1 HTTP/1.1" 200 30368 "https://nipponiacaribe.com/pasolas/" "Mozilla/5.0 (Linux; Android 10; K) AppleWebKit/537.36 (KHTML, like Gecko) Chrome/147.0.0.0 Mobile Safari/537.36"
152.166.133.90 - - [05/May/2026:22:06:08 +0000] "GET /wp-content/plugins/elementor/assets/lib/swiper/v8/swiper.min.js?ver=8.4.5 HTTP/1.1" 200 39695 "https://nipponiacaribe.com/pasolas/" "Mozilla/5.0 (Linux; Android 10; K) AppleWebKit/537.36 (KHTML, like Gecko) Chrome/147.0.0.0 Mobile Safari/537.36"
137.184.64.22 - - [05/May/2026:22:06:02 +0000] "GET /wp-login.php HTTP/1.1" 302 - "-" "Mozilla/5.0 (Windows NT 10.0; Win64; x64; rv:142.0) Gecko/20100101 Firefox/142.0"
152.166.133.90 - - [05/May/2026:22:06:08 +0000] "GET /wp-content/plugins/airi-pro//js/elementor.js?ver=20220328 HTTP/1.1" 200 340 "https://nipponiacaribe.com/pasolas/" "Mozilla/5.0 (Linux; Android 10; K) AppleWebKit/537.36 (KHTML, like Gecko) Chrome/147.0.0.0 Mobile Safari/537.36"
152.166.133.90 - - [05/May/2026:22:06:08 +0000] "GET /wp-includes/js/dist/hooks.min.js?ver=dd5603f07f9220ed27f1 HTTP/1.1" 200 1941 "https://nipponiacaribe.com/pasolas/" "Mozilla/5.0 (Linux; Android 10; K) AppleWebKit/537.36 (KHTML, like Gecko) Chrome/147.0.0.0 Mobile Safari/537.36"
152.166.133.90 - - [05/May/2026:22:06:09 +0000] "GET /wp-content/plugins/contact-form-7/includes/swv/js/index.js?ver=6.1.5 HTTP/1.1" 200 3503 "https://nipponiacaribe.com/pasolas/" "Mozilla/5.0 (Linux; Android 10; K) AppleWebKit/537.36 (KHTML, like Gecko) Chrome/147.0.0.0 Mobile Safari/537.36"
152.166.133.90 - - [05/May/2026:22:06:09 +0000] "GET /wp-includes/js/dist/i18n.min.js?ver=c26c3dc7bed366793375 HTTP/1.1" 200 2229 "https://nipponiacaribe.com/pasolas/" "Mozilla/5.0 (Linux; Android 10; K) AppleWebKit/537.36 (KHTML, like Gecko) Chrome/147.0.0.0 Mobile Safari/537.36"
152.166.133.90 - - [05/May/2026:22:06:09 +0000] "GET /wp-content/plugins/contact-form-7/includes/js/index.js?ver=6.1.5 HTTP/1.1" 200 4265 "https://nipponiacaribe.com/pasolas/" "Mozilla/5.0 (Linux; Android 10; K) AppleWebKit/537.36 (KHTML, like Gecko) Chrome/147.0.0.0 Mobile Safari/537.36"
152.166.133.90 - - [05/May/2026:22:06:09 +0000] "GET /wp-content/themes/airi/js/vendor/scripts.js?ver=20180223 HTTP/1.1" 200 11405 "https://nipponiacaribe.com/pasolas/" "Mozilla/5.0 (Linux; Android 10; K) AppleWebKit/537.36 (KHTML, like Gecko) Chrome/147.0.0.0 Mobile Safari/537.36"
152.166.133.90 - - [05/May/2026:22:06:09 +0000] "GET /wp-content/themes/airi/js/vendor/skip-link-focus-fix.js?ver=20151215 HTTP/1.1" 200 417 "https://nipponiacaribe.com/pasolas/" "Mozilla/5.0 (Linux; Android 10; K) AppleWebKit/537.36 (KHTML, like Gecko) Chrome/147.0.0.0 Mobile Safari/537.36"
152.166.133.90 - - [05/May/2026:22:06:09 +0000] "GET /wp-content/themes/airi/js/custom/custom.min.js?ver=20181017 HTTP/1.1" 200 744 "https://nipponiacaribe.com/pasolas/" "Mozilla/5.0 (Linux; Android 10; K) AppleWebKit/537.36 (KHTML, like Gecko) Chrome/147.0.0.0 Mobile Safari/537.36"
152.166.133.90 - - [05/May/2026:22:06:09 +0000] "GET /wp-content/plugins/contact-form-7/modules/recaptcha/index.js?ver=6.1.5 HTTP/1.1" 200 483 "https://nipponiacaribe.com/pasolas/" "Mozilla/5.0 (Linux; Android 10; K) AppleWebKit/537.36 (KHTML, like Gecko) Chrome/147.0.0.0 Mobile Safari/537.36"
152.166.133.90 - - [05/May/2026:22:06:09 +0000] "GET /wp-includes/js/dist/vendor/wp-polyfill.min.js?ver=3.15.0 HTTP/1.1" 200 11852 "https://nipponiacaribe.com/pasolas/" "Mozilla/5.0 (Linux; Android 10; K) AppleWebKit/537.36 (KHTML, like Gecko) Chrome/147.0.0.0 Mobile Safari/537.36"
152.166.133.90 - - [05/May/2026:22:06:09 +0000] "GET /wp-content/fonts/work-sans/font HTTP/1.1" 200 25976 "https://nipponiacaribe.com/pasolas/" "Mozilla/5.0 (Linux; Android 10; K) AppleWebKit/537.36 (KHTML, like Gecko) Chrome/147.0.0.0 Mobile Safari/537.36"
