62.60.130.227 - - [05/May/2026:18:06:10 +0000] "GET /wp-admin/index.php HTTP/1.1" 302 - "https://nipponiacaribe.com/wp-login.php" "Mozilla/5.0 (Macintosh; Intel Mac OS X 10_15_7) AppleWebKit/537.36 (KHTML, like Gecko) Chrome/94.0.4606.71 Safari/537.36"
79.107.27.66 - - [05/May/2026:18:06:09 +0000] "POST /wp-admin/admin-ajax.php HTTP/1.1" 200 67 "https://nipponiacaribe.com/wp-admin/users.php" "Mozilla/5.0 (Windows NT 10.0; Win64; x64) AppleWebKit/537.36 (KHTML, like Gecko) Chrome/147.0.0.0 Safari/537.36"
62.60.130.227 - - [05/May/2026:18:06:12 +0000] "GET /wp-login.php?redirect_to=https%3A%2F%2Fnipponiacaribe.com%2Fwp-admin%2Findex.php&reauth=1 HTTP/1.1" 404 14290 "https://nipponiacaribe.com/wp-login.php" "Mozilla/5.0 (Macintosh; Intel Mac OS X 10_15_7) AppleWebKit/537.36 (KHTML, like Gecko) Chrome/94.0.4606.71 Safari/537.36"
62.60.130.227 - - [05/May/2026:18:06:15 +0000] "POST /wp-login.php HTTP/1.1" 302 - "https://nipponiacaribe.com/wp-login.php" "Mozilla/5.0 (Macintosh; Intel Mac OS X 10_15_7) AppleWebKit/605.1.15 (KHTML, like Gecko) Version/15.0 Safari/605.1.15"
62.60.130.227 - - [05/May/2026:18:06:17 +0000] "GET /wp-admin/index.php HTTP/1.1" 302 - "https://nipponiacaribe.com/wp-login.php" "Mozilla/5.0 (X11; Linux x86_64) AppleWebKit/537.36 (KHTML, like Gecko) Chrome/93.0.4577.63 Safari/537.36"
62.60.130.227 - - [05/May/2026:18:06:20 +0000] "GET /wp-login.php?redirect_to=https%3A%2F%2Fnipponiacaribe.com%2Fwp-admin%2Findex.php&reauth=1 HTTP/1.1" 404 14290 "https://nipponiacaribe.com/wp-login.php" "Mozilla/5.0 (X11; Linux x86_64) AppleWebKit/537.36 (KHTML, like Gecko) Chrome/93.0.4577.63 Safari/537.36"
62.60.130.227 - - [05/May/2026:18:06:23 +0000] "POST /wp-login.php HTTP/1.1" 302 - "https://nipponiacaribe.com/wp-login.php" "Mozilla/5.0 (X11; Linux x86_64) AppleWebKit/537.36 (KHTML, like Gecko) Chrome/91.0.4472.124 Safari/537.36"
62.60.130.227 - - [05/May/2026:18:06:26 +0000] "GET /wp-admin/index.php HTTP/1.1" 302 - "https://nipponiacaribe.com/wp-login.php" "Mozilla/5.0 (Windows NT 10.0; Win64; x64) AppleWebKit/605.1.15 (KHTML, like Gecko) Version/14.1 Safari/605.1.15"
62.60.130.227 - - [05/May/2026:18:06:28 +0000] "GET /wp-login.php?redirect_to=https%3A%2F%2Fnipponiacaribe.com%2Fwp-admin%2Findex.php&reauth=1 HTTP/1.1" 404 14290 "https://nipponiacaribe.com/wp-login.php" "Mozilla/5.0 (Windows NT 10.0; Win64; x64) AppleWebKit/605.1.15 (KHTML, like Gecko) Version/14.1 Safari/605.1.15"
62.60.130.227 - - [05/May/2026:18:06:31 +0000] "POST /wp-login.php HTTP/1.1" 302 - "https://nipponiacaribe.com/wp-login.php" "Mozilla/5.0 (Windows NT 10.0; Win64; x64) AppleWebKit/605.1.15 (KHTML, like Gecko) Version/14.1 Safari/605.1.15"
62.60.130.227 - - [05/May/2026:18:06:34 +0000] "GET /wp-admin/index.php HTTP/1.1" 302 - "https://nipponiacaribe.com/wp-login.php" "Mozilla/5.0 (Windows NT 10.0; Win64; x64) AppleWebKit/605.1.15 (KHTML, like Gecko) Version/14.1.1 Safari/605.1.15"
62.60.130.227 - - [05/May/2026:18:06:36 +0000] "GET /wp-login.php?redirect_to=https%3A%2F%2Fnipponiacaribe.com%2Fwp-admin%2Findex.php&reauth=1 HTTP/1.1" 404 14290 "https://nipponiacaribe.com/wp-login.php" "Mozilla/5.0 (Windows NT 10.0; Win64; x64) AppleWebKit/605.1.15 (KHTML, like Gecko) Version/14.1.1 Safari/605.1.15"
62.60.130.227 - - [05/May/2026:18:06:39 +0000] "POST /wp-login.php HTTP/1.1" 302 - "https://nipponiacaribe.com/wp-login.php" "Mozilla/5.0 (Windows NT 6.1; Win64; x64) AppleWebKit/537.36 (KHTML, like Gecko) Chrome/94.0.4606.71 Safari/537.36"
62.60.130.227 - - [05/May/2026:18:06:42 +0000] "GET /wp-admin/index.php HTTP/1.1" 302 - "https://nipponiacaribe.com/wp-login.php" "Mozilla/5.0 (Windows NT 6.1; Win64; x64) AppleWebKit/537.36 (KHTML, like Gecko) Chrome/92.0.4515.131 Safari/537.36"
62.60.130.227 - - [05/May/2026:18:06:44 +0000] "GET /wp-login.php?redirect_to=https%3A%2F%2Fnipponiacaribe.com%2Fwp-admin%2Findex.php&reauth=1 HTTP/1.1" 404 14290 "https://nipponiacaribe.com/wp-login.php" "Mozilla/5.0 (Windows NT 6.1; Win64; x64) AppleWebKit/537.36 (KHTML, like Gecko) Chrome/92.0.4515.131 Safari/537.36"
62.60.130.227 - - [05/May/2026:18:06:47 +0000] "POST /wp-login.php HTTP/1.1" 302 - "https://nipponiacaribe.com/wp-login.php" "Mozilla/5.0 (Windows NT 10.0; Win64; x64) AppleWebKit/537.36 (KHTML, like Gecko) Chrome/91.0.4472.124 Safari/537.36"
62.60.130.227 - - [05/May/2026:18:06:50 +0000] "GET /wp-admin/index.php HTTP/1.1" 302 - "https://nipponiacaribe.com/wp-login.php" "Mozilla/5.0 (Windows NT 6.1; Win64; x64) AppleWebKit/537.36 (KHTML, like Gecko) Chrome/93.0.4577.63 Safari/537.36"
62.60.130.227 - - [05/May/2026:18:06:52 +0000] "GET /wp-login.php?redirect_to=https%3A%2F%2Fnipponiacaribe.com%2Fwp-admin%2Findex.php&reauth=1 HTTP/1.1" 404 14290 "https://nipponiacaribe.com/wp-login.php" "Mozilla/5.0 (Windows NT 6.1; Win64; x64) AppleWebKit/537.36 (KHTML, like Gecko) Chrome/93.0.4577.63 Safari/537.36"
62.60.130.227 - - [05/May/2026:18:06:55 +0000] "POST /wp-login.php HTTP/1.1" 302 - "https://nipponiacaribe.com/wp-login.php" "Mozilla/5.0 (Windows NT 10.0; Win64; x64) AppleWebKit/605.1.15 (KHTML, like Gecko) Version/15.0 Safari/605.1.15"
62.60.130.227 - - [05/May/2026:18:06:57 +0000] "GET /wp-admin/index.php HTTP/1.1" 302 - "https://nipponiacaribe.com/wp-login.php" "Mozilla/5.0 (X11; Linux x86_64; rv:89.0) Gecko/20100101 Firefox/89.0.2"
62.60.130.227 - - [05/May/2026:18:07:00 +0000] "GET /wp-login.php?redirect_to=https%3A%2F%2Fnipponiacaribe.com%2Fwp-admin%2Findex.php&reauth=1 HTTP/1.1" 404 14290 "https://nipponiacaribe.com/wp-login.php" "Mozilla/5.0 (X11; Linux x86_64; rv:89.0) Gecko/20100101 Firefox/89.0.2"
62.60.130.227 - - [05/May/2026:18:07:03 +0000] "POST /wp-login.php HTTP/1.1" 302 - "https://nipponiacaribe.com/wp-login.php" "Mozilla/5.0 (Windows NT 10.0; Win64; x64) AppleWebKit/605.1.15 (KHTML, like Gecko) Version/14.1.2 Safari/605.1.15"
62.60.130.227 - - [05/May/2026:18:07:05 +0000] "GET /wp-admin/index.php HTTP/1.1" 302 - "https://nipponiacaribe.com/wp-login.php" "Mozilla/5.0 (Windows NT 10.0; Win64; x64; rv:89.0) Gecko/20100101 Firefox/89.0.2"
62.60.130.227 - - [05/May/2026:18:07:08 +0000] "GET /wp-login.php?redirect_to=https%3A%2F%2Fnipponiacaribe.com%2Fwp-admin%2Findex.php&reauth=1 HTTP/1.1" 404 14290 "https://nipponiacaribe.com/wp-login.php" "Mozilla/5.0 (Windows NT 10.0; Win64; x64; rv:89.0) Gecko/20100101 Firefox/89.0.2"
62.60.130.227 - - [05/May/2026:18:07:11 +0000] "POST /wp-login.php HTTP/1.1" 302 - "https://nipponiacaribe.com/wp-login.php" "Mozilla/5.0 (X11; Linux x86_64; rv:90.0) Gecko/20100101 Firefox/90.0.1"
62.60.130.227 - - [05/May/2026:18:07:14 +0000] "GET /wp-admin/index.php HTTP/1.1" 302 - "https://nipponiacaribe.com/wp-login.php" "Mozilla/5.0 (Windows NT 6.1; Win64; x64) AppleWebKit/537.36 (KHTML, like Gecko) Chrome/93.0.4577.63 Safari/537.36"
62.60.130.227 - - [05/May/2026:18:07:16 +0000] "GET /wp-login.php?redirect_to=https%3A%2F%2Fnipponiacaribe.com%2Fwp-admin%2Findex.php&reauth=1 HTTP/1.1" 404 14290 "https://nipponiacaribe.com/wp-login.php" "Mozilla/5.0 (Windows NT 6.1; Win64; x64) AppleWebKit/537.36 (KHTML, like Gecko) Chrome/93.0.4577.63 Safari/537.36"
62.60.130.227 - - [05/May/2026:18:07:19 +0000] "POST /wp-login.php HTTP/1.1" 302 - "https://nipponiacaribe.com/wp-login.php" "Mozilla/5.0 (Windows NT 6.1; Win64; x64; rv:89.0) Gecko/20100101 Firefox/89.0.2"
62.60.130.227 - - [05/May/2026:18:07:22 +0000] "GET /wp-admin/index.php HTTP/1.1" 302 - "https://nipponiacaribe.com/wp-login.php" "Mozilla/5.0 (Macintosh; Intel Mac OS X 10_15_7) AppleWebKit/605.1.15 (KHTML, like Gecko) Version/14.1.2 Safari/605.1.15"
62.60.130.227 - - [05/May/2026:18:07:25 +0000] "GET /wp-login.php?redirect_to=https%3A%2F%2Fnipponiacaribe.com%2Fwp-admin%2Findex.php&reauth=1 HTTP/1.1" 404 14290 "https://nipponiacaribe.com/wp-login.php" "Mozilla/5.0 (Macintosh; Intel Mac OS X 10_15_7) AppleWebKit/605.1.15 (KHTML, like Gecko) Version/14.1.2 Safari/605.1.15"
62.60.130.227 - - [05/May/2026:18:07:28 +0000] "POST /wp-login.php HTTP/1.1" 302 - "https://nipponiacaribe.com/wp-login.php" "Mozilla/5.0 (Windows NT 10.0; Win64; x64; rv:90.0) Gecko/20100101 Firefox/90.0.1"
62.60.130.227 - - [05/May/2026:18:07:30 +0000] "GET /wp-admin/index.php HTTP/1.1" 302 - "https://nipponiacaribe.com/wp-login.php" "Mozilla/5.0 (Windows NT 10.0; Win64; x64) AppleWebKit/605.1.15 (KHTML, like Gecko) Version/14.1 Safari/605.1.15"
43.155.140.157 - - [05/May/2026:18:07:32 +0000] "GET / HTTP/1.1" 200 20668 "http://nipponiacaribe.com" "Mozilla/5.0 (iPhone; CPU iPhone OS 13_2_3 like Mac OS X) AppleWebKit/605.1.15 (KHTML, like Gecko) Version/13.0.3 Mobile/15E148 Safari/604.1"
20.169.87.122 - - [05/May/2026:18:07:33 +0000] "GET /pasolas-electricas/ HTTP/1.1" 200 18649 "-" "Mozilla/5.0 AppleWebKit/537.36 (KHTML, like Gecko); compatible; ChatGPT-User/1.0; +https://openai.com/bot"
79.107.27.66 - - [05/May/2026:18:07:31 +0000] "POST /wp-admin/admin-ajax.php HTTP/1.1" 200 67 "https://nipponiacaribe.com/wp-admin/users.php" "Mozilla/5.0 (Windows NT 10.0; Win64; x64) AppleWebKit/537.36 (KHTML, like Gecko) Chrome/147.0.0.0 Safari/537.36"
20.169.87.122 - - [05/May/2026:18:07:35 +0000] "GET / HTTP/1.1" 200 20668 "-" "Mozilla/5.0 AppleWebKit/537.36 (KHTML, like Gecko); compatible; ChatGPT-User/1.0; +https://openai.com/bot"
62.60.130.227 - - [05/May/2026:18:07:33 +0000] "GET /wp-login.php?redirect_to=https%3A%2F%2Fnipponiacaribe.com%2Fwp-admin%2Findex.php&reauth=1 HTTP/1.1" 404 14290 "https://nipponiacaribe.com/wp-login.php" "Mozilla/5.0 (Windows NT 10.0; Win64; x64) AppleWebKit/605.1.15 (KHTML, like Gecko) Version/14.1 Safari/605.1.15"
62.60.130.227 - - [05/May/2026:18:07:35 +0000] "POST /wp-login.php HTTP/1.1" 302 - "https://nipponiacaribe.com/wp-login.php" "Mozilla/5.0 (Macintosh; Intel Mac OS X 10_15_7; rv:91.0) Gecko/20100101 Firefox/91.0"
62.60.130.227 - - [05/May/2026:18:07:38 +0000] "GET /wp-admin/index.php HTTP/1.1" 302 - "https://nipponiacaribe.com/wp-login.php" "Mozilla/5.0 (Windows NT 6.1; Win64; x64) AppleWebKit/537.36 (KHTML, like Gecko) Chrome/91.0.4472.124 Safari/537.36"
62.60.130.227 - - [05/May/2026:18:07:40 +0000] "GET /wp-login.php?redirect_to=https%3A%2F%2Fnipponiacaribe.com%2Fwp-admin%2Findex.php&reauth=1 HTTP/1.1" 404 14290 "https://nipponiacaribe.com/wp-login.php" "Mozilla/5.0 (Windows NT 6.1; Win64; x64) AppleWebKit/537.36 (KHTML, like Gecko) Chrome/91.0.4472.124 Safari/537.36"
62.60.130.227 - - [05/May/2026:18:07:43 +0000] "POST /wp-login.php HTTP/1.1" 302 - "https://nipponiacaribe.com/wp-login.php" "Mozilla/5.0 (Windows NT 10.0; Win64; x64) AppleWebKit/537.36 (KHTML, like Gecko) Chrome/92.0.4515.131 Safari/537.36"
62.60.130.227 - - [05/May/2026:18:07:46 +0000] "GET /wp-admin/index.php HTTP/1.1" 302 - "https://nipponiacaribe.com/wp-login.php" "Mozilla/5.0 (Windows NT 10.0; Win64; x64) AppleWebKit/537.36 (KHTML, like Gecko) Chrome/91.0.4472.124 Safari/537.36"
62.60.130.227 - - [05/May/2026:18:07:48 +0000] "GET /wp-login.php?redirect_to=https%3A%2F%2Fnipponiacaribe.com%2Fwp-admin%2Findex.php&reauth=1 HTTP/1.1" 404 14290 "https://nipponiacaribe.com/wp-login.php" "Mozilla/5.0 (Windows NT 10.0; Win64; x64) AppleWebKit/537.36 (KHTML, like Gecko) Chrome/91.0.4472.124 Safari/537.36"
62.60.130.227 - - [05/May/2026:18:07:51 +0000] "POST /wp-login.php HTTP/1.1" 302 - "https://nipponiacaribe.com/wp-login.php" "Mozilla/5.0 (Windows NT 10.0; Win64; x64) AppleWebKit/605.1.15 (KHTML, like Gecko) Version/14.1.1 Safari/605.1.15"
62.60.130.227 - - [05/May/2026:18:07:54 +0000] "GET /wp-admin/index.php HTTP/1.1" 302 - "https://nipponiacaribe.com/wp-login.php" "Mozilla/5.0 (Macintosh; Intel Mac OS X 10_15_7) AppleWebKit/537.36 (KHTML, like Gecko) Chrome/92.0.4515.131 Safari/537.36"
62.60.130.227 - - [05/May/2026:18:07:56 +0000] "GET /wp-login.php?redirect_to=https%3A%2F%2Fnipponiacaribe.com%2Fwp-admin%2Findex.php&reauth=1 HTTP/1.1" 404 14290 "https://nipponiacaribe.com/wp-login.php" "Mozilla/5.0 (Macintosh; Intel Mac OS X 10_15_7) AppleWebKit/537.36 (KHTML, like Gecko) Chrome/92.0.4515.131 Safari/537.36"
62.60.130.227 - - [05/May/2026:18:07:59 +0000] "POST /wp-login.php HTTP/1.1" 302 - "https://nipponiacaribe.com/wp-login.php" "Mozilla/5.0 (Macintosh; Intel Mac OS X 10_15_7) AppleWebKit/605.1.15 (KHTML, like Gecko) Version/14.0.3 Safari/605.1.15"
62.60.130.227 - - [05/May/2026:18:08:02 +0000] "GET /wp-admin/index.php HTTP/1.1" 302 - "https://nipponiacaribe.com/wp-login.php" "Mozilla/5.0 (Macintosh; Intel Mac OS X 10_15_7) AppleWebKit/537.36 (KHTML, like Gecko) Chrome/93.0.4577.63 Safari/537.36"
62.60.130.227 - - [05/May/2026:18:08:04 +0000] "GET /wp-login.php?redirect_to=https%3A%2F%2Fnipponiacaribe.com%2Fwp-admin%2Findex.php&reauth=1 HTTP/1.1" 404 14290 "https://nipponiacaribe.com/wp-login.php" "Mozilla/5.0 (Macintosh; Intel Mac OS X 10_15_7) AppleWebKit/537.36 (KHTML, like Gecko) Chrome/93.0.4577.63 Safari/537.36"
62.60.130.227 - - [05/May/2026:18:08:07 +0000] "POST /wp-login.php HTTP/1.1" 302 - "https://nipponiacaribe.com/wp-login.php" "Mozilla/5.0 (X11; Linux x86_64) AppleWebKit/537.36 (KHTML, like Gecko) Chrome/94.0.4606.71 Safari/537.36"
62.60.130.227 - - [05/May/2026:18:08:09 +0000] "GET /wp-admin/index.php HTTP/1.1" 302 - "https://nipponiacaribe.com/wp-login.php" "Mozilla/5.0 (Macintosh; Intel Mac OS X 10_15_7) AppleWebKit/537.36 (KHTML, like Gecko) Chrome/92.0.4515.131 Safari/537.36"
62.60.130.227 - - [05/May/2026:18:08:12 +0000] "GET /wp-login.php?redirect_to=https%3A%2F%2Fnipponiacaribe.com%2Fwp-admin%2Findex.php&reauth=1 HTTP/1.1" 404 14290 "https://nipponiacaribe.com/wp-login.php" "Mozilla/5.0 (Macintosh; Intel Mac OS X 10_15_7) AppleWebKit/537.36 (KHTML, like Gecko) Chrome/92.0.4515.131 Safari/537.36"
62.60.130.227 - - [05/May/2026:18:08:15 +0000] "POST /wp-login.php HTTP/1.1" 302 - "https://nipponiacaribe.com/wp-login.php" "Mozilla/5.0 (Macintosh; Intel Mac OS X 10_15_7) AppleWebKit/605.1.15 (KHTML, like Gecko) Version/14.1 Safari/605.1.15"
62.60.130.227 - - [05/May/2026:18:08:17 +0000] "GET /wp-admin/index.php HTTP/1.1" 302 - "https://nipponiacaribe.com/wp-login.php" "Mozilla/5.0 (Macintosh; Intel Mac OS X 10_15_7) AppleWebKit/605.1.15 (KHTML, like Gecko) Version/14.1.1 Safari/605.1.15"
62.60.130.227 - - [05/May/2026:18:08:20 +0000] "GET /wp-login.php?redirect_to=https%3A%2F%2Fnipponiacaribe.com%2Fwp-admin%2Findex.php&reauth=1 HTTP/1.1" 404 14290 "https://nipponiacaribe.com/wp-login.php" "Mozilla/5.0 (Macintosh; Intel Mac OS X 10_15_7) AppleWebKit/605.1.15 (KHTML, like Gecko) Version/14.1.1 Safari/605.1.15"
62.60.130.227 - - [05/May/2026:18:08:23 +0000] "POST /wp-login.php HTTP/1.1" 302 - "https://nipponiacaribe.com/wp-login.php" "Mozilla/5.0 (X11; Linux x86_64; rv:89.0) Gecko/20100101 Firefox/89.0.2"
62.60.130.227 - - [05/May/2026:18:08:25 +0000] "GET /wp-admin/index.php HTTP/1.1" 302 - "https://nipponiacaribe.com/wp-login.php" "Mozilla/5.0 (X11; Linux x86_64; rv:91.0) Gecko/20100101 Firefox/91.0"
62.60.130.227 - - [05/May/2026:18:08:28 +0000] "GET /wp-login.php?redirect_to=https%3A%2F%2Fnipponiacaribe.com%2Fwp-admin%2Findex.php&reauth=1 HTTP/1.1" 404 14290 "https://nipponiacaribe.com/wp-login.php" "Mozilla/5.0 (X11; Linux x86_64; rv:91.0) Gecko/20100101 Firefox/91.0"
62.60.130.227 - - [05/May/2026:18:08:31 +0000] "POST /wp-login.php HTTP/1.1" 302 - "https://nipponiacaribe.com/wp-login.php" "Mozilla/5.0 (Windows NT 10.0; Win64; x64) AppleWebKit/537.36 (KHTML, like Gecko) Chrome/94.0.4606.71 Safari/537.36"
79.107.27.66 - - [05/May/2026:18:08:32 +0000] "POST /wp-admin/admin-ajax.php HTTP/1.1" 200 67 "https://nipponiacaribe.com/wp-admin/users.php" "Mozilla/5.0 (Windows NT 10.0; Win64; x64) AppleWebKit/537.36 (KHTML, like Gecko) Chrome/147.0.0.0 Safari/537.36"
62.60.130.227 - - [05/May/2026:18:08:33 +0000] "GET /wp-admin/index.php HTTP/1.1" 302 - "https://nipponiacaribe.com/wp-login.php" "Mozilla/5.0 (Macintosh; Intel Mac OS X 10_15_7; rv:90.0) Gecko/20100101 Firefox/90.0.1"
62.60.130.227 - - [05/May/2026:18:08:36 +0000] "GET /wp-login.php?redirect_to=https%3A%2F%2Fnipponiacaribe.com%2Fwp-admin%2Findex.php&reauth=1 HTTP/1.1" 404 14290 "https://nipponiacaribe.com/wp-login.php" "Mozilla/5.0 (Macintosh; Intel Mac OS X 10_15_7; rv:90.0) Gecko/20100101 Firefox/90.0.1"
62.60.130.227 - - [05/May/2026:18:08:39 +0000] "POST /wp-login.php HTTP/1.1" 302 - "https://nipponiacaribe.com/wp-login.php" "Mozilla/5.0 (X11; Linux x86_64; rv:91.0) Gecko/20100101 Firefox/91.0"
62.60.130.227 - - [05/May/2026:18:08:41 +0000] "GET /wp-admin/index.php HTTP/1.1" 302 - "https://nipponiacaribe.com/wp-login.php" "Mozilla/5.0 (Windows NT 10.0; Win64; x64; rv:89.0) Gecko/20100101 Firefox/89.0.2"
62.60.130.227 - - [05/May/2026:18:08:43 +0000] "GET /wp-login.php?redirect_to=https%3A%2F%2Fnipponiacaribe.com%2Fwp-admin%2Findex.php&reauth=1 HTTP/1.1" 404 14290 "https://nipponiacaribe.com/wp-login.php" "Mozilla/5.0 (Windows NT 10.0; Win64; x64; rv:89.0) Gecko/20100101 Firefox/89.0.2"
62.60.130.227 - - [05/May/2026:18:08:46 +0000] "POST /wp-login.php HTTP/1.1" 302 - "https://nipponiacaribe.com/wp-login.php" "Mozilla/5.0 (Windows NT 10.0; Win64; x64) AppleWebKit/605.1.15 (KHTML, like Gecko) Version/15.0 Safari/605.1.15"
62.60.130.227 - - [05/May/2026:18:08:49 +0000] "GET /wp-admin/index.php HTTP/1.1" 302 - "https://nipponiacaribe.com/wp-login.php" "Mozilla/5.0 (Macintosh; Intel Mac OS X 10_15_7) AppleWebKit/537.36 (KHTML, like Gecko) Chrome/91.0.4472.124 Safari/537.36"
62.60.130.227 - - [05/May/2026:18:08:52 +0000] "GET /wp-login.php?redirect_to=https%3A%2F%2Fnipponiacaribe.com%2Fwp-admin%2Findex.php&reauth=1 HTTP/1.1" 404 14290 "https://nipponiacaribe.com/wp-login.php" "Mozilla/5.0 (Macintosh; Intel Mac OS X 10_15_7) AppleWebKit/537.36 (KHTML, like Gecko) Chrome/91.0.4472.124 Safari/537.36"
62.60.130.227 - - [05/May/2026:18:08:54 +0000] "POST /wp-login.php HTTP/1.1" 302 - "https://nipponiacaribe.com/wp-login.php" "Mozilla/5.0 (X11; Linux x86_64) AppleWebKit/537.36 (KHTML, like Gecko) Chrome/92.0.4515.131 Safari/537.36"
62.60.130.227 - - [05/May/2026:18:08:57 +0000] "GET /wp-admin/index.php HTTP/1.1" 302 - "https://nipponiacaribe.com/wp-login.php" "Mozilla/5.0 (Windows NT 10.0; Win64; x64) AppleWebKit/537.36 (KHTML, like Gecko) Chrome/93.0.4577.63 Safari/537.36"
62.60.130.227 - - [05/May/2026:18:08:59 +0000] "GET /wp-login.php?redirect_to=https%3A%2F%2Fnipponiacaribe.com%2Fwp-admin%2Findex.php&reauth=1 HTTP/1.1" 404 14290 "https://nipponiacaribe.com/wp-login.php" "Mozilla/5.0 (Windows NT 10.0; Win64; x64) AppleWebKit/537.36 (KHTML, like Gecko) Chrome/93.0.4577.63 Safari/537.36"
62.60.130.227 - - [05/May/2026:18:09:02 +0000] "POST /wp-login.php HTTP/1.1" 302 - "https://nipponiacaribe.com/wp-login.php" "Mozilla/5.0 (Macintosh; Intel Mac OS X 10_15_7; rv:90.0) Gecko/20100101 Firefox/90.0.1"
62.60.130.227 - - [05/May/2026:18:09:05 +0000] "GET /wp-admin/index.php HTTP/1.1" 302 - "https://nipponiacaribe.com/wp-login.php" "Mozilla/5.0 (Macintosh; Intel Mac OS X 10_15_7) AppleWebKit/605.1.15 (KHTML, like Gecko) Version/14.1.2 Safari/605.1.15"
62.60.130.227 - - [05/May/2026:18:09:07 +0000] "GET /wp-login.php?redirect_to=https%3A%2F%2Fnipponiacaribe.com%2Fwp-admin%2Findex.php&reauth=1 HTTP/1.1" 404 14290 "https://nipponiacaribe.com/wp-login.php" "Mozilla/5.0 (Macintosh; Intel Mac OS X 10_15_7) AppleWebKit/605.1.15 (KHTML, like Gecko) Version/14.1.2 Safari/605.1.15"
62.60.130.227 - - [05/May/2026:18:09:10 +0000] "POST /wp-login.php HTTP/1.1" 302 - "https://nipponiacaribe.com/wp-login.php" "Mozilla/5.0 (Windows NT 6.1; Win64; x64; rv:92.0) Gecko/20100101 Firefox/92.0"
62.60.130.227 - - [05/May/2026:18:09:13 +0000] "GET /wp-admin/index.php HTTP/1.1" 302 - "https://nipponiacaribe.com/wp-login.php" "Mozilla/5.0 (Macintosh; Intel Mac OS X 10_15_7) AppleWebKit/605.1.15 (KHTML, like Gecko) Version/14.1.1 Safari/605.1.15"
62.60.130.227 - - [05/May/2026:18:09:15 +0000] "GET /wp-login.php?redirect_to=https%3A%2F%2Fnipponiacaribe.com%2Fwp-admin%2Findex.php&reauth=1 HTTP/1.1" 404 14290 "https://nipponiacaribe.com/wp-login.php" "Mozilla/5.0 (Macintosh; Intel Mac OS X 10_15_7) AppleWebKit/605.1.15 (KHTML, like Gecko) Version/14.1.1 Safari/605.1.15"
62.60.130.227 - - [05/May/2026:18:09:18 +0000] "POST /wp-login.php HTTP/1.1" 302 - "https://nipponiacaribe.com/wp-login.php" "Mozilla/5.0 (Macintosh; Intel Mac OS X 10_15_7; rv:91.0) Gecko/20100101 Firefox/91.0"
62.60.130.227 - - [05/May/2026:18:09:21 +0000] "GET /wp-admin/index.php HTTP/1.1" 302 - "https://nipponiacaribe.com/wp-login.php" "Mozilla/5.0 (Windows NT 10.0; Win64; x64) AppleWebKit/537.36 (KHTML, like Gecko) Chrome/90.0.4430.212 Safari/537.36"
62.60.130.227 - - [05/May/2026:18:09:23 +0000] "GET /wp-login.php?redirect_to=https%3A%2F%2Fnipponiacaribe.com%2Fwp-admin%2Findex.php&reauth=1 HTTP/1.1" 404 14290 "https://nipponiacaribe.com/wp-login.php" "Mozilla/5.0 (Windows NT 10.0; Win64; x64) AppleWebKit/537.36 (KHTML, like Gecko) Chrome/90.0.4430.212 Safari/537.36"
62.60.130.227 - - [05/May/2026:18:09:26 +0000] "POST /wp-login.php HTTP/1.1" 302 - "https://nipponiacaribe.com/wp-login.php" "Mozilla/5.0 (Windows NT 6.1; Win64; x64) AppleWebKit/537.36 (KHTML, like Gecko) Chrome/91.0.4472.124 Safari/537.36"
62.60.130.227 - - [05/May/2026:18:09:29 +0000] "GET /wp-admin/index.php HTTP/1.1" 302 - "https://nipponiacaribe.com/wp-login.php" "Mozilla/5.0 (Windows NT 6.1; Win64; x64) AppleWebKit/537.36 (KHTML, like Gecko) Chrome/90.0.4430.212 Safari/537.36"
62.60.130.227 - - [05/May/2026:18:09:31 +0000] "GET /wp-login.php?redirect_to=https%3A%2F%2Fnipponiacaribe.com%2Fwp-admin%2Findex.php&reauth=1 HTTP/1.1" 404 14290 "https://nipponiacaribe.com/wp-login.php" "Mozilla/5.0 (Windows NT 6.1; Win64; x64) AppleWebKit/537.36 (KHTML, like Gecko) Chrome/90.0.4430.212 Safari/537.36"
62.60.130.227 - - [05/May/2026:18:09:34 +0000] "POST /wp-login.php HTTP/1.1" 302 - "https://nipponiacaribe.com/wp-login.php" "Mozilla/5.0 (Macintosh; Intel Mac OS X 10_15_7) AppleWebKit/605.1.15 (KHTML, like Gecko) Version/14.1 Safari/605.1.15"
62.60.130.227 - - [05/May/2026:18:09:36 +0000] "GET /wp-admin/index.php HTTP/1.1" 302 - "https://nipponiacaribe.com/wp-login.php" "Mozilla/5.0 (Windows NT 6.1; Win64; x64) AppleWebKit/537.36 (KHTML, like Gecko) Chrome/93.0.4577.63 Safari/537.36"
62.60.130.227 - - [05/May/2026:18:09:39 +0000] "GET /wp-login.php?redirect_to=https%3A%2F%2Fnipponiacaribe.com%2Fwp-admin%2Findex.php&reauth=1 HTTP/1.1" 404 14290 "https://nipponiacaribe.com/wp-login.php" "Mozilla/5.0 (Windows NT 6.1; Win64; x64) AppleWebKit/537.36 (KHTML, like Gecko) Chrome/93.0.4577.63 Safari/537.36"
62.60.130.227 - - [05/May/2026:18:09:42 +0000] "POST /wp-login.php HTTP/1.1" 302 - "https://nipponiacaribe.com/wp-login.php" "Mozilla/5.0 (X11; Linux x86_64) AppleWebKit/537.36 (KHTML, like Gecko) Chrome/94.0.4606.71 Safari/537.36"
62.60.130.227 - - [05/May/2026:18:09:45 +0000] "GET /wp-admin/index.php HTTP/1.1" 302 - "https://nipponiacaribe.com/wp-login.php" "Mozilla/5.0 (Macintosh; Intel Mac OS X 10_15_7; rv:90.0) Gecko/20100101 Firefox/90.0.1"
62.60.130.227 - - [05/May/2026:18:09:48 +0000] "GET /wp-login.php?redirect_to=https%3A%2F%2Fnipponiacaribe.com%2Fwp-admin%2Findex.php&reauth=1 HTTP/1.1" 404 14290 "https://nipponiacaribe.com/wp-login.php" "Mozilla/5.0 (Macintosh; Intel Mac OS X 10_15_7; rv:90.0) Gecko/20100101 Firefox/90.0.1"
62.60.130.227 - - [05/May/2026:18:09:51 +0000] "POST /wp-login.php HTTP/1.1" 302 - "https://nipponiacaribe.com/wp-login.php" "Mozilla/5.0 (Windows NT 6.1; Win64; x64; rv:92.0) Gecko/20100101 Firefox/92.0"
62.60.130.227 - - [05/May/2026:18:09:53 +0000] "GET /wp-admin/index.php HTTP/1.1" 302 - "https://nipponiacaribe.com/wp-login.php" "Mozilla/5.0 (Windows NT 10.0; Win64; x64; rv:93.0) Gecko/20100101 Firefox/93.0"
62.60.130.227 - - [05/May/2026:18:09:56 +0000] "GET /wp-login.php?redirect_to=https%3A%2F%2Fnipponiacaribe.com%2Fwp-admin%2Findex.php&reauth=1 HTTP/1.1" 404 14290 "https://nipponiacaribe.com/wp-login.php" "Mozilla/5.0 (Windows NT 10.0; Win64; x64; rv:93.0) Gecko/20100101 Firefox/93.0"
62.60.130.227 - - [05/May/2026:18:09:59 +0000] "POST /wp-login.php HTTP/1.1" 302 - "https://nipponiacaribe.com/wp-login.php" "Mozilla/5.0 (Macintosh; Intel Mac OS X 10_15_7) AppleWebKit/605.1.15 (KHTML, like Gecko) Version/14.0.3 Safari/605.1.15"
62.60.130.227 - - [05/May/2026:18:10:01 +0000] "GET /wp-admin/index.php HTTP/1.1" 302 - "https://nipponiacaribe.com/wp-login.php" "Mozilla/5.0 (Windows NT 6.1; Win64; x64) AppleWebKit/537.36 (KHTML, like Gecko) Chrome/94.0.4606.71 Safari/537.36"
62.60.130.227 - - [05/May/2026:18:10:04 +0000] "GET /wp-login.php?redirect_to=https%3A%2F%2Fnipponiacaribe.com%2Fwp-admin%2Findex.php&reauth=1 HTTP/1.1" 404 14290 "https://nipponiacaribe.com/wp-login.php" "Mozilla/5.0 (Windows NT 6.1; Win64; x64) AppleWebKit/537.36 (KHTML, like Gecko) Chrome/94.0.4606.71 Safari/537.36"
62.60.130.227 - - [05/May/2026:18:10:07 +0000] "POST /wp-login.php HTTP/1.1" 302 - "https://nipponiacaribe.com/wp-login.php" "Mozilla/5.0 (Windows NT 10.0; Win64; x64) AppleWebKit/605.1.15 (KHTML, like Gecko) Version/15.0 Safari/605.1.15"
62.60.130.227 - - [05/May/2026:18:10:10 +0000] "GET /wp-admin/index.php HTTP/1.1" 302 - "https://nipponiacaribe.com/wp-login.php" "Mozilla/5.0 (X11; Linux x86_64) AppleWebKit/537.36 (KHTML, like Gecko) Chrome/92.0.4515.131 Safari/537.36"
62.60.130.227 - - [05/May/2026:18:10:12 +0000] "GET /wp-login.php?redirect_to=https%3A%2F%2Fnipponiacaribe.com%2Fwp-admin%2Findex.php&reauth=1 HTTP/1.1" 404 14290 "https://nipponiacaribe.com/wp-login.php" "Mozilla/5.0 (X11; Linux x86_64) AppleWebKit/537.36 (KHTML, like Gecko) Chrome/92.0.4515.131 Safari/537.36"
62.60.130.227 - - [05/May/2026:18:10:15 +0000] "POST /wp-login.php HTTP/1.1" 302 - "https://nipponiacaribe.com/wp-login.php" "Mozilla/5.0 (Windows NT 6.1; Win64; x64) AppleWebKit/537.36 (KHTML, like Gecko) Chrome/92.0.4515.131 Safari/537.36"
62.60.130.227 - - [05/May/2026:18:10:18 +0000] "GET /wp-admin/index.php HTTP/1.1" 302 - "https://nipponiacaribe.com/wp-login.php" "Mozilla/5.0 (Windows NT 10.0; Win64; x64) AppleWebKit/537.36 (KHTML, like Gecko) Chrome/91.0.4472.124 Safari/537.36"
62.60.130.227 - - [05/May/2026:18:10:21 +0000] "GET /wp-login.php?redirect_to=https%3A%2F%2Fnipponiacaribe.com%2Fwp-admin%2Findex.php&reauth=1 HTTP/1.1" 404 14290 "https://nipponiacaribe.com/wp-login.php" "Mozilla/5.0 (Windows NT 10.0; Win64; x64) AppleWebKit/537.36 (KHTML, like Gecko) Chrome/91.0.4472.124 Safari/537.36"
62.60.130.227 - - [05/May/2026:18:10:24 +0000] "POST /wp-login.php HTTP/1.1" 302 - "https://nipponiacaribe.com/wp-login.php" "Mozilla/5.0 (Windows NT 10.0; Win64; x64) AppleWebKit/537.36 (KHTML, like Gecko) Chrome/94.0.4606.71 Safari/537.36"
20.123.172.228 - - [05/May/2026:18:10:29 +0000] "POST /wp-cron.php?doing_wp_cron=1778004629.4629259109497070312500 HTTP/1.1" 200 - "-" "WordPress/6.9.4; https://nipponiacaribe.com"
62.60.130.227 - - [05/May/2026:18:10:26 +0000] "GET /wp-admin/index.php HTTP/1.1" 302 - "https://nipponiacaribe.com/wp-login.php" "Mozilla/5.0 (Macintosh; Intel Mac OS X 10_15_7) AppleWebKit/605.1.15 (KHTML, like Gecko) Version/14.0.3 Safari/605.1.15"
62.60.130.227 - - [05/May/2026:18:10:29 +0000] "GET /wp-login.php?redirect_to=https%3A%2F%2Fnipponiacaribe.com%2Fwp-admin%2Findex.php&reauth=1 HTTP/1.1" 404 14290 "https://nipponiacaribe.com/wp-login.php" "Mozilla/5.0 (Macintosh; Intel Mac OS X 10_15_7) AppleWebKit/605.1.15 (KHTML, like Gecko) Version/14.0.3 Safari/605.1.15"
62.60.130.227 - - [05/May/2026:18:10:32 +0000] "POST /wp-login.php HTTP/1.1" 302 - "https://nipponiacaribe.com/wp-login.php" "Mozilla/5.0 (Macintosh; Intel Mac OS X 10_15_7) AppleWebKit/605.1.15 (KHTML, like Gecko) Version/14.1.2 Safari/605.1.15"
79.107.27.66 - - [05/May/2026:18:10:33 +0000] "POST /wp-admin/admin-ajax.php HTTP/1.1" 200 67 "https://nipponiacaribe.com/wp-admin/users.php" "Mozilla/5.0 (Windows NT 10.0; Win64; x64) AppleWebKit/537.36 (KHTML, like Gecko) Chrome/147.0.0.0 Safari/537.36"
62.60.130.227 - - [05/May/2026:18:10:35 +0000] "GET /wp-admin/index.php HTTP/1.1" 302 - "https://nipponiacaribe.com/wp-login.php" "Mozilla/5.0 (Windows NT 10.0; Win64; x64) AppleWebKit/605.1.15 (KHTML, like Gecko) Version/14.1.2 Safari/605.1.15"
62.60.130.227 - - [05/May/2026:18:10:38 +0000] "GET /wp-login.php?redirect_to=https%3A%2F%2Fnipponiacaribe.com%2Fwp-admin%2Findex.php&reauth=1 HTTP/1.1" 404 14290 "https://nipponiacaribe.com/wp-login.php" "Mozilla/5.0 (Windows NT 10.0; Win64; x64) AppleWebKit/605.1.15 (KHTML, like Gecko) Version/14.1.2 Safari/605.1.15"
62.60.130.227 - - [05/May/2026:18:10:41 +0000] "POST /wp-login.php HTTP/1.1" 302 - "https://nipponiacaribe.com/wp-login.php" "Mozilla/5.0 (Macintosh; Intel Mac OS X 10_15_7; rv:92.0) Gecko/20100101 Firefox/92.0"
62.60.130.227 - - [05/May/2026:18:10:43 +0000] "GET /wp-admin/index.php HTTP/1.1" 302 - "https://nipponiacaribe.com/wp-login.php" "Mozilla/5.0 (Windows NT 6.1; Win64; x64) AppleWebKit/537.36 (KHTML, like Gecko) Chrome/90.0.4430.212 Safari/537.36"
62.60.130.227 - - [05/May/2026:18:10:46 +0000] "GET /wp-login.php?redirect_to=https%3A%2F%2Fnipponiacaribe.com%2Fwp-admin%2Findex.php&reauth=1 HTTP/1.1" 404 14290 "https://nipponiacaribe.com/wp-login.php" "Mozilla/5.0 (Windows NT 6.1; Win64; x64) AppleWebKit/537.36 (KHTML, like Gecko) Chrome/90.0.4430.212 Safari/537.36"
62.60.130.227 - - [05/May/2026:18:10:49 +0000] "POST /wp-login.php HTTP/1.1" 302 - "https://nipponiacaribe.com/wp-login.php" "Mozilla/5.0 (X11; Linux x86_64; rv:92.0) Gecko/20100101 Firefox/92.0"
62.60.130.227 - - [05/May/2026:18:10:51 +0000] "GET /wp-admin/index.php HTTP/1.1" 302 - "https://nipponiacaribe.com/wp-login.php" "Mozilla/5.0 (Macintosh; Intel Mac OS X 10_15_7) AppleWebKit/537.36 (KHTML, like Gecko) Chrome/93.0.4577.63 Safari/537.36"
62.60.130.227 - - [05/May/2026:18:10:54 +0000] "GET /wp-login.php?redirect_to=https%3A%2F%2Fnipponiacaribe.com%2Fwp-admin%2Findex.php&reauth=1 HTTP/1.1" 404 14290 "https://nipponiacaribe.com/wp-login.php" "Mozilla/5.0 (Macintosh; Intel Mac OS X 10_15_7) AppleWebKit/537.36 (KHTML, like Gecko) Chrome/93.0.4577.63 Safari/537.36"
62.60.130.227 - - [05/May/2026:18:10:57 +0000] "POST /wp-login.php HTTP/1.1" 302 - "https://nipponiacaribe.com/wp-login.php" "Mozilla/5.0 (Windows NT 6.1; Win64; x64; rv:90.0) Gecko/20100101 Firefox/90.0.1"
62.60.130.227 - - [05/May/2026:18:11:00 +0000] "GET /wp-admin/index.php HTTP/1.1" 302 - "https://nipponiacaribe.com/wp-login.php" "Mozilla/5.0 (Windows NT 10.0; Win64; x64) AppleWebKit/605.1.15 (KHTML, like Gecko) Version/14.1.1 Safari/605.1.15"
62.60.130.227 - - [05/May/2026:18:11:02 +0000] "GET /wp-login.php?redirect_to=https%3A%2F%2Fnipponiacaribe.com%2Fwp-admin%2Findex.php&reauth=1 HTTP/1.1" 404 14290 "https://nipponiacaribe.com/wp-login.php" "Mozilla/5.0 (Windows NT 10.0; Win64; x64) AppleWebKit/605.1.15 (KHTML, like Gecko) Version/14.1.1 Safari/605.1.15"
62.60.130.227 - - [05/May/2026:18:11:05 +0000] "POST /wp-login.php HTTP/1.1" 302 - "https://nipponiacaribe.com/wp-login.php" "Mozilla/5.0 (Windows NT 10.0; Win64; x64) AppleWebKit/537.36 (KHTML, like Gecko) Chrome/93.0.4577.63 Safari/537.36"
62.60.130.227 - - [05/May/2026:18:11:08 +0000] "GET /wp-admin/index.php HTTP/1.1" 302 - "https://nipponiacaribe.com/wp-login.php" "Mozilla/5.0 (X11; Linux x86_64; rv:93.0) Gecko/20100101 Firefox/93.0"
62.60.130.227 - - [05/May/2026:18:11:10 +0000] "GET /wp-login.php?redirect_to=https%3A%2F%2Fnipponiacaribe.com%2Fwp-admin%2Findex.php&reauth=1 HTTP/1.1" 404 14290 "https://nipponiacaribe.com/wp-login.php" "Mozilla/5.0 (X11; Linux x86_64; rv:93.0) Gecko/20100101 Firefox/93.0"
62.60.130.227 - - [05/May/2026:18:11:13 +0000] "POST /wp-login.php HTTP/1.1" 302 - "https://nipponiacaribe.com/wp-login.php" "Mozilla/5.0 (X11; Linux x86_64; rv:90.0) Gecko/20100101 Firefox/90.0.1"
62.60.130.227 - - [05/May/2026:18:11:16 +0000] "GET /wp-admin/index.php HTTP/1.1" 302 - "https://nipponiacaribe.com/wp-login.php" "Mozilla/5.0 (Macintosh; Intel Mac OS X 10_15_7) AppleWebKit/537.36 (KHTML, like Gecko) Chrome/91.0.4472.124 Safari/537.36"
62.60.130.227 - - [05/May/2026:18:11:18 +0000] "GET /wp-login.php?redirect_to=https%3A%2F%2Fnipponiacaribe.com%2Fwp-admin%2Findex.php&reauth=1 HTTP/1.1" 404 14290 "https://nipponiacaribe.com/wp-login.php" "Mozilla/5.0 (Macintosh; Intel Mac OS X 10_15_7) AppleWebKit/537.36 (KHTML, like Gecko) Chrome/91.0.4472.124 Safari/537.36"
62.60.130.227 - - [05/May/2026:18:11:21 +0000] "POST /wp-login.php HTTP/1.1" 302 - "https://nipponiacaribe.com/wp-login.php" "Mozilla/5.0 (X11; Linux x86_64) AppleWebKit/537.36 (KHTML, like Gecko) Chrome/90.0.4430.212 Safari/537.36"
62.60.130.227 - - [05/May/2026:18:11:24 +0000] "GET /wp-admin/index.php HTTP/1.1" 302 - "https://nipponiacaribe.com/wp-login.php" "Mozilla/5.0 (Macintosh; Intel Mac OS X 10_15_7; rv:93.0) Gecko/20100101 Firefox/93.0"
62.60.130.227 - - [05/May/2026:18:11:26 +0000] "GET /wp-login.php?redirect_to=https%3A%2F%2Fnipponiacaribe.com%2Fwp-admin%2Findex.php&reauth=1 HTTP/1.1" 404 14290 "https://nipponiacaribe.com/wp-login.php" "Mozilla/5.0 (Macintosh; Intel Mac OS X 10_15_7; rv:93.0) Gecko/20100101 Firefox/93.0"
62.60.130.227 - - [05/May/2026:18:11:30 +0000] "POST /wp-login.php HTTP/1.1" 302 - "https://nipponiacaribe.com/wp-login.php" "Mozilla/5.0 (Windows NT 10.0; Win64; x64) AppleWebKit/605.1.15 (KHTML, like Gecko) Version/14.1 Safari/605.1.15"
62.60.130.227 - - [05/May/2026:18:11:32 +0000] "GET /wp-admin/index.php HTTP/1.1" 302 - "https://nipponiacaribe.com/wp-login.php" "Mozilla/5.0 (Windows NT 6.1; Win64; x64; rv:92.0) Gecko/20100101 Firefox/92.0"
62.60.130.227 - - [05/May/2026:18:11:34 +0000] "GET /wp-login.php?redirect_to=https%3A%2F%2Fnipponiacaribe.com%2Fwp-admin%2Findex.php&reauth=1 HTTP/1.1" 404 14290 "https://nipponiacaribe.com/wp-login.php" "Mozilla/5.0 (Windows NT 6.1; Win64; x64; rv:92.0) Gecko/20100101 Firefox/92.0"
62.60.130.227 - - [05/May/2026:18:11:37 +0000] "POST /wp-login.php HTTP/1.1" 302 - "https://nipponiacaribe.com/wp-login.php" "Mozilla/5.0 (Windows NT 10.0; Win64; x64) AppleWebKit/537.36 (KHTML, like Gecko) Chrome/94.0.4606.71 Safari/537.36"
62.60.130.227 - - [05/May/2026:18:11:40 +0000] "GET /wp-admin/index.php HTTP/1.1" 302 - "https://nipponiacaribe.com/wp-login.php" "Mozilla/5.0 (Macintosh; Intel Mac OS X 10_15_7; rv:91.0) Gecko/20100101 Firefox/91.0"
62.60.130.227 - - [05/May/2026:18:11:42 +0000] "GET /wp-login.php?redirect_to=https%3A%2F%2Fnipponiacaribe.com%2Fwp-admin%2Findex.php&reauth=1 HTTP/1.1" 404 14290 "https://nipponiacaribe.com/wp-login.php" "Mozilla/5.0 (Macintosh; Intel Mac OS X 10_15_7; rv:91.0) Gecko/20100101 Firefox/91.0"
62.60.130.227 - - [05/May/2026:18:11:45 +0000] "POST /wp-login.php HTTP/1.1" 302 - "https://nipponiacaribe.com/wp-login.php" "Mozilla/5.0 (Windows NT 10.0; Win64; x64) AppleWebKit/537.36 (KHTML, like Gecko) Chrome/94.0.4606.71 Safari/537.36"
62.60.130.227 - - [05/May/2026:18:11:47 +0000] "GET /wp-admin/index.php HTTP/1.1" 302 - "https://nipponiacaribe.com/wp-login.php" "Mozilla/5.0 (Windows NT 10.0; Win64; x64) AppleWebKit/537.36 (KHTML, like Gecko) Chrome/92.0.4515.131 Safari/537.36"
66.249.66.45 - - [05/May/2026:18:11:47 +0000] "GET /volty/ HTTP/1.1" 200 21310 "-" "Mozilla/5.0 (Linux; Android 6.0.1; Nexus 5X Build/MMB29P) AppleWebKit/537.36 (KHTML, like Gecko) Chrome/147.0.7727.137 Mobile Safari/537.36 (compatible; Googlebot/2.1; +http://www.google.com/bot.html)"
66.249.66.32 - - [05/May/2026:18:11:50 +0000] "GET /adv150/ HTTP/1.1" 200 21427 "-" "Mozilla/5.0 (Linux; Android 6.0.1; Nexus 5X Build/MMB29P) AppleWebKit/537.36 (KHTML, like Gecko) Chrome/147.0.7727.137 Mobile Safari/537.36 (compatible; Googlebot/2.1; +http://www.google.com/bot.html)"
62.60.130.227 - - [05/May/2026:18:11:50 +0000] "GET /wp-login.php?redirect_to=https%3A%2F%2Fnipponiacaribe.com%2Fwp-admin%2Findex.php&reauth=1 HTTP/1.1" 404 14290 "https://nipponiacaribe.com/wp-login.php" "Mozilla/5.0 (Windows NT 10.0; Win64; x64) AppleWebKit/537.36 (KHTML, like Gecko) Chrome/92.0.4515.131 Safari/537.36"
62.60.130.227 - - [05/May/2026:18:11:53 +0000] "POST /wp-login.php HTTP/1.1" 302 - "https://nipponiacaribe.com/wp-login.php" "Mozilla/5.0 (X11; Linux x86_64; rv:90.0) Gecko/20100101 Firefox/90.0.1"
62.60.130.227 - - [05/May/2026:18:11:55 +0000] "GET /wp-admin/index.php HTTP/1.1" 302 - "https://nipponiacaribe.com/wp-login.php" "Mozilla/5.0 (X11; Linux x86_64) AppleWebKit/537.36 (KHTML, like Gecko) Chrome/93.0.4577.63 Safari/537.36"
66.249.66.69 - - [05/May/2026:18:11:56 +0000] "GET /motocicletas/ HTTP/1.1" 200 19291 "-" "Mozilla/5.0 (Linux; Android 6.0.1; Nexus 5X Build/MMB29P) AppleWebKit/537.36 (KHTML, like Gecko) Chrome/147.0.7727.137 Mobile Safari/537.36 (compatible; Googlebot/2.1; +http://www.google.com/bot.html)"
62.60.130.227 - - [05/May/2026:18:11:58 +0000] "GET /wp-login.php?redirect_to=https%3A%2F%2Fnipponiacaribe.com%2Fwp-admin%2Findex.php&reauth=1 HTTP/1.1" 404 14290 "https://nipponiacaribe.com/wp-login.php" "Mozilla/5.0 (X11; Linux x86_64) AppleWebKit/537.36 (KHTML, like Gecko) Chrome/93.0.4577.63 Safari/537.36"
66.249.66.161 - - [05/May/2026:18:11:59 +0000] "GET /noticias/ HTTP/1.1" 200 14886 "-" "Mozilla/5.0 (Linux; Android 6.0.1; Nexus 5X Build/MMB29P) AppleWebKit/537.36 (KHTML, like Gecko) Chrome/147.0.7727.137 Mobile Safari/537.36 (compatible; Googlebot/2.1; +http://www.google.com/bot.html)"
62.60.130.227 - - [05/May/2026:18:12:01 +0000] "POST /wp-login.php HTTP/1.1" 302 - "https://nipponiacaribe.com/wp-login.php" "Mozilla/5.0 (Macintosh; Intel Mac OS X 10_15_7; rv:92.0) Gecko/20100101 Firefox/92.0"
62.60.130.227 - - [05/May/2026:18:12:03 +0000] "GET /wp-admin/index.php HTTP/1.1" 302 - "https://nipponiacaribe.com/wp-login.php" "Mozilla/5.0 (Windows NT 10.0; Win64; x64) AppleWebKit/605.1.15 (KHTML, like Gecko) Version/15.0 Safari/605.1.15"
66.249.66.7 - - [05/May/2026:18:12:03 +0000] "GET /evolution-110/ HTTP/1.1" 200 20133 "-" "Mozilla/5.0 (Linux; Android 6.0.1; Nexus 5X Build/MMB29P) AppleWebKit/537.36 (KHTML, like Gecko) Chrome/147.0.7727.137 Mobile Safari/537.36 (compatible; Googlebot/2.1; +http://www.google.com/bot.html)"
62.60.130.227 - - [05/May/2026:18:12:06 +0000] "GET /wp-login.php?redirect_to=https%3A%2F%2Fnipponiacaribe.com%2Fwp-admin%2Findex.php&reauth=1 HTTP/1.1" 404 14290 "https://nipponiacaribe.com/wp-login.php" "Mozilla/5.0 (Windows NT 10.0; Win64; x64) AppleWebKit/605.1.15 (KHTML, like Gecko) Version/15.0 Safari/605.1.15"
66.249.66.7 - - [05/May/2026:18:12:06 +0000] "GET /zeus200/ HTTP/1.1" 200 21361 "-" "Mozilla/5.0 (Linux; Android 6.0.1; Nexus 5X Build/MMB29P) AppleWebKit/537.36 (KHTML, like Gecko) Chrome/147.0.7727.137 Mobile Safari/537.36 (compatible; Googlebot/2.1; +http://www.google.com/bot.html)"
62.60.130.227 - - [05/May/2026:18:12:09 +0000] "POST /wp-login.php HTTP/1.1" 302 - "https://nipponiacaribe.com/wp-login.php" "Mozilla/5.0 (Windows NT 10.0; Win64; x64) AppleWebKit/605.1.15 (KHTML, like Gecko) Version/14.1.2 Safari/605.1.15"
66.249.66.45 - - [05/May/2026:18:12:10 +0000] "GET /nc-110/ HTTP/1.1" 200 20420 "-" "Mozilla/5.0 (Linux; Android 6.0.1; Nexus 5X Build/MMB29P) AppleWebKit/537.36 (KHTML, like Gecko) Chrome/147.0.7727.137 Mobile Safari/537.36 (compatible; Googlebot/2.1; +http://www.google.com/bot.html)"
62.60.130.227 - - [05/May/2026:18:12:12 +0000] "GET /wp-admin/index.php HTTP/1.1" 302 - "https://nipponiacaribe.com/wp-login.php" "Mozilla/5.0 (X11; Linux x86_64) AppleWebKit/537.36 (KHTML, like Gecko) Chrome/93.0.4577.63 Safari/537.36"
62.60.130.227 - - [05/May/2026:18:12:14 +0000] "GET /wp-login.php?redirect_to=https%3A%2F%2Fnipponiacaribe.com%2Fwp-admin%2Findex.php&reauth=1 HTTP/1.1" 404 14290 "https://nipponiacaribe.com/wp-login.php" "Mozilla/5.0 (X11; Linux x86_64) AppleWebKit/537.36 (KHTML, like Gecko) Chrome/93.0.4577.63 Safari/537.36"
66.249.66.6 - - [05/May/2026:18:12:14 +0000] "GET /bn-150/ HTTP/1.1" 200 21843 "-" "Mozilla/5.0 (Linux; Android 6.0.1; Nexus 5X Build/MMB29P) AppleWebKit/537.36 (KHTML, like Gecko) Chrome/147.0.7727.137 Mobile Safari/537.36 (compatible; Googlebot/2.1; +http://www.google.com/bot.html)"
66.249.66.6 - - [05/May/2026:18:12:17 +0000] "GET /bs-max-150/ HTTP/1.1" 200 22067 "-" "Mozilla/5.0 (Linux; Android 6.0.1; Nexus 5X Build/MMB29P) AppleWebKit/537.36 (KHTML, like Gecko) Chrome/147.0.7727.137 Mobile Safari/537.36 (compatible; Googlebot/2.1; +http://www.google.com/bot.html)"
62.60.130.227 - - [05/May/2026:18:12:17 +0000] "POST /wp-login.php HTTP/1.1" 302 - "https://nipponiacaribe.com/wp-login.php" "Mozilla/5.0 (Windows NT 6.1; Win64; x64) AppleWebKit/537.36 (KHTML, like Gecko) Chrome/90.0.4430.212 Safari/537.36"
62.60.130.227 - - [05/May/2026:18:12:19 +0000] "GET /wp-admin/index.php HTTP/1.1" 302 - "https://nipponiacaribe.com/wp-login.php" "Mozilla/5.0 (Macintosh; Intel Mac OS X 10_15_7) AppleWebKit/605.1.15 (KHTML, like Gecko) Version/14.0.3 Safari/605.1.15"
66.249.66.6 - - [05/May/2026:18:12:20 +0000] "GET /enzo-110/ HTTP/1.1" 200 20500 "-" "Mozilla/5.0 (Linux; Android 6.0.1; Nexus 5X Build/MMB29P) AppleWebKit/537.36 (KHTML, like Gecko) Chrome/147.0.7727.137 Mobile Safari/537.36 (compatible; Googlebot/2.1; +http://www.google.com/bot.html)"
62.60.130.227 - - [05/May/2026:18:12:22 +0000] "GET /wp-login.php?redirect_to=https%3A%2F%2Fnipponiacaribe.com%2Fwp-admin%2Findex.php&reauth=1 HTTP/1.1" 404 14290 "https://nipponiacaribe.com/wp-login.php" "Mozilla/5.0 (Macintosh; Intel Mac OS X 10_15_7) AppleWebKit/605.1.15 (KHTML, like Gecko) Version/14.0.3 Safari/605.1.15"
66.249.66.6 - - [05/May/2026:18:12:25 +0000] "GET /ax100/ HTTP/1.1" 404 14591 "-" "Mozilla/5.0 (Linux; Android 6.0.1; Nexus 5X Build/MMB29P) AppleWebKit/537.36 (KHTML, like Gecko) Chrome/147.0.7727.137 Mobile Safari/537.36 (compatible; Googlebot/2.1; +http://www.google.com/bot.html)"
62.60.130.227 - - [05/May/2026:18:12:26 +0000] "POST /wp-login.php HTTP/1.1" 302 - "https://nipponiacaribe.com/wp-login.php" "Mozilla/5.0 (Windows NT 10.0; Win64; x64) AppleWebKit/605.1.15 (KHTML, like Gecko) Version/14.1.1 Safari/605.1.15"
62.60.130.227 - - [05/May/2026:18:12:28 +0000] "GET /wp-admin/index.php HTTP/1.1" 302 - "https://nipponiacaribe.com/wp-login.php" "Mozilla/5.0 (Windows NT 10.0; Win64; x64) AppleWebKit/605.1.15 (KHTML, like Gecko) Version/14.1.1 Safari/605.1.15"
66.249.66.194 - - [05/May/2026:18:12:28 +0000] "GET /super-q/ HTTP/1.1" 200 20963 "-" "Mozilla/5.0 (Linux; Android 6.0.1; Nexus 5X Build/MMB29P) AppleWebKit/537.36 (KHTML, like Gecko) Chrome/147.0.7727.137 Mobile Safari/537.36 (compatible; Googlebot/2.1; +http://www.google.com/bot.html)"
62.60.130.227 - - [05/May/2026:18:12:31 +0000] "GET /wp-login.php?redirect_to=https%3A%2F%2Fnipponiacaribe.com%2Fwp-admin%2Findex.php&reauth=1 HTTP/1.1" 404 14290 "https://nipponiacaribe.com/wp-login.php" "Mozilla/5.0 (Windows NT 10.0; Win64; x64) AppleWebKit/605.1.15 (KHTML, like Gecko) Version/14.1.1 Safari/605.1.15"
66.249.66.6 - - [05/May/2026:18:12:32 +0000] "GET /zeus200 HTTP/1.1" 301 - "-" "Mozilla/5.0 (Linux; Android 6.0.1; Nexus 5X Build/MMB29P) AppleWebKit/537.36 (KHTML, like Gecko) Chrome/147.0.7727.137 Mobile Safari/537.36 (compatible; Googlebot/2.1; +http://www.google.com/bot.html)"
79.107.27.66 - - [05/May/2026:18:12:33 +0000] "POST /wp-admin/admin-ajax.php HTTP/1.1" 200 67 "https://nipponiacaribe.com/wp-admin/users.php" "Mozilla/5.0 (Windows NT 10.0; Win64; x64) AppleWebKit/537.36 (KHTML, like Gecko) Chrome/147.0.0.0 Safari/537.36"
62.60.130.227 - - [05/May/2026:18:12:34 +0000] "POST /wp-login.php HTTP/1.1" 302 - "https://nipponiacaribe.com/wp-login.php" "Mozilla/5.0 (Macintosh; Intel Mac OS X 10_15_7) AppleWebKit/605.1.15 (KHTML, like Gecko) Version/14.1.2 Safari/605.1.15"
62.60.130.227 - - [05/May/2026:18:12:36 +0000] "GET /wp-admin/index.php HTTP/1.1" 302 - "https://nipponiacaribe.com/wp-login.php" "Mozilla/5.0 (Windows NT 6.1; Win64; x64) AppleWebKit/537.36 (KHTML, like Gecko) Chrome/93.0.4577.63 Safari/537.36"
62.60.130.227 - - [05/May/2026:18:12:39 +0000] "GET /wp-login.php?redirect_to=https%3A%2F%2Fnipponiacaribe.com%2Fwp-admin%2Findex.php&reauth=1 HTTP/1.1" 404 14290 "https://nipponiacaribe.com/wp-login.php" "Mozilla/5.0 (Windows NT 6.1; Win64; x64) AppleWebKit/537.36 (KHTML, like Gecko) Chrome/93.0.4577.63 Safari/537.36"
62.60.130.227 - - [05/May/2026:18:12:42 +0000] "POST /wp-login.php HTTP/1.1" 302 - "https://nipponiacaribe.com/wp-login.php" "Mozilla/5.0 (Windows NT 10.0; Win64; x64) AppleWebKit/605.1.15 (KHTML, like Gecko) Version/14.0.3 Safari/605.1.15"
62.60.130.227 - - [05/May/2026:18:12:44 +0000] "GET /wp-admin/index.php HTTP/1.1" 302 - "https://nipponiacaribe.com/wp-login.php" "Mozilla/5.0 (Windows NT 10.0; Win64; x64) AppleWebKit/537.36 (KHTML, like Gecko) Chrome/90.0.4430.212 Safari/537.36"
62.60.130.227 - - [05/May/2026:18:12:47 +0000] "GET /wp-login.php?redirect_to=https%3A%2F%2Fnipponiacaribe.com%2Fwp-admin%2Findex.php&reauth=1 HTTP/1.1" 404 14290 "https://nipponiacaribe.com/wp-login.php" "Mozilla/5.0 (Windows NT 10.0; Win64; x64) AppleWebKit/537.36 (KHTML, like Gecko) Chrome/90.0.4430.212 Safari/537.36"
62.60.130.227 - - [05/May/2026:18:12:50 +0000] "POST /wp-login.php HTTP/1.1" 302 - "https://nipponiacaribe.com/wp-login.php" "Mozilla/5.0 (Windows NT 10.0; Win64; x64) AppleWebKit/605.1.15 (KHTML, like Gecko) Version/14.1.1 Safari/605.1.15"
62.60.130.227 - - [05/May/2026:18:12:52 +0000] "GET /wp-admin/index.php HTTP/1.1" 302 - "https://nipponiacaribe.com/wp-login.php" "Mozilla/5.0 (X11; Linux x86_64; rv:93.0) Gecko/20100101 Firefox/93.0"
62.60.130.227 - - [05/May/2026:18:12:55 +0000] "GET /wp-login.php?redirect_to=https%3A%2F%2Fnipponiacaribe.com%2Fwp-admin%2Findex.php&reauth=1 HTTP/1.1" 404 14290 "https://nipponiacaribe.com/wp-login.php" "Mozilla/5.0 (X11; Linux x86_64; rv:93.0) Gecko/20100101 Firefox/93.0"
62.60.130.227 - - [05/May/2026:18:12:57 +0000] "POST /wp-login.php HTTP/1.1" 302 - "https://nipponiacaribe.com/wp-login.php" "Mozilla/5.0 (Windows NT 10.0; Win64; x64) AppleWebKit/537.36 (KHTML, like Gecko) Chrome/91.0.4472.124 Safari/537.36"
62.60.130.227 - - [05/May/2026:18:13:00 +0000] "GET /wp-admin/index.php HTTP/1.1" 302 - "https://nipponiacaribe.com/wp-login.php" "Mozilla/5.0 (Macintosh; Intel Mac OS X 10_15_7) AppleWebKit/537.36 (KHTML, like Gecko) Chrome/92.0.4515.131 Safari/537.36"
62.60.130.227 - - [05/May/2026:18:13:02 +0000] "GET /wp-login.php?redirect_to=https%3A%2F%2Fnipponiacaribe.com%2Fwp-admin%2Findex.php&reauth=1 HTTP/1.1" 404 14290 "https://nipponiacaribe.com/wp-login.php" "Mozilla/5.0 (Macintosh; Intel Mac OS X 10_15_7) AppleWebKit/537.36 (KHTML, like Gecko) Chrome/92.0.4515.131 Safari/537.36"
62.60.130.227 - - [05/May/2026:18:13:06 +0000] "POST /wp-login.php HTTP/1.1" 302 - "https://nipponiacaribe.com/wp-login.php" "Mozilla/5.0 (Windows NT 10.0; Win64; x64) AppleWebKit/537.36 (KHTML, like Gecko) Chrome/92.0.4515.131 Safari/537.36"
66.249.66.6 - - [05/May/2026:18:13:06 +0000] "GET /tn-200/ HTTP/1.1" 200 21884 "-" "Mozilla/5.0 (Linux; Android 6.0.1; Nexus 5X Build/MMB29P) AppleWebKit/537.36 (KHTML, like Gecko) Chrome/147.0.7727.137 Mobile Safari/537.36 (compatible; Googlebot/2.1; +http://www.google.com/bot.html)"
62.60.130.227 - - [05/May/2026:18:13:08 +0000] "GET /wp-admin/index.php HTTP/1.1" 302 - "https://nipponiacaribe.com/wp-login.php" "Mozilla/5.0 (X11; Linux x86_64) AppleWebKit/537.36 (KHTML, like Gecko) Chrome/91.0.4472.124 Safari/537.36"
62.60.130.227 - - [05/May/2026:18:13:11 +0000] "GET /wp-login.php?redirect_to=https%3A%2F%2Fnipponiacaribe.com%2Fwp-admin%2Findex.php&reauth=1 HTTP/1.1" 404 14290 "https://nipponiacaribe.com/wp-login.php" "Mozilla/5.0 (X11; Linux x86_64) AppleWebKit/537.36 (KHTML, like Gecko) Chrome/91.0.4472.124 Safari/537.36"
62.60.130.227 - - [05/May/2026:18:13:14 +0000] "POST /wp-login.php HTTP/1.1" 302 - "https://nipponiacaribe.com/wp-login.php" "Mozilla/5.0 (X11; Linux x86_64) AppleWebKit/537.36 (KHTML, like Gecko) Chrome/90.0.4430.212 Safari/537.36"
62.60.130.227 - - [05/May/2026:18:13:16 +0000] "GET /wp-admin/index.php HTTP/1.1" 302 - "https://nipponiacaribe.com/wp-login.php" "Mozilla/5.0 (X11; Linux x86_64) AppleWebKit/537.36 (KHTML, like Gecko) Chrome/93.0.4577.63 Safari/537.36"
62.60.130.227 - - [05/May/2026:18:13:18 +0000] "GET /wp-login.php?redirect_to=https%3A%2F%2Fnipponiacaribe.com%2Fwp-admin%2Findex.php&reauth=1 HTTP/1.1" 404 14290 "https://nipponiacaribe.com/wp-login.php" "Mozilla/5.0 (X11; Linux x86_64) AppleWebKit/537.36 (KHTML, like Gecko) Chrome/93.0.4577.63 Safari/537.36"
62.60.130.227 - - [05/May/2026:18:13:21 +0000] "POST /wp-login.php HTTP/1.1" 302 - "https://nipponiacaribe.com/wp-login.php" "Mozilla/5.0 (Windows NT 10.0; Win64; x64) AppleWebKit/537.36 (KHTML, like Gecko) Chrome/91.0.4472.124 Safari/537.36"
62.60.130.227 - - [05/May/2026:18:13:24 +0000] "GET /wp-admin/index.php HTTP/1.1" 302 - "https://nipponiacaribe.com/wp-login.php" "Mozilla/5.0 (X11; Linux x86_64) AppleWebKit/537.36 (KHTML, like Gecko) Chrome/92.0.4515.131 Safari/537.36"
62.60.130.227 - - [05/May/2026:18:13:27 +0000] "GET /wp-login.php?redirect_to=https%3A%2F%2Fnipponiacaribe.com%2Fwp-admin%2Findex.php&reauth=1 HTTP/1.1" 404 14290 "https://nipponiacaribe.com/wp-login.php" "Mozilla/5.0 (X11; Linux x86_64) AppleWebKit/537.36 (KHTML, like Gecko) Chrome/92.0.4515.131 Safari/537.36"
62.60.130.227 - - [05/May/2026:18:13:29 +0000] "POST /wp-login.php HTTP/1.1" 302 - "https://nipponiacaribe.com/wp-login.php" "Mozilla/5.0 (Macintosh; Intel Mac OS X 10_15_7) AppleWebKit/605.1.15 (KHTML, like Gecko) Version/14.0.3 Safari/605.1.15"
62.60.130.227 - - [05/May/2026:18:13:32 +0000] "GET /wp-admin/index.php HTTP/1.1" 302 - "https://nipponiacaribe.com/wp-login.php" "Mozilla/5.0 (Macintosh; Intel Mac OS X 10_15_7) AppleWebKit/605.1.15 (KHTML, like Gecko) Version/15.0 Safari/605.1.15"
62.60.130.227 - - [05/May/2026:18:13:34 +0000] "GET /wp-login.php?redirect_to=https%3A%2F%2Fnipponiacaribe.com%2Fwp-admin%2Findex.php&reauth=1 HTTP/1.1" 404 14290 "https://nipponiacaribe.com/wp-login.php" "Mozilla/5.0 (Macintosh; Intel Mac OS X 10_15_7) AppleWebKit/605.1.15 (KHTML, like Gecko) Version/15.0 Safari/605.1.15"
