79.107.27.66 - - [05/May/2026:14:46:22 +0000] "GET /wp-content/plugins/wordfence/css/license/free.1777414075.css?ver=6.9.4 HTTP/1.1" 304 - "https://nipponiacaribe.com/wp-admin/admin.php?page=WordfenceScan" "Mozilla/5.0 (Windows NT 10.0; Win64; x64) AppleWebKit/537.36 (KHTML, like Gecko) Chrome/147.0.0.0 Safari/537.36"
79.107.27.66 - - [05/May/2026:14:46:22 +0000] "GET /wp-content/plugins/wordfence/modules/login-security/css/admin-global.1777414075.css?ver=1.1.16 HTTP/1.1" 304 - "https://nipponiacaribe.com/wp-admin/admin.php?page=WordfenceScan" "Mozilla/5.0 (Windows NT 10.0; Win64; x64) AppleWebKit/537.36 (KHTML, like Gecko) Chrome/147.0.0.0 Safari/537.36"
79.107.27.66 - - [05/May/2026:14:46:22 +0000] "GET /wp-content/plugins/wordfence/css/wf-adminbar.1777414075.css?ver=8.2.0 HTTP/1.1" 304 - "https://nipponiacaribe.com/wp-admin/admin.php?page=WordfenceScan" "Mozilla/5.0 (Windows NT 10.0; Win64; x64) AppleWebKit/537.36 (KHTML, like Gecko) Chrome/147.0.0.0 Safari/537.36"
79.107.27.66 - - [05/May/2026:14:46:22 +0000] "GET /wp-content/plugins/wp-store-locator/admin/css/style-3.8.min.css?ver=2.3.0 HTTP/1.1" 304 - "https://nipponiacaribe.com/wp-admin/admin.php?page=WordfenceScan" "Mozilla/5.0 (Windows NT 10.0; Win64; x64) AppleWebKit/537.36 (KHTML, like Gecko) Chrome/147.0.0.0 Safari/537.36"
79.107.27.66 - - [05/May/2026:14:46:22 +0000] "GET /wp-content/plugins/wordfence/css/license/free-global.1777414075.css?ver=8.2.0 HTTP/1.1" 304 - "https://nipponiacaribe.com/wp-admin/admin.php?page=WordfenceScan" "Mozilla/5.0 (Windows NT 10.0; Win64; x64) AppleWebKit/537.36 (KHTML, like Gecko) Chrome/147.0.0.0 Safari/537.36"
79.107.27.66 - - [05/May/2026:14:46:22 +0000] "GET /wp-content/plugins/elementor/vendor/elementor/wp-one-package/assets/build/common.css?ver=1.0.60 HTTP/1.1" 304 - "https://nipponiacaribe.com/wp-admin/admin.php?page=WordfenceScan" "Mozilla/5.0 (Windows NT 10.0; Win64; x64) AppleWebKit/537.36 (KHTML, like Gecko) Chrome/147.0.0.0 Safari/537.36"
79.107.27.66 - - [05/May/2026:14:46:22 +0000] "GET /wp-content/plugins/elementor-pro/assets/css/admin.min.css?ver=4.0.4 HTTP/1.1" 304 - "https://nipponiacaribe.com/wp-admin/admin.php?page=WordfenceScan" "Mozilla/5.0 (Windows NT 10.0; Win64; x64) AppleWebKit/537.36 (KHTML, like Gecko) Chrome/147.0.0.0 Safari/537.36"
79.107.27.66 - - [05/May/2026:14:46:22 +0000] "GET /wp-content/plugins/wordpress-seo/css/dist/tailwind-2750.css HTTP/1.1" 304 - "https://nipponiacaribe.com/wp-admin/admin.php?page=WordfenceScan" "Mozilla/5.0 (Windows NT 10.0; Win64; x64) AppleWebKit/537.36 (KHTML, like Gecko) Chrome/147.0.0.0 Safari/537.36"
79.107.27.66 - - [05/May/2026:14:46:22 +0000] "GET /wp-content/plugins/elementor/assets/css/modules/editor-one/admin-menu.min.css?ver=4.0.6 HTTP/1.1" 304 - "https://nipponiacaribe.com/wp-admin/admin.php?page=WordfenceScan" "Mozilla/5.0 (Windows NT 10.0; Win64; x64) AppleWebKit/537.36 (KHTML, like Gecko) Chrome/147.0.0.0 Safari/537.36"
79.107.27.66 - - [05/May/2026:14:46:22 +0000] "GET /wp-content/plugins/wordpress-seo/css/dist/wpseo-dismissible-2750.css HTTP/1.1" 304 - "https://nipponiacaribe.com/wp-admin/admin.php?page=WordfenceScan" "Mozilla/5.0 (Windows NT 10.0; Win64; x64) AppleWebKit/537.36 (KHTML, like Gecko) Chrome/147.0.0.0 Safari/537.36"
79.107.27.66 - - [05/May/2026:14:46:22 +0000] "GET /wp-content/plugins/elementor/assets/lib/eicons/css/elementor-icons.min.css?ver=5.48.0 HTTP/1.1" 304 - "https://nipponiacaribe.com/wp-admin/admin.php?page=WordfenceScan" "Mozilla/5.0 (Windows NT 10.0; Win64; x64) AppleWebKit/537.36 (KHTML, like Gecko) Chrome/147.0.0.0 Safari/537.36"
79.107.27.66 - - [05/May/2026:14:46:22 +0000] "GET /wp-content/plugins/wordpress-seo/css/dist/admin-global-2750.css HTTP/1.1" 304 - "https://nipponiacaribe.com/wp-admin/admin.php?page=WordfenceScan" "Mozilla/5.0 (Windows NT 10.0; Win64; x64) AppleWebKit/537.36 (KHTML, like Gecko) Chrome/147.0.0.0 Safari/537.36"
79.107.27.66 - - [05/May/2026:14:46:22 +0000] "GET /wp-content/plugins/elementor/assets/css/common.min.css?ver=4.0.6 HTTP/1.1" 304 - "https://nipponiacaribe.com/wp-admin/admin.php?page=WordfenceScan" "Mozilla/5.0 (Windows NT 10.0; Win64; x64) AppleWebKit/537.36 (KHTML, like Gecko) Chrome/147.0.0.0 Safari/537.36"
79.107.27.66 - - [05/May/2026:14:46:17 +0000] "GET /wp-admin/admin.php?page=WordfenceScan HTTP/1.1" 200 89682 "https://nipponiacaribe.com/wp-admin/admin.php?page=Wordfence" "Mozilla/5.0 (Windows NT 10.0; Win64; x64) AppleWebKit/537.36 (KHTML, like Gecko) Chrome/147.0.0.0 Safari/537.36"
79.107.27.66 - - [05/May/2026:14:46:22 +0000] "GET /wp-content/plugins/elementor/assets/css/admin.min.css?ver=4.0.6 HTTP/1.1" 304 - "https://nipponiacaribe.com/wp-admin/admin.php?page=WordfenceScan" "Mozilla/5.0 (Windows NT 10.0; Win64; x64) AppleWebKit/537.36 (KHTML, like Gecko) Chrome/147.0.0.0 Safari/537.36"
79.107.27.66 - - [05/May/2026:14:46:22 +0000] "GET /wp-content/plugins/wordpress-seo/css/dist/adminbar-2750.css HTTP/1.1" 304 - "https://nipponiacaribe.com/wp-admin/admin.php?page=WordfenceScan" "Mozilla/5.0 (Windows NT 10.0; Win64; x64) AppleWebKit/537.36 (KHTML, like Gecko) Chrome/147.0.0.0 Safari/537.36"
79.107.27.66 - - [05/May/2026:14:46:22 +0000] "GET /wp-content/plugins/elementor/assets/css/theme-light.min.css?ver=4.0.6 HTTP/1.1" 304 - "https://nipponiacaribe.com/wp-admin/admin.php?page=WordfenceScan" "Mozilla/5.0 (Windows NT 10.0; Win64; x64) AppleWebKit/537.36 (KHTML, like Gecko) Chrome/147.0.0.0 Safari/537.36"
79.107.27.66 - - [05/May/2026:14:46:22 +0000] "GET /wp-content/plugins/wordfence/css/wf-onboarding.1777414075.css?ver=8.2.0 HTTP/1.1" 304 - "https://nipponiacaribe.com/wp-admin/admin.php?page=WordfenceScan" "Mozilla/5.0 (Windows NT 10.0; Win64; x64) AppleWebKit/537.36 (KHTML, like Gecko) Chrome/147.0.0.0 Safari/537.36"
79.107.27.66 - - [05/May/2026:14:46:22 +0000] "GET /wp-content/plugins/wordfence/js/jquery.qrcode.min.1777414075.js?ver=8.2.0 HTTP/1.1" 304 - "https://nipponiacaribe.com/wp-admin/admin.php?page=WordfenceScan" "Mozilla/5.0 (Windows NT 10.0; Win64; x64) AppleWebKit/537.36 (KHTML, like Gecko) Chrome/147.0.0.0 Safari/537.36"
79.107.27.66 - - [05/May/2026:14:46:22 +0000] "GET /wp-content/plugins/wordfence/js/wfi18n.1777414075.js?ver=8.2.0 HTTP/1.1" 304 - "https://nipponiacaribe.com/wp-admin/admin.php?page=WordfenceScan" "Mozilla/5.0 (Windows NT 10.0; Win64; x64) AppleWebKit/537.36 (KHTML, like Gecko) Chrome/147.0.0.0 Safari/537.36"
79.107.27.66 - - [05/May/2026:14:46:22 +0000] "GET /wp-content/plugins/wordfence/js/wfglobal.1777414075.js?ver=8.2.0 HTTP/1.1" 304 - "https://nipponiacaribe.com/wp-admin/admin.php?page=WordfenceScan" "Mozilla/5.0 (Windows NT 10.0; Win64; x64) AppleWebKit/537.36 (KHTML, like Gecko) Chrome/147.0.0.0 Safari/537.36"
79.107.27.66 - - [05/May/2026:14:46:22 +0000] "GET /wp-content/plugins/wordfence/js/wfdropdown.1777414075.js?ver=8.2.0 HTTP/1.1" 304 - "https://nipponiacaribe.com/wp-admin/admin.php?page=WordfenceScan" "Mozilla/5.0 (Windows NT 10.0; Win64; x64) AppleWebKit/537.36 (KHTML, like Gecko) Chrome/147.0.0.0 Safari/537.36"
79.107.27.66 - - [05/May/2026:14:46:22 +0000] "GET /wp-content/plugins/wordfence/js/admin.1777414075.js?ver=8.2.0 HTTP/1.1" 304 - "https://nipponiacaribe.com/wp-admin/admin.php?page=WordfenceScan" "Mozilla/5.0 (Windows NT 10.0; Win64; x64) AppleWebKit/537.36 (KHTML, like Gecko) Chrome/147.0.0.0 Safari/537.36"
79.107.27.66 - - [05/May/2026:14:46:22 +0000] "GET /wp-content/plugins/wordfence/js/wordfence.1777414075.js?ver=8.2.0 HTTP/1.1" 304 - "https://nipponiacaribe.com/wp-admin/admin.php?page=WordfenceScan" "Mozilla/5.0 (Windows NT 10.0; Win64; x64) AppleWebKit/537.36 (KHTML, like Gecko) Chrome/147.0.0.0 Safari/537.36"
79.107.27.66 - - [05/May/2026:14:46:22 +0000] "GET /wp-content/plugins/wordfence/js/admin.ajaxWatcher.1777414075.js?ver=8.2.0 HTTP/1.1" 304 - "https://nipponiacaribe.com/wp-admin/admin.php?page=WordfenceScan" "Mozilla/5.0 (Windows NT 10.0; Win64; x64) AppleWebKit/537.36 (KHTML, like Gecko) Chrome/147.0.0.0 Safari/537.36"
79.107.27.66 - - [05/May/2026:14:46:22 +0000] "GET /wp-content/plugins/wordfence/js/wfdashboard.1777414075.js?ver=8.2.0 HTTP/1.1" 304 - "https://nipponiacaribe.com/wp-admin/admin.php?page=WordfenceScan" "Mozilla/5.0 (Windows NT 10.0; Win64; x64) AppleWebKit/537.36 (KHTML, like Gecko) Chrome/147.0.0.0 Safari/537.36"
79.107.27.66 - - [05/May/2026:14:46:22 +0000] "GET /wp-content/plugins/wordpress-seo/js/dist/admin-global.js?ver=7c731bd4028df6f69f28 HTTP/1.1" 304 - "https://nipponiacaribe.com/wp-admin/admin.php?page=WordfenceScan" "Mozilla/5.0 (Windows NT 10.0; Win64; x64) AppleWebKit/537.36 (KHTML, like Gecko) Chrome/147.0.0.0 Safari/537.36"
79.107.27.66 - - [05/May/2026:14:46:22 +0000] "GET /wp-content/plugins/wordfence/js/wfpopover.1777414075.js?ver=8.2.0 HTTP/1.1" 304 - "https://nipponiacaribe.com/wp-admin/admin.php?page=WordfenceScan" "Mozilla/5.0 (Windows NT 10.0; Win64; x64) AppleWebKit/537.36 (KHTML, like Gecko) Chrome/147.0.0.0 Safari/537.36"
79.107.27.66 - - [05/May/2026:14:46:22 +0000] "GET /wp-content/plugins/optimole-wp/assets/img/logo.svg HTTP/1.1" 304 - "https://nipponiacaribe.com/wp-admin/admin.php?page=WordfenceScan" "Mozilla/5.0 (Windows NT 10.0; Win64; x64) AppleWebKit/537.36 (KHTML, like Gecko) Chrome/147.0.0.0 Safari/537.36"
79.107.27.66 - - [05/May/2026:14:46:22 +0000] "GET /wp-content/plugins/insert-headers-and-footers/build/admin-bar.js?ver=c95624a69c80301272a0 HTTP/1.1" 304 - "https://nipponiacaribe.com/wp-admin/admin.php?page=WordfenceScan" "Mozilla/5.0 (Windows NT 10.0; Win64; x64) AppleWebKit/537.36 (KHTML, like Gecko) Chrome/147.0.0.0 Safari/537.36"
79.107.27.66 - - [05/May/2026:14:46:22 +0000] "GET /wp-content/plugins/elementor/assets/js/web-cli.min.js?ver=4.0.6 HTTP/1.1" 304 - "https://nipponiacaribe.com/wp-admin/admin.php?page=WordfenceScan" "Mozilla/5.0 (Windows NT 10.0; Win64; x64) AppleWebKit/537.36 (KHTML, like Gecko) Chrome/147.0.0.0 Safari/537.36"
79.107.27.66 - - [05/May/2026:14:46:22 +0000] "GET /wp-content/plugins/elementor/assets/js/common-modules.min.js?ver=4.0.6 HTTP/1.1" 304 - "https://nipponiacaribe.com/wp-admin/admin.php?page=WordfenceScan" "Mozilla/5.0 (Windows NT 10.0; Win64; x64) AppleWebKit/537.36 (KHTML, like Gecko) Chrome/147.0.0.0 Safari/537.36"
79.107.27.66 - - [05/May/2026:14:46:22 +0000] "GET /wp-content/plugins/elementor/assets/js/app-loader.min.js?ver=4.0.6 HTTP/1.1" 304 - "https://nipponiacaribe.com/wp-admin/admin.php?page=WordfenceScan" "Mozilla/5.0 (Windows NT 10.0; Win64; x64) AppleWebKit/537.36 (KHTML, like Gecko) Chrome/147.0.0.0 Safari/537.36"
79.107.27.66 - - [05/May/2026:14:46:22 +0000] "GET /wp-content/plugins/elementor/assets/js/dev-tools.min.js?ver=4.0.6 HTTP/1.1" 304 - "https://nipponiacaribe.com/wp-admin/admin.php?page=WordfenceScan" "Mozilla/5.0 (Windows NT 10.0; Win64; x64) AppleWebKit/537.36 (KHTML, like Gecko) Chrome/147.0.0.0 Safari/537.36"
79.107.27.66 - - [05/May/2026:14:46:22 +0000] "GET /wp-content/plugins/elementor/assets/js/common.min.js?ver=4.0.6 HTTP/1.1" 304 - "https://nipponiacaribe.com/wp-admin/admin.php?page=WordfenceScan" "Mozilla/5.0 (Windows NT 10.0; Win64; x64) AppleWebKit/537.36 (KHTML, like Gecko) Chrome/147.0.0.0 Safari/537.36"
79.107.27.66 - - [05/May/2026:14:46:22 +0000] "GET /wp-content/plugins/wordfence/fonts/roboto-KFOlCnqEu92Fr1MmSU5fBBc-AMP6lQ.woff HTTP/1.1" 304 - "https://nipponiacaribe.com/wp-content/plugins/wordfence/css/wf-roboto-font.1777414075.css?ver=8.2.0" "Mozilla/5.0 (Windows NT 10.0; Win64; x64) AppleWebKit/537.36 (KHTML, like Gecko) Chrome/147.0.0.0 Safari/537.36"
79.107.27.66 - - [05/May/2026:14:46:22 +0000] "GET /wp-content/plugins/wordfence/js/vue.esm-browser.prod.1777414075.js HTTP/1.1" 304 - "https://nipponiacaribe.com/wp-content/plugins/wordfence/js/wordfence.1777414075.js?ver=8.2.0" "Mozilla/5.0 (Windows NT 10.0; Win64; x64) AppleWebKit/537.36 (KHTML, like Gecko) Chrome/147.0.0.0 Safari/537.36"
79.107.27.66 - - [05/May/2026:14:46:22 +0000] "GET /wp-content/plugins/wp-store-locator/admin/js/wpsl-admin.min.js?ver=2.3.0 HTTP/1.1" 304 - "https://nipponiacaribe.com/wp-admin/admin.php?page=WordfenceScan" "Mozilla/5.0 (Windows NT 10.0; Win64; x64) AppleWebKit/537.36 (KHTML, like Gecko) Chrome/147.0.0.0 Safari/537.36"
79.107.27.66 - - [05/May/2026:14:46:22 +0000] "GET /wp-content/plugins/elementor/assets/js/admin-modules.min.js?ver=4.0.6 HTTP/1.1" 304 - "https://nipponiacaribe.com/wp-admin/admin.php?page=WordfenceScan" "Mozilla/5.0 (Windows NT 10.0; Win64; x64) AppleWebKit/537.36 (KHTML, like Gecko) Chrome/147.0.0.0 Safari/537.36"
79.107.27.66 - - [05/May/2026:14:46:22 +0000] "GET /wp-content/plugins/kirki/assets/images/kirki-20X20.svg HTTP/1.1" 304 - "https://nipponiacaribe.com/wp-admin/admin.php?page=WordfenceScan" "Mozilla/5.0 (Windows NT 10.0; Win64; x64) AppleWebKit/537.36 (KHTML, like Gecko) Chrome/147.0.0.0 Safari/537.36"
79.107.27.66 - - [05/May/2026:14:46:22 +0000] "GET /wp-content/plugins/elementor/vendor/elementor/wp-one-package/assets/build/common.js?ver=71fc09ea1a9e23155639 HTTP/1.1" 304 - "https://nipponiacaribe.com/wp-admin/admin.php?page=WordfenceScan" "Mozilla/5.0 (Windows NT 10.0; Win64; x64) AppleWebKit/537.36 (KHTML, like Gecko) Chrome/147.0.0.0 Safari/537.36"
79.107.27.66 - - [05/May/2026:14:46:22 +0000] "GET /wp-content/plugins/elementor/assets/js/admin.min.js?ver=4.0.6 HTTP/1.1" 304 - "https://nipponiacaribe.com/wp-admin/admin.php?page=WordfenceScan" "Mozilla/5.0 (Windows NT 10.0; Win64; x64) AppleWebKit/537.36 (KHTML, like Gecko) Chrome/147.0.0.0 Safari/537.36"
79.107.27.66 - - [05/May/2026:14:46:22 +0000] "GET /wp-content/plugins/elementor-pro/assets/js/admin.min.js?ver=4.0.4 HTTP/1.1" 304 - "https://nipponiacaribe.com/wp-admin/admin.php?page=WordfenceScan" "Mozilla/5.0 (Windows NT 10.0; Win64; x64) AppleWebKit/537.36 (KHTML, like Gecko) Chrome/147.0.0.0 Safari/537.36"
79.107.27.66 - - [05/May/2026:14:46:22 +0000] "GET /wp-content/plugins/elementor/assets/js/import-export-admin.min.js?ver=4.0.6 HTTP/1.1" 304 - "https://nipponiacaribe.com/wp-admin/admin.php?page=WordfenceScan" "Mozilla/5.0 (Windows NT 10.0; Win64; x64) AppleWebKit/537.36 (KHTML, like Gecko) Chrome/147.0.0.0 Safari/537.36"
79.107.27.66 - - [05/May/2026:14:46:22 +0000] "GET /wp-content/plugins/elementor/assets/js/editor-one-menu.min.js?ver=4.0.6 HTTP/1.1" 304 - "https://nipponiacaribe.com/wp-admin/admin.php?page=WordfenceScan" "Mozilla/5.0 (Windows NT 10.0; Win64; x64) AppleWebKit/537.36 (KHTML, like Gecko) Chrome/147.0.0.0 Safari/537.36"
79.107.27.66 - - [05/May/2026:14:46:22 +0000] "GET /wp-content/plugins/elementor/assets/js/import-export-customization-admin.min.js?ver=4.0.6 HTTP/1.1" 304 - "https://nipponiacaribe.com/wp-admin/admin.php?page=WordfenceScan" "Mozilla/5.0 (Windows NT 10.0; Win64; x64) AppleWebKit/537.36 (KHTML, like Gecko) Chrome/147.0.0.0 Safari/537.36"
79.107.27.66 - - [05/May/2026:14:46:22 +0000] "GET /wp-content/plugins/elementor/assets/js/media-hints.min.js?ver=4.0.6 HTTP/1.1" 304 - "https://nipponiacaribe.com/wp-admin/admin.php?page=WordfenceScan" "Mozilla/5.0 (Windows NT 10.0; Win64; x64) AppleWebKit/537.36 (KHTML, like Gecko) Chrome/147.0.0.0 Safari/537.36"
79.107.27.66 - - [05/May/2026:14:46:22 +0000] "GET /wp-content/plugins/kirki/customizer/packages/modules/webfonts/src/assets/scripts/vendor-typekit/webfontloader.js?ver=3.0.28 HTTP/1.1" 304 - "https://nipponiacaribe.com/wp-admin/admin.php?page=WordfenceScan" "Mozilla/5.0 (Windows NT 10.0; Win64; x64) AppleWebKit/537.36 (KHTML, like Gecko) Chrome/147.0.0.0 Safari/537.36"
79.107.27.66 - - [05/May/2026:14:46:22 +0000] "POST /wp-admin/admin-ajax.php HTTP/1.1" 200 25014 "https://nipponiacaribe.com/wp-admin/admin.php?page=WordfenceScan" "Mozilla/5.0 (Windows NT 10.0; Win64; x64) AppleWebKit/537.36 (KHTML, like Gecko) Chrome/147.0.0.0 Safari/537.36"
20.123.172.228 - - [05/May/2026:14:46:29 +0000] "POST /wp-cron.php?doing_wp_cron=1777992389.3709709644317626953125 HTTP/1.1" 200 - "-" "WordPress/6.9.4; https://nipponiacaribe.com"
79.107.27.66 - - [05/May/2026:14:46:26 +0000] "POST /wp-admin/admin-ajax.php HTTP/1.1" 200 442 "https://nipponiacaribe.com/wp-admin/admin.php?page=WordfenceScan" "Mozilla/5.0 (Windows NT 10.0; Win64; x64) AppleWebKit/537.36 (KHTML, like Gecko) Chrome/147.0.0.0 Safari/537.36"
36.79.10.208 - - [05/May/2026:14:46:30 +0000] "POST /xmlrpc.php HTTP/1.1" 503 18036 "-" "Jetpack/12.5; WordPress/6.2; http://site82608723.com"
20.123.172.228 - - [05/May/2026:14:46:30 +0000] "POST /?wordfence_syncAttackData=1777992390.8637 HTTP/1.1" 200 - "-" "WordPress/6.9.4; https://nipponiacaribe.com"
79.107.27.66 - - [05/May/2026:14:46:30 +0000] "POST /wp-admin/admin-ajax.php HTTP/1.1" 200 442 "https://nipponiacaribe.com/wp-admin/admin.php?page=WordfenceScan" "Mozilla/5.0 (Windows NT 10.0; Win64; x64) AppleWebKit/537.36 (KHTML, like Gecko) Chrome/147.0.0.0 Safari/537.36"
36.79.10.208 - - [05/May/2026:14:46:41 +0000] "POST /xmlrpc.php HTTP/1.1" 503 18036 "-" "WordPress.com; https://wordpress.com"
79.107.27.66 - - [05/May/2026:14:46:42 +0000] "POST /wp-admin/admin-ajax.php HTTP/1.1" 200 442 "https://nipponiacaribe.com/wp-admin/admin.php?page=WordfenceScan" "Mozilla/5.0 (Windows NT 10.0; Win64; x64) AppleWebKit/537.36 (KHTML, like Gecko) Chrome/147.0.0.0 Safari/537.36"
20.123.172.228 - - [05/May/2026:14:46:44 +0000] "POST /?wordfence_syncAttackData=1777992404.2956 HTTP/1.1" 200 - "-" "WordPress/6.9.4; https://nipponiacaribe.com"
79.107.27.66 - - [05/May/2026:14:46:46 +0000] "POST /wp-admin/admin-ajax.php HTTP/1.1" 200 442 "https://nipponiacaribe.com/wp-admin/admin.php?page=WordfenceScan" "Mozilla/5.0 (Windows NT 10.0; Win64; x64) AppleWebKit/537.36 (KHTML, like Gecko) Chrome/147.0.0.0 Safari/537.36"
36.79.10.208 - - [05/May/2026:14:46:51 +0000] "POST /xmlrpc.php HTTP/1.1" 503 18036 "-" "WordPress.com; https://wordpress.com"
20.123.172.228 - - [05/May/2026:14:46:53 +0000] "POST /wp-cron.php?doing_wp_cron=1777992413.3666639328002929687500 HTTP/1.1" 200 - "-" "WordPress/6.9.4; https://nipponiacaribe.com"
79.107.27.66 - - [05/May/2026:14:46:50 +0000] "POST /wp-admin/admin-ajax.php HTTP/1.1" 200 442 "https://nipponiacaribe.com/wp-admin/admin.php?page=WordfenceScan" "Mozilla/5.0 (Windows NT 10.0; Win64; x64) AppleWebKit/537.36 (KHTML, like Gecko) Chrome/147.0.0.0 Safari/537.36"
36.79.10.208 - - [05/May/2026:14:47:02 +0000] "POST /xmlrpc.php HTTP/1.1" 503 18036 "-" "Jetpack/12.1; WordPress/6.3; http://site71036814.com"
20.123.172.228 - - [05/May/2026:14:47:01 +0000] "POST /?wordfence_syncAttackData=1777992421.7977 HTTP/1.1" 200 - "-" "WordPress/6.9.4; https://nipponiacaribe.com"
216.168.247.9 - - [05/May/2026:14:47:00 +0000] "GET /.well-known/pki-validation/fileauth.txt HTTP/1.1" 404 14613 "-" "DigiCert DCV Bot/1.1"
79.107.27.66 - - [05/May/2026:14:47:06 +0000] "GET /wp-content/plugins/kirki/assets/images/kirki-hovered-20X20.svg HTTP/1.1" 304 - "https://nipponiacaribe.com/wp-admin/admin.php?page=WordfenceScan" "Mozilla/5.0 (Windows NT 10.0; Win64; x64) AppleWebKit/537.36 (KHTML, like Gecko) Chrome/147.0.0.0 Safari/537.36"
20.123.172.228 - - [05/May/2026:14:47:07 +0000] "POST /wp-cron.php?doing_wp_cron=1777992427.5409309864044189453125 HTTP/1.1" 200 - "-" "WordPress/6.9.4; https://nipponiacaribe.com"
79.107.27.66 - - [05/May/2026:14:47:04 +0000] "POST /wp-admin/admin-ajax.php HTTP/1.1" 200 442 "https://nipponiacaribe.com/wp-admin/admin.php?page=WordfenceScan" "Mozilla/5.0 (Windows NT 10.0; Win64; x64) AppleWebKit/537.36 (KHTML, like Gecko) Chrome/147.0.0.0 Safari/537.36"
79.107.27.66 - - [05/May/2026:14:47:08 +0000] "POST /wp-admin/admin-ajax.php HTTP/1.1" 200 442 "https://nipponiacaribe.com/wp-admin/admin.php?page=WordfenceScan" "Mozilla/5.0 (Windows NT 10.0; Win64; x64) AppleWebKit/537.36 (KHTML, like Gecko) Chrome/147.0.0.0 Safari/537.36"
36.79.10.208 - - [05/May/2026:14:47:12 +0000] "POST /xmlrpc.php HTTP/1.1" 503 18036 "-" "Jetpack/12.1; WordPress/6.2; http://site78087165.com"
79.107.27.66 - - [05/May/2026:14:47:12 +0000] "POST /wp-admin/admin-ajax.php HTTP/1.1" 200 442 "https://nipponiacaribe.com/wp-admin/admin.php?page=WordfenceScan" "Mozilla/5.0 (Windows NT 10.0; Win64; x64) AppleWebKit/537.36 (KHTML, like Gecko) Chrome/147.0.0.0 Safari/537.36"
20.123.172.228 - - [05/May/2026:14:47:14 +0000] "POST /?wordfence_syncAttackData=1777992434.183 HTTP/1.1" 200 - "-" "WordPress/6.9.4; https://nipponiacaribe.com"
79.107.27.66 - - [05/May/2026:14:47:16 +0000] "POST /wp-admin/admin-ajax.php HTTP/1.1" 200 442 "https://nipponiacaribe.com/wp-admin/admin.php?page=WordfenceScan" "Mozilla/5.0 (Windows NT 10.0; Win64; x64) AppleWebKit/537.36 (KHTML, like Gecko) Chrome/147.0.0.0 Safari/537.36"
79.107.27.66 - - [05/May/2026:14:47:20 +0000] "POST /wp-admin/admin-ajax.php HTTP/1.1" 200 442 "https://nipponiacaribe.com/wp-admin/admin.php?page=WordfenceScan" "Mozilla/5.0 (Windows NT 10.0; Win64; x64) AppleWebKit/537.36 (KHTML, like Gecko) Chrome/147.0.0.0 Safari/537.36"
36.79.10.208 - - [05/May/2026:14:47:23 +0000] "POST /xmlrpc.php HTTP/1.1" 503 18036 "-" "Jetpack/12.1; WordPress/6.4; http://site24518051.com"
79.107.27.66 - - [05/May/2026:14:47:22 +0000] "POST /wp-admin/admin-ajax.php HTTP/1.1" 200 67 "https://nipponiacaribe.com/wp-admin/admin.php?page=WordfenceScan" "Mozilla/5.0 (Windows NT 10.0; Win64; x64) AppleWebKit/537.36 (KHTML, like Gecko) Chrome/147.0.0.0 Safari/537.36"
79.107.27.66 - - [05/May/2026:14:47:24 +0000] "POST /wp-admin/admin-ajax.php HTTP/1.1" 200 442 "https://nipponiacaribe.com/wp-admin/admin.php?page=WordfenceScan" "Mozilla/5.0 (Windows NT 10.0; Win64; x64) AppleWebKit/537.36 (KHTML, like Gecko) Chrome/147.0.0.0 Safari/537.36"
20.123.172.228 - - [05/May/2026:14:47:26 +0000] "POST /?wordfence_syncAttackData=1777992446.1682 HTTP/1.1" 200 - "-" "WordPress/6.9.4; https://nipponiacaribe.com"
79.107.27.66 - - [05/May/2026:14:47:28 +0000] "POST /wp-admin/admin-ajax.php HTTP/1.1" 200 442 "https://nipponiacaribe.com/wp-admin/admin.php?page=WordfenceScan" "Mozilla/5.0 (Windows NT 10.0; Win64; x64) AppleWebKit/537.36 (KHTML, like Gecko) Chrome/147.0.0.0 Safari/537.36"
36.79.10.208 - - [05/May/2026:14:47:33 +0000] "POST /xmlrpc.php HTTP/1.1" 503 18036 "-" "Jetpack by WordPress.com"
20.123.172.228 - - [05/May/2026:14:47:35 +0000] "POST /wp-cron.php?doing_wp_cron=1777992455.2796480655670166015625 HTTP/1.1" 200 - "-" "WordPress/6.9.4; https://nipponiacaribe.com"
79.107.27.66 - - [05/May/2026:14:47:32 +0000] "POST /wp-admin/admin-ajax.php HTTP/1.1" 200 442 "https://nipponiacaribe.com/wp-admin/admin.php?page=WordfenceScan" "Mozilla/5.0 (Windows NT 10.0; Win64; x64) AppleWebKit/537.36 (KHTML, like Gecko) Chrome/147.0.0.0 Safari/537.36"
36.79.10.208 - - [05/May/2026:14:47:44 +0000] "POST /xmlrpc.php HTTP/1.1" 503 18036 "-" "Jetpack by WordPress.com (Jetpack 12.1; WordPress 6.3)"
36.79.10.208 - - [05/May/2026:14:47:54 +0000] "POST /xmlrpc.php HTTP/1.1" 503 18036 "-" "Jetpack/12.5; WordPress/6.1; http://site23479147.com"
36.79.10.208 - - [05/May/2026:14:48:05 +0000] "POST /xmlrpc.php HTTP/1.1" 503 18036 "-" "Jetpack by WordPress.com"
36.79.10.208 - - [05/May/2026:14:48:16 +0000] "POST /xmlrpc.php HTTP/1.1" 503 18036 "-" "Jetpack by WordPress.com (Jetpack 12.5; WordPress 6.1)"
79.107.27.66 - - [05/May/2026:14:48:22 +0000] "POST /wp-admin/admin-ajax.php HTTP/1.1" 200 67 "https://nipponiacaribe.com/wp-admin/admin.php?page=WordfenceScan" "Mozilla/5.0 (Windows NT 10.0; Win64; x64) AppleWebKit/537.36 (KHTML, like Gecko) Chrome/147.0.0.0 Safari/537.36"
36.79.10.208 - - [05/May/2026:14:48:26 +0000] "POST /xmlrpc.php HTTP/1.1" 503 18036 "-" "Jetpack/13.0; WordPress/6.3; http://site80388877.com"
20.123.172.228 - - [05/May/2026:14:48:24 +0000] "POST /?wordfence_syncAttackData=1777992504.5341 HTTP/1.1" 200 - "-" "WordPress/6.9.4; https://nipponiacaribe.com"
36.79.10.208 - - [05/May/2026:14:48:36 +0000] "POST /xmlrpc.php HTTP/1.1" 503 18036 "-" "Jetpack by WordPress.com"
36.79.10.208 - - [05/May/2026:14:48:47 +0000] "POST /xmlrpc.php HTTP/1.1" 503 18036 "-" "Jetpack by WordPress.com (Jetpack 13.0; WordPress 6.3)"
36.79.10.208 - - [05/May/2026:14:48:58 +0000] "POST /xmlrpc.php HTTP/1.1" 503 18036 "-" "Jetpack/12.0; WordPress/6.1; http://site85368528.com"
36.79.10.208 - - [05/May/2026:14:49:08 +0000] "POST /xmlrpc.php HTTP/1.1" 503 18036 "-" "WordPress.com; https://wordpress.com"
20.123.172.228 - - [05/May/2026:14:49:14 +0000] "POST /wp-cron.php?doing_wp_cron=1777992554.4110701084136962890625 HTTP/1.1" 200 - "-" "WordPress/6.9.4; https://nipponiacaribe.com"
20.123.172.228 - - [05/May/2026:14:49:11 +0000] "POST /?wordfence_syncAttackData=1777992551.7874 HTTP/1.1" 200 - "-" "WordPress/6.9.4; https://nipponiacaribe.com"
162.120.186.186 - - [05/May/2026:14:49:10 +0000] "GET /motocicletas/ HTTP/1.1" 200 19173 "https://www.google.com/" "Mozilla/5.0 (Linux; Android 10; K) AppleWebKit/537.36 (KHTML, like Gecko) Chrome/147.0.0.0 Mobile Safari/537.36"
36.79.10.208 - - [05/May/2026:14:49:18 +0000] "POST /xmlrpc.php HTTP/1.1" 503 18036 "-" "Jetpack by WordPress.com (Jetpack 12.1; WordPress 6.1)"
79.107.27.66 - - [05/May/2026:14:49:23 +0000] "POST /wp-admin/admin-ajax.php HTTP/1.1" 200 67 "https://nipponiacaribe.com/wp-admin/admin.php?page=WordfenceScan" "Mozilla/5.0 (Windows NT 10.0; Win64; x64) AppleWebKit/537.36 (KHTML, like Gecko) Chrome/147.0.0.0 Safari/537.36"
20.123.172.228 - - [05/May/2026:14:49:24 +0000] "POST /?wordfence_syncAttackData=1777992564.7093 HTTP/1.1" 200 - "-" "WordPress/6.9.4; https://nipponiacaribe.com"
36.79.10.208 - - [05/May/2026:14:49:29 +0000] "POST /xmlrpc.php HTTP/1.1" 503 18036 "-" "Jetpack by WordPress.com (Jetpack 12.1; WordPress 6.2)"
36.79.10.208 - - [05/May/2026:14:49:39 +0000] "POST /xmlrpc.php HTTP/1.1" 503 18036 "-" "Jetpack/12.1; WordPress/6.2; http://site91644565.com"
36.79.10.208 - - [05/May/2026:14:49:50 +0000] "POST /xmlrpc.php HTTP/1.1" 503 18036 "-" "Jetpack/12.0; WordPress/6.2; http://site15755115.com"
36.79.10.208 - - [05/May/2026:14:50:00 +0000] "POST /xmlrpc.php HTTP/1.1" 503 18036 "-" "WordPress.com; https://wordpress.com"
36.79.10.208 - - [05/May/2026:14:50:11 +0000] "POST /xmlrpc.php HTTP/1.1" 503 18036 "-" "Jetpack by WordPress.com (Jetpack 12.5; WordPress 6.4)"
20.123.172.228 - - [05/May/2026:14:50:18 +0000] "POST /wp-cron.php?doing_wp_cron=1777992618.5430119037628173828125 HTTP/1.1" 200 - "-" "WordPress/6.9.4; https://nipponiacaribe.com"
20.123.172.228 - - [05/May/2026:14:50:15 +0000] "POST /?wordfence_syncAttackData=1777992615.9674 HTTP/1.1" 200 - "-" "WordPress/6.9.4; https://nipponiacaribe.com"
162.120.185.250 - - [05/May/2026:14:50:14 +0000] "GET /brio-110-aros-de-rayos-2/ HTTP/1.1" 200 20698 "https://www.google.com/" "Mozilla/5.0 (Windows NT 10.0; Win64; x64) AppleWebKit/537.36 (KHTML, like Gecko) Chrome/147.0.0.0 Safari/537.36"
36.79.10.208 - - [05/May/2026:14:50:21 +0000] "POST /xmlrpc.php HTTP/1.1" 503 18036 "-" "Jetpack by WordPress.com (Jetpack 12.5; WordPress 6.4)"
36.79.10.208 - - [05/May/2026:14:50:32 +0000] "POST /xmlrpc.php HTTP/1.1" 503 18036 "-" "Jetpack/12.0; WordPress/6.3; http://site94909174.com"
36.79.10.208 - - [05/May/2026:14:50:42 +0000] "POST /xmlrpc.php HTTP/1.1" 503 18036 "-" "Jetpack/13.0; WordPress/6.2; http://site43713072.com"
36.79.10.208 - - [05/May/2026:14:50:53 +0000] "POST /xmlrpc.php HTTP/1.1" 503 18036 "-" "Jetpack/12.0; WordPress/6.2; http://site76864414.com"
36.79.10.208 - - [05/May/2026:14:51:03 +0000] "POST /xmlrpc.php HTTP/1.1" 503 18036 "-" "Jetpack/12.5; WordPress/6.1; http://site12309220.com"
36.79.10.208 - - [05/May/2026:14:51:14 +0000] "POST /xmlrpc.php HTTP/1.1" 503 18036 "-" "Jetpack by WordPress.com (Jetpack 12.0; WordPress 6.3)"
36.79.10.208 - - [05/May/2026:14:51:24 +0000] "POST /xmlrpc.php HTTP/1.1" 503 18036 "-" "Jetpack/12.1; WordPress/6.2; http://site44336391.com"
79.107.27.66 - - [05/May/2026:14:51:24 +0000] "POST /wp-admin/admin-ajax.php HTTP/1.1" 200 67 "https://nipponiacaribe.com/wp-admin/admin.php?page=WordfenceScan" "Mozilla/5.0 (Windows NT 10.0; Win64; x64) AppleWebKit/537.36 (KHTML, like Gecko) Chrome/147.0.0.0 Safari/537.36"
20.123.172.228 - - [05/May/2026:14:51:25 +0000] "POST /?wordfence_syncAttackData=1777992685.7572 HTTP/1.1" 200 - "-" "WordPress/6.9.4; https://nipponiacaribe.com"
36.79.10.208 - - [05/May/2026:14:51:35 +0000] "POST /xmlrpc.php HTTP/1.1" 503 18036 "-" "WordPress.com; https://wordpress.com"
20.123.172.228 - - [05/May/2026:14:51:47 +0000] "POST /?wordfence_syncAttackData=1777992707.489 HTTP/1.1" 200 - "-" "WordPress/6.9.4; https://nipponiacaribe.com"
36.79.10.208 - - [05/May/2026:14:51:46 +0000] "POST /xmlrpc.php HTTP/1.1" 503 18949 "-" "Jetpack by WordPress.com (Jetpack 12.5; WordPress 6.1)"
36.79.10.208 - - [05/May/2026:14:51:56 +0000] "POST /xmlrpc.php HTTP/1.1" 503 18036 "-" "WordPress.com; https://wordpress.com"
36.79.10.208 - - [05/May/2026:14:52:07 +0000] "POST /xmlrpc.php HTTP/1.1" 503 18036 "-" "Jetpack by WordPress.com"
36.79.10.208 - - [05/May/2026:14:52:17 +0000] "POST /xmlrpc.php HTTP/1.1" 503 18036 "-" "WordPress.com; https://wordpress.com"
36.79.10.208 - - [05/May/2026:14:52:28 +0000] "POST /xmlrpc.php HTTP/1.1" 503 18036 "-" "WordPress.com; https://wordpress.com"
36.79.10.208 - - [05/May/2026:14:52:38 +0000] "POST /xmlrpc.php HTTP/1.1" 503 18036 "-" "WordPress.com; https://wordpress.com"
36.79.10.208 - - [05/May/2026:14:52:49 +0000] "POST /xmlrpc.php HTTP/1.1" 503 18036 "-" "Jetpack by WordPress.com"
36.79.10.208 - - [05/May/2026:14:52:59 +0000] "POST /xmlrpc.php HTTP/1.1" 503 18036 "-" "Jetpack by WordPress.com"
36.79.10.208 - - [05/May/2026:14:53:09 +0000] "POST /xmlrpc.php HTTP/1.1" 503 18036 "-" "Jetpack by WordPress.com"
36.79.10.208 - - [05/May/2026:14:53:20 +0000] "POST /xmlrpc.php HTTP/1.1" 503 18036 "-" "Jetpack by WordPress.com (Jetpack 12.5; WordPress 6.4)"
20.123.172.228 - - [05/May/2026:14:53:29 +0000] "POST /wp-cron.php?doing_wp_cron=1777992809.0229079723358154296875 HTTP/1.1" 200 - "-" "WordPress/6.9.4; https://nipponiacaribe.com"
79.107.27.66 - - [05/May/2026:14:53:25 +0000] "POST /wp-admin/admin-ajax.php HTTP/1.1" 200 67 "https://nipponiacaribe.com/wp-admin/admin.php?page=WordfenceScan" "Mozilla/5.0 (Windows NT 10.0; Win64; x64) AppleWebKit/537.36 (KHTML, like Gecko) Chrome/147.0.0.0 Safari/537.36"
20.123.172.228 - - [05/May/2026:14:53:26 +0000] "POST /?wordfence_syncAttackData=1777992806.7247 HTTP/1.1" 200 - "-" "WordPress/6.9.4; https://nipponiacaribe.com"
36.79.10.208 - - [05/May/2026:14:53:30 +0000] "POST /xmlrpc.php HTTP/1.1" 503 18036 "-" "Jetpack by WordPress.com (Jetpack 13.0; WordPress 6.3)"
57.141.20.62 - - [05/May/2026:14:53:33 +0000] "GET /brio-110-a30/ HTTP/1.1" 200 127455 "-" "meta-externalagent/1.1 (+https://developers.facebook.com/docs/sharing/webmasters/crawler)"
36.79.10.208 - - [05/May/2026:14:53:41 +0000] "POST /xmlrpc.php HTTP/1.1" 503 18036 "-" "Jetpack by WordPress.com (Jetpack 12.5; WordPress 6.1)"
36.79.10.208 - - [05/May/2026:14:53:51 +0000] "POST /xmlrpc.php HTTP/1.1" 503 18036 "-" "WordPress.com; https://wordpress.com"
36.79.10.208 - - [05/May/2026:14:54:02 +0000] "POST /xmlrpc.php HTTP/1.1" 503 18036 "-" "WordPress.com; https://wordpress.com"
36.79.10.208 - - [05/May/2026:14:54:13 +0000] "POST /xmlrpc.php HTTP/1.1" 503 18036 "-" "Jetpack by WordPress.com (Jetpack 12.1; WordPress 6.2)"
36.79.10.208 - - [05/May/2026:14:54:23 +0000] "POST /xmlrpc.php HTTP/1.1" 503 18036 "-" "Jetpack by WordPress.com (Jetpack 13.0; WordPress 6.1)"
36.79.10.208 - - [05/May/2026:14:54:34 +0000] "POST /xmlrpc.php HTTP/1.1" 503 18036 "-" "WordPress.com; https://wordpress.com"
36.79.10.208 - - [05/May/2026:14:54:44 +0000] "POST /xmlrpc.php HTTP/1.1" 503 18036 "-" "Jetpack by WordPress.com"
36.79.10.208 - - [05/May/2026:14:54:55 +0000] "POST /xmlrpc.php HTTP/1.1" 503 18036 "-" "Jetpack by WordPress.com"
36.79.10.208 - - [05/May/2026:14:55:05 +0000] "POST /xmlrpc.php HTTP/1.1" 503 18036 "-" "WordPress.com; https://wordpress.com"
36.79.10.208 - - [05/May/2026:14:55:16 +0000] "POST /xmlrpc.php HTTP/1.1" 503 18036 "-" "Jetpack/12.0; WordPress/6.1; http://site49304828.com"
36.79.10.208 - - [05/May/2026:14:55:26 +0000] "POST /xmlrpc.php HTTP/1.1" 503 18036 "-" "WordPress.com; https://wordpress.com"
79.107.27.66 - - [05/May/2026:14:55:26 +0000] "POST /wp-admin/admin-ajax.php HTTP/1.1" 200 65 "https://nipponiacaribe.com/wp-admin/admin.php?page=WordfenceScan" "Mozilla/5.0 (Windows NT 10.0; Win64; x64) AppleWebKit/537.36 (KHTML, like Gecko) Chrome/147.0.0.0 Safari/537.36"
20.123.172.228 - - [05/May/2026:14:55:27 +0000] "POST /?wordfence_syncAttackData=1777992927.7155 HTTP/1.1" 200 - "-" "WordPress/6.9.4; https://nipponiacaribe.com"
36.79.10.208 - - [05/May/2026:14:55:37 +0000] "POST /xmlrpc.php HTTP/1.1" 503 18036 "-" "Jetpack by WordPress.com"
36.79.10.208 - - [05/May/2026:14:55:47 +0000] "POST /xmlrpc.php HTTP/1.1" 503 18036 "-" "Jetpack by WordPress.com"
36.79.10.208 - - [05/May/2026:14:55:58 +0000] "POST /xmlrpc.php HTTP/1.1" 503 18036 "-" "Jetpack by WordPress.com"
36.79.10.208 - - [05/May/2026:14:56:09 +0000] "POST /xmlrpc.php HTTP/1.1" 503 18036 "-" "Jetpack by WordPress.com"
36.79.10.208 - - [05/May/2026:14:56:19 +0000] "POST /xmlrpc.php HTTP/1.1" 503 18036 "-" "Jetpack by WordPress.com"
36.79.10.208 - - [05/May/2026:14:56:30 +0000] "POST /xmlrpc.php HTTP/1.1" 503 18036 "-" "Jetpack/12.1; WordPress/6.3; http://site51294327.com"
36.79.10.208 - - [05/May/2026:14:56:40 +0000] "POST /xmlrpc.php HTTP/1.1" 503 18036 "-" "Jetpack by WordPress.com (Jetpack 12.1; WordPress 6.1)"
20.123.172.228 - - [05/May/2026:14:56:50 +0000] "POST /wp-cron.php?doing_wp_cron=1777993010.1840739250183105468750 HTTP/1.1" 200 - "-" "WordPress/6.9.4; https://nipponiacaribe.com"
20.123.172.228 - - [05/May/2026:14:56:47 +0000] "POST /?wordfence_syncAttackData=1777993007.6167 HTTP/1.1" 200 - "-" "WordPress/6.9.4; https://nipponiacaribe.com"
162.120.185.250 - - [05/May/2026:14:56:46 +0000] "GET /vrs-150/ HTTP/1.1" 200 20973 "https://www.google.com/" "Mozilla/5.0 (Windows NT 10.0; Win64; x64) AppleWebKit/537.36 (KHTML, like Gecko) Chrome/147.0.0.0 Safari/537.36"
36.79.10.208 - - [05/May/2026:14:56:51 +0000] "POST /xmlrpc.php HTTP/1.1" 503 18036 "-" "Jetpack by WordPress.com (Jetpack 13.0; WordPress 6.4)"
36.79.10.208 - - [05/May/2026:14:57:01 +0000] "POST /xmlrpc.php HTTP/1.1" 503 18036 "-" "WordPress.com; https://wordpress.com"
20.123.172.228 - - [05/May/2026:14:57:05 +0000] "POST /?wordfence_syncAttackData=1777993025.3588 HTTP/1.1" 200 - "-" "WordPress/6.9.4; https://nipponiacaribe.com"
190.167.253.172 - - [05/May/2026:14:57:03 +0000] "GET /bs-max-150/ HTTP/1.1" 200 21978 "https://www.google.com/" "Mozilla/5.0 (Linux; Android 10; K) AppleWebKit/537.36 (KHTML, like Gecko) Chrome/147.0.0.0 Mobile Safari/537.36"
36.79.10.208 - - [05/May/2026:14:57:12 +0000] "POST /xmlrpc.php HTTP/1.1" 503 18036 "-" "Jetpack by WordPress.com (Jetpack 13.0; WordPress 6.4)"
216.81.248.217 - - [05/May/2026:14:57:10 +0000] "GET /.git/config HTTP/1.1" 404 14595 "-" "Mozilla/5.0 (X11; Linux x86_64) AppleWebKit/537.36 (KHTML, like Gecko) Chrome/77.0.3865.35 Safari/537.36"
36.79.10.208 - - [05/May/2026:14:57:22 +0000] "POST /xmlrpc.php HTTP/1.1" 503 18036 "-" "Jetpack by WordPress.com (Jetpack 12.0; WordPress 6.3)"
79.107.27.66 - - [05/May/2026:14:57:27 +0000] "POST /wp-admin/admin-ajax.php HTTP/1.1" 200 67 "https://nipponiacaribe.com/wp-admin/admin.php?page=WordfenceScan" "Mozilla/5.0 (Windows NT 10.0; Win64; x64) AppleWebKit/537.36 (KHTML, like Gecko) Chrome/147.0.0.0 Safari/537.36"
20.123.172.228 - - [05/May/2026:14:57:28 +0000] "POST /?wordfence_syncAttackData=1777993048.6746 HTTP/1.1" 200 - "-" "WordPress/6.9.4; https://nipponiacaribe.com"
36.79.10.208 - - [05/May/2026:14:57:33 +0000] "POST /xmlrpc.php HTTP/1.1" 503 18036 "-" "Jetpack by WordPress.com (Jetpack 12.5; WordPress 6.1)"
36.79.10.208 - - [05/May/2026:14:57:44 +0000] "POST /xmlrpc.php HTTP/1.1" 503 18036 "-" "Jetpack/13.0; WordPress/6.4; http://site43943315.com"
36.79.10.208 - - [05/May/2026:14:57:54 +0000] "POST /xmlrpc.php HTTP/1.1" 503 18036 "-" "WordPress.com; https://wordpress.com"
36.79.10.208 - - [05/May/2026:14:58:05 +0000] "POST /xmlrpc.php HTTP/1.1" 503 18036 "-" "WordPress.com; https://wordpress.com"
36.79.10.208 - - [05/May/2026:14:58:15 +0000] "POST /xmlrpc.php HTTP/1.1" 503 18036 "-" "Jetpack by WordPress.com (Jetpack 13.0; WordPress 6.2)"
36.79.10.208 - - [05/May/2026:14:58:26 +0000] "POST /xmlrpc.php HTTP/1.1" 503 18036 "-" "Jetpack by WordPress.com"
36.79.10.208 - - [05/May/2026:14:58:36 +0000] "POST /xmlrpc.php HTTP/1.1" 503 18036 "-" "Jetpack by WordPress.com"
36.79.10.208 - - [05/May/2026:14:58:47 +0000] "POST /xmlrpc.php HTTP/1.1" 503 18036 "-" "WordPress.com; https://wordpress.com"
36.79.10.208 - - [05/May/2026:14:58:57 +0000] "POST /xmlrpc.php HTTP/1.1" 503 18036 "-" "Jetpack by WordPress.com"
36.79.10.208 - - [05/May/2026:14:59:08 +0000] "POST /xmlrpc.php HTTP/1.1" 503 18036 "-" "Jetpack by WordPress.com (Jetpack 12.0; WordPress 6.3)"
36.79.10.208 - - [05/May/2026:14:59:18 +0000] "POST /xmlrpc.php HTTP/1.1" 503 18036 "-" "Jetpack by WordPress.com"
36.79.10.208 - - [05/May/2026:14:59:29 +0000] "POST /xmlrpc.php HTTP/1.1" 503 18036 "-" "Jetpack/12.5; WordPress/6.4; http://site77520604.com"
36.79.10.208 - - [05/May/2026:14:59:39 +0000] "POST /xmlrpc.php HTTP/1.1" 503 18036 "-" "Jetpack/13.0; WordPress/6.3; http://site97772920.com"
36.79.10.208 - - [05/May/2026:14:59:50 +0000] "POST /xmlrpc.php HTTP/1.1" 503 18036 "-" "Jetpack/12.5; WordPress/6.4; http://site85418640.com"
36.79.10.208 - - [05/May/2026:15:00:00 +0000] "POST /xmlrpc.php HTTP/1.1" 503 18036 "-" "Jetpack by WordPress.com (Jetpack 12.5; WordPress 6.3)"
36.79.10.208 - - [05/May/2026:15:00:11 +0000] "POST /xmlrpc.php HTTP/1.1" 503 18036 "-" "Jetpack by WordPress.com (Jetpack 12.0; WordPress 6.4)"
36.79.10.208 - - [05/May/2026:15:00:21 +0000] "POST /xmlrpc.php HTTP/1.1" 503 18036 "-" "Jetpack by WordPress.com"
36.79.10.208 - - [05/May/2026:15:00:32 +0000] "POST /xmlrpc.php HTTP/1.1" 503 18036 "-" "Jetpack/12.5; WordPress/6.2; http://site78273445.com"
36.79.10.208 - - [05/May/2026:15:00:42 +0000] "POST /xmlrpc.php HTTP/1.1" 503 18036 "-" "WordPress.com; https://wordpress.com"
36.79.10.208 - - [05/May/2026:15:00:53 +0000] "POST /xmlrpc.php HTTP/1.1" 503 18036 "-" "WordPress.com; https://wordpress.com"
36.79.10.208 - - [05/May/2026:15:01:03 +0000] "POST /xmlrpc.php HTTP/1.1" 503 18036 "-" "Jetpack by WordPress.com (Jetpack 12.0; WordPress 6.3)"
36.79.10.208 - - [05/May/2026:15:01:14 +0000] "POST /xmlrpc.php HTTP/1.1" 503 18036 "-" "Jetpack by WordPress.com"
20.123.172.228 - - [05/May/2026:15:01:24 +0000] "POST /wp-cron.php?doing_wp_cron=1777993284.1864840984344482421875 HTTP/1.1" 200 - "-" "WordPress/6.9.4; https://nipponiacaribe.com"
20.123.172.228 - - [05/May/2026:15:01:21 +0000] "POST /?wordfence_syncAttackData=1777993281.1768 HTTP/1.1" 200 - "-" "WordPress/6.9.4; https://nipponiacaribe.com"
45.88.97.96 - - [05/May/2026:15:01:19 +0000] "GET / HTTP/1.1" 200 20830 "-" "Mozilla/5.0 (Windows; U; Windows NT 6.1; en-US; rv:1.9.1.5) Gecko/20091102 Firefox/3.5.5 (.NET CLR 3.5.30729)"
186.6.8.62 - - [05/May/2026:15:01:19 +0000] "GET / HTTP/1.1" 200 20830 "https://www.google.com/url?q=https://nipponiacaribe.com/&sa=U&sqi=2&ved=2ahUKEwiNvJyNtaKUAxXUHNAFHUWeMI8QFnoECCIQAQ&usg=AOvVaw19UzcyMELZOJnvbxXJIooW" "Mozilla/5.0 (iPhone; CPU iPhone OS 26_3_0 like Mac OS X) AppleWebKit/605.1.15 (KHTML, like Gecko) GSA/418.3.902016201 Mobile/15E148 Safari/604.1"
20.123.172.228 - - [05/May/2026:15:01:21 +0000] "POST /?wordfence_syncAttackData=1777993281.2856 HTTP/1.1" 200 20830 "-" "WordPress/6.9.4; https://nipponiacaribe.com"
186.6.8.62 - - [05/May/2026:15:01:24 +0000] "GET /wp-content/themes/airi-child/style.css?ver=6.9.4 HTTP/1.1" 200 186 "https://nipponiacaribe.com/" "Mozilla/5.0 (iPhone; CPU iPhone OS 26_3_0 like Mac OS X) AppleWebKit/605.1.15 (KHTML, like Gecko) GSA/418.3.902016201 Mobile/15E148 Safari/604.1"
186.6.8.62 - - [05/May/2026:15:01:24 +0000] "GET /wp-content/themes/airi/css/font-awesome/css/all.min.css?ver=6.9.4 HTTP/1.1" 200 12863 "https://nipponiacaribe.com/" "Mozilla/5.0 (iPhone; CPU iPhone OS 26_3_0 like Mac OS X) AppleWebKit/605.1.15 (KHTML, like Gecko) GSA/418.3.902016201 Mobile/15E148 Safari/604.1"
186.6.8.62 - - [05/May/2026:15:01:25 +0000] "GET /wp-content/plugins/categories-images/assets/css/zci-styles.css?ver=3.3.3 HTTP/1.1" 200 650 "https://nipponiacaribe.com/" "Mozilla/5.0 (iPhone; CPU iPhone OS 26_3_0 like Mac OS X) AppleWebKit/605.1.15 (KHTML, like Gecko) GSA/418.3.902016201 Mobile/15E148 Safari/604.1"
186.6.8.62 - - [05/May/2026:15:01:25 +0000] "GET /wp-content/plugins/wp-store-locator/css/styles.min.css?ver=2.3.0 HTTP/1.1" 200 3638 "https://nipponiacaribe.com/" "Mozilla/5.0 (iPhone; CPU iPhone OS 26_3_0 like Mac OS X) AppleWebKit/605.1.15 (KHTML, like Gecko) GSA/418.3.902016201 Mobile/15E148 Safari/604.1"
186.6.8.62 - - [05/May/2026:15:01:25 +0000] "GET /wp-content/themes/airi/style.css?ver=6.9.4 HTTP/1.1" 200 16952 "https://nipponiacaribe.com/" "Mozilla/5.0 (iPhone; CPU iPhone OS 26_3_0 like Mac OS X) AppleWebKit/605.1.15 (KHTML, like Gecko) GSA/418.3.902016201 Mobile/15E148 Safari/604.1"
186.6.8.62 - - [05/May/2026:15:01:25 +0000] "GET /wp-content/plugins/contact-form-7/includes/css/styles.css?ver=6.1.5 HTTP/1.1" 200 1031 "https://nipponiacaribe.com/" "Mozilla/5.0 (iPhone; CPU iPhone OS 26_3_0 like Mac OS X) AppleWebKit/605.1.15 (KHTML, like Gecko) GSA/418.3.902016201 Mobile/15E148 Safari/604.1"
186.6.8.62 - - [05/May/2026:15:01:25 +0000] "GET /wp-content/themes/airi/css/bootstrap/bootstrap.min.css?ver=1 HTTP/1.1" 200 20519 "https://nipponiacaribe.com/" "Mozilla/5.0 (iPhone; CPU iPhone OS 26_3_0 like Mac OS X) AppleWebKit/605.1.15 (KHTML, like Gecko) GSA/418.3.902016201 Mobile/15E148 Safari/604.1"
186.6.8.62 - - [05/May/2026:15:01:25 +0000] "GET /wp-content/plugins/tablepress/css/build/default.css?ver=3.3 HTTP/1.1" 200 1767 "https://nipponiacaribe.com/" "Mozilla/5.0 (iPhone; CPU iPhone OS 26_3_0 like Mac OS X) AppleWebKit/605.1.15 (KHTML, like Gecko) GSA/418.3.902016201 Mobile/15E148 Safari/604.1"
36.79.10.208 - - [05/May/2026:15:01:24 +0000] "POST /xmlrpc.php HTTP/1.1" 503 18036 "-" "WordPress.com; https://wordpress.com"
186.6.8.62 - - [05/May/2026:15:01:25 +0000] "GET /wp-content/plugins/elementor/assets/lib/eicons/css/elementor-icons.min.css?ver=5.48.0 HTTP/1.1" 200 4455 "https://nipponiacaribe.com/" "Mozilla/5.0 (iPhone; CPU iPhone OS 26_3_0 like Mac OS X) AppleWebKit/605.1.15 (KHTML, like Gecko) GSA/418.3.902016201 Mobile/15E148 Safari/604.1"
186.6.8.62 - - [05/May/2026:15:01:25 +0000] "GET /wp-content/plugins/elementor/assets/css/frontend.min.css?ver=4.0.6 HTTP/1.1" 200 7271 "https://nipponiacaribe.com/" "Mozilla/5.0 (iPhone; CPU iPhone OS 26_3_0 like Mac OS X) AppleWebKit/605.1.15 (KHTML, like Gecko) GSA/418.3.902016201 Mobile/15E148 Safari/604.1"
186.6.8.62 - - [05/May/2026:15:01:25 +0000] "GET /wp-content/uploads/elementor/css/post-158.css?ver=1777992328 HTTP/1.1" 200 460 "https://nipponiacaribe.com/" "Mozilla/5.0 (iPhone; CPU iPhone OS 26_3_0 like Mac OS X) AppleWebKit/605.1.15 (KHTML, like Gecko) GSA/418.3.902016201 Mobile/15E148 Safari/604.1"
186.6.8.62 - - [05/May/2026:15:01:25 +0000] "GET /wp-content/plugins/elementor/assets/css/widget-spacer.min.css?ver=4.0.6 HTTP/1.1" 200 338 "https://nipponiacaribe.com/" "Mozilla/5.0 (iPhone; CPU iPhone OS 26_3_0 like Mac OS X) AppleWebKit/605.1.15 (KHTML, like Gecko) GSA/418.3.902016201 Mobile/15E148 Safari/604.1"
186.6.8.62 - - [05/May/2026:15:01:25 +0000] "GET /wp-content/plugins/elementor/assets/lib/animations/styles/fadeInRight.min.css?ver=4.0.6 HTTP/1.1" 200 120 "https://nipponiacaribe.com/" "Mozilla/5.0 (iPhone; CPU iPhone OS 26_3_0 like Mac OS X) AppleWebKit/605.1.15 (KHTML, like Gecko) GSA/418.3.902016201 Mobile/15E148 Safari/604.1"
186.6.8.62 - - [05/May/2026:15:01:25 +0000] "GET /wp-content/plugins/elementor/assets/lib/swiper/v8/css/swiper.min.css?ver=8.4.5 HTTP/1.1" 200 4583 "https://nipponiacaribe.com/" "Mozilla/5.0 (iPhone; CPU iPhone OS 26_3_0 like Mac OS X) AppleWebKit/605.1.15 (KHTML, like Gecko) GSA/418.3.902016201 Mobile/15E148 Safari/604.1"
186.6.8.62 - - [05/May/2026:15:01:25 +0000] "GET /wp-content/plugins/elementor-pro/assets/css/widget-slides.min.css?ver=4.0.4 HTTP/1.1" 200 622 "https://nipponiacaribe.com/" "Mozilla/5.0 (iPhone; CPU iPhone OS 26_3_0 like Mac OS X) AppleWebKit/605.1.15 (KHTML, like Gecko) GSA/418.3.902016201 Mobile/15E148 Safari/604.1"
186.6.8.62 - - [05/May/2026:15:01:25 +0000] "GET /wp-content/plugins/elementor/assets/css/conditionals/e-swiper.min.css?ver=4.0.6 HTTP/1.1" 200 799 "https://nipponiacaribe.com/" "Mozilla/5.0 (iPhone; CPU iPhone OS 26_3_0 like Mac OS X) AppleWebKit/605.1.15 (KHTML, like Gecko) GSA/418.3.902016201 Mobile/15E148 Safari/604.1"
186.6.8.62 - - [05/May/2026:15:01:25 +0000] "GET /wp-content/plugins/elementor-pro/assets/css/widget-animated-headline.min.css?ver=4.0.4 HTTP/1.1" 200 1675 "https://nipponiacaribe.com/" "Mozilla/5.0 (iPhone; CPU iPhone OS 26_3_0 like Mac OS X) AppleWebKit/605.1.15 (KHTML, like Gecko) GSA/418.3.902016201 Mobile/15E148 Safari/604.1"
186.6.8.62 - - [05/May/2026:15:01:25 +0000] "GET /wp-content/plugins/elementor-pro/assets/css/modules/motion-fx.min.css?ver=4.0.4 HTTP/1.1" 200 310 "https://nipponiacaribe.com/" "Mozilla/5.0 (iPhone; CPU iPhone OS 26_3_0 like Mac OS X) AppleWebKit/605.1.15 (KHTML, like Gecko) GSA/418.3.902016201 Mobile/15E148 Safari/604.1"
186.6.8.62 - - [05/May/2026:15:01:25 +0000] "GET /wp-content/plugins/elementor/assets/css/widget-heading.min.css?ver=4.0.6 HTTP/1.1" 200 160 "https://nipponiacaribe.com/" "Mozilla/5.0 (iPhone; CPU iPhone OS 26_3_0 like Mac OS X) AppleWebKit/605.1.15 (KHTML, like Gecko) GSA/418.3.902016201 Mobile/15E148 Safari/604.1"
186.6.8.62 - - [05/May/2026:15:01:25 +0000] "GET /wp-content/plugins/elementor/assets/css/widget-image.min.css?ver=4.0.6 HTTP/1.1" 200 135 "https://nipponiacaribe.com/" "Mozilla/5.0 (iPhone; CPU iPhone OS 26_3_0 like Mac OS X) AppleWebKit/605.1.15 (KHTML, like Gecko) GSA/418.3.902016201 Mobile/15E148 Safari/604.1"
186.6.8.62 - - [05/May/2026:15:01:25 +0000] "GET /wp-content/plugins/elementor/assets/lib/animations/styles/e-animation-shrink.min.css?ver=4.0.6 HTTP/1.1" 200 118 "https://nipponiacaribe.com/" "Mozilla/5.0 (iPhone; CPU iPhone OS 26_3_0 like Mac OS X) AppleWebKit/605.1.15 (KHTML, like Gecko) GSA/418.3.902016201 Mobile/15E148 Safari/604.1"
186.6.8.62 - - [05/May/2026:15:01:25 +0000] "GET /wp-content/uploads/elementor/css/post-179.css?ver=1777992329 HTTP/1.1" 200 1356 "https://nipponiacaribe.com/" "Mozilla/5.0 (iPhone; CPU iPhone OS 26_3_0 like Mac OS X) AppleWebKit/605.1.15 (KHTML, like Gecko) GSA/418.3.902016201 Mobile/15E148 Safari/604.1"
186.6.8.62 - - [05/May/2026:15:01:25 +0000] "GET /wp-includes/js/jquery/jquery.min.js?ver=3.7.1 HTTP/1.1" 200 30368 "https://nipponiacaribe.com/" "Mozilla/5.0 (iPhone; CPU iPhone OS 26_3_0 like Mac OS X) AppleWebKit/605.1.15 (KHTML, like Gecko) GSA/418.3.902016201 Mobile/15E148 Safari/604.1"
186.6.8.62 - - [05/May/2026:15:01:25 +0000] "GET /wp-includes/js/jquery/jquery-migrate.min.js?ver=3.4.1 HTTP/1.1" 200 4872 "https://nipponiacaribe.com/" "Mozilla/5.0 (iPhone; CPU iPhone OS 26_3_0 like Mac OS X) AppleWebKit/605.1.15 (KHTML, like Gecko) GSA/418.3.902016201 Mobile/15E148 Safari/604.1"
186.6.8.62 - - [05/May/2026:15:01:25 +0000] "GET /wp-content/plugins/airi-pro//js/elementor.js?ver=20220328 HTTP/1.1" 200 340 "https://nipponiacaribe.com/" "Mozilla/5.0 (iPhone; CPU iPhone OS 26_3_0 like Mac OS X) AppleWebKit/605.1.15 (KHTML, like Gecko) GSA/418.3.902016201 Mobile/15E148 Safari/604.1"
186.6.8.62 - - [05/May/2026:15:01:25 +0000] "GET /wp-includes/js/dist/i18n.min.js?ver=c26c3dc7bed366793375 HTTP/1.1" 200 2229 "https://nipponiacaribe.com/" "Mozilla/5.0 (iPhone; CPU iPhone OS 26_3_0 like Mac OS X) AppleWebKit/605.1.15 (KHTML, like Gecko) GSA/418.3.902016201 Mobile/15E148 Safari/604.1"
186.6.8.62 - - [05/May/2026:15:01:25 +0000] "GET /wp-includes/js/dist/hooks.min.js?ver=dd5603f07f9220ed27f1 HTTP/1.1" 200 1941 "https://nipponiacaribe.com/" "Mozilla/5.0 (iPhone; CPU iPhone OS 26_3_0 like Mac OS X) AppleWebKit/605.1.15 (KHTML, like Gecko) GSA/418.3.902016201 Mobile/15E148 Safari/604.1"
186.6.8.62 - - [05/May/2026:15:01:25 +0000] "GET /wp-content/plugins/elementor/assets/lib/swiper/v8/swiper.min.js?ver=8.4.5 HTTP/1.1" 200 39695 "https://nipponiacaribe.com/" "Mozilla/5.0 (iPhone; CPU iPhone OS 26_3_0 like Mac OS X) AppleWebKit/605.1.15 (KHTML, like Gecko) GSA/418.3.902016201 Mobile/15E148 Safari/604.1"
186.6.8.62 - - [05/May/2026:15:01:25 +0000] "GET /wp-content/plugins/contact-form-7/includes/swv/js/index.js?ver=6.1.5 HTTP/1.1" 200 3503 "https://nipponiacaribe.com/" "Mozilla/5.0 (iPhone; CPU iPhone OS 26_3_0 like Mac OS X) AppleWebKit/605.1.15 (KHTML, like Gecko) GSA/418.3.902016201 Mobile/15E148 Safari/604.1"
186.6.8.62 - - [05/May/2026:15:01:25 +0000] "GET /wp-content/plugins/contact-form-7/includes/js/index.js?ver=6.1.5 HTTP/1.1" 200 4265 "https://nipponiacaribe.com/" "Mozilla/5.0 (iPhone; CPU iPhone OS 26_3_0 like Mac OS X) AppleWebKit/605.1.15 (KHTML, like Gecko) GSA/418.3.902016201 Mobile/15E148 Safari/604.1"
186.6.8.62 - - [05/May/2026:15:01:25 +0000] "GET /wp-content/themes/airi/js/vendor/skip-link-focus-fix.js?ver=20151215 HTTP/1.1" 200 417 "https://nipponiacaribe.com/" "Mozilla/5.0 (iPhone; CPU iPhone OS 26_3_0 like Mac OS X) AppleWebKit/605.1.15 (KHTML, like Gecko) GSA/418.3.902016201 Mobile/15E148 Safari/604.1"
186.6.8.62 - - [05/May/2026:15:01:25 +0000] "GET /wp-content/themes/airi/js/vendor/scripts.js?ver=20180223 HTTP/1.1" 200 11405 "https://nipponiacaribe.com/" "Mozilla/5.0 (iPhone; CPU iPhone OS 26_3_0 like Mac OS X) AppleWebKit/605.1.15 (KHTML, like Gecko) GSA/418.3.902016201 Mobile/15E148 Safari/604.1"
186.6.8.62 - - [05/May/2026:15:01:25 +0000] "GET /wp-content/themes/airi/js/custom/custom.min.js?ver=20181017 HTTP/1.1" 200 744 "https://nipponiacaribe.com/" "Mozilla/5.0 (iPhone; CPU iPhone OS 26_3_0 like Mac OS X) AppleWebKit/605.1.15 (KHTML, like Gecko) GSA/418.3.902016201 Mobile/15E148 Safari/604.1"
