79.107.27.66 - - [05/May/2026:14:33:08 +0000] "POST /wp-admin/admin-ajax.php HTTP/1.1" 200 67 "https://nipponiacaribe.com/wp-admin/" "Mozilla/5.0 (Windows NT 10.0; Win64; x64) AppleWebKit/537.36 (KHTML, like Gecko) Chrome/147.0.0.0 Safari/537.36"
200.88.67.92 - - [05/May/2026:14:33:16 +0000] "POST /AutoDiscover/autodiscover.xml HTTP/1.1" 404 12863 "-" "Microsoft Office/16.0 (Windows NT 10.0; Microsoft Excel 16.0.19929; Pro)"
79.107.27.66 - - [05/May/2026:14:34:08 +0000] "POST /wp-admin/admin-ajax.php HTTP/1.1" 200 67 "https://nipponiacaribe.com/wp-admin/" "Mozilla/5.0 (Windows NT 10.0; Win64; x64) AppleWebKit/537.36 (KHTML, like Gecko) Chrome/147.0.0.0 Safari/537.36"
148.224.25.43 - - [05/May/2026:14:34:20 +0000] "GET / HTTP/1.1" 200 18522 "-" "Mozilla/5.0 (Windows NT 10.0; Win64; x64; rv:121.0) Gecko/20100101 Firefox/121.0"
79.107.27.66 - - [05/May/2026:14:35:08 +0000] "POST /wp-admin/admin-ajax.php HTTP/1.1" 200 67 "https://nipponiacaribe.com/wp-admin/" "Mozilla/5.0 (Windows NT 10.0; Win64; x64) AppleWebKit/537.36 (KHTML, like Gecko) Chrome/147.0.0.0 Safari/537.36"
79.107.27.66 - - [05/May/2026:14:36:08 +0000] "POST /wp-admin/admin-ajax.php HTTP/1.1" 200 65 "https://nipponiacaribe.com/wp-admin/" "Mozilla/5.0 (Windows NT 10.0; Win64; x64) AppleWebKit/537.36 (KHTML, like Gecko) Chrome/147.0.0.0 Safari/537.36"
72.14.201.241 - - [05/May/2026:14:36:55 +0000] "GET /pasolas-electricas/ HTTP/1.1" 200 16619 "https://www.google.com/" "Mozilla/5.0 (Windows NT 10.0; Win64; x64) AppleWebKit/537.36 (KHTML, like Gecko) Chrome/147.0.0.0 Safari/537.36"
79.107.27.66 - - [05/May/2026:14:38:08 +0000] "POST /wp-admin/admin-ajax.php HTTP/1.1" 200 67 "https://nipponiacaribe.com/wp-admin/" "Mozilla/5.0 (Windows NT 10.0; Win64; x64) AppleWebKit/537.36 (KHTML, like Gecko) Chrome/147.0.0.0 Safari/537.36"
34.29.154.28 - - [05/May/2026:14:38:37 +0000] "HEAD / HTTP/1.1" 200 - "http://nipponiacaribe.com/" "Mozilla/5.0 (Linux; Android 14; Xiaomi 14 Pro) AppleWebKit/537.36 (KHTML, like Gecko) Chrome/126.0.6478.33 Mobile Safari/537.36"
79.107.27.66 - - [05/May/2026:14:40:05 +0000] "POST /wp-admin/admin-ajax.php HTTP/1.1" 200 67 "https://nipponiacaribe.com/wp-admin/" "Mozilla/5.0 (Windows NT 10.0; Win64; x64) AppleWebKit/537.36 (KHTML, like Gecko) Chrome/147.0.0.0 Safari/537.36"
79.107.27.66 - - [05/May/2026:14:40:10 +0000] "GET /wp-admin/update-core.php HTTP/1.1" 200 32448 "https://nipponiacaribe.com/wp-admin/" "Mozilla/5.0 (Windows NT 10.0; Win64; x64) AppleWebKit/537.36 (KHTML, like Gecko) Chrome/147.0.0.0 Safari/537.36"
79.107.27.66 - - [05/May/2026:14:40:15 +0000] "GET /wp-admin/load-styles.php?c=0&dir=ltr&load%5Bchunk_0%5D=dashicons,admin-bar,wp-pointer,common,forms,admin-menu,dashboard,list-tables,edit,revisions,media,themes,about,nav-menus,widgets&load%5Bchunk_1%5D=,site-icon,l10n,buttons,wp-components,wp-commands&ver=6.9.4 HTTP/1.1" 200 118798 "https://nipponiacaribe.com/wp-admin/update-core.php" "Mozilla/5.0 (Windows NT 10.0; Win64; x64) AppleWebKit/537.36 (KHTML, like Gecko) Chrome/147.0.0.0 Safari/537.36"
79.107.27.66 - - [05/May/2026:14:40:15 +0000] "GET /wp-content/themes/twentynineteen/screenshot.png?ver=2.4 HTTP/1.1" 200 175535 "https://nipponiacaribe.com/wp-admin/update-core.php" "Mozilla/5.0 (Windows NT 10.0; Win64; x64) AppleWebKit/537.36 (KHTML, like Gecko) Chrome/147.0.0.0 Safari/537.36"
79.107.27.66 - - [05/May/2026:14:40:15 +0000] "GET /wp-content/themes/twentytwentyfive/screenshot.png?ver=1.0 HTTP/1.1" 200 216683 "https://nipponiacaribe.com/wp-admin/update-core.php" "Mozilla/5.0 (Windows NT 10.0; Win64; x64) AppleWebKit/537.36 (KHTML, like Gecko) Chrome/147.0.0.0 Safari/537.36"
79.107.27.66 - - [05/May/2026:14:40:15 +0000] "GET /wp-content/themes/twentytwentytwo/screenshot.png?ver=1.3 HTTP/1.1" 200 162290 "https://nipponiacaribe.com/wp-admin/update-core.php" "Mozilla/5.0 (Windows NT 10.0; Win64; x64) AppleWebKit/537.36 (KHTML, like Gecko) Chrome/147.0.0.0 Safari/537.36"
79.107.27.66 - - [05/May/2026:14:40:15 +0000] "GET /wp-content/themes/twentytwentythree/screenshot.png?ver=1.0 HTTP/1.1" 200 95166 "https://nipponiacaribe.com/wp-admin/update-core.php" "Mozilla/5.0 (Windows NT 10.0; Win64; x64) AppleWebKit/537.36 (KHTML, like Gecko) Chrome/147.0.0.0 Safari/537.36"
79.107.27.66 - - [05/May/2026:14:40:15 +0000] "GET /wp-content/themes/twentytwentyfour/screenshot.png?ver=1.0 HTTP/1.1" 200 956898 "https://nipponiacaribe.com/wp-admin/update-core.php" "Mozilla/5.0 (Windows NT 10.0; Win64; x64) AppleWebKit/537.36 (KHTML, like Gecko) Chrome/147.0.0.0 Safari/537.36"
79.107.27.66 - - [05/May/2026:14:40:30 +0000] "POST /wp-admin/update-core.php?action=do-plugin-upgrade HTTP/1.1" 200 29424 "https://nipponiacaribe.com/wp-admin/update-core.php" "Mozilla/5.0 (Windows NT 10.0; Win64; x64) AppleWebKit/537.36 (KHTML, like Gecko) Chrome/147.0.0.0 Safari/537.36"
79.107.27.66 - - [05/May/2026:14:40:43 +0000] "POST /wp-admin/admin-ajax.php HTTP/1.1" 503 83 "https://nipponiacaribe.com/wp-admin/update-core.php?action=do-plugin-upgrade" "Mozilla/5.0 (Windows NT 10.0; Win64; x64) AppleWebKit/537.36 (KHTML, like Gecko) Chrome/147.0.0.0 Safari/537.36"
79.107.27.66 - - [05/May/2026:14:41:01 +0000] "GET /wp-admin/plugins.php HTTP/1.1" 503 1016 "https://nipponiacaribe.com/wp-admin/update-core.php?action=do-plugin-upgrade" "Mozilla/5.0 (Windows NT 10.0; Win64; x64) AppleWebKit/537.36 (KHTML, like Gecko) Chrome/147.0.0.0 Safari/537.36"
79.107.27.66 - - [05/May/2026:14:41:01 +0000] "GET /favicon.ico HTTP/1.1" 503 1016 "https://nipponiacaribe.com/wp-admin/plugins.php" "Mozilla/5.0 (Windows NT 10.0; Win64; x64) AppleWebKit/537.36 (KHTML, like Gecko) Chrome/147.0.0.0 Safari/537.36"
200.88.67.92 - - [05/May/2026:14:41:08 +0000] "POST /AutoDiscover/autodiscover.xml HTTP/1.1" 503 1016 "-" "Microsoft Office/16.0 (Windows NT 10.0; Microsoft Excel 16.0.17932; Pro)"
36.79.10.208 - - [05/May/2026:14:41:15 +0000] "POST /xmlrpc.php HTTP/1.1" 200 - "-" "Jetpack by WordPress.com"
20.123.172.228 - - [05/May/2026:14:41:29 +0000] "POST /wp-cron.php?doing_wp_cron=1777992089.6020379066467285156250 HTTP/1.1" 200 - "-" "WordPress/6.9.4; https://nipponiacaribe.com"
79.107.27.66 - - [05/May/2026:14:40:34 +0000] "GET /wp-admin/update.php?action=update-selected&plugins=categories-images%2Fcategories-images.php%2Ccontact-form-7%2Fwp-contact-form-7.php%2Celementor%2Felementor.php%2Celementor-pro%2Felementor-pro.php%2Cgmail-smtp%2Fmain.php%2Coptimole-wp%2Foptimole-wp.php%2Ckirki%2Fkirki.php%2Cninja-forms%2Fninja-forms.php%2Cgoogle-site-kit%2Fgoogle-site-kit.php%2Ctablepress%2Ftablepress.php%2Cwordfence%2Fwordfence.php%2Cinsert-headers-and-footers%2Fihaf.php%2Cwp-store-locator%2Fwp-store-locator.php%2Cwp-super-cache%2Fwp-cache.php%2Cduplicate-post%2Fduplicate-post.php%2Cwordpress-seo%2Fwp-seo.php&_wpnonce=3291e59125 HTTP/1.1" 200 20246 "https://nipponiacaribe.com/wp-admin/update-core.php?action=do-plugin-upgrade" "Mozilla/5.0 (Windows NT 10.0; Win64; x64) AppleWebKit/537.36 (KHTML, like Gecko) Chrome/147.0.0.0 Safari/537.36"
20.123.172.228 - - [05/May/2026:14:41:31 +0000] "POST /wp-admin/admin-ajax.php?action=elementor_1_elementor_pro_updater&nonce=01e2230085 HTTP/1.1" 400 21 "-" "WordPress/6.9.4; https://nipponiacaribe.com"
20.123.172.228 - - [05/May/2026:14:41:31 +0000] "POST /wp-admin/admin-ajax.php?action=elementor_1_elementor_pro_updater&nonce=b4ac612eb3 HTTP/1.1" 400 21 "-" "WordPress/6.9.4; https://nipponiacaribe.com"
20.123.172.228 - - [05/May/2026:14:41:37 +0000] "POST /wp-cron.php?doing_wp_cron=1777992097.8945949077606201171875 HTTP/1.1" 200 - "-" "WordPress/6.9.4; https://nipponiacaribe.com"
79.107.27.66 - - [05/May/2026:14:41:25 +0000] "GET / HTTP/1.1" 200 54949 "-" "Mozilla/5.0 (Windows NT 10.0; Win64; x64) AppleWebKit/537.36 (KHTML, like Gecko) Chrome/147.0.0.0 Safari/537.36"
79.107.27.66 - - [05/May/2026:14:41:38 +0000] "GET /wp-content/plugins/insert-headers-and-footers/build/admin-bar.css?ver=c95624a69c80301272a0 HTTP/1.1" 200 658 "https://nipponiacaribe.com/" "Mozilla/5.0 (Windows NT 10.0; Win64; x64) AppleWebKit/537.36 (KHTML, like Gecko) Chrome/147.0.0.0 Safari/537.36"
79.107.27.66 - - [05/May/2026:14:41:38 +0000] "GET /wp-content/plugins/elementor/assets/lib/eicons/css/elementor-icons.min.css?ver=5.48.0 HTTP/1.1" 200 4455 "https://nipponiacaribe.com/" "Mozilla/5.0 (Windows NT 10.0; Win64; x64) AppleWebKit/537.36 (KHTML, like Gecko) Chrome/147.0.0.0 Safari/537.36"
79.107.27.66 - - [05/May/2026:14:41:38 +0000] "GET /wp-includes/css/admin-bar.min.css?ver=6.9.4 HTTP/1.1" 200 3861 "https://nipponiacaribe.com/" "Mozilla/5.0 (Windows NT 10.0; Win64; x64) AppleWebKit/537.36 (KHTML, like Gecko) Chrome/147.0.0.0 Safari/537.36"
79.107.27.66 - - [05/May/2026:14:41:38 +0000] "GET /wp-content/plugins/elementor/assets/css/theme-light.min.css?ver=4.0.6 HTTP/1.1" 200 715 "https://nipponiacaribe.com/" "Mozilla/5.0 (Windows NT 10.0; Win64; x64) AppleWebKit/537.36 (KHTML, like Gecko) Chrome/147.0.0.0 Safari/537.36"
79.107.27.66 - - [05/May/2026:14:41:38 +0000] "GET /wp-content/plugins/elementor/assets/css/common.min.css?ver=4.0.6 HTTP/1.1" 200 3451 "https://nipponiacaribe.com/" "Mozilla/5.0 (Windows NT 10.0; Win64; x64) AppleWebKit/537.36 (KHTML, like Gecko) Chrome/147.0.0.0 Safari/537.36"
79.107.27.66 - - [05/May/2026:14:41:38 +0000] "GET /wp-content/plugins/categories-images/assets/css/zci-styles.css?ver=3.3.3 HTTP/1.1" 200 650 "https://nipponiacaribe.com/" "Mozilla/5.0 (Windows NT 10.0; Win64; x64) AppleWebKit/537.36 (KHTML, like Gecko) Chrome/147.0.0.0 Safari/537.36"
79.107.27.66 - - [05/May/2026:14:41:38 +0000] "GET /wp-content/plugins/contact-form-7/includes/css/styles.css?ver=6.1.5 HTTP/1.1" 200 1031 "https://nipponiacaribe.com/" "Mozilla/5.0 (Windows NT 10.0; Win64; x64) AppleWebKit/537.36 (KHTML, like Gecko) Chrome/147.0.0.0 Safari/537.36"
79.107.27.66 - - [05/May/2026:14:41:38 +0000] "GET /wp-content/plugins/wordfence/css/wordfenceBox.1777414075.css?ver=8.2.0 HTTP/1.1" 200 1833 "https://nipponiacaribe.com/" "Mozilla/5.0 (Windows NT 10.0; Win64; x64) AppleWebKit/537.36 (KHTML, like Gecko) Chrome/147.0.0.0 Safari/537.36"
79.107.27.66 - - [05/May/2026:14:41:38 +0000] "GET /wp-content/plugins/wp-store-locator/css/styles.min.css?ver=2.3.0 HTTP/1.1" 200 3638 "https://nipponiacaribe.com/" "Mozilla/5.0 (Windows NT 10.0; Win64; x64) AppleWebKit/537.36 (KHTML, like Gecko) Chrome/147.0.0.0 Safari/537.36"
79.107.27.66 - - [05/May/2026:14:41:38 +0000] "GET /wp-content/plugins/duplicate-post/css/duplicate-post.css?ver=4.6 HTTP/1.1" 200 1122 "https://nipponiacaribe.com/" "Mozilla/5.0 (Windows NT 10.0; Win64; x64) AppleWebKit/537.36 (KHTML, like Gecko) Chrome/147.0.0.0 Safari/537.36"
79.107.27.66 - - [05/May/2026:14:41:38 +0000] "GET /wp-content/plugins/tablepress/css/build/default.css?ver=3.3 HTTP/1.1" 200 1767 "https://nipponiacaribe.com/" "Mozilla/5.0 (Windows NT 10.0; Win64; x64) AppleWebKit/537.36 (KHTML, like Gecko) Chrome/147.0.0.0 Safari/537.36"
79.107.27.66 - - [05/May/2026:14:41:38 +0000] "GET /wp-content/plugins/wordpress-seo/css/dist/adminbar-2750.css HTTP/1.1" 200 5453 "https://nipponiacaribe.com/" "Mozilla/5.0 (Windows NT 10.0; Win64; x64) AppleWebKit/537.36 (KHTML, like Gecko) Chrome/147.0.0.0 Safari/537.36"
79.107.27.66 - - [05/May/2026:14:41:38 +0000] "GET /wp-content/plugins/elementor-pro/assets/css/modules/notes.min.css?ver=4.0.4 HTTP/1.1" 200 598 "https://nipponiacaribe.com/" "Mozilla/5.0 (Windows NT 10.0; Win64; x64) AppleWebKit/537.36 (KHTML, like Gecko) Chrome/147.0.0.0 Safari/537.36"
79.107.27.66 - - [05/May/2026:14:41:38 +0000] "GET /wp-content/plugins/elementor/assets/css/frontend.min.css?ver=4.0.6 HTTP/1.1" 200 7271 "https://nipponiacaribe.com/" "Mozilla/5.0 (Windows NT 10.0; Win64; x64) AppleWebKit/537.36 (KHTML, like Gecko) Chrome/147.0.0.0 Safari/537.36"
79.107.27.66 - - [05/May/2026:14:41:38 +0000] "GET /wp-content/plugins/elementor/assets/css/admin-bar.min.css?ver=4.0.6 HTTP/1.1" 200 314 "https://nipponiacaribe.com/" "Mozilla/5.0 (Windows NT 10.0; Win64; x64) AppleWebKit/537.36 (KHTML, like Gecko) Chrome/147.0.0.0 Safari/537.36"
79.107.27.66 - - [05/May/2026:14:41:38 +0000] "GET /wp-content/plugins/elementor/assets/css/widget-spacer.min.css?ver=4.0.6 HTTP/1.1" 200 338 "https://nipponiacaribe.com/" "Mozilla/5.0 (Windows NT 10.0; Win64; x64) AppleWebKit/537.36 (KHTML, like Gecko) Chrome/147.0.0.0 Safari/537.36"
79.107.27.66 - - [05/May/2026:14:41:38 +0000] "GET /wp-content/uploads/elementor/css/post-158.css?ver=1777992096 HTTP/1.1" 200 460 "https://nipponiacaribe.com/" "Mozilla/5.0 (Windows NT 10.0; Win64; x64) AppleWebKit/537.36 (KHTML, like Gecko) Chrome/147.0.0.0 Safari/537.36"
79.107.27.66 - - [05/May/2026:14:41:38 +0000] "GET /wp-content/plugins/elementor/assets/lib/animations/styles/fadeInRight.min.css?ver=4.0.6 HTTP/1.1" 200 120 "https://nipponiacaribe.com/" "Mozilla/5.0 (Windows NT 10.0; Win64; x64) AppleWebKit/537.36 (KHTML, like Gecko) Chrome/147.0.0.0 Safari/537.36"
79.107.27.66 - - [05/May/2026:14:41:38 +0000] "GET /wp-content/plugins/elementor/assets/lib/swiper/v8/css/swiper.min.css?ver=8.4.5 HTTP/1.1" 200 4583 "https://nipponiacaribe.com/" "Mozilla/5.0 (Windows NT 10.0; Win64; x64) AppleWebKit/537.36 (KHTML, like Gecko) Chrome/147.0.0.0 Safari/537.36"
79.107.27.66 - - [05/May/2026:14:41:38 +0000] "GET /wp-content/plugins/elementor/assets/css/conditionals/e-swiper.min.css?ver=4.0.6 HTTP/1.1" 200 799 "https://nipponiacaribe.com/" "Mozilla/5.0 (Windows NT 10.0; Win64; x64) AppleWebKit/537.36 (KHTML, like Gecko) Chrome/147.0.0.0 Safari/537.36"
79.107.27.66 - - [05/May/2026:14:41:38 +0000] "GET /wp-content/plugins/elementor-pro/assets/css/widget-slides.min.css?ver=4.0.4 HTTP/1.1" 200 622 "https://nipponiacaribe.com/" "Mozilla/5.0 (Windows NT 10.0; Win64; x64) AppleWebKit/537.36 (KHTML, like Gecko) Chrome/147.0.0.0 Safari/537.36"
79.107.27.66 - - [05/May/2026:14:41:38 +0000] "GET /wp-content/plugins/elementor-pro/assets/css/modules/motion-fx.min.css?ver=4.0.4 HTTP/1.1" 200 310 "https://nipponiacaribe.com/" "Mozilla/5.0 (Windows NT 10.0; Win64; x64) AppleWebKit/537.36 (KHTML, like Gecko) Chrome/147.0.0.0 Safari/537.36"
79.107.27.66 - - [05/May/2026:14:41:38 +0000] "GET /wp-content/plugins/elementor-pro/assets/css/widget-animated-headline.min.css?ver=4.0.4 HTTP/1.1" 200 1675 "https://nipponiacaribe.com/" "Mozilla/5.0 (Windows NT 10.0; Win64; x64) AppleWebKit/537.36 (KHTML, like Gecko) Chrome/147.0.0.0 Safari/537.36"
79.107.27.66 - - [05/May/2026:14:41:38 +0000] "GET /wp-content/plugins/elementor/assets/css/widget-heading.min.css?ver=4.0.6 HTTP/1.1" 200 160 "https://nipponiacaribe.com/" "Mozilla/5.0 (Windows NT 10.0; Win64; x64) AppleWebKit/537.36 (KHTML, like Gecko) Chrome/147.0.0.0 Safari/537.36"
79.107.27.66 - - [05/May/2026:14:41:38 +0000] "GET /wp-content/plugins/elementor/assets/lib/animations/styles/e-animation-shrink.min.css?ver=4.0.6 HTTP/1.1" 200 118 "https://nipponiacaribe.com/" "Mozilla/5.0 (Windows NT 10.0; Win64; x64) AppleWebKit/537.36 (KHTML, like Gecko) Chrome/147.0.0.0 Safari/537.36"
79.107.27.66 - - [05/May/2026:14:41:38 +0000] "GET /wp-content/plugins/elementor/assets/css/widget-image.min.css?ver=4.0.6 HTTP/1.1" 200 135 "https://nipponiacaribe.com/" "Mozilla/5.0 (Windows NT 10.0; Win64; x64) AppleWebKit/537.36 (KHTML, like Gecko) Chrome/147.0.0.0 Safari/537.36"
79.107.27.66 - - [05/May/2026:14:41:38 +0000] "GET /wp-content/uploads/elementor/css/post-179.css?ver=1777992096 HTTP/1.1" 200 1356 "https://nipponiacaribe.com/" "Mozilla/5.0 (Windows NT 10.0; Win64; x64) AppleWebKit/537.36 (KHTML, like Gecko) Chrome/147.0.0.0 Safari/537.36"
79.107.27.66 - - [05/May/2026:14:41:38 +0000] "GET /wp-content/plugins/wordfence/js/wfi18n.1777414075.js?ver=8.2.0 HTTP/1.1" 200 2098 "https://nipponiacaribe.com/" "Mozilla/5.0 (Windows NT 10.0; Win64; x64) AppleWebKit/537.36 (KHTML, like Gecko) Chrome/147.0.0.0 Safari/537.36"
79.107.27.66 - - [05/May/2026:14:41:38 +0000] "GET /wp-content/plugins/wordfence/js/admin.ajaxWatcher.1777414075.js?ver=8.2.0 HTTP/1.1" 200 5951 "https://nipponiacaribe.com/" "Mozilla/5.0 (Windows NT 10.0; Win64; x64) AppleWebKit/537.36 (KHTML, like Gecko) Chrome/147.0.0.0 Safari/537.36"
79.107.27.66 - - [05/May/2026:14:41:38 +0000] "GET /wp-content/plugins/insert-headers-and-footers/build/admin-bar.js?ver=c95624a69c80301272a0 HTTP/1.1" 200 558 "https://nipponiacaribe.com/" "Mozilla/5.0 (Windows NT 10.0; Win64; x64) AppleWebKit/537.36 (KHTML, like Gecko) Chrome/147.0.0.0 Safari/537.36"
79.107.27.66 - - [05/May/2026:14:41:39 +0000] "GET /wp-content/plugins/elementor-pro/assets/js/notes/notes-app-initiator.min.js?ver=4.0.4 HTTP/1.1" 200 1733 "https://nipponiacaribe.com/" "Mozilla/5.0 (Windows NT 10.0; Win64; x64) AppleWebKit/537.36 (KHTML, like Gecko) Chrome/147.0.0.0 Safari/537.36"
79.107.27.66 - - [05/May/2026:14:41:39 +0000] "GET /wp-content/plugins/elementor-pro/assets/js/notes/notes.min.js?ver=4.0.4 HTTP/1.1" 200 4722 "https://nipponiacaribe.com/" "Mozilla/5.0 (Windows NT 10.0; Win64; x64) AppleWebKit/537.36 (KHTML, like Gecko) Chrome/147.0.0.0 Safari/537.36"
79.107.27.66 - - [05/May/2026:14:41:38 +0000] "GET /wp-content/plugins/elementor/assets/js/web-cli.min.js?ver=4.0.6 HTTP/1.1" 200 40807 "https://nipponiacaribe.com/" "Mozilla/5.0 (Windows NT 10.0; Win64; x64) AppleWebKit/537.36 (KHTML, like Gecko) Chrome/147.0.0.0 Safari/537.36"
79.107.27.66 - - [05/May/2026:14:41:38 +0000] "GET /wp-content/plugins/elementor/assets/lib/swiper/v8/swiper.min.js?ver=8.4.5 HTTP/1.1" 200 39695 "https://nipponiacaribe.com/" "Mozilla/5.0 (Windows NT 10.0; Win64; x64) AppleWebKit/537.36 (KHTML, like Gecko) Chrome/147.0.0.0 Safari/537.36"
79.107.27.66 - - [05/May/2026:14:41:39 +0000] "GET /wp-content/plugins/elementor/assets/js/common-modules.min.js?ver=4.0.6 HTTP/1.1" 200 28612 "https://nipponiacaribe.com/" "Mozilla/5.0 (Windows NT 10.0; Win64; x64) AppleWebKit/537.36 (KHTML, like Gecko) Chrome/147.0.0.0 Safari/537.36"
79.107.27.66 - - [05/May/2026:14:41:39 +0000] "GET /wp-content/plugins/elementor/assets/lib/dialog/dialog.min.js?ver=4.9.4 HTTP/1.1" 200 3782 "https://nipponiacaribe.com/" "Mozilla/5.0 (Windows NT 10.0; Win64; x64) AppleWebKit/537.36 (KHTML, like Gecko) Chrome/147.0.0.0 Safari/537.36"
79.107.27.66 - - [05/May/2026:14:41:39 +0000] "GET /wp-content/plugins/elementor/assets/js/dev-tools.min.js?ver=4.0.6 HTTP/1.1" 200 2469 "https://nipponiacaribe.com/" "Mozilla/5.0 (Windows NT 10.0; Win64; x64) AppleWebKit/537.36 (KHTML, like Gecko) Chrome/147.0.0.0 Safari/537.36"
79.107.27.66 - - [05/May/2026:14:41:39 +0000] "GET /wp-content/plugins/elementor/assets/lib/eicons/fonts/eicons.woff2?5.48.0 HTTP/1.1" 200 105738 "https://nipponiacaribe.com/wp-content/plugins/elementor/assets/lib/eicons/css/elementor-icons.min.css?ver=5.48.0" "Mozilla/5.0 (Windows NT 10.0; Win64; x64) AppleWebKit/537.36 (KHTML, like Gecko) Chrome/147.0.0.0 Safari/537.36"
79.107.27.66 - - [05/May/2026:14:41:39 +0000] "GET /wp-content/plugins/elementor/assets/js/app-loader.min.js?ver=4.0.6 HTTP/1.1" 200 24617 "https://nipponiacaribe.com/" "Mozilla/5.0 (Windows NT 10.0; Win64; x64) AppleWebKit/537.36 (KHTML, like Gecko) Chrome/147.0.0.0 Safari/537.36"
79.107.27.66 - - [05/May/2026:14:41:39 +0000] "GET /wp-content/plugins/contact-form-7/includes/swv/js/index.js?ver=6.1.5 HTTP/1.1" 200 3503 "https://nipponiacaribe.com/" "Mozilla/5.0 (Windows NT 10.0; Win64; x64) AppleWebKit/537.36 (KHTML, like Gecko) Chrome/147.0.0.0 Safari/537.36"
79.107.27.66 - - [05/May/2026:14:41:39 +0000] "GET /wp-content/plugins/contact-form-7/includes/js/index.js?ver=6.1.5 HTTP/1.1" 200 4265 "https://nipponiacaribe.com/" "Mozilla/5.0 (Windows NT 10.0; Win64; x64) AppleWebKit/537.36 (KHTML, like Gecko) Chrome/147.0.0.0 Safari/537.36"
79.107.27.66 - - [05/May/2026:14:41:39 +0000] "GET /wp-content/plugins/contact-form-7/modules/recaptcha/index.js?ver=6.1.5 HTTP/1.1" 200 483 "https://nipponiacaribe.com/" "Mozilla/5.0 (Windows NT 10.0; Win64; x64) AppleWebKit/537.36 (KHTML, like Gecko) Chrome/147.0.0.0 Safari/537.36"
79.107.27.66 - - [05/May/2026:14:41:39 +0000] "GET /wp-content/plugins/elementor/assets/js/webpack.runtime.min.js?ver=4.0.6 HTTP/1.1" 200 2496 "https://nipponiacaribe.com/" "Mozilla/5.0 (Windows NT 10.0; Win64; x64) AppleWebKit/537.36 (KHTML, like Gecko) Chrome/147.0.0.0 Safari/537.36"
79.107.27.66 - - [05/May/2026:14:41:39 +0000] "GET /wp-content/plugins/elementor/assets/js/frontend-modules.min.js?ver=4.0.6 HTTP/1.1" 200 15970 "https://nipponiacaribe.com/" "Mozilla/5.0 (Windows NT 10.0; Win64; x64) AppleWebKit/537.36 (KHTML, like Gecko) Chrome/147.0.0.0 Safari/537.36"
79.107.27.66 - - [05/May/2026:14:41:39 +0000] "GET /wp-content/plugins/elementor/assets/js/frontend.min.js?ver=4.0.6 HTTP/1.1" 200 10339 "https://nipponiacaribe.com/" "Mozilla/5.0 (Windows NT 10.0; Win64; x64) AppleWebKit/537.36 (KHTML, like Gecko) Chrome/147.0.0.0 Safari/537.36"
79.107.27.66 - - [05/May/2026:14:41:39 +0000] "GET /wp-content/plugins/elementor/assets/js/common.min.js?ver=4.0.6 HTTP/1.1" 200 144696 "https://nipponiacaribe.com/" "Mozilla/5.0 (Windows NT 10.0; Win64; x64) AppleWebKit/537.36 (KHTML, like Gecko) Chrome/147.0.0.0 Safari/537.36"
79.107.27.66 - - [05/May/2026:14:41:39 +0000] "GET /wp-content/plugins/elementor-pro/assets/js/elements-handlers.min.js?ver=4.0.4 HTTP/1.1" 200 10535 "https://nipponiacaribe.com/" "Mozilla/5.0 (Windows NT 10.0; Win64; x64) AppleWebKit/537.36 (KHTML, like Gecko) Chrome/147.0.0.0 Safari/537.36"
79.107.27.66 - - [05/May/2026:14:41:39 +0000] "GET /wp-content/plugins/elementor-pro/assets/js/webpack-pro.runtime.min.js?ver=4.0.4 HTTP/1.1" 200 2830 "https://nipponiacaribe.com/" "Mozilla/5.0 (Windows NT 10.0; Win64; x64) AppleWebKit/537.36 (KHTML, like Gecko) Chrome/147.0.0.0 Safari/537.36"
79.107.27.66 - - [05/May/2026:14:41:39 +0000] "GET /wp-content/plugins/elementor-pro/assets/js/frontend.min.js?ver=4.0.4 HTTP/1.1" 200 6419 "https://nipponiacaribe.com/" "Mozilla/5.0 (Windows NT 10.0; Win64; x64) AppleWebKit/537.36 (KHTML, like Gecko) Chrome/147.0.0.0 Safari/537.36"
79.107.27.66 - - [05/May/2026:14:41:39 +0000] "GET /wp-content/plugins/elementor/assets/js/elementor-admin-bar.min.js?ver=4.0.6 HTTP/1.1" 200 2247 "https://nipponiacaribe.com/" "Mozilla/5.0 (Windows NT 10.0; Win64; x64) AppleWebKit/537.36 (KHTML, like Gecko) Chrome/147.0.0.0 Safari/537.36"
79.107.27.66 - - [05/May/2026:14:41:39 +0000] "GET /wp-content/plugins/google-site-kit/dist/assets/js/googlesitekit-events-provider-ninja-forms-de64a20f79b99aba5219.js HTTP/1.1" 200 1222 "https://nipponiacaribe.com/" "Mozilla/5.0 (Windows NT 10.0; Win64; x64) AppleWebKit/537.36 (KHTML, like Gecko) Chrome/147.0.0.0 Safari/537.36"
79.107.27.66 - - [05/May/2026:14:41:39 +0000] "GET /wp-content/plugins/google-site-kit/dist/assets/js/googlesitekit-events-provider-contact-form-7-08e8756782316cb65854.js HTTP/1.1" 200 1236 "https://nipponiacaribe.com/" "Mozilla/5.0 (Windows NT 10.0; Win64; x64) AppleWebKit/537.36 (KHTML, like Gecko) Chrome/147.0.0.0 Safari/537.36"
79.107.27.66 - - [05/May/2026:14:41:39 +0000] "GET /wp-content/plugins/elementor/assets/js/section-frontend-handlers.d85ab872da118940910d.bundle.min.js HTTP/1.1" 200 269 "https://nipponiacaribe.com/" "Mozilla/5.0 (Windows NT 10.0; Win64; x64) AppleWebKit/537.36 (KHTML, like Gecko) Chrome/147.0.0.0 Safari/537.36"
79.107.27.66 - - [05/May/2026:14:41:39 +0000] "GET /wp-content/plugins/elementor-pro/assets/js/animated-headline.bc08854fb1e1a80434b2.bundle.min.js HTTP/1.1" 200 2679 "https://nipponiacaribe.com/" "Mozilla/5.0 (Windows NT 10.0; Win64; x64) AppleWebKit/537.36 (KHTML, like Gecko) Chrome/147.0.0.0 Safari/537.36"
79.107.27.66 - - [05/May/2026:14:41:39 +0000] "GET /wp-content/plugins/elementor-pro/assets/js/slides.8e9b74f1b31471377df8.bundle.min.js HTTP/1.1" 200 1464 "https://nipponiacaribe.com/" "Mozilla/5.0 (Windows NT 10.0; Win64; x64) AppleWebKit/537.36 (KHTML, like Gecko) Chrome/147.0.0.0 Safari/537.36"
79.107.27.66 - - [05/May/2026:14:41:39 +0000] "GET /wp-content/plugins/elementor/assets/js/text-editor.45609661e409413f1cef.bundle.min.js HTTP/1.1" 200 648 "https://nipponiacaribe.com/" "Mozilla/5.0 (Windows NT 10.0; Win64; x64) AppleWebKit/537.36 (KHTML, like Gecko) Chrome/147.0.0.0 Safari/537.36"
79.107.27.66 - - [05/May/2026:14:41:39 +0000] "GET /wp-content/plugins/elementor/assets/js/shared-frontend-handlers.03caa53373b56d3bab67.bundle.min.js HTTP/1.1" 200 2644 "https://nipponiacaribe.com/" "Mozilla/5.0 (Windows NT 10.0; Win64; x64) AppleWebKit/537.36 (KHTML, like Gecko) Chrome/147.0.0.0 Safari/537.36"
100.31.211.65 - - [05/May/2026:14:41:39 +0000] "GET /wp-content/uploads/2026/04/landing-page-banner-1-.jpg HTTP/1.1" 200 202764 "-" "Optimole(1.0)"
100.54.104.147 - - [05/May/2026:14:41:39 +0000] "GET /wp-content/uploads/2026/04/landing-page-banner-2.jpg HTTP/1.1" 200 246057 "-" "Optimole(1.0)"
54.166.29.191 - - [05/May/2026:14:41:39 +0000] "GET /wp-content/uploads/2026/04/landing-page-banner-3.jpg HTTP/1.1" 200 279239 "-" "Optimole(1.0)"
36.79.10.208 - - [05/May/2026:14:41:25 +0000] "POST /xmlrpc.php HTTP/1.1" 503 7791 "-" "WordPress.com; https://wordpress.com"
36.79.10.208 - - [05/May/2026:14:41:36 +0000] "POST /xmlrpc.php HTTP/1.1" 503 7822 "-" "Jetpack/12.5; WordPress/6.1; http://site59355431.com"
79.107.27.66 - - [05/May/2026:14:41:36 +0000] "GET /wp-admin/plugins.php HTTP/1.1" 200 78404 "https://nipponiacaribe.com/wp-admin/update-core.php?action=do-plugin-upgrade" "Mozilla/5.0 (Windows NT 10.0; Win64; x64) AppleWebKit/537.36 (KHTML, like Gecko) Chrome/147.0.0.0 Safari/537.36"
79.107.27.66 - - [05/May/2026:14:41:45 +0000] "GET /wp-content/plugins/wordfence/css/wf-global.1777414075.css?ver=8.2.0 HTTP/1.1" 200 525 "https://nipponiacaribe.com/wp-admin/plugins.php" "Mozilla/5.0 (Windows NT 10.0; Win64; x64) AppleWebKit/537.36 (KHTML, like Gecko) Chrome/147.0.0.0 Safari/537.36"
79.107.27.66 - - [05/May/2026:14:41:45 +0000] "GET /wp-content/plugins/wordfence/css/wf-deactivation.1777414075.css?ver=8.2.0 HTTP/1.1" 200 1244 "https://nipponiacaribe.com/wp-admin/plugins.php" "Mozilla/5.0 (Windows NT 10.0; Win64; x64) AppleWebKit/537.36 (KHTML, like Gecko) Chrome/147.0.0.0 Safari/537.36"
79.107.27.66 - - [05/May/2026:14:41:45 +0000] "GET /wp-content/plugins/insert-headers-and-footers/build/admin-bar.css?ver=c95624a69c80301272a0 HTTP/1.1" 304 - "https://nipponiacaribe.com/wp-admin/plugins.php" "Mozilla/5.0 (Windows NT 10.0; Win64; x64) AppleWebKit/537.36 (KHTML, like Gecko) Chrome/147.0.0.0 Safari/537.36"
79.107.27.66 - - [05/May/2026:14:41:45 +0000] "GET /wp-content/plugins/wordfence/modules/login-security/css/admin-global.1777414075.css?ver=1.1.16 HTTP/1.1" 200 3372 "https://nipponiacaribe.com/wp-admin/plugins.php" "Mozilla/5.0 (Windows NT 10.0; Win64; x64) AppleWebKit/537.36 (KHTML, like Gecko) Chrome/147.0.0.0 Safari/537.36"
79.107.27.66 - - [05/May/2026:14:41:45 +0000] "GET /wp-content/plugins/wordfence/css/wordfenceBox.1777414075.css?ver=8.2.0 HTTP/1.1" 304 - "https://nipponiacaribe.com/wp-admin/plugins.php" "Mozilla/5.0 (Windows NT 10.0; Win64; x64) AppleWebKit/537.36 (KHTML, like Gecko) Chrome/147.0.0.0 Safari/537.36"
79.107.27.66 - - [05/May/2026:14:41:45 +0000] "GET /wp-content/plugins/wordfence/css/wf-font-awesome.1777414075.css?ver=8.2.0 HTTP/1.1" 200 107174 "https://nipponiacaribe.com/wp-admin/plugins.php" "Mozilla/5.0 (Windows NT 10.0; Win64; x64) AppleWebKit/537.36 (KHTML, like Gecko) Chrome/147.0.0.0 Safari/537.36"
79.107.27.66 - - [05/May/2026:14:41:45 +0000] "GET /wp-content/plugins/wordfence/css/license/free-global.1777414075.css?ver=8.2.0 HTTP/1.1" 200 3098 "https://nipponiacaribe.com/wp-admin/plugins.php" "Mozilla/5.0 (Windows NT 10.0; Win64; x64) AppleWebKit/537.36 (KHTML, like Gecko) Chrome/147.0.0.0 Safari/537.36"
79.107.27.66 - - [05/May/2026:14:41:45 +0000] "GET /wp-content/plugins/wp-store-locator/admin/css/micromodal.min.css?ver=2.3.0 HTTP/1.1" 200 898 "https://nipponiacaribe.com/wp-admin/plugins.php" "Mozilla/5.0 (Windows NT 10.0; Win64; x64) AppleWebKit/537.36 (KHTML, like Gecko) Chrome/147.0.0.0 Safari/537.36"
79.107.27.66 - - [05/May/2026:14:41:45 +0000] "GET /wp-content/plugins/wordfence/css/wf-adminbar.1777414075.css?ver=8.2.0 HTTP/1.1" 200 89202 "https://nipponiacaribe.com/wp-admin/plugins.php" "Mozilla/5.0 (Windows NT 10.0; Win64; x64) AppleWebKit/537.36 (KHTML, like Gecko) Chrome/147.0.0.0 Safari/537.36"
79.107.27.66 - - [05/May/2026:14:41:45 +0000] "GET /wp-content/plugins/wp-store-locator/admin/css/style-3.8.min.css?ver=2.3.0 HTTP/1.1" 200 396 "https://nipponiacaribe.com/wp-admin/plugins.php" "Mozilla/5.0 (Windows NT 10.0; Win64; x64) AppleWebKit/537.36 (KHTML, like Gecko) Chrome/147.0.0.0 Safari/537.36"
79.107.27.66 - - [05/May/2026:14:41:45 +0000] "GET /wp-content/plugins/elementor/vendor/elementor/wp-one-package/assets/build/common.css?ver=1.0.60 HTTP/1.1" 200 657 "https://nipponiacaribe.com/wp-admin/plugins.php" "Mozilla/5.0 (Windows NT 10.0; Win64; x64) AppleWebKit/537.36 (KHTML, like Gecko) Chrome/147.0.0.0 Safari/537.36"
79.107.27.66 - - [05/May/2026:14:41:45 +0000] "GET /wp-content/plugins/elementor-pro/assets/css/admin.min.css?ver=4.0.4 HTTP/1.1" 200 3744 "https://nipponiacaribe.com/wp-admin/plugins.php" "Mozilla/5.0 (Windows NT 10.0; Win64; x64) AppleWebKit/537.36 (KHTML, like Gecko) Chrome/147.0.0.0 Safari/537.36"
79.107.27.66 - - [05/May/2026:14:41:45 +0000] "GET /wp-content/plugins/wordpress-seo/css/dist/admin-global-2750.css HTTP/1.1" 200 8000 "https://nipponiacaribe.com/wp-admin/plugins.php" "Mozilla/5.0 (Windows NT 10.0; Win64; x64) AppleWebKit/537.36 (KHTML, like Gecko) Chrome/147.0.0.0 Safari/537.36"
79.107.27.66 - - [05/May/2026:14:41:45 +0000] "GET /wp-content/plugins/elementor/assets/css/modules/editor-one/admin-menu.min.css?ver=4.0.6 HTTP/1.1" 200 1141 "https://nipponiacaribe.com/wp-admin/plugins.php" "Mozilla/5.0 (Windows NT 10.0; Win64; x64) AppleWebKit/537.36 (KHTML, like Gecko) Chrome/147.0.0.0 Safari/537.36"
79.107.27.66 - - [05/May/2026:14:41:45 +0000] "GET /wp-content/plugins/wordpress-seo/css/dist/tailwind-2750.css HTTP/1.1" 200 22258 "https://nipponiacaribe.com/wp-admin/plugins.php" "Mozilla/5.0 (Windows NT 10.0; Win64; x64) AppleWebKit/537.36 (KHTML, like Gecko) Chrome/147.0.0.0 Safari/537.36"
79.107.27.66 - - [05/May/2026:14:41:45 +0000] "GET /wp-content/plugins/wordpress-seo/css/dist/wpseo-dismissible-2750.css HTTP/1.1" 200 369 "https://nipponiacaribe.com/wp-admin/plugins.php" "Mozilla/5.0 (Windows NT 10.0; Win64; x64) AppleWebKit/537.36 (KHTML, like Gecko) Chrome/147.0.0.0 Safari/537.36"
79.107.27.66 - - [05/May/2026:14:41:45 +0000] "GET /wp-admin/load-styles.php?c=0&dir=ltr&load%5Bchunk_0%5D=dashicons,admin-bar,wp-pointer,wp-jquery-ui-dialog,common,forms,admin-menu,dashboard,list-tables,edit,revisions,media,themes,abo&load%5Bchunk_1%5D=ut,nav-menus,widgets,site-icon,l10n,buttons,wp-auth-check,wp-components,wp-commands&ver=6.9.4 HTTP/1.1" 200 120142 "https://nipponiacaribe.com/wp-admin/plugins.php" "Mozilla/5.0 (Windows NT 10.0; Win64; x64) AppleWebKit/537.36 (KHTML, like Gecko) Chrome/147.0.0.0 Safari/537.36"
79.107.27.66 - - [05/May/2026:14:41:45 +0000] "GET /wp-content/plugins/elementor/assets/lib/eicons/css/elementor-icons.min.css?ver=5.48.0 HTTP/1.1" 304 - "https://nipponiacaribe.com/wp-admin/plugins.php" "Mozilla/5.0 (Windows NT 10.0; Win64; x64) AppleWebKit/537.36 (KHTML, like Gecko) Chrome/147.0.0.0 Safari/537.36"
79.107.27.66 - - [05/May/2026:14:41:45 +0000] "GET /wp-content/plugins/elementor/assets/css/common.min.css?ver=4.0.6 HTTP/1.1" 304 - "https://nipponiacaribe.com/wp-admin/plugins.php" "Mozilla/5.0 (Windows NT 10.0; Win64; x64) AppleWebKit/537.36 (KHTML, like Gecko) Chrome/147.0.0.0 Safari/537.36"
79.107.27.66 - - [05/May/2026:14:41:45 +0000] "GET /wp-content/plugins/elementor/assets/css/theme-light.min.css?ver=4.0.6 HTTP/1.1" 304 - "https://nipponiacaribe.com/wp-admin/plugins.php" "Mozilla/5.0 (Windows NT 10.0; Win64; x64) AppleWebKit/537.36 (KHTML, like Gecko) Chrome/147.0.0.0 Safari/537.36"
79.107.27.66 - - [05/May/2026:14:41:45 +0000] "GET /wp-content/plugins/elementor/assets/css/admin.min.css?ver=4.0.6 HTTP/1.1" 200 13469 "https://nipponiacaribe.com/wp-admin/plugins.php" "Mozilla/5.0 (Windows NT 10.0; Win64; x64) AppleWebKit/537.36 (KHTML, like Gecko) Chrome/147.0.0.0 Safari/537.36"
79.107.27.66 - - [05/May/2026:14:41:45 +0000] "GET /wp-content/plugins/wordpress-seo/css/dist/adminbar-2750.css HTTP/1.1" 304 - "https://nipponiacaribe.com/wp-admin/plugins.php" "Mozilla/5.0 (Windows NT 10.0; Win64; x64) AppleWebKit/537.36 (KHTML, like Gecko) Chrome/147.0.0.0 Safari/537.36"
79.107.27.66 - - [05/May/2026:14:41:45 +0000] "GET /wp-content/plugins/wordfence/js/wfglobal.1777414075.js?ver=8.2.0 HTTP/1.1" 200 10844 "https://nipponiacaribe.com/wp-admin/plugins.php" "Mozilla/5.0 (Windows NT 10.0; Win64; x64) AppleWebKit/537.36 (KHTML, like Gecko) Chrome/147.0.0.0 Safari/537.36"
79.107.27.66 - - [05/May/2026:14:41:45 +0000] "GET /wp-content/plugins/wordfence/js/wfi18n.1777414075.js?ver=8.2.0 HTTP/1.1" 304 - "https://nipponiacaribe.com/wp-admin/plugins.php" "Mozilla/5.0 (Windows NT 10.0; Win64; x64) AppleWebKit/537.36 (KHTML, like Gecko) Chrome/147.0.0.0 Safari/537.36"
79.107.27.66 - - [05/May/2026:14:41:45 +0000] "GET /wp-content/plugins/wordfence/js/admin.ajaxWatcher.1777414075.js?ver=8.2.0 HTTP/1.1" 304 - "https://nipponiacaribe.com/wp-admin/plugins.php" "Mozilla/5.0 (Windows NT 10.0; Win64; x64) AppleWebKit/537.36 (KHTML, like Gecko) Chrome/147.0.0.0 Safari/537.36"
79.107.27.66 - - [05/May/2026:14:41:46 +0000] "GET /wp-content/plugins/wordfence/js/wfdashboard.1777414075.js?ver=8.2.0 HTTP/1.1" 200 200 "https://nipponiacaribe.com/wp-admin/plugins.php" "Mozilla/5.0 (Windows NT 10.0; Win64; x64) AppleWebKit/537.36 (KHTML, like Gecko) Chrome/147.0.0.0 Safari/537.36"
79.107.27.66 - - [05/May/2026:14:41:46 +0000] "GET /wp-content/plugins/wordfence/js/wfpopover.1777414075.js?ver=8.2.0 HTTP/1.1" 200 6408 "https://nipponiacaribe.com/wp-admin/plugins.php" "Mozilla/5.0 (Windows NT 10.0; Win64; x64) AppleWebKit/537.36 (KHTML, like Gecko) Chrome/147.0.0.0 Safari/537.36"
79.107.27.66 - - [05/May/2026:14:41:46 +0000] "GET /wp-content/plugins/wordpress-seo/js/dist/admin-global.js?ver=7c731bd4028df6f69f28 HTTP/1.1" 200 2247 "https://nipponiacaribe.com/wp-admin/plugins.php" "Mozilla/5.0 (Windows NT 10.0; Win64; x64) AppleWebKit/537.36 (KHTML, like Gecko) Chrome/147.0.0.0 Safari/537.36"
79.107.27.66 - - [05/May/2026:14:41:46 +0000] "GET /wp-content/plugins/ninja-forms/assets/css/admin-notices.css?nf_ver=3.14.3&ver=6.9.4 HTTP/1.1" 200 656 "https://nipponiacaribe.com/wp-admin/plugins.php" "Mozilla/5.0 (Windows NT 10.0; Win64; x64) AppleWebKit/537.36 (KHTML, like Gecko) Chrome/147.0.0.0 Safari/537.36"
79.107.27.66 - - [05/May/2026:14:41:46 +0000] "GET /wp-content/plugins/optimole-wp/assets/img/logo.svg HTTP/1.1" 200 16960 "https://nipponiacaribe.com/wp-admin/plugins.php" "Mozilla/5.0 (Windows NT 10.0; Win64; x64) AppleWebKit/537.36 (KHTML, like Gecko) Chrome/147.0.0.0 Safari/537.36"
79.107.27.66 - - [05/May/2026:14:41:46 +0000] "GET /wp-content/plugins/tablepress/libraries/freemius/assets/css/admin/dialog-boxes.css?ver=6.9.4 HTTP/1.1" 200 2431 "https://nipponiacaribe.com/wp-admin/plugins.php" "Mozilla/5.0 (Windows NT 10.0; Win64; x64) AppleWebKit/537.36 (KHTML, like Gecko) Chrome/147.0.0.0 Safari/537.36"
79.107.27.66 - - [05/May/2026:14:41:46 +0000] "GET /wp-content/plugins/tablepress/libraries/freemius/assets/css/admin/optout.css?ver=6.9.4 HTTP/1.1" 200 1035 "https://nipponiacaribe.com/wp-admin/plugins.php" "Mozilla/5.0 (Windows NT 10.0; Win64; x64) AppleWebKit/537.36 (KHTML, like Gecko) Chrome/147.0.0.0 Safari/537.36"
79.107.27.66 - - [05/May/2026:14:41:46 +0000] "GET /wp-content/plugins/insert-headers-and-footers/build/admin-bar.js?ver=c95624a69c80301272a0 HTTP/1.1" 304 - "https://nipponiacaribe.com/wp-admin/plugins.php" "Mozilla/5.0 (Windows NT 10.0; Win64; x64) AppleWebKit/537.36 (KHTML, like Gecko) Chrome/147.0.0.0 Safari/537.36"
79.107.27.66 - - [05/May/2026:14:41:45 +0000] "GET /wp-admin/load-scripts.php?c=0&load%5Bchunk_0%5D=jquery-core,jquery-migrate,utils,wp-polyfill&ver=6.9.4 HTTP/1.1" 200 46529 "https://nipponiacaribe.com/wp-admin/plugins.php" "Mozilla/5.0 (Windows NT 10.0; Win64; x64) AppleWebKit/537.36 (KHTML, like Gecko) Chrome/147.0.0.0 Safari/537.36"
79.107.27.66 - - [05/May/2026:14:41:46 +0000] "GET /wp-includes/js/jquery/ui/resizable.min.js?ver=1.13.3 HTTP/1.1" 200 5354 "https://nipponiacaribe.com/wp-admin/plugins.php" "Mozilla/5.0 (Windows NT 10.0; Win64; x64) AppleWebKit/537.36 (KHTML, like Gecko) Chrome/147.0.0.0 Safari/537.36"
79.107.27.66 - - [05/May/2026:14:41:46 +0000] "GET /wp-includes/js/jquery/ui/controlgroup.min.js?ver=1.13.3 HTTP/1.1" 200 1606 "https://nipponiacaribe.com/wp-admin/plugins.php" "Mozilla/5.0 (Windows NT 10.0; Win64; x64) AppleWebKit/537.36 (KHTML, like Gecko) Chrome/147.0.0.0 Safari/537.36"
79.107.27.66 - - [05/May/2026:14:41:46 +0000] "GET /wp-includes/js/jquery/ui/checkboxradio.min.js?ver=1.13.3 HTTP/1.1" 200 1422 "https://nipponiacaribe.com/wp-admin/plugins.php" "Mozilla/5.0 (Windows NT 10.0; Win64; x64) AppleWebKit/537.36 (KHTML, like Gecko) Chrome/147.0.0.0 Safari/537.36"
79.107.27.66 - - [05/May/2026:14:41:46 +0000] "GET /wp-admin/load-scripts.php?c=0&load%5Bchunk_0%5D=hoverIntent,wp-dom-ready,wp-hooks&ver=6.9.4 HTTP/1.1" 200 2692 "https://nipponiacaribe.com/wp-admin/plugins.php" "Mozilla/5.0 (Windows NT 10.0; Win64; x64) AppleWebKit/537.36 (KHTML, like Gecko) Chrome/147.0.0.0 Safari/537.36"
79.107.27.66 - - [05/May/2026:14:41:46 +0000] "GET /wp-includes/js/jquery/ui/button.min.js?ver=1.13.3 HTTP/1.1" 200 1979 "https://nipponiacaribe.com/wp-admin/plugins.php" "Mozilla/5.0 (Windows NT 10.0; Win64; x64) AppleWebKit/537.36 (KHTML, like Gecko) Chrome/147.0.0.0 Safari/537.36"
79.107.27.66 - - [05/May/2026:14:41:46 +0000] "GET /wp-content/plugins/elementor/assets/js/common-modules.min.js?ver=4.0.6 HTTP/1.1" 304 - "https://nipponiacaribe.com/wp-admin/plugins.php" "Mozilla/5.0 (Windows NT 10.0; Win64; x64) AppleWebKit/537.36 (KHTML, like Gecko) Chrome/147.0.0.0 Safari/537.36"
79.107.27.66 - - [05/May/2026:14:41:46 +0000] "GET /wp-content/plugins/elementor/assets/js/web-cli.min.js?ver=4.0.6 HTTP/1.1" 304 - "https://nipponiacaribe.com/wp-admin/plugins.php" "Mozilla/5.0 (Windows NT 10.0; Win64; x64) AppleWebKit/537.36 (KHTML, like Gecko) Chrome/147.0.0.0 Safari/537.36"
79.107.27.66 - - [05/May/2026:14:41:46 +0000] "GET /wp-includes/js/jquery/ui/dialog.min.js?ver=1.13.3 HTTP/1.1" 200 3832 "https://nipponiacaribe.com/wp-admin/plugins.php" "Mozilla/5.0 (Windows NT 10.0; Win64; x64) AppleWebKit/537.36 (KHTML, like Gecko) Chrome/147.0.0.0 Safari/537.36"
79.107.27.66 - - [05/May/2026:14:41:46 +0000] "GET /wp-content/plugins/elementor/assets/js/dev-tools.min.js?ver=4.0.6 HTTP/1.1" 304 - "https://nipponiacaribe.com/wp-admin/plugins.php" "Mozilla/5.0 (Windows NT 10.0; Win64; x64) AppleWebKit/537.36 (KHTML, like Gecko) Chrome/147.0.0.0 Safari/537.36"
79.107.27.66 - - [05/May/2026:14:41:46 +0000] "GET /wp-content/plugins/kirki/assets/images/kirki-20X20.svg HTTP/1.1" 200 431 "https://nipponiacaribe.com/wp-admin/plugins.php" "Mozilla/5.0 (Windows NT 10.0; Win64; x64) AppleWebKit/537.36 (KHTML, like Gecko) Chrome/147.0.0.0 Safari/537.36"
79.107.27.66 - - [05/May/2026:14:41:46 +0000] "GET /wp-content/plugins/elementor/assets/js/common.min.js?ver=4.0.6 HTTP/1.1" 304 - "https://nipponiacaribe.com/wp-admin/plugins.php" "Mozilla/5.0 (Windows NT 10.0; Win64; x64) AppleWebKit/537.36 (KHTML, like Gecko) Chrome/147.0.0.0 Safari/537.36"
79.107.27.66 - - [05/May/2026:14:41:46 +0000] "GET /wp-content/plugins/elementor/assets/js/app-loader.min.js?ver=4.0.6 HTTP/1.1" 304 - "https://nipponiacaribe.com/wp-admin/plugins.php" "Mozilla/5.0 (Windows NT 10.0; Win64; x64) AppleWebKit/537.36 (KHTML, like Gecko) Chrome/147.0.0.0 Safari/537.36"
79.107.27.66 - - [05/May/2026:14:41:46 +0000] "GET /wp-content/plugins/wp-store-locator/admin/js/micromodal.min.js?ver=0.4.10 HTTP/1.1" 200 2527 "https://nipponiacaribe.com/wp-admin/plugins.php" "Mozilla/5.0 (Windows NT 10.0; Win64; x64) AppleWebKit/537.36 (KHTML, like Gecko) Chrome/147.0.0.0 Safari/537.36"
79.107.27.66 - - [05/May/2026:14:41:46 +0000] "GET /wp-content/plugins/wp-store-locator/admin/js/wpsl-admin.min.js?ver=2.3.0 HTTP/1.1" 200 4918 "https://nipponiacaribe.com/wp-admin/plugins.php" "Mozilla/5.0 (Windows NT 10.0; Win64; x64) AppleWebKit/537.36 (KHTML, like Gecko) Chrome/147.0.0.0 Safari/537.36"
79.107.27.66 - - [05/May/2026:14:41:46 +0000] "GET /wp-content/plugins/wp-store-locator/admin/js/wpsl-exit-survey.min.js?ver=2.3.0 HTTP/1.1" 200 566 "https://nipponiacaribe.com/wp-admin/plugins.php" "Mozilla/5.0 (Windows NT 10.0; Win64; x64) AppleWebKit/537.36 (KHTML, like Gecko) Chrome/147.0.0.0 Safari/537.36"
79.107.27.66 - - [05/May/2026:14:41:46 +0000] "GET /wp-content/plugins/elementor/vendor/elementor/wp-one-package/assets/build/common.js?ver=71fc09ea1a9e23155639 HTTP/1.1" 200 174 "https://nipponiacaribe.com/wp-admin/plugins.php" "Mozilla/5.0 (Windows NT 10.0; Win64; x64) AppleWebKit/537.36 (KHTML, like Gecko) Chrome/147.0.0.0 Safari/537.36"
79.107.27.66 - - [05/May/2026:14:41:46 +0000] "GET /wp-content/plugins/elementor/assets/js/admin-modules.min.js?ver=4.0.6 HTTP/1.1" 200 4880 "https://nipponiacaribe.com/wp-admin/plugins.php" "Mozilla/5.0 (Windows NT 10.0; Win64; x64) AppleWebKit/537.36 (KHTML, like Gecko) Chrome/147.0.0.0 Safari/537.36"
79.107.27.66 - - [05/May/2026:14:41:46 +0000] "GET /wp-content/plugins/elementor/assets/js/admin.min.js?ver=4.0.6 HTTP/1.1" 200 21855 "https://nipponiacaribe.com/wp-admin/plugins.php" "Mozilla/5.0 (Windows NT 10.0; Win64; x64) AppleWebKit/537.36 (KHTML, like Gecko) Chrome/147.0.0.0 Safari/537.36"
79.107.27.66 - - [05/May/2026:14:41:46 +0000] "GET /wp-content/plugins/elementor/assets/js/import-export-admin.min.js?ver=4.0.6 HTTP/1.1" 200 2183 "https://nipponiacaribe.com/wp-admin/plugins.php" "Mozilla/5.0 (Windows NT 10.0; Win64; x64) AppleWebKit/537.36 (KHTML, like Gecko) Chrome/147.0.0.0 Safari/537.36"
79.107.27.66 - - [05/May/2026:14:41:46 +0000] "GET /wp-content/plugins/elementor-pro/assets/js/admin.min.js?ver=4.0.4 HTTP/1.1" 200 17299 "https://nipponiacaribe.com/wp-admin/plugins.php" "Mozilla/5.0 (Windows NT 10.0; Win64; x64) AppleWebKit/537.36 (KHTML, like Gecko) Chrome/147.0.0.0 Safari/537.36"
79.107.27.66 - - [05/May/2026:14:41:46 +0000] "GET /wp-content/plugins/elementor/assets/js/editor-one-menu.min.js?ver=4.0.6 HTTP/1.1" 200 3433 "https://nipponiacaribe.com/wp-admin/plugins.php" "Mozilla/5.0 (Windows NT 10.0; Win64; x64) AppleWebKit/537.36 (KHTML, like Gecko) Chrome/147.0.0.0 Safari/537.36"
79.107.27.66 - - [05/May/2026:14:41:46 +0000] "GET /wp-content/plugins/elementor/assets/js/import-export-customization-admin.min.js?ver=4.0.6 HTTP/1.1" 200 11216 "https://nipponiacaribe.com/wp-admin/plugins.php" "Mozilla/5.0 (Windows NT 10.0; Win64; x64) AppleWebKit/537.36 (KHTML, like Gecko) Chrome/147.0.0.0 Safari/537.36"
79.107.27.66 - - [05/May/2026:14:41:46 +0000] "GET /wp-content/plugins/elementor/assets/js/media-hints.min.js?ver=4.0.6 HTTP/1.1" 200 2362 "https://nipponiacaribe.com/wp-admin/plugins.php" "Mozilla/5.0 (Windows NT 10.0; Win64; x64) AppleWebKit/537.36 (KHTML, like Gecko) Chrome/147.0.0.0 Safari/537.36"
79.107.27.66 - - [05/May/2026:14:41:46 +0000] "GET /wp-content/plugins/kirki/customizer/packages/modules/webfonts/src/assets/scripts/vendor-typekit/webfontloader.js?ver=3.0.28 HTTP/1.1" 200 5013 "https://nipponiacaribe.com/wp-admin/plugins.php" "Mozilla/5.0 (Windows NT 10.0; Win64; x64) AppleWebKit/537.36 (KHTML, like Gecko) Chrome/147.0.0.0 Safari/537.36"
79.107.27.66 - - [05/May/2026:14:41:46 +0000] "GET /wp-content/plugins/elementor/assets/js/admin-feedback.min.js?ver=4.0.6 HTTP/1.1" 200 852 "https://nipponiacaribe.com/wp-admin/plugins.php" "Mozilla/5.0 (Windows NT 10.0; Win64; x64) AppleWebKit/537.36 (KHTML, like Gecko) Chrome/147.0.0.0 Safari/537.36"
79.107.27.66 - - [05/May/2026:14:41:46 +0000] "GET /wp-admin/images/spinner.gif HTTP/1.1" 200 3656 "https://nipponiacaribe.com/wp-admin/load-styles.php?c=0&dir=ltr&load%5Bchunk_0%5D=dashicons,admin-bar,wp-pointer,wp-jquery-ui-dialog,common,forms,admin-menu,dashboard,list-tables,edit,revisions,media,themes,abo&load%5Bchunk_1%5D=ut,nav-menus,widgets,site-icon,l10n,buttons,wp-auth-check,wp-components,wp-commands&ver=6.9.4" "Mozilla/5.0 (Windows NT 10.0; Win64; x64) AppleWebKit/537.36 (KHTML, like Gecko) Chrome/147.0.0.0 Safari/537.36"
79.107.27.66 - - [05/May/2026:14:41:46 +0000] "GET /wp-content/plugins/insert-headers-and-footers/build/notices.js?ver=2.3.5 HTTP/1.1" 200 329 "https://nipponiacaribe.com/wp-admin/plugins.php" "Mozilla/5.0 (Windows NT 10.0; Win64; x64) AppleWebKit/537.36 (KHTML, like Gecko) Chrome/147.0.0.0 Safari/537.36"
36.79.10.208 - - [05/May/2026:14:41:46 +0000] "POST /xmlrpc.php HTTP/1.1" 503 18036 "-" "Jetpack/12.1; WordPress/6.3; http://site82385098.com"
20.123.172.228 - - [05/May/2026:14:41:48 +0000] "POST /?wordfence_syncAttackData=1777992108.0854 HTTP/1.1" 200 - "-" "WordPress/6.9.4; https://nipponiacaribe.com"
20.123.172.228 - - [05/May/2026:14:41:49 +0000] "POST /wp-admin/admin-ajax.php?action=elementor_1_elementor_pro_updater&nonce=01e2230085 HTTP/1.1" 400 21 "-" "WordPress/6.9.4; https://nipponiacaribe.com"
79.107.27.66 - - [05/May/2026:14:41:46 +0000] "GET /favicon.ico HTTP/1.1" 302 - "https://nipponiacaribe.com/wp-admin/plugins.php" "Mozilla/5.0 (Windows NT 10.0; Win64; x64) AppleWebKit/537.36 (KHTML, like Gecko) Chrome/147.0.0.0 Safari/537.36"
20.123.172.228 - - [05/May/2026:14:41:52 +0000] "POST /wp-admin/admin-ajax.php?action=elementor_1_elementor_updater&nonce=c3c5abce9c HTTP/1.1" 400 21 "-" "WordPress/6.9.4; https://nipponiacaribe.com"
79.107.27.66 - - [05/May/2026:14:41:54 +0000] "POST /wp-admin/admin-ajax.php HTTP/1.1" 200 21 "https://nipponiacaribe.com/wp-admin/plugins.php" "Mozilla/5.0 (Windows NT 10.0; Win64; x64) AppleWebKit/537.36 (KHTML, like Gecko) Chrome/147.0.0.0 Safari/537.36"
36.79.10.208 - - [05/May/2026:14:41:57 +0000] "POST /xmlrpc.php HTTP/1.1" 503 18036 "-" "Jetpack/13.0; WordPress/6.4; http://site88361275.com"
20.123.172.228 - - [05/May/2026:14:41:50 +0000] "POST /wp-admin/admin-ajax.php?action=wordfence_testAjax HTTP/1.1" 200 32 "-" "WordPress/6.9.4; https://nipponiacaribe.com"
20.169.87.121 - - [05/May/2026:14:41:51 +0000] "GET /vrs-150/ HTTP/1.1" 200 20952 "-" "Mozilla/5.0 AppleWebKit/537.36 (KHTML, like Gecko); compatible; ChatGPT-User/1.0; +https://openai.com/bot"
79.107.27.66 - - [05/May/2026:14:41:57 +0000] "POST /wp-admin/admin-ajax.php HTTP/1.1" 200 96 "https://nipponiacaribe.com/wp-admin/plugins.php" "Mozilla/5.0 (Windows NT 10.0; Win64; x64) AppleWebKit/537.36 (KHTML, like Gecko) Chrome/147.0.0.0 Safari/537.36"
79.107.27.66 - - [05/May/2026:14:42:01 +0000] "GET /wp-content/plugins/kirki/assets/images/kirki-hovered-20X20.svg HTTP/1.1" 200 418 "https://nipponiacaribe.com/wp-admin/plugins.php" "Mozilla/5.0 (Windows NT 10.0; Win64; x64) AppleWebKit/537.36 (KHTML, like Gecko) Chrome/147.0.0.0 Safari/537.36"
79.107.27.66 - - [05/May/2026:14:41:57 +0000] "POST /wp-admin/admin-ajax.php HTTP/1.1" 200 96 "https://nipponiacaribe.com/wp-admin/plugins.php" "Mozilla/5.0 (Windows NT 10.0; Win64; x64) AppleWebKit/537.36 (KHTML, like Gecko) Chrome/147.0.0.0 Safari/537.36"
79.107.27.66 - - [05/May/2026:14:42:00 +0000] "POST /wp-admin/admin-ajax.php HTTP/1.1" 200 96 "https://nipponiacaribe.com/wp-admin/plugins.php" "Mozilla/5.0 (Windows NT 10.0; Win64; x64) AppleWebKit/537.36 (KHTML, like Gecko) Chrome/147.0.0.0 Safari/537.36"
20.123.172.228 - - [05/May/2026:14:41:59 +0000] "POST /?wordfence_syncAttackData=1777992119.2834 HTTP/1.1" 200 20832 "-" "WordPress/6.9.4; https://nipponiacaribe.com"
79.107.27.66 - - [05/May/2026:14:41:59 +0000] "GET /wp-admin/admin.php?page=elementor HTTP/1.1" 200 56167 "https://nipponiacaribe.com/wp-admin/plugins.php" "Mozilla/5.0 (Windows NT 10.0; Win64; x64) AppleWebKit/537.36 (KHTML, like Gecko) Chrome/147.0.0.0 Safari/537.36"
20.123.172.228 - - [05/May/2026:14:41:59 +0000] "POST /?wordfence_syncAttackData=1777992119.2891 HTTP/1.1" 200 - "-" "WordPress/6.9.4; https://nipponiacaribe.com"
20.123.172.228 - - [05/May/2026:14:42:04 +0000] "POST /wp-cron.php?doing_wp_cron=1777992124.0987560749053955078125 HTTP/1.1" 200 - "-" "WordPress/6.9.4; https://nipponiacaribe.com"
79.107.27.66 - - [05/May/2026:14:42:01 +0000] "POST /wp-admin/admin-ajax.php HTTP/1.1" 200 96 "https://nipponiacaribe.com/wp-admin/plugins.php" "Mozilla/5.0 (Windows NT 10.0; Win64; x64) AppleWebKit/537.36 (KHTML, like Gecko) Chrome/147.0.0.0 Safari/537.36"
20.123.172.228 - - [05/May/2026:14:41:57 +0000] "GET /wp-admin/admin-ajax.php?action=wordfence_doScan&isFork=0&scanMode=quick&cronKey=590c1d084f17b1a022bf3d1487cdaa75&signature=e6701e111e09776fe1b666772a644f4fc4c78b75463a352c99e45788b4fe35b1 HTTP/1.1" 200 - "-" "WordPress/6.9.4; https://nipponiacaribe.com"
36.79.10.208 - - [05/May/2026:14:42:07 +0000] "POST /xmlrpc.php HTTP/1.1" 503 18036 "-" "Jetpack/12.5; WordPress/6.1; http://site51085436.com"
79.107.27.66 - - [05/May/2026:14:42:01 +0000] "GET /wp-admin/admin.php?page=elementor HTTP/1.1" 200 56080 "https://nipponiacaribe.com/wp-admin/plugins.php" "Mozilla/5.0 (Windows NT 10.0; Win64; x64) AppleWebKit/537.36 (KHTML, like Gecko) Chrome/147.0.0.0 Safari/537.36"
146.190.155.17 - - [05/May/2026:14:42:03 +0000] "POST /wp-login.php HTTP/1.1" 503 7313 "-" "Mozilla/5.0 (Windows NT 10.0; rv:144.0) Gecko/20100101 Firefox/144.0"
79.107.27.66 - - [05/May/2026:14:42:04 +0000] "GET /wp-admin/admin.php?page=elementor HTTP/1.1" 200 56079 "https://nipponiacaribe.com/wp-admin/plugins.php" "Mozilla/5.0 (Windows NT 10.0; Win64; x64) AppleWebKit/537.36 (KHTML, like Gecko) Chrome/147.0.0.0 Safari/537.36"
79.107.27.66 - - [05/May/2026:14:42:11 +0000] "GET /wp-content/plugins/insert-headers-and-footers/build/admin-bar.css?ver=c95624a69c80301272a0 HTTP/1.1" 304 - "https://nipponiacaribe.com/wp-admin/admin.php?page=elementor" "Mozilla/5.0 (Windows NT 10.0; Win64; x64) AppleWebKit/537.36 (KHTML, like Gecko) Chrome/147.0.0.0 Safari/537.36"
