178.20.210.56 - - [05/May/2026:17:16:36 +0000] "GET /translate.sql HTTP/1.1" 404 65326 "-" "Mozilla/5.0 (Windows NT 10.0; Win64; x64) AppleWebKit/537.36 (KHTML, like Gecko) Chrome/120.0.0.0 Safari/537.36"
178.20.210.56 - - [05/May/2026:17:16:39 +0000] "GET /users.sql HTTP/1.1" 404 65322 "-" "Mozilla/5.0 (Windows NT 10.0; Win64; x64) AppleWebKit/537.36 (KHTML, like Gecko) Chrome/120.0.0.0 Safari/537.36"
178.20.210.56 - - [05/May/2026:17:16:42 +0000] "GET /www.sql HTTP/1.1" 404 65320 "-" "Mozilla/5.0 (Windows NT 10.0; Win64; x64) AppleWebKit/537.36 (KHTML, like Gecko) Chrome/120.0.0.0 Safari/537.36"
178.20.210.56 - - [05/May/2026:17:16:45 +0000] "GET /wp-content/uploads/dump.sql HTTP/1.1" 404 65340 "-" "Mozilla/5.0 (Windows NT 10.0; Win64; x64) AppleWebKit/537.36 (KHTML, like Gecko) Chrome/120.0.0.0 Safari/537.36"
178.20.210.56 - - [05/May/2026:17:16:48 +0000] "GET /wp-content/mysql.sql HTTP/1.1" 404 65333 "-" "Mozilla/5.0 (Windows NT 10.0; Win64; x64) AppleWebKit/537.36 (KHTML, like Gecko) Chrome/120.0.0.0 Safari/537.36"
178.20.210.56 - - [05/May/2026:17:16:51 +0000] "GET /sendgrid.env HTTP/1.1" 404 65325 "-" "Mozilla/5.0 (Windows NT 10.0; Win64; x64) AppleWebKit/537.36 (KHTML, like Gecko) Chrome/120.0.0.0 Safari/537.36"
191.235.66.20 - - [05/May/2026:17:18:49 +0000] "GET / HTTP/1.1" 200 20591 "-" "Mozilla/5.0 AppleWebKit/537.36 (KHTML, like Gecko); compatible; ChatGPT-User/1.0; +https://openai.com/bot"
66.249.66.161 - - [05/May/2026:17:21:37 +0000] "GET /index.php HTTP/1.1" 301 - "-" "Mozilla/5.0 (Linux; Android 6.0.1; Nexus 5X Build/MMB29P) AppleWebKit/537.36 (KHTML, like Gecko) Chrome/147.0.7727.137 Mobile Safari/537.36 (compatible; Googlebot/2.1; +http://www.google.com/bot.html)"
66.249.66.162 - - [05/May/2026:17:21:40 +0000] "GET /lead-150-2/ HTTP/1.1" 200 21222 "-" "Mozilla/5.0 (Linux; Android 6.0.1; Nexus 5X Build/MMB29P) AppleWebKit/537.36 (KHTML, like Gecko) Chrome/147.0.7727.137 Mobile Safari/537.36 (compatible; Googlebot/2.1; +http://www.google.com/bot.html)"
20.123.172.228 - - [05/May/2026:17:22:33 +0000] "POST /wp-cron.php?doing_wp_cron=1778001753.6595630645751953125000 HTTP/1.1" 200 - "-" "WordPress/6.9.4; https://nipponiacaribe.com"
20.169.87.120 - - [05/May/2026:17:22:30 +0000] "GET / HTTP/1.1" 200 20591 "-" "Mozilla/5.0 AppleWebKit/537.36 (KHTML, like Gecko); compatible; ChatGPT-User/1.0; +https://openai.com/bot"
66.249.66.195 - - [05/May/2026:17:22:46 +0000] "GET /wp-content/plugins/elementor/assets/lib/eicons/css/elementor-icons.min.css?ver=5.48.0 HTTP/1.1" 200 4455 "https://nipponiacaribe.com/lead-150-2/" "Mozilla/5.0 (Linux; Android 6.0.1; Nexus 5X Build/MMB29P) AppleWebKit/537.36 (KHTML, like Gecko) Chrome/147.0.7727.137 Mobile Safari/537.36 (compatible; Googlebot/2.1; +http://www.google.com/bot.html)"
40.77.179.205 - - [05/May/2026:17:22:46 +0000] "GET /wp-content/plugins/elementor/assets/js/shared-frontend-handlers.03caa53373b56d3bab67.bundle.min.js HTTP/1.1" 200 8481 "https://nipponiacaribe.com/lead-150-3/" "Mozilla/5.0 AppleWebKit/537.36 (KHTML, like Gecko; compatible; bingbot/2.0; +http://www.bing.com/bingbot.htm) Chrome/136.0.0.0 Safari/537.36"
40.77.177.55 - - [05/May/2026:17:22:46 +0000] "GET /wp-content/plugins/elementor/assets/lib/dialog/dialog.min.js?ver=4.9.3 HTTP/1.1" 200 11622 "https://nipponiacaribe.com/lead-150-3/" "Mozilla/5.0 AppleWebKit/537.36 (KHTML, like Gecko; compatible; bingbot/2.0; +http://www.bing.com/bingbot.htm) Chrome/136.0.0.0 Safari/537.36"
65.55.210.107 - - [05/May/2026:17:22:46 +0000] "GET /wp-content/plugins/elementor/assets/js/lightbox.570c05c5a283cfb6b223.bundle.min.js HTTP/1.1" 200 29145 "https://nipponiacaribe.com/lead-150-3/" "Mozilla/5.0 AppleWebKit/537.36 (KHTML, like Gecko; compatible; bingbot/2.0; +http://www.bing.com/bingbot.htm) Chrome/136.0.0.0 Safari/537.36"
40.77.177.46 - - [05/May/2026:17:22:46 +0000] "GET /wp-content/plugins/elementor-pro/assets/js/media-carousel.87c2cf115553a2c4f709.bundle.min.js HTTP/1.1" 200 6980 "https://nipponiacaribe.com/lead-150-3/" "Mozilla/5.0 AppleWebKit/537.36 (KHTML, like Gecko; compatible; bingbot/2.0; +http://www.bing.com/bingbot.htm) Chrome/136.0.0.0 Safari/537.36"
40.77.177.38 - - [05/May/2026:17:22:46 +0000] "GET /wp-content/plugins/elementor/assets/css/conditionals/dialog.min.css?ver=4.0.6 HTTP/1.1" 200 16528 "https://nipponiacaribe.com/lead-150-3/" "Mozilla/5.0 AppleWebKit/537.36 (KHTML, like Gecko; compatible; bingbot/2.0; +http://www.bing.com/bingbot.htm) Chrome/136.0.0.0 Safari/537.36"
40.77.179.158 - - [05/May/2026:17:22:46 +0000] "GET /wp-content/plugins/elementor/assets/css/conditionals/lightbox.min.css?ver=4.0.6 HTTP/1.1" 200 11291 "https://nipponiacaribe.com/lead-150-3/" "Mozilla/5.0 AppleWebKit/537.36 (KHTML, like Gecko; compatible; bingbot/2.0; +http://www.bing.com/bingbot.htm) Chrome/136.0.0.0 Safari/537.36"
65.55.210.65 - - [05/May/2026:17:22:46 +0000] "GET /wp-content/plugins/elementor/assets/lib/share-link/share-link.min.js?ver=4.0.6 HTTP/1.1" 200 2752 "https://nipponiacaribe.com/lead-150-3/" "Mozilla/5.0 AppleWebKit/537.36 (KHTML, like Gecko; compatible; bingbot/2.0; +http://www.bing.com/bingbot.htm) Chrome/136.0.0.0 Safari/537.36"
40.77.179.112 - - [05/May/2026:17:22:46 +0000] "GET /wp-content/plugins/elementor/assets/js/397f2d183c19202777d6.bundle.min.js HTTP/1.1" 200 23933 "https://nipponiacaribe.com/lead-150-3/" "Mozilla/5.0 AppleWebKit/537.36 (KHTML, like Gecko; compatible; bingbot/2.0; +http://www.bing.com/bingbot.htm) Chrome/136.0.0.0 Safari/537.36"
40.77.179.201 - - [05/May/2026:17:22:46 +0000] "GET /wp-content/plugins/elementor/assets/lib/eicons/fonts/eicons.woff2?5.48.0 HTTP/1.1" 200 105704 "https://nipponiacaribe.com/wp-content/plugins/elementor/assets/lib/eicons/css/elementor-icons.min.css?ver=5.48.0" "Mozilla/5.0 AppleWebKit/537.36 (KHTML, like Gecko; compatible; bingbot/2.0; +http://www.bing.com/bingbot.htm) Chrome/136.0.0.0 Safari/537.36"
65.55.210.55 - - [05/May/2026:17:22:46 +0000] "GET /wp-content/plugins/elementor/assets/js/text-editor.45609661e409413f1cef.bundle.min.js HTTP/1.1" 200 1348 "https://nipponiacaribe.com/lead-150-3/" "Mozilla/5.0 AppleWebKit/537.36 (KHTML, like Gecko; compatible; bingbot/2.0; +http://www.bing.com/bingbot.htm) Chrome/136.0.0.0 Safari/537.36"
40.77.179.28 - - [05/May/2026:17:22:46 +0000] "GET /wp-content/plugins/elementor/assets/js/section-frontend-handlers.d85ab872da118940910d.bundle.min.js HTTP/1.1" 200 449 "https://nipponiacaribe.com/lead-150-3/" "Mozilla/5.0 AppleWebKit/537.36 (KHTML, like Gecko; compatible; bingbot/2.0; +http://www.bing.com/bingbot.htm) Chrome/136.0.0.0 Safari/537.36"
66.249.66.8 - - [05/May/2026:17:22:48 +0000] "GET /wp-content/plugins/elementor/assets/css/widget-heading.min.css?ver=4.0.6 HTTP/1.1" 200 160 "https://nipponiacaribe.com/lead-150-2/" "Mozilla/5.0 (Linux; Android 6.0.1; Nexus 5X Build/MMB29P) AppleWebKit/537.36 (KHTML, like Gecko) Chrome/147.0.7727.137 Mobile Safari/537.36 (compatible; Googlebot/2.1; +http://www.google.com/bot.html)"
66.249.66.194 - - [05/May/2026:17:22:50 +0000] "GET /wp-content/plugins/categories-images/assets/css/zci-styles.css?ver=3.3.3 HTTP/1.1" 200 650 "https://nipponiacaribe.com/lead-150-2/" "Mozilla/5.0 (Linux; Android 6.0.1; Nexus 5X Build/MMB29P) AppleWebKit/537.36 (KHTML, like Gecko) Chrome/147.0.7727.137 Mobile Safari/537.36 (compatible; Googlebot/2.1; +http://www.google.com/bot.html)"
65.55.210.65 - - [05/May/2026:17:22:49 +0000] "POST /wp-json/optml/v1/optimizations HTTP/1.1" 200 44 "https://nipponiacaribe.com/lead-150-3/" "Mozilla/5.0 AppleWebKit/537.36 (KHTML, like Gecko; compatible; bingbot/2.0; +http://www.bing.com/bingbot.htm) Chrome/136.0.0.0 Safari/537.36"
66.249.66.201 - - [05/May/2026:17:22:52 +0000] "GET /wp-content/plugins/elementor/assets/css/widget-spacer.min.css?ver=4.0.6 HTTP/1.1" 200 338 "https://nipponiacaribe.com/lead-150-2/" "Mozilla/5.0 (Linux; Android 6.0.1; Nexus 5X Build/MMB29P) AppleWebKit/537.36 (KHTML, like Gecko) Chrome/147.0.7727.137 Mobile Safari/537.36 (compatible; Googlebot/2.1; +http://www.google.com/bot.html)"
66.249.66.195 - - [05/May/2026:17:22:54 +0000] "GET /wp-content/plugins/contact-form-7/includes/swv/js/index.js?ver=6.1.5 HTTP/1.1" 200 3503 "https://nipponiacaribe.com/lead-150-2/" "Mozilla/5.0 (Linux; Android 6.0.1; Nexus 5X Build/MMB29P) AppleWebKit/537.36 (KHTML, like Gecko) Chrome/147.0.7727.137 Mobile Safari/537.36 (compatible; Googlebot/2.1; +http://www.google.com/bot.html)"
66.249.66.194 - - [05/May/2026:17:22:57 +0000] "GET /wp-content/plugins/wp-store-locator/css/styles.min.css?ver=2.3.0 HTTP/1.1" 200 3638 "https://nipponiacaribe.com/lead-150-2/" "Mozilla/5.0 (Linux; Android 6.0.1; Nexus 5X Build/MMB29P) AppleWebKit/537.36 (KHTML, like Gecko) Chrome/147.0.7727.137 Mobile Safari/537.36 (compatible; Googlebot/2.1; +http://www.google.com/bot.html)"
20.123.172.228 - - [05/May/2026:17:25:45 +0000] "POST /wp-cron.php?doing_wp_cron=1778001945.1278250217437744140625 HTTP/1.1" 200 - "-" "WordPress/6.9.4; https://nipponiacaribe.com"
43.133.253.253 - - [05/May/2026:17:25:41 +0000] "GET /brio-110-aros-de-rayos/ HTTP/1.1" 200 22276 "-" "Mozilla/5.0 (iPhone; CPU iPhone OS 13_2_3 like Mac OS X) AppleWebKit/605.1.15 (KHTML, like Gecko) Version/13.0.3 Mobile/15E148 Safari/604.1"
150.228.63.3 - - [05/May/2026:17:30:27 +0000] "POST /wp-admin/admin-ajax.php HTTP/1.1" 200 68 "https://nipponiacaribe.com/wp-admin/users.php?reset_count=1" "Mozilla/5.0 (Windows NT 10.0; Win64; x64) AppleWebKit/537.36 (KHTML, like Gecko) Chrome/147.0.0.0 Safari/537.36"
150.228.63.3 - - [05/May/2026:17:30:30 +0000] "GET /wp-includes/images/spinner.gif HTTP/1.1" 200 3656 "https://nipponiacaribe.com/wp-admin/load-styles.php?c=0&dir=ltr&load%5Bchunk_0%5D=dashicons,admin-bar,wp-pointer,common,forms,admin-menu,dashboard,list-tables,edit,revisions,media,themes,about,nav-menus,widgets&load%5Bchunk_1%5D=,site-icon,l10n,buttons,wp-auth-check,wp-components,wp-commands&ver=6.9.4" "Mozilla/5.0 (Windows NT 10.0; Win64; x64) AppleWebKit/537.36 (KHTML, like Gecko) Chrome/147.0.0.0 Safari/537.36"
150.228.63.3 - - [05/May/2026:17:30:30 +0000] "GET /wp-login.php?interim-login=1&wp_lang=en_US HTTP/1.1" 200 2829 "https://nipponiacaribe.com/wp-admin/users.php?reset_count=1" "Mozilla/5.0 (Windows NT 10.0; Win64; x64) AppleWebKit/537.36 (KHTML, like Gecko) Chrome/147.0.0.0 Safari/537.36"
150.228.63.3 - - [05/May/2026:17:30:33 +0000] "GET /wp-content/plugins/wordfence/modules/login-security/css/login.1777414075.css?ver=1.1.16 HTTP/1.1" 200 853 "https://nipponiacaribe.com/wp-login.php?interim-login=1&wp_lang=en_US" "Mozilla/5.0 (Windows NT 10.0; Win64; x64) AppleWebKit/537.36 (KHTML, like Gecko) Chrome/147.0.0.0 Safari/537.36"
150.228.63.3 - - [05/May/2026:17:30:33 +0000] "GET /wp-content/plugins/wordfence/modules/login-security/js/login.1777414075.js?ver=1.1.16 HTTP/1.1" 200 5557 "https://nipponiacaribe.com/wp-login.php?interim-login=1&wp_lang=en_US" "Mozilla/5.0 (Windows NT 10.0; Win64; x64) AppleWebKit/537.36 (KHTML, like Gecko) Chrome/147.0.0.0 Safari/537.36"
150.228.63.3 - - [05/May/2026:17:30:38 +0000] "POST /wp-admin/admin-ajax.php HTTP/1.1" 200 192 "https://nipponiacaribe.com/wp-login.php?interim-login=1&wp_lang=en_US" "Mozilla/5.0 (Windows NT 10.0; Win64; x64) AppleWebKit/537.36 (KHTML, like Gecko) Chrome/147.0.0.0 Safari/537.36"
193.186.4.217 - - [05/May/2026:17:30:39 +0000] "GET /evolution-110/ HTTP/1.1" 200 20208 "https://www.google.com/" "Mozilla/5.0 (Linux; Android 10; K) AppleWebKit/537.36 (KHTML, like Gecko) Chrome/147.0.0.0 Mobile Safari/537.36"
150.228.63.3 - - [05/May/2026:17:31:08 +0000] "GET /wp-admin/about.php HTTP/1.1" 302 - "-" "Mozilla/5.0 (Windows NT 10.0; Win64; x64) AppleWebKit/537.36 (KHTML, like Gecko) Chrome/147.0.0.0 Safari/537.36"
20.123.172.228 - - [05/May/2026:17:31:13 +0000] "POST /wp-cron.php?doing_wp_cron=1778002273.9392681121826171875000 HTTP/1.1" 200 - "-" "WordPress/6.9.4; https://nipponiacaribe.com"
150.228.63.3 - - [05/May/2026:17:31:11 +0000] "GET /wp-login.php?redirect_to=https%3A%2F%2Fnipponiacaribe.com%2Fwp-admin%2Fabout.php&reauth=1 HTTP/1.1" 200 2703 "-" "Mozilla/5.0 (Windows NT 10.0; Win64; x64) AppleWebKit/537.36 (KHTML, like Gecko) Chrome/147.0.0.0 Safari/537.36"
150.228.63.3 - - [05/May/2026:17:31:14 +0000] "GET /wp-includes/js/jquery/jquery.min.js?ver=3.7.1 HTTP/1.1" 200 30368 "https://nipponiacaribe.com/wp-login.php?redirect_to=https%3A%2F%2Fnipponiacaribe.com%2Fwp-admin%2Fabout.php&reauth=1" "Mozilla/5.0 (Windows NT 10.0; Win64; x64) AppleWebKit/537.36 (KHTML, like Gecko) Chrome/147.0.0.0 Safari/537.36"
150.228.63.3 - - [05/May/2026:17:31:14 +0000] "GET /wp-includes/css/buttons.min.css?ver=6.9.4 HTTP/1.1" 200 1470 "https://nipponiacaribe.com/wp-login.php?redirect_to=https%3A%2F%2Fnipponiacaribe.com%2Fwp-admin%2Fabout.php&reauth=1" "Mozilla/5.0 (Windows NT 10.0; Win64; x64) AppleWebKit/537.36 (KHTML, like Gecko) Chrome/147.0.0.0 Safari/537.36"
150.228.63.3 - - [05/May/2026:17:31:14 +0000] "GET /wp-admin/css/login.min.css?ver=6.9.4 HTTP/1.1" 200 2171 "https://nipponiacaribe.com/wp-login.php?redirect_to=https%3A%2F%2Fnipponiacaribe.com%2Fwp-admin%2Fabout.php&reauth=1" "Mozilla/5.0 (Windows NT 10.0; Win64; x64) AppleWebKit/537.36 (KHTML, like Gecko) Chrome/147.0.0.0 Safari/537.36"
150.228.63.3 - - [05/May/2026:17:31:14 +0000] "GET /wp-admin/css/forms.min.css?ver=6.9.4 HTTP/1.1" 200 6620 "https://nipponiacaribe.com/wp-login.php?redirect_to=https%3A%2F%2Fnipponiacaribe.com%2Fwp-admin%2Fabout.php&reauth=1" "Mozilla/5.0 (Windows NT 10.0; Win64; x64) AppleWebKit/537.36 (KHTML, like Gecko) Chrome/147.0.0.0 Safari/537.36"
150.228.63.3 - - [05/May/2026:17:31:14 +0000] "GET /wp-includes/css/dashicons.min.css?ver=6.9.4 HTTP/1.1" 200 35721 "https://nipponiacaribe.com/wp-login.php?redirect_to=https%3A%2F%2Fnipponiacaribe.com%2Fwp-admin%2Fabout.php&reauth=1" "Mozilla/5.0 (Windows NT 10.0; Win64; x64) AppleWebKit/537.36 (KHTML, like Gecko) Chrome/147.0.0.0 Safari/537.36"
150.228.63.3 - - [05/May/2026:17:31:14 +0000] "GET /wp-admin/css/l10n.min.css?ver=6.9.4 HTTP/1.1" 200 767 "https://nipponiacaribe.com/wp-login.php?redirect_to=https%3A%2F%2Fnipponiacaribe.com%2Fwp-admin%2Fabout.php&reauth=1" "Mozilla/5.0 (Windows NT 10.0; Win64; x64) AppleWebKit/537.36 (KHTML, like Gecko) Chrome/147.0.0.0 Safari/537.36"
150.228.63.3 - - [05/May/2026:17:31:14 +0000] "GET /wp-content/plugins/wordfence/modules/login-security/css/login.1777414075.css?ver=1.1.16 HTTP/1.1" 200 853 "https://nipponiacaribe.com/wp-login.php?redirect_to=https%3A%2F%2Fnipponiacaribe.com%2Fwp-admin%2Fabout.php&reauth=1" "Mozilla/5.0 (Windows NT 10.0; Win64; x64) AppleWebKit/537.36 (KHTML, like Gecko) Chrome/147.0.0.0 Safari/537.36"
150.228.63.3 - - [05/May/2026:17:31:14 +0000] "GET /wp-content/plugins/wordfence/modules/login-security/js/login.1777414075.js?ver=1.1.16 HTTP/1.1" 200 5557 "https://nipponiacaribe.com/wp-login.php?redirect_to=https%3A%2F%2Fnipponiacaribe.com%2Fwp-admin%2Fabout.php&reauth=1" "Mozilla/5.0 (Windows NT 10.0; Win64; x64) AppleWebKit/537.36 (KHTML, like Gecko) Chrome/147.0.0.0 Safari/537.36"
150.228.63.3 - - [05/May/2026:17:31:14 +0000] "GET /wp-includes/js/jquery/jquery-migrate.min.js?ver=3.4.1 HTTP/1.1" 200 4872 "https://nipponiacaribe.com/wp-login.php?redirect_to=https%3A%2F%2Fnipponiacaribe.com%2Fwp-admin%2Fabout.php&reauth=1" "Mozilla/5.0 (Windows NT 10.0; Win64; x64) AppleWebKit/537.36 (KHTML, like Gecko) Chrome/147.0.0.0 Safari/537.36"
150.228.63.3 - - [05/May/2026:17:31:14 +0000] "GET /wp-includes/js/clipboard.min.js?ver=2.0.11 HTTP/1.1" 200 3150 "https://nipponiacaribe.com/wp-login.php?redirect_to=https%3A%2F%2Fnipponiacaribe.com%2Fwp-admin%2Fabout.php&reauth=1" "Mozilla/5.0 (Windows NT 10.0; Win64; x64) AppleWebKit/537.36 (KHTML, like Gecko) Chrome/147.0.0.0 Safari/537.36"
150.228.63.3 - - [05/May/2026:17:31:14 +0000] "GET /wp-includes/js/zxcvbn-async.min.js?ver=1.0 HTTP/1.1" 200 256 "https://nipponiacaribe.com/wp-login.php?redirect_to=https%3A%2F%2Fnipponiacaribe.com%2Fwp-admin%2Fabout.php&reauth=1" "Mozilla/5.0 (Windows NT 10.0; Win64; x64) AppleWebKit/537.36 (KHTML, like Gecko) Chrome/147.0.0.0 Safari/537.36"
150.228.63.3 - - [05/May/2026:17:31:14 +0000] "GET /wp-includes/js/dist/hooks.min.js?ver=dd5603f07f9220ed27f1 HTTP/1.1" 200 1941 "https://nipponiacaribe.com/wp-login.php?redirect_to=https%3A%2F%2Fnipponiacaribe.com%2Fwp-admin%2Fabout.php&reauth=1" "Mozilla/5.0 (Windows NT 10.0; Win64; x64) AppleWebKit/537.36 (KHTML, like Gecko) Chrome/147.0.0.0 Safari/537.36"
150.228.63.3 - - [05/May/2026:17:31:14 +0000] "GET /wp-includes/js/dist/i18n.min.js?ver=c26c3dc7bed366793375 HTTP/1.1" 200 2229 "https://nipponiacaribe.com/wp-login.php?redirect_to=https%3A%2F%2Fnipponiacaribe.com%2Fwp-admin%2Fabout.php&reauth=1" "Mozilla/5.0 (Windows NT 10.0; Win64; x64) AppleWebKit/537.36 (KHTML, like Gecko) Chrome/147.0.0.0 Safari/537.36"
150.228.63.3 - - [05/May/2026:17:31:14 +0000] "GET /wp-includes/js/wp-util.min.js?ver=6.9.4 HTTP/1.1" 200 754 "https://nipponiacaribe.com/wp-login.php?redirect_to=https%3A%2F%2Fnipponiacaribe.com%2Fwp-admin%2Fabout.php&reauth=1" "Mozilla/5.0 (Windows NT 10.0; Win64; x64) AppleWebKit/537.36 (KHTML, like Gecko) Chrome/147.0.0.0 Safari/537.36"
150.228.63.3 - - [05/May/2026:17:31:14 +0000] "GET /wp-includes/js/underscore.min.js?ver=1.13.7 HTTP/1.1" 200 7317 "https://nipponiacaribe.com/wp-login.php?redirect_to=https%3A%2F%2Fnipponiacaribe.com%2Fwp-admin%2Fabout.php&reauth=1" "Mozilla/5.0 (Windows NT 10.0; Win64; x64) AppleWebKit/537.36 (KHTML, like Gecko) Chrome/147.0.0.0 Safari/537.36"
150.228.63.3 - - [05/May/2026:17:31:14 +0000] "GET /wp-includes/js/dist/dom-ready.min.js?ver=f77871ff7694fffea381 HTTP/1.1" 200 320 "https://nipponiacaribe.com/wp-login.php?redirect_to=https%3A%2F%2Fnipponiacaribe.com%2Fwp-admin%2Fabout.php&reauth=1" "Mozilla/5.0 (Windows NT 10.0; Win64; x64) AppleWebKit/537.36 (KHTML, like Gecko) Chrome/147.0.0.0 Safari/537.36"
150.228.63.3 - - [05/May/2026:17:31:14 +0000] "GET /wp-includes/js/dist/a11y.min.js?ver=cb460b4676c94bd228ed HTTP/1.1" 200 929 "https://nipponiacaribe.com/wp-login.php?redirect_to=https%3A%2F%2Fnipponiacaribe.com%2Fwp-admin%2Fabout.php&reauth=1" "Mozilla/5.0 (Windows NT 10.0; Win64; x64) AppleWebKit/537.36 (KHTML, like Gecko) Chrome/147.0.0.0 Safari/537.36"
150.228.63.3 - - [05/May/2026:17:31:14 +0000] "GET /wp-admin/js/password-strength-meter.min.js?ver=6.9.4 HTTP/1.1" 200 621 "https://nipponiacaribe.com/wp-login.php?redirect_to=https%3A%2F%2Fnipponiacaribe.com%2Fwp-admin%2Fabout.php&reauth=1" "Mozilla/5.0 (Windows NT 10.0; Win64; x64) AppleWebKit/537.36 (KHTML, like Gecko) Chrome/147.0.0.0 Safari/537.36"
150.228.63.3 - - [05/May/2026:17:31:14 +0000] "GET /wp-admin/js/user-profile.min.js?ver=6.9.4 HTTP/1.1" 200 3150 "https://nipponiacaribe.com/wp-login.php?redirect_to=https%3A%2F%2Fnipponiacaribe.com%2Fwp-admin%2Fabout.php&reauth=1" "Mozilla/5.0 (Windows NT 10.0; Win64; x64) AppleWebKit/537.36 (KHTML, like Gecko) Chrome/147.0.0.0 Safari/537.36"
150.228.63.3 - - [05/May/2026:17:31:14 +0000] "GET /wp-admin/images/wordpress-logo.svg?ver=20131107 HTTP/1.1" 200 818 "https://nipponiacaribe.com/wp-admin/css/login.min.css?ver=6.9.4" "Mozilla/5.0 (Windows NT 10.0; Win64; x64) AppleWebKit/537.36 (KHTML, like Gecko) Chrome/147.0.0.0 Safari/537.36"
150.228.63.3 - - [05/May/2026:17:31:14 +0000] "GET /wp-includes/js/zxcvbn.min.js HTTP/1.1" 200 399661 "https://nipponiacaribe.com/wp-login.php?redirect_to=https%3A%2F%2Fnipponiacaribe.com%2Fwp-admin%2Fabout.php&reauth=1" "Mozilla/5.0 (Windows NT 10.0; Win64; x64) AppleWebKit/537.36 (KHTML, like Gecko) Chrome/147.0.0.0 Safari/537.36"
150.228.63.3 - - [05/May/2026:17:31:21 +0000] "POST /wp-admin/admin-ajax.php HTTP/1.1" 200 192 "https://nipponiacaribe.com/wp-login.php?redirect_to=https%3A%2F%2Fnipponiacaribe.com%2Fwp-admin%2Fabout.php&reauth=1" "Mozilla/5.0 (Windows NT 10.0; Win64; x64) AppleWebKit/537.36 (KHTML, like Gecko) Chrome/147.0.0.0 Safari/537.36"
150.228.63.3 - - [05/May/2026:17:31:27 +0000] "POST /wp-admin/admin-ajax.php HTTP/1.1" 200 68 "https://nipponiacaribe.com/wp-admin/users.php?reset_count=1" "Mozilla/5.0 (Windows NT 10.0; Win64; x64) AppleWebKit/537.36 (KHTML, like Gecko) Chrome/147.0.0.0 Safari/537.36"
150.228.63.3 - - [05/May/2026:17:31:30 +0000] "POST /wp-admin/admin-ajax.php HTTP/1.1" 200 192 "https://nipponiacaribe.com/wp-login.php?redirect_to=https%3A%2F%2Fnipponiacaribe.com%2Fwp-admin%2Fabout.php&reauth=1" "Mozilla/5.0 (Windows NT 10.0; Win64; x64) AppleWebKit/537.36 (KHTML, like Gecko) Chrome/147.0.0.0 Safari/537.36"
150.228.63.3 - - [05/May/2026:17:31:49 +0000] "GET /wp-login.php HTTP/1.1" 200 2698 "-" "Mozilla/5.0 (Windows NT 10.0; Win64; x64) AppleWebKit/537.36 (KHTML, like Gecko) Chrome/147.0.0.0 Safari/537.36"
20.123.172.228 - - [05/May/2026:17:32:00 +0000] "POST /wp-cron.php?doing_wp_cron=1778002320.5643920898437500000000 HTTP/1.1" 200 - "-" "WordPress/6.9.4; https://nipponiacaribe.com"
150.228.63.3 - - [05/May/2026:17:31:56 +0000] "POST /wp-admin/admin-ajax.php HTTP/1.1" 200 192 "https://nipponiacaribe.com/wp-login.php" "Mozilla/5.0 (Windows NT 10.0; Win64; x64) AppleWebKit/537.36 (KHTML, like Gecko) Chrome/147.0.0.0 Safari/537.36"
20.123.172.228 - - [05/May/2026:17:33:31 +0000] "POST /wp-cron.php?doing_wp_cron=1778002411.9418361186981201171875 HTTP/1.1" 200 - "-" "WordPress/6.9.4; https://nipponiacaribe.com"
150.228.63.3 - - [05/May/2026:17:33:28 +0000] "POST /wp-admin/admin-ajax.php HTTP/1.1" 200 68 "https://nipponiacaribe.com/wp-admin/users.php?reset_count=1" "Mozilla/5.0 (Windows NT 10.0; Win64; x64) AppleWebKit/537.36 (KHTML, like Gecko) Chrome/147.0.0.0 Safari/537.36"
43.166.255.102 - - [05/May/2026:17:34:18 +0000] "GET /motores-tipo-cub/ HTTP/1.1" 200 22900 "-" "Mozilla/5.0 (iPhone; CPU iPhone OS 13_2_3 like Mac OS X) AppleWebKit/605.1.15 (KHTML, like Gecko) Version/13.0.3 Mobile/15E148 Safari/604.1"
72.14.201.217 - - [05/May/2026:17:34:53 +0000] "GET /vrs-150/ HTTP/1.1" 200 21050 "https://www.google.com/" "Mozilla/5.0 (Linux; Android 10; K) AppleWebKit/537.36 (KHTML, like Gecko) Chrome/147.0.0.0 Mobile Safari/537.36"
193.186.4.217 - - [05/May/2026:17:34:57 +0000] "GET /pasolas/ HTTP/1.1" 200 23347 "https://www.google.com/" "Mozilla/5.0 (Linux; Android 10; K) AppleWebKit/537.36 (KHTML, like Gecko) Chrome/147.0.0.0 Mobile Safari/537.36"
150.228.63.3 - - [05/May/2026:17:35:29 +0000] "POST /wp-admin/admin-ajax.php HTTP/1.1" 200 68 "https://nipponiacaribe.com/wp-admin/users.php?reset_count=1" "Mozilla/5.0 (Windows NT 10.0; Win64; x64) AppleWebKit/537.36 (KHTML, like Gecko) Chrome/147.0.0.0 Safari/537.36"
154.88.131.3 - - [05/May/2026:17:35:39 +0000] "GET /tn-200/ HTTP/1.1" 200 22038 "-" "Mozilla/5.0 (iPhone; CPU iPhone OS 18_7_7 like Mac OS X) AppleWebKit/605.1.15 (KHTML, like Gecko) GSA/419.4.905781065 Mobile/15E148 Safari/604.1"
154.88.131.3 - - [05/May/2026:17:35:43 +0000] "GET /wp-content/themes/airi-child/style.css?ver=6.9.4 HTTP/1.1" 200 186 "https://nipponiacaribe.com/tn-200/" "Mozilla/5.0 (iPhone; CPU iPhone OS 18_7_7 like Mac OS X) AppleWebKit/605.1.15 (KHTML, like Gecko) GSA/419.4.905781065 Mobile/15E148 Safari/604.1"
154.88.131.3 - - [05/May/2026:17:35:43 +0000] "GET /wp-content/themes/airi/css/font-awesome/css/all.min.css?ver=6.9.4 HTTP/1.1" 200 12863 "https://nipponiacaribe.com/tn-200/" "Mozilla/5.0 (iPhone; CPU iPhone OS 18_7_7 like Mac OS X) AppleWebKit/605.1.15 (KHTML, like Gecko) GSA/419.4.905781065 Mobile/15E148 Safari/604.1"
154.88.131.3 - - [05/May/2026:17:35:44 +0000] "GET /wp-content/plugins/tablepress/css/build/default.css?ver=3.3 HTTP/1.1" 200 1767 "https://nipponiacaribe.com/tn-200/" "Mozilla/5.0 (iPhone; CPU iPhone OS 18_7_7 like Mac OS X) AppleWebKit/605.1.15 (KHTML, like Gecko) GSA/419.4.905781065 Mobile/15E148 Safari/604.1"
154.88.131.3 - - [05/May/2026:17:35:44 +0000] "GET /wp-content/plugins/categories-images/assets/css/zci-styles.css?ver=3.3.3 HTTP/1.1" 200 650 "https://nipponiacaribe.com/tn-200/" "Mozilla/5.0 (iPhone; CPU iPhone OS 18_7_7 like Mac OS X) AppleWebKit/605.1.15 (KHTML, like Gecko) GSA/419.4.905781065 Mobile/15E148 Safari/604.1"
154.88.131.3 - - [05/May/2026:17:35:44 +0000] "GET /wp-content/plugins/wp-store-locator/css/styles.min.css?ver=2.3.0 HTTP/1.1" 200 3638 "https://nipponiacaribe.com/tn-200/" "Mozilla/5.0 (iPhone; CPU iPhone OS 18_7_7 like Mac OS X) AppleWebKit/605.1.15 (KHTML, like Gecko) GSA/419.4.905781065 Mobile/15E148 Safari/604.1"
154.88.131.3 - - [05/May/2026:17:35:44 +0000] "GET /wp-content/plugins/contact-form-7/includes/css/styles.css?ver=6.1.5 HTTP/1.1" 200 1031 "https://nipponiacaribe.com/tn-200/" "Mozilla/5.0 (iPhone; CPU iPhone OS 18_7_7 like Mac OS X) AppleWebKit/605.1.15 (KHTML, like Gecko) GSA/419.4.905781065 Mobile/15E148 Safari/604.1"
154.88.131.3 - - [05/May/2026:17:35:44 +0000] "GET /wp-content/themes/airi/css/bootstrap/bootstrap.min.css?ver=1 HTTP/1.1" 200 20519 "https://nipponiacaribe.com/tn-200/" "Mozilla/5.0 (iPhone; CPU iPhone OS 18_7_7 like Mac OS X) AppleWebKit/605.1.15 (KHTML, like Gecko) GSA/419.4.905781065 Mobile/15E148 Safari/604.1"
154.88.131.3 - - [05/May/2026:17:35:44 +0000] "GET /wp-content/themes/airi/style.css?ver=6.9.4 HTTP/1.1" 200 16952 "https://nipponiacaribe.com/tn-200/" "Mozilla/5.0 (iPhone; CPU iPhone OS 18_7_7 like Mac OS X) AppleWebKit/605.1.15 (KHTML, like Gecko) GSA/419.4.905781065 Mobile/15E148 Safari/604.1"
154.88.131.3 - - [05/May/2026:17:35:44 +0000] "GET /wp-content/plugins/elementor/assets/lib/eicons/css/elementor-icons.min.css?ver=5.48.0 HTTP/1.1" 200 4455 "https://nipponiacaribe.com/tn-200/" "Mozilla/5.0 (iPhone; CPU iPhone OS 18_7_7 like Mac OS X) AppleWebKit/605.1.15 (KHTML, like Gecko) GSA/419.4.905781065 Mobile/15E148 Safari/604.1"
154.88.131.3 - - [05/May/2026:17:35:44 +0000] "GET /wp-content/plugins/elementor/assets/css/frontend.min.css?ver=4.0.6 HTTP/1.1" 200 7271 "https://nipponiacaribe.com/tn-200/" "Mozilla/5.0 (iPhone; CPU iPhone OS 18_7_7 like Mac OS X) AppleWebKit/605.1.15 (KHTML, like Gecko) GSA/419.4.905781065 Mobile/15E148 Safari/604.1"
154.88.131.3 - - [05/May/2026:17:35:44 +0000] "GET /wp-content/uploads/elementor/css/post-158.css?ver=1777997079 HTTP/1.1" 200 460 "https://nipponiacaribe.com/tn-200/" "Mozilla/5.0 (iPhone; CPU iPhone OS 18_7_7 like Mac OS X) AppleWebKit/605.1.15 (KHTML, like Gecko) GSA/419.4.905781065 Mobile/15E148 Safari/604.1"
154.88.131.3 - - [05/May/2026:17:35:44 +0000] "GET /wp-content/plugins/elementor/assets/css/widget-image.min.css?ver=4.0.6 HTTP/1.1" 200 135 "https://nipponiacaribe.com/tn-200/" "Mozilla/5.0 (iPhone; CPU iPhone OS 18_7_7 like Mac OS X) AppleWebKit/605.1.15 (KHTML, like Gecko) GSA/419.4.905781065 Mobile/15E148 Safari/604.1"
154.88.131.3 - - [05/May/2026:17:35:44 +0000] "GET /wp-content/plugins/elementor/assets/css/widget-spacer.min.css?ver=4.0.6 HTTP/1.1" 200 338 "https://nipponiacaribe.com/tn-200/" "Mozilla/5.0 (iPhone; CPU iPhone OS 18_7_7 like Mac OS X) AppleWebKit/605.1.15 (KHTML, like Gecko) GSA/419.4.905781065 Mobile/15E148 Safari/604.1"
154.88.131.3 - - [05/May/2026:17:35:44 +0000] "GET /wp-content/plugins/elementor/assets/css/widget-heading.min.css?ver=4.0.6 HTTP/1.1" 200 160 "https://nipponiacaribe.com/tn-200/" "Mozilla/5.0 (iPhone; CPU iPhone OS 18_7_7 like Mac OS X) AppleWebKit/605.1.15 (KHTML, like Gecko) GSA/419.4.905781065 Mobile/15E148 Safari/604.1"
154.88.131.3 - - [05/May/2026:17:35:44 +0000] "GET /wp-content/plugins/elementor/assets/lib/swiper/v8/css/swiper.min.css?ver=8.4.5 HTTP/1.1" 200 4583 "https://nipponiacaribe.com/tn-200/" "Mozilla/5.0 (iPhone; CPU iPhone OS 18_7_7 like Mac OS X) AppleWebKit/605.1.15 (KHTML, like Gecko) GSA/419.4.905781065 Mobile/15E148 Safari/604.1"
154.88.131.3 - - [05/May/2026:17:35:44 +0000] "GET /wp-content/plugins/elementor-pro/assets/css/widget-media-carousel.min.css?ver=4.0.4 HTTP/1.1" 200 470 "https://nipponiacaribe.com/tn-200/" "Mozilla/5.0 (iPhone; CPU iPhone OS 18_7_7 like Mac OS X) AppleWebKit/605.1.15 (KHTML, like Gecko) GSA/419.4.905781065 Mobile/15E148 Safari/604.1"
154.88.131.3 - - [05/May/2026:17:35:44 +0000] "GET /wp-content/plugins/elementor-pro/assets/css/widget-carousel-module-base.min.css?ver=4.0.4 HTTP/1.1" 200 671 "https://nipponiacaribe.com/tn-200/" "Mozilla/5.0 (iPhone; CPU iPhone OS 18_7_7 like Mac OS X) AppleWebKit/605.1.15 (KHTML, like Gecko) GSA/419.4.905781065 Mobile/15E148 Safari/604.1"
154.88.131.3 - - [05/May/2026:17:35:44 +0000] "GET /wp-content/plugins/elementor/assets/css/conditionals/e-swiper.min.css?ver=4.0.6 HTTP/1.1" 200 799 "https://nipponiacaribe.com/tn-200/" "Mozilla/5.0 (iPhone; CPU iPhone OS 18_7_7 like Mac OS X) AppleWebKit/605.1.15 (KHTML, like Gecko) GSA/419.4.905781065 Mobile/15E148 Safari/604.1"
154.88.131.3 - - [05/May/2026:17:35:44 +0000] "GET /wp-content/uploads/elementor/css/post-4541.css?ver=1778002542 HTTP/1.1" 200 933 "https://nipponiacaribe.com/tn-200/" "Mozilla/5.0 (iPhone; CPU iPhone OS 18_7_7 like Mac OS X) AppleWebKit/605.1.15 (KHTML, like Gecko) GSA/419.4.905781065 Mobile/15E148 Safari/604.1"
154.88.131.3 - - [05/May/2026:17:35:44 +0000] "GET /wp-includes/js/jquery/jquery.min.js?ver=3.7.1 HTTP/1.1" 200 30368 "https://nipponiacaribe.com/tn-200/" "Mozilla/5.0 (iPhone; CPU iPhone OS 18_7_7 like Mac OS X) AppleWebKit/605.1.15 (KHTML, like Gecko) GSA/419.4.905781065 Mobile/15E148 Safari/604.1"
154.88.131.3 - - [05/May/2026:17:35:44 +0000] "GET /wp-includes/js/jquery/jquery-migrate.min.js?ver=3.4.1 HTTP/1.1" 200 4872 "https://nipponiacaribe.com/tn-200/" "Mozilla/5.0 (iPhone; CPU iPhone OS 18_7_7 like Mac OS X) AppleWebKit/605.1.15 (KHTML, like Gecko) GSA/419.4.905781065 Mobile/15E148 Safari/604.1"
154.88.131.3 - - [05/May/2026:17:35:44 +0000] "GET /wp-includes/js/dist/hooks.min.js?ver=dd5603f07f9220ed27f1 HTTP/1.1" 200 1941 "https://nipponiacaribe.com/tn-200/" "Mozilla/5.0 (iPhone; CPU iPhone OS 18_7_7 like Mac OS X) AppleWebKit/605.1.15 (KHTML, like Gecko) GSA/419.4.905781065 Mobile/15E148 Safari/604.1"
154.88.131.3 - - [05/May/2026:17:35:44 +0000] "GET /wp-content/plugins/airi-pro//js/elementor.js?ver=20220328 HTTP/1.1" 200 340 "https://nipponiacaribe.com/tn-200/" "Mozilla/5.0 (iPhone; CPU iPhone OS 18_7_7 like Mac OS X) AppleWebKit/605.1.15 (KHTML, like Gecko) GSA/419.4.905781065 Mobile/15E148 Safari/604.1"
154.88.131.3 - - [05/May/2026:17:35:44 +0000] "GET /wp-content/plugins/elementor/assets/lib/swiper/v8/swiper.min.js?ver=8.4.5 HTTP/1.1" 200 39695 "https://nipponiacaribe.com/tn-200/" "Mozilla/5.0 (iPhone; CPU iPhone OS 18_7_7 like Mac OS X) AppleWebKit/605.1.15 (KHTML, like Gecko) GSA/419.4.905781065 Mobile/15E148 Safari/604.1"
154.88.131.3 - - [05/May/2026:17:35:44 +0000] "GET /wp-includes/js/dist/i18n.min.js?ver=c26c3dc7bed366793375 HTTP/1.1" 200 2229 "https://nipponiacaribe.com/tn-200/" "Mozilla/5.0 (iPhone; CPU iPhone OS 18_7_7 like Mac OS X) AppleWebKit/605.1.15 (KHTML, like Gecko) GSA/419.4.905781065 Mobile/15E148 Safari/604.1"
154.88.131.3 - - [05/May/2026:17:35:44 +0000] "GET /wp-content/plugins/contact-form-7/includes/js/index.js?ver=6.1.5 HTTP/1.1" 200 4265 "https://nipponiacaribe.com/tn-200/" "Mozilla/5.0 (iPhone; CPU iPhone OS 18_7_7 like Mac OS X) AppleWebKit/605.1.15 (KHTML, like Gecko) GSA/419.4.905781065 Mobile/15E148 Safari/604.1"
154.88.131.3 - - [05/May/2026:17:35:44 +0000] "GET /wp-content/plugins/contact-form-7/includes/swv/js/index.js?ver=6.1.5 HTTP/1.1" 200 3503 "https://nipponiacaribe.com/tn-200/" "Mozilla/5.0 (iPhone; CPU iPhone OS 18_7_7 like Mac OS X) AppleWebKit/605.1.15 (KHTML, like Gecko) GSA/419.4.905781065 Mobile/15E148 Safari/604.1"
154.88.131.3 - - [05/May/2026:17:35:44 +0000] "GET /wp-content/themes/airi/js/vendor/skip-link-focus-fix.js?ver=20151215 HTTP/1.1" 200 417 "https://nipponiacaribe.com/tn-200/" "Mozilla/5.0 (iPhone; CPU iPhone OS 18_7_7 like Mac OS X) AppleWebKit/605.1.15 (KHTML, like Gecko) GSA/419.4.905781065 Mobile/15E148 Safari/604.1"
154.88.131.3 - - [05/May/2026:17:35:44 +0000] "GET /wp-content/themes/airi/js/vendor/scripts.js?ver=20180223 HTTP/1.1" 200 11405 "https://nipponiacaribe.com/tn-200/" "Mozilla/5.0 (iPhone; CPU iPhone OS 18_7_7 like Mac OS X) AppleWebKit/605.1.15 (KHTML, like Gecko) GSA/419.4.905781065 Mobile/15E148 Safari/604.1"
154.88.131.3 - - [05/May/2026:17:35:44 +0000] "GET /wp-content/themes/airi/js/custom/custom.min.js?ver=20181017 HTTP/1.1" 200 744 "https://nipponiacaribe.com/tn-200/" "Mozilla/5.0 (iPhone; CPU iPhone OS 18_7_7 like Mac OS X) AppleWebKit/605.1.15 (KHTML, like Gecko) GSA/419.4.905781065 Mobile/15E148 Safari/604.1"
154.88.131.3 - - [05/May/2026:17:35:44 +0000] "GET /wp-includes/js/dist/vendor/wp-polyfill.min.js?ver=3.15.0 HTTP/1.1" 200 11852 "https://nipponiacaribe.com/tn-200/" "Mozilla/5.0 (iPhone; CPU iPhone OS 18_7_7 like Mac OS X) AppleWebKit/605.1.15 (KHTML, like Gecko) GSA/419.4.905781065 Mobile/15E148 Safari/604.1"
154.88.131.3 - - [05/May/2026:17:35:44 +0000] "GET /wp-content/plugins/contact-form-7/modules/recaptcha/index.js?ver=6.1.5 HTTP/1.1" 200 483 "https://nipponiacaribe.com/tn-200/" "Mozilla/5.0 (iPhone; CPU iPhone OS 18_7_7 like Mac OS X) AppleWebKit/605.1.15 (KHTML, like Gecko) GSA/419.4.905781065 Mobile/15E148 Safari/604.1"
154.88.131.3 - - [05/May/2026:17:35:44 +0000] "GET /wp-content/plugins/elementor/assets/js/webpack.runtime.min.js?ver=4.0.6 HTTP/1.1" 200 2496 "https://nipponiacaribe.com/tn-200/" "Mozilla/5.0 (iPhone; CPU iPhone OS 18_7_7 like Mac OS X) AppleWebKit/605.1.15 (KHTML, like Gecko) GSA/419.4.905781065 Mobile/15E148 Safari/604.1"
154.88.131.3 - - [05/May/2026:17:35:44 +0000] "GET /wp-content/plugins/elementor/assets/js/frontend-modules.min.js?ver=4.0.6 HTTP/1.1" 200 15970 "https://nipponiacaribe.com/tn-200/" "Mozilla/5.0 (iPhone; CPU iPhone OS 18_7_7 like Mac OS X) AppleWebKit/605.1.15 (KHTML, like Gecko) GSA/419.4.905781065 Mobile/15E148 Safari/604.1"
154.88.131.3 - - [05/May/2026:17:35:44 +0000] "GET /wp-includes/js/jquery/ui/core.min.js?ver=1.13.3 HTTP/1.1" 200 7106 "https://nipponiacaribe.com/tn-200/" "Mozilla/5.0 (iPhone; CPU iPhone OS 18_7_7 like Mac OS X) AppleWebKit/605.1.15 (KHTML, like Gecko) GSA/419.4.905781065 Mobile/15E148 Safari/604.1"
154.88.131.3 - - [05/May/2026:17:35:45 +0000] "GET /wp-content/plugins/elementor/assets/js/frontend.min.js?ver=4.0.6 HTTP/1.1" 200 10339 "https://nipponiacaribe.com/tn-200/" "Mozilla/5.0 (iPhone; CPU iPhone OS 18_7_7 like Mac OS X) AppleWebKit/605.1.15 (KHTML, like Gecko) GSA/419.4.905781065 Mobile/15E148 Safari/604.1"
154.88.131.3 - - [05/May/2026:17:35:45 +0000] "GET /wp-content/plugins/google-site-kit/dist/assets/js/googlesitekit-events-provider-contact-form-7-08e8756782316cb65854.js HTTP/1.1" 200 1236 "https://nipponiacaribe.com/tn-200/" "Mozilla/5.0 (iPhone; CPU iPhone OS 18_7_7 like Mac OS X) AppleWebKit/605.1.15 (KHTML, like Gecko) GSA/419.4.905781065 Mobile/15E148 Safari/604.1"
154.88.131.3 - - [05/May/2026:17:35:45 +0000] "GET /wp-includes/js/underscore.min.js?ver=1.13.7 HTTP/1.1" 200 7317 "https://nipponiacaribe.com/tn-200/" "Mozilla/5.0 (iPhone; CPU iPhone OS 18_7_7 like Mac OS X) AppleWebKit/605.1.15 (KHTML, like Gecko) GSA/419.4.905781065 Mobile/15E148 Safari/604.1"
154.88.131.3 - - [05/May/2026:17:35:45 +0000] "GET /wp-includes/js/backbone.min.js?ver=1.6.0 HTTP/1.1" 200 8021 "https://nipponiacaribe.com/tn-200/" "Mozilla/5.0 (iPhone; CPU iPhone OS 18_7_7 like Mac OS X) AppleWebKit/605.1.15 (KHTML, like Gecko) GSA/419.4.905781065 Mobile/15E148 Safari/604.1"
154.88.131.3 - - [05/May/2026:17:35:45 +0000] "GET /wp-content/plugins/google-site-kit/dist/assets/js/googlesitekit-events-provider-ninja-forms-de64a20f79b99aba5219.js HTTP/1.1" 200 1222 "https://nipponiacaribe.com/tn-200/" "Mozilla/5.0 (iPhone; CPU iPhone OS 18_7_7 like Mac OS X) AppleWebKit/605.1.15 (KHTML, like Gecko) GSA/419.4.905781065 Mobile/15E148 Safari/604.1"
154.88.131.3 - - [05/May/2026:17:35:45 +0000] "GET /wp-content/plugins/elementor-pro/assets/js/webpack-pro.runtime.min.js?ver=4.0.4 HTTP/1.1" 200 2830 "https://nipponiacaribe.com/tn-200/" "Mozilla/5.0 (iPhone; CPU iPhone OS 18_7_7 like Mac OS X) AppleWebKit/605.1.15 (KHTML, like Gecko) GSA/419.4.905781065 Mobile/15E148 Safari/604.1"
154.88.131.3 - - [05/May/2026:17:35:45 +0000] "GET /wp-content/plugins/elementor-pro/assets/js/frontend.min.js?ver=4.0.4 HTTP/1.1" 200 6419 "https://nipponiacaribe.com/tn-200/" "Mozilla/5.0 (iPhone; CPU iPhone OS 18_7_7 like Mac OS X) AppleWebKit/605.1.15 (KHTML, like Gecko) GSA/419.4.905781065 Mobile/15E148 Safari/604.1"
154.88.131.3 - - [05/May/2026:17:35:45 +0000] "GET /wp-content/plugins/elementor-pro/assets/js/elements-handlers.min.js?ver=4.0.4 HTTP/1.1" 200 10535 "https://nipponiacaribe.com/tn-200/" "Mozilla/5.0 (iPhone; CPU iPhone OS 18_7_7 like Mac OS X) AppleWebKit/605.1.15 (KHTML, like Gecko) GSA/419.4.905781065 Mobile/15E148 Safari/604.1"
154.88.131.3 - - [05/May/2026:17:35:45 +0000] "GET /wp-content/plugins/optimole-wp/assets/build/optimizer/optimizer.js?v=4.2.4 HTTP/1.1" 200 6753 "https://nipponiacaribe.com/tn-200/" "Mozilla/5.0 (iPhone; CPU iPhone OS 18_7_7 like Mac OS X) AppleWebKit/605.1.15 (KHTML, like Gecko) GSA/419.4.905781065 Mobile/15E148 Safari/604.1"
154.88.131.3 - - [05/May/2026:17:35:45 +0000] "GET /wp-content/fonts/work-sans/font HTTP/1.1" 200 25976 "https://nipponiacaribe.com/tn-200/" "Mozilla/5.0 (iPhone; CPU iPhone OS 18_7_7 like Mac OS X) AppleWebKit/605.1.15 (KHTML, like Gecko) GSA/419.4.905781065 Mobile/15E148 Safari/604.1"
154.88.131.3 - - [05/May/2026:17:35:45 +0000] "GET /wp-content/themes/airi/css/font-awesome/webfonts/fa-brands-400.woff2 HTTP/1.1" 200 76769 "https://nipponiacaribe.com/tn-200/" "Mozilla/5.0 (iPhone; CPU iPhone OS 18_7_7 like Mac OS X) AppleWebKit/605.1.15 (KHTML, like Gecko) GSA/419.4.905781065 Mobile/15E148 Safari/604.1"
154.88.131.3 - - [05/May/2026:17:35:45 +0000] "GET /wp-content/themes/airi/css/font-awesome/webfonts/fa-solid-900.woff2 HTTP/1.1" 200 78083 "https://nipponiacaribe.com/tn-200/" "Mozilla/5.0 (iPhone; CPU iPhone OS 18_7_7 like Mac OS X) AppleWebKit/605.1.15 (KHTML, like Gecko) GSA/419.4.905781065 Mobile/15E148 Safari/604.1"
154.88.131.3 - - [05/May/2026:17:35:45 +0000] "GET /wp-content/plugins/elementor/assets/js/lightbox.570c05c5a283cfb6b223.bundle.min.js HTTP/1.1" 200 9613 "https://nipponiacaribe.com/tn-200/" "Mozilla/5.0 (iPhone; CPU iPhone OS 18_7_7 like Mac OS X) AppleWebKit/605.1.15 (KHTML, like Gecko) GSA/419.4.905781065 Mobile/15E148 Safari/604.1"
154.88.131.3 - - [05/May/2026:17:35:45 +0000] "GET /wp-content/plugins/elementor/assets/js/397f2d183c19202777d6.bundle.min.js HTTP/1.1" 200 8785 "https://nipponiacaribe.com/tn-200/" "Mozilla/5.0 (iPhone; CPU iPhone OS 18_7_7 like Mac OS X) AppleWebKit/605.1.15 (KHTML, like Gecko) GSA/419.4.905781065 Mobile/15E148 Safari/604.1"
154.88.131.3 - - [05/May/2026:17:35:45 +0000] "GET /wp-content/plugins/elementor/assets/lib/dialog/dialog.min.js?ver=4.9.3 HTTP/1.1" 200 3782 "https://nipponiacaribe.com/tn-200/" "Mozilla/5.0 (iPhone; CPU iPhone OS 18_7_7 like Mac OS X) AppleWebKit/605.1.15 (KHTML, like Gecko) GSA/419.4.905781065 Mobile/15E148 Safari/604.1"
154.88.131.3 - - [05/May/2026:17:35:45 +0000] "GET /wp-content/plugins/elementor/assets/lib/eicons/fonts/eicons.woff2?5.48.0 HTTP/1.1" 200 105738 "https://nipponiacaribe.com/tn-200/" "Mozilla/5.0 (iPhone; CPU iPhone OS 18_7_7 like Mac OS X) AppleWebKit/605.1.15 (KHTML, like Gecko) GSA/419.4.905781065 Mobile/15E148 Safari/604.1"
154.88.131.3 - - [05/May/2026:17:35:45 +0000] "GET /wp-content/plugins/elementor/assets/css/conditionals/dialog.min.css?ver=4.0.6 HTTP/1.1" 200 1578 "https://nipponiacaribe.com/tn-200/" "Mozilla/5.0 (iPhone; CPU iPhone OS 18_7_7 like Mac OS X) AppleWebKit/605.1.15 (KHTML, like Gecko) GSA/419.4.905781065 Mobile/15E148 Safari/604.1"
154.88.131.3 - - [05/May/2026:17:35:45 +0000] "GET /wp-content/plugins/elementor/assets/lib/share-link/share-link.min.js?ver=4.0.6 HTTP/1.1" 200 1169 "https://nipponiacaribe.com/tn-200/" "Mozilla/5.0 (iPhone; CPU iPhone OS 18_7_7 like Mac OS X) AppleWebKit/605.1.15 (KHTML, like Gecko) GSA/419.4.905781065 Mobile/15E148 Safari/604.1"
154.88.131.3 - - [05/May/2026:17:35:45 +0000] "GET /wp-content/plugins/elementor/assets/js/shared-frontend-handlers.03caa53373b56d3bab67.bundle.min.js HTTP/1.1" 200 2644 "https://nipponiacaribe.com/tn-200/" "Mozilla/5.0 (iPhone; CPU iPhone OS 18_7_7 like Mac OS X) AppleWebKit/605.1.15 (KHTML, like Gecko) GSA/419.4.905781065 Mobile/15E148 Safari/604.1"
154.88.131.3 - - [05/May/2026:17:35:45 +0000] "GET /wp-content/plugins/elementor/assets/js/text-editor.45609661e409413f1cef.bundle.min.js HTTP/1.1" 200 648 "https://nipponiacaribe.com/tn-200/" "Mozilla/5.0 (iPhone; CPU iPhone OS 18_7_7 like Mac OS X) AppleWebKit/605.1.15 (KHTML, like Gecko) GSA/419.4.905781065 Mobile/15E148 Safari/604.1"
154.88.131.3 - - [05/May/2026:17:35:45 +0000] "GET /wp-content/plugins/elementor/assets/css/conditionals/lightbox.min.css?ver=4.0.6 HTTP/1.1" 200 1963 "https://nipponiacaribe.com/tn-200/" "Mozilla/5.0 (iPhone; CPU iPhone OS 18_7_7 like Mac OS X) AppleWebKit/605.1.15 (KHTML, like Gecko) GSA/419.4.905781065 Mobile/15E148 Safari/604.1"
154.88.131.3 - - [05/May/2026:17:35:45 +0000] "GET /wp-content/plugins/elementor/assets/js/section-frontend-handlers.d85ab872da118940910d.bundle.min.js HTTP/1.1" 200 269 "https://nipponiacaribe.com/tn-200/" "Mozilla/5.0 (iPhone; CPU iPhone OS 18_7_7 like Mac OS X) AppleWebKit/605.1.15 (KHTML, like Gecko) GSA/419.4.905781065 Mobile/15E148 Safari/604.1"
154.88.131.3 - - [05/May/2026:17:35:45 +0000] "GET /wp-content/plugins/elementor-pro/assets/js/media-carousel.87c2cf115553a2c4f709.bundle.min.js HTTP/1.1" 200 2068 "https://nipponiacaribe.com/tn-200/" "Mozilla/5.0 (iPhone; CPU iPhone OS 18_7_7 like Mac OS X) AppleWebKit/605.1.15 (KHTML, like Gecko) GSA/419.4.905781065 Mobile/15E148 Safari/604.1"
154.88.131.3 - - [05/May/2026:17:35:45 +0000] "GET /wp-includes/js/wp-emoji-release.min.js?ver=6.9.4 HTTP/1.1" 200 5375 "https://nipponiacaribe.com/tn-200/" "Mozilla/5.0 (iPhone; CPU iPhone OS 18_7_7 like Mac OS X) AppleWebKit/605.1.15 (KHTML, like Gecko) GSA/419.4.905781065 Mobile/15E148 Safari/604.1"
154.88.131.3 - - [05/May/2026:17:35:45 +0000] "GET /wp-content/themes/airi/css/font-awesome/webfonts/fa-regular-400.woff2 HTTP/1.1" 200 13287 "https://nipponiacaribe.com/tn-200/" "Mozilla/5.0 (iPhone; CPU iPhone OS 18_7_7 like Mac OS X) AppleWebKit/605.1.15 (KHTML, like Gecko) GSA/419.4.905781065 Mobile/15E148 Safari/604.1"
154.88.131.3 - - [05/May/2026:17:35:48 +0000] "POST /wp-json/optml/v1/optimizations HTTP/1.1" 200 76 "https://nipponiacaribe.com/tn-200/" "Mozilla/5.0 (iPhone; CPU iPhone OS 18_7_7 like Mac OS X) AppleWebKit/605.1.15 (KHTML, like Gecko) GSA/419.4.905781065 Mobile/15E148 Safari/604.1"
154.88.131.3 - - [05/May/2026:17:36:11 +0000] "GET /ftn-150/ HTTP/1.1" 200 21478 "-" "Mozilla/5.0 (iPhone; CPU iPhone OS 18_7_7 like Mac OS X) AppleWebKit/605.1.15 (KHTML, like Gecko) GSA/419.4.905781065 Mobile/15E148 Safari/604.1"
154.88.131.3 - - [05/May/2026:17:36:16 +0000] "GET /wp-content/uploads/elementor/css/post-6703.css?ver=1778002575 HTTP/1.1" 200 963 "https://nipponiacaribe.com/ftn-150/" "Mozilla/5.0 (iPhone; CPU iPhone OS 18_7_7 like Mac OS X) AppleWebKit/605.1.15 (KHTML, like Gecko) GSA/419.4.905781065 Mobile/15E148 Safari/604.1"
154.88.131.3 - - [05/May/2026:17:36:20 +0000] "POST /wp-json/optml/v1/optimizations HTTP/1.1" 200 76 "https://nipponiacaribe.com/ftn-150/" "Mozilla/5.0 (iPhone; CPU iPhone OS 18_7_7 like Mac OS X) AppleWebKit/605.1.15 (KHTML, like Gecko) GSA/419.4.905781065 Mobile/15E148 Safari/604.1"
40.77.167.79 - - [05/May/2026:17:37:13 +0000] "GET /brio-110-a30 HTTP/1.1" 301 - "-" "Mozilla/5.0 AppleWebKit/537.36 (KHTML, like Gecko; compatible; bingbot/2.0; +http://www.bing.com/bingbot.htm) Chrome/116.0.1938.76 Safari/537.36"
40.77.167.79 - - [05/May/2026:17:37:17 +0000] "GET /brio-110-a30/ HTTP/1.1" 200 21451 "-" "Mozilla/5.0 AppleWebKit/537.36 (KHTML, like Gecko; compatible; bingbot/2.0; +http://www.bing.com/bingbot.htm) Chrome/116.0.1938.76 Safari/537.36"
150.228.63.3 - - [05/May/2026:17:37:30 +0000] "POST /wp-admin/admin-ajax.php HTTP/1.1" 200 68 "https://nipponiacaribe.com/wp-admin/users.php?reset_count=1" "Mozilla/5.0 (Windows NT 10.0; Win64; x64) AppleWebKit/537.36 (KHTML, like Gecko) Chrome/147.0.0.0 Safari/537.36"
150.228.63.3 - - [05/May/2026:17:37:33 +0000] "GET /wp-login.php?interim-login=1&wp_lang=en_US HTTP/1.1" 200 2829 "https://nipponiacaribe.com/wp-admin/users.php?reset_count=1" "Mozilla/5.0 (Windows NT 10.0; Win64; x64) AppleWebKit/537.36 (KHTML, like Gecko) Chrome/147.0.0.0 Safari/537.36"
144.76.32.120 - - [05/May/2026:17:39:26 +0000] "GET /robots.txt HTTP/1.1" 301 - "-" "Mozilla/5.0 (compatible; SERankingBacklinksBot/1.0; +https://seranking.com/backlinks-crawler)"
144.76.32.120 - - [05/May/2026:17:39:29 +0000] "GET /robots.txt HTTP/1.1" 200 129 "-" "Mozilla/5.0 (compatible; SERankingBacklinksBot/1.0; +https://seranking.com/backlinks-crawler)"
144.76.32.120 - - [05/May/2026:17:39:32 +0000] "GET /index.php/productos/8-motocicletas-cub HTTP/1.1" 301 - "-" "Mozilla/5.0 (compatible; SERankingBacklinksBot/1.0; +https://seranking.com/backlinks-crawler)"
150.228.63.3 - - [05/May/2026:17:39:31 +0000] "POST /wp-admin/admin-ajax.php HTTP/1.1" 200 68 "https://nipponiacaribe.com/wp-admin/users.php?reset_count=1" "Mozilla/5.0 (Windows NT 10.0; Win64; x64) AppleWebKit/537.36 (KHTML, like Gecko) Chrome/147.0.0.0 Safari/537.36"
144.76.32.120 - - [05/May/2026:17:39:34 +0000] "GET /robots.txt HTTP/1.1" 200 129 "-" "Mozilla/5.0 (compatible; SERankingBacklinksBot/1.0; +https://seranking.com/backlinks-crawler)"
144.76.32.120 - - [05/May/2026:17:39:37 +0000] "GET /productos/8-motocicletas-cub HTTP/1.1" 404 14596 "-" "Mozilla/5.0 (compatible; SERankingBacklinksBot/1.0; +https://seranking.com/backlinks-crawler)"
20.123.172.228 - - [05/May/2026:17:41:36 +0000] "POST /wp-cron.php?doing_wp_cron=1778002896.0001950263977050781250 HTTP/1.1" 200 - "-" "WordPress/6.9.4; https://nipponiacaribe.com"
150.228.63.3 - - [05/May/2026:17:41:32 +0000] "POST /wp-admin/admin-ajax.php HTTP/1.1" 200 68 "https://nipponiacaribe.com/wp-admin/users.php?reset_count=1" "Mozilla/5.0 (Windows NT 10.0; Win64; x64) AppleWebKit/537.36 (KHTML, like Gecko) Chrome/147.0.0.0 Safari/537.36"
20.123.172.228 - - [05/May/2026:17:42:02 +0000] "POST /wp-cron.php?doing_wp_cron=1778002922.7776789665222167968750 HTTP/1.1" 200 - "-" "WordPress/6.9.4; https://nipponiacaribe.com"
212.205.99.65 - - [05/May/2026:17:41:59 +0000] "GET /wp-admin/ HTTP/1.1" 302 - "-" "Mozilla/5.0 (Windows NT 10.0; Win64; x64) AppleWebKit/537.36 (KHTML, like Gecko) Chrome/147.0.0.0 Safari/537.36"
212.205.99.65 - - [05/May/2026:17:42:03 +0000] "GET /wp-login.php?redirect_to=https%3A%2F%2Fnipponiacaribe.com%2Fwp-admin%2F&reauth=1 HTTP/1.1" 200 2698 "-" "Mozilla/5.0 (Windows NT 10.0; Win64; x64) AppleWebKit/537.36 (KHTML, like Gecko) Chrome/147.0.0.0 Safari/537.36"
212.205.99.65 - - [05/May/2026:17:42:05 +0000] "GET /wp-content/plugins/wordfence/modules/login-security/js/login.1777414075.js?ver=1.1.16 HTTP/1.1" 304 - "https://nipponiacaribe.com/wp-login.php?redirect_to=https%3A%2F%2Fnipponiacaribe.com%2Fwp-admin%2F&reauth=1" "Mozilla/5.0 (Windows NT 10.0; Win64; x64) AppleWebKit/537.36 (KHTML, like Gecko) Chrome/147.0.0.0 Safari/537.36"
212.205.99.65 - - [05/May/2026:17:42:05 +0000] "GET /wp-content/plugins/wordfence/modules/login-security/css/login.1777414075.css?ver=1.1.16 HTTP/1.1" 304 - "https://nipponiacaribe.com/wp-login.php?redirect_to=https%3A%2F%2Fnipponiacaribe.com%2Fwp-admin%2F&reauth=1" "Mozilla/5.0 (Windows NT 10.0; Win64; x64) AppleWebKit/537.36 (KHTML, like Gecko) Chrome/147.0.0.0 Safari/537.36"
212.205.99.65 - - [05/May/2026:17:42:22 +0000] "POST /wp-admin/admin-ajax.php HTTP/1.1" 200 58 "https://nipponiacaribe.com/wp-login.php?redirect_to=https%3A%2F%2Fnipponiacaribe.com%2Fwp-admin%2F&reauth=1" "Mozilla/5.0 (Windows NT 10.0; Win64; x64) AppleWebKit/537.36 (KHTML, like Gecko) Chrome/147.0.0.0 Safari/537.36"
20.169.87.118 - - [05/May/2026:17:42:41 +0000] "GET / HTTP/1.1" 200 20591 "-" "Mozilla/5.0 AppleWebKit/537.36 (KHTML, like Gecko); compatible; ChatGPT-User/1.0; +https://openai.com/bot"
212.205.99.65 - - [05/May/2026:17:42:56 +0000] "POST /wp-login.php HTTP/1.1" 302 - "https://nipponiacaribe.com/wp-login.php?redirect_to=https%3A%2F%2Fnipponiacaribe.com%2Fwp-admin%2F&reauth=1" "Mozilla/5.0 (Windows NT 10.0; Win64; x64) AppleWebKit/537.36 (KHTML, like Gecko) Chrome/147.0.0.0 Safari/537.36"
212.205.99.65 - - [05/May/2026:17:43:01 +0000] "GET /wp-admin/ HTTP/1.1" 200 70943 "https://nipponiacaribe.com/wp-login.php?redirect_to=https%3A%2F%2Fnipponiacaribe.com%2Fwp-admin%2F&reauth=1" "Mozilla/5.0 (Windows NT 10.0; Win64; x64) AppleWebKit/537.36 (KHTML, like Gecko) Chrome/147.0.0.0 Safari/537.36"
212.205.99.65 - - [05/May/2026:17:43:05 +0000] "GET /wp-content/plugins/insert-headers-and-footers/build/admin-bar.css?ver=c95624a69c80301272a0 HTTP/1.1" 304 - "https://nipponiacaribe.com/wp-admin/" "Mozilla/5.0 (Windows NT 10.0; Win64; x64) AppleWebKit/537.36 (KHTML, like Gecko) Chrome/147.0.0.0 Safari/537.36"
212.205.99.65 - - [05/May/2026:17:43:05 +0000] "GET /wp-content/plugins/wordfence/css/wf-global.1777414075.css?ver=8.2.0 HTTP/1.1" 304 - "https://nipponiacaribe.com/wp-admin/" "Mozilla/5.0 (Windows NT 10.0; Win64; x64) AppleWebKit/537.36 (KHTML, like Gecko) Chrome/147.0.0.0 Safari/537.36"
212.205.99.65 - - [05/May/2026:17:43:05 +0000] "GET /wp-content/plugins/wordfence/css/wf-font-awesome.1777414075.css?ver=8.2.0 HTTP/1.1" 304 - "https://nipponiacaribe.com/wp-admin/" "Mozilla/5.0 (Windows NT 10.0; Win64; x64) AppleWebKit/537.36 (KHTML, like Gecko) Chrome/147.0.0.0 Safari/537.36"
212.205.99.65 - - [05/May/2026:17:43:05 +0000] "GET /wp-content/plugins/optimole-wp/assets/build/widget/style-index.css?ver=7c2e1f38c170cb8d4af7 HTTP/1.1" 304 - "https://nipponiacaribe.com/wp-admin/" "Mozilla/5.0 (Windows NT 10.0; Win64; x64) AppleWebKit/537.36 (KHTML, like Gecko) Chrome/147.0.0.0 Safari/537.36"
