62.60.130.227 - - [05/May/2026:18:18:39 +0000] "GET /wp-login.php?redirect_to=https%3A%2F%2Fnipponiacaribe.com%2Fwp-admin%2Findex.php&reauth=1 HTTP/1.1" 404 14290 "https://nipponiacaribe.com/wp-login.php" "Mozilla/5.0 (Macintosh; Intel Mac OS X 10_15_7; rv:92.0) Gecko/20100101 Firefox/92.0"
62.60.130.227 - - [05/May/2026:18:18:42 +0000] "POST /wp-login.php HTTP/1.1" 302 - "https://nipponiacaribe.com/wp-login.php" "Mozilla/5.0 (Windows NT 10.0; Win64; x64) AppleWebKit/537.36 (KHTML, like Gecko) Chrome/90.0.4430.212 Safari/537.36"
62.60.130.227 - - [05/May/2026:18:18:45 +0000] "GET /wp-admin/index.php HTTP/1.1" 302 - "https://nipponiacaribe.com/wp-login.php" "Mozilla/5.0 (Windows NT 6.1; Win64; x64) AppleWebKit/537.36 (KHTML, like Gecko) Chrome/94.0.4606.71 Safari/537.36"
62.60.130.227 - - [05/May/2026:18:18:47 +0000] "GET /wp-login.php?redirect_to=https%3A%2F%2Fnipponiacaribe.com%2Fwp-admin%2Findex.php&reauth=1 HTTP/1.1" 404 14290 "https://nipponiacaribe.com/wp-login.php" "Mozilla/5.0 (Windows NT 6.1; Win64; x64) AppleWebKit/537.36 (KHTML, like Gecko) Chrome/94.0.4606.71 Safari/537.36"
62.60.130.227 - - [05/May/2026:18:18:50 +0000] "POST /wp-login.php HTTP/1.1" 302 - "https://nipponiacaribe.com/wp-login.php" "Mozilla/5.0 (Windows NT 6.1; Win64; x64) AppleWebKit/537.36 (KHTML, like Gecko) Chrome/92.0.4515.131 Safari/537.36"
62.60.130.227 - - [05/May/2026:18:18:52 +0000] "GET /wp-admin/index.php HTTP/1.1" 302 - "https://nipponiacaribe.com/wp-login.php" "Mozilla/5.0 (X11; Linux x86_64) AppleWebKit/537.36 (KHTML, like Gecko) Chrome/92.0.4515.131 Safari/537.36"
62.60.130.227 - - [05/May/2026:18:18:55 +0000] "GET /wp-login.php?redirect_to=https%3A%2F%2Fnipponiacaribe.com%2Fwp-admin%2Findex.php&reauth=1 HTTP/1.1" 404 14290 "https://nipponiacaribe.com/wp-login.php" "Mozilla/5.0 (X11; Linux x86_64) AppleWebKit/537.36 (KHTML, like Gecko) Chrome/92.0.4515.131 Safari/537.36"
62.60.130.227 - - [05/May/2026:18:18:58 +0000] "POST /wp-login.php HTTP/1.1" 302 - "https://nipponiacaribe.com/wp-login.php" "Mozilla/5.0 (Windows NT 6.1; Win64; x64) AppleWebKit/537.36 (KHTML, like Gecko) Chrome/94.0.4606.71 Safari/537.36"
62.60.130.227 - - [05/May/2026:18:19:00 +0000] "GET /wp-admin/index.php HTTP/1.1" 302 - "https://nipponiacaribe.com/wp-login.php" "Mozilla/5.0 (Windows NT 6.1; Win64; x64) AppleWebKit/537.36 (KHTML, like Gecko) Chrome/92.0.4515.131 Safari/537.36"
62.60.130.227 - - [05/May/2026:18:19:02 +0000] "GET /wp-login.php?redirect_to=https%3A%2F%2Fnipponiacaribe.com%2Fwp-admin%2Findex.php&reauth=1 HTTP/1.1" 404 14290 "https://nipponiacaribe.com/wp-login.php" "Mozilla/5.0 (Windows NT 6.1; Win64; x64) AppleWebKit/537.36 (KHTML, like Gecko) Chrome/92.0.4515.131 Safari/537.36"
62.60.130.227 - - [05/May/2026:18:19:05 +0000] "POST /wp-login.php HTTP/1.1" 302 - "https://nipponiacaribe.com/wp-login.php" "Mozilla/5.0 (X11; Linux x86_64; rv:90.0) Gecko/20100101 Firefox/90.0.1"
62.60.130.227 - - [05/May/2026:18:19:08 +0000] "GET /wp-admin/index.php HTTP/1.1" 302 - "https://nipponiacaribe.com/wp-login.php" "Mozilla/5.0 (Windows NT 10.0; Win64; x64) AppleWebKit/537.36 (KHTML, like Gecko) Chrome/92.0.4515.131 Safari/537.36"
62.60.130.227 - - [05/May/2026:18:19:10 +0000] "GET /wp-login.php?redirect_to=https%3A%2F%2Fnipponiacaribe.com%2Fwp-admin%2Findex.php&reauth=1 HTTP/1.1" 404 14290 "https://nipponiacaribe.com/wp-login.php" "Mozilla/5.0 (Windows NT 10.0; Win64; x64) AppleWebKit/537.36 (KHTML, like Gecko) Chrome/92.0.4515.131 Safari/537.36"
62.60.130.227 - - [05/May/2026:18:19:13 +0000] "POST /wp-login.php HTTP/1.1" 302 - "https://nipponiacaribe.com/wp-login.php" "Mozilla/5.0 (Macintosh; Intel Mac OS X 10_15_7; rv:90.0) Gecko/20100101 Firefox/90.0.1"
62.60.130.227 - - [05/May/2026:18:19:15 +0000] "GET /wp-admin/index.php HTTP/1.1" 302 - "https://nipponiacaribe.com/wp-login.php" "Mozilla/5.0 (Windows NT 10.0; Win64; x64) AppleWebKit/537.36 (KHTML, like Gecko) Chrome/91.0.4472.124 Safari/537.36"
62.60.130.227 - - [05/May/2026:18:19:18 +0000] "GET /wp-login.php?redirect_to=https%3A%2F%2Fnipponiacaribe.com%2Fwp-admin%2Findex.php&reauth=1 HTTP/1.1" 404 14290 "https://nipponiacaribe.com/wp-login.php" "Mozilla/5.0 (Windows NT 10.0; Win64; x64) AppleWebKit/537.36 (KHTML, like Gecko) Chrome/91.0.4472.124 Safari/537.36"
62.60.130.227 - - [05/May/2026:18:19:21 +0000] "POST /wp-login.php HTTP/1.1" 302 - "https://nipponiacaribe.com/wp-login.php" "Mozilla/5.0 (Windows NT 10.0; Win64; x64) AppleWebKit/537.36 (KHTML, like Gecko) Chrome/91.0.4472.124 Safari/537.36"
62.60.130.227 - - [05/May/2026:18:19:23 +0000] "GET /wp-admin/index.php HTTP/1.1" 302 - "https://nipponiacaribe.com/wp-login.php" "Mozilla/5.0 (Windows NT 10.0; Win64; x64) AppleWebKit/605.1.15 (KHTML, like Gecko) Version/14.1 Safari/605.1.15"
62.60.130.227 - - [05/May/2026:18:19:26 +0000] "GET /wp-login.php?redirect_to=https%3A%2F%2Fnipponiacaribe.com%2Fwp-admin%2Findex.php&reauth=1 HTTP/1.1" 404 14290 "https://nipponiacaribe.com/wp-login.php" "Mozilla/5.0 (Windows NT 10.0; Win64; x64) AppleWebKit/605.1.15 (KHTML, like Gecko) Version/14.1 Safari/605.1.15"
62.60.130.227 - - [05/May/2026:18:19:29 +0000] "POST /wp-login.php HTTP/1.1" 302 - "https://nipponiacaribe.com/wp-login.php" "Mozilla/5.0 (Windows NT 10.0; Win64; x64) AppleWebKit/605.1.15 (KHTML, like Gecko) Version/14.1.1 Safari/605.1.15"
62.60.130.227 - - [05/May/2026:18:19:31 +0000] "GET /wp-admin/index.php HTTP/1.1" 302 - "https://nipponiacaribe.com/wp-login.php" "Mozilla/5.0 (Windows NT 10.0; Win64; x64) AppleWebKit/537.36 (KHTML, like Gecko) Chrome/91.0.4472.124 Safari/537.36"
62.60.130.227 - - [05/May/2026:18:19:34 +0000] "GET /wp-login.php?redirect_to=https%3A%2F%2Fnipponiacaribe.com%2Fwp-admin%2Findex.php&reauth=1 HTTP/1.1" 404 14290 "https://nipponiacaribe.com/wp-login.php" "Mozilla/5.0 (Windows NT 10.0; Win64; x64) AppleWebKit/537.36 (KHTML, like Gecko) Chrome/91.0.4472.124 Safari/537.36"
62.60.130.227 - - [05/May/2026:18:19:37 +0000] "POST /wp-login.php HTTP/1.1" 302 - "https://nipponiacaribe.com/wp-login.php" "Mozilla/5.0 (Macintosh; Intel Mac OS X 10_15_7) AppleWebKit/605.1.15 (KHTML, like Gecko) Version/15.0 Safari/605.1.15"
62.60.130.227 - - [05/May/2026:18:19:40 +0000] "GET /wp-admin/index.php HTTP/1.1" 302 - "https://nipponiacaribe.com/wp-login.php" "Mozilla/5.0 (Windows NT 10.0; Win64; x64) AppleWebKit/605.1.15 (KHTML, like Gecko) Version/14.1 Safari/605.1.15"
62.60.130.227 - - [05/May/2026:18:19:42 +0000] "GET /wp-login.php?redirect_to=https%3A%2F%2Fnipponiacaribe.com%2Fwp-admin%2Findex.php&reauth=1 HTTP/1.1" 404 14290 "https://nipponiacaribe.com/wp-login.php" "Mozilla/5.0 (Windows NT 10.0; Win64; x64) AppleWebKit/605.1.15 (KHTML, like Gecko) Version/14.1 Safari/605.1.15"
62.60.130.227 - - [05/May/2026:18:19:45 +0000] "POST /wp-login.php HTTP/1.1" 302 - "https://nipponiacaribe.com/wp-login.php" "Mozilla/5.0 (Windows NT 10.0; Win64; x64; rv:90.0) Gecko/20100101 Firefox/90.0.1"
62.60.130.227 - - [05/May/2026:18:19:47 +0000] "GET /wp-admin/index.php HTTP/1.1" 302 - "https://nipponiacaribe.com/wp-login.php" "Mozilla/5.0 (Windows NT 10.0; Win64; x64) AppleWebKit/605.1.15 (KHTML, like Gecko) Version/15.0 Safari/605.1.15"
62.60.130.227 - - [05/May/2026:18:19:50 +0000] "GET /wp-login.php?redirect_to=https%3A%2F%2Fnipponiacaribe.com%2Fwp-admin%2Findex.php&reauth=1 HTTP/1.1" 404 14290 "https://nipponiacaribe.com/wp-login.php" "Mozilla/5.0 (Windows NT 10.0; Win64; x64) AppleWebKit/605.1.15 (KHTML, like Gecko) Version/15.0 Safari/605.1.15"
62.60.130.227 - - [05/May/2026:18:19:53 +0000] "POST /wp-login.php HTTP/1.1" 302 - "https://nipponiacaribe.com/wp-login.php" "Mozilla/5.0 (Windows NT 6.1; Win64; x64) AppleWebKit/537.36 (KHTML, like Gecko) Chrome/92.0.4515.131 Safari/537.36"
62.60.130.227 - - [05/May/2026:18:19:55 +0000] "GET /wp-admin/index.php HTTP/1.1" 302 - "https://nipponiacaribe.com/wp-login.php" "Mozilla/5.0 (X11; Linux x86_64) AppleWebKit/537.36 (KHTML, like Gecko) Chrome/94.0.4606.71 Safari/537.36"
62.60.130.227 - - [05/May/2026:18:19:58 +0000] "GET /wp-login.php?redirect_to=https%3A%2F%2Fnipponiacaribe.com%2Fwp-admin%2Findex.php&reauth=1 HTTP/1.1" 404 14290 "https://nipponiacaribe.com/wp-login.php" "Mozilla/5.0 (X11; Linux x86_64) AppleWebKit/537.36 (KHTML, like Gecko) Chrome/94.0.4606.71 Safari/537.36"
62.60.130.227 - - [05/May/2026:18:20:01 +0000] "POST /wp-login.php HTTP/1.1" 302 - "https://nipponiacaribe.com/wp-login.php" "Mozilla/5.0 (Macintosh; Intel Mac OS X 10_15_7) AppleWebKit/605.1.15 (KHTML, like Gecko) Version/14.1.2 Safari/605.1.15"
62.60.130.227 - - [05/May/2026:18:20:03 +0000] "GET /wp-admin/index.php HTTP/1.1" 302 - "https://nipponiacaribe.com/wp-login.php" "Mozilla/5.0 (X11; Linux x86_64) AppleWebKit/537.36 (KHTML, like Gecko) Chrome/93.0.4577.63 Safari/537.36"
62.60.130.227 - - [05/May/2026:18:20:06 +0000] "GET /wp-login.php?redirect_to=https%3A%2F%2Fnipponiacaribe.com%2Fwp-admin%2Findex.php&reauth=1 HTTP/1.1" 404 14290 "https://nipponiacaribe.com/wp-login.php" "Mozilla/5.0 (X11; Linux x86_64) AppleWebKit/537.36 (KHTML, like Gecko) Chrome/93.0.4577.63 Safari/537.36"
148.255.145.118 - - [05/May/2026:18:20:09 +0000] "GET /wp-content/fonts/work-sans/font HTTP/1.1" 200 25976 "https://nipponiacaribe.com/evolution-110/" "Mozilla/5.0 (iPhone; CPU iPhone OS 18_1_1 like Mac OS X) AppleWebKit/605.1.15 (KHTML, like Gecko) Version/18.1.1 Mobile/15E148 Safari/604.1"
148.255.145.118 - - [05/May/2026:18:20:09 +0000] "GET /wp-includes/js/wp-emoji-release.min.js?ver=6.9.4 HTTP/1.1" 200 5375 "https://nipponiacaribe.com/evolution-110/" "Mozilla/5.0 (iPhone; CPU iPhone OS 18_1_1 like Mac OS X) AppleWebKit/605.1.15 (KHTML, like Gecko) Version/18.1.1 Mobile/15E148 Safari/604.1"
148.255.145.118 - - [05/May/2026:18:20:09 +0000] "GET /wp-content/themes/airi/css/font-awesome/webfonts/fa-brands-400.woff2 HTTP/1.1" 200 76769 "https://nipponiacaribe.com/evolution-110/" "Mozilla/5.0 (iPhone; CPU iPhone OS 18_1_1 like Mac OS X) AppleWebKit/605.1.15 (KHTML, like Gecko) Version/18.1.1 Mobile/15E148 Safari/604.1"
148.255.145.118 - - [05/May/2026:18:20:09 +0000] "GET /wp-content/plugins/elementor/assets/lib/eicons/fonts/eicons.woff2?5.48.0 HTTP/1.1" 200 105738 "https://nipponiacaribe.com/evolution-110/" "Mozilla/5.0 (iPhone; CPU iPhone OS 18_1_1 like Mac OS X) AppleWebKit/605.1.15 (KHTML, like Gecko) Version/18.1.1 Mobile/15E148 Safari/604.1"
148.255.145.118 - - [05/May/2026:18:20:09 +0000] "GET /wp-content/themes/airi/css/font-awesome/webfonts/fa-solid-900.woff2 HTTP/1.1" 200 78083 "https://nipponiacaribe.com/evolution-110/" "Mozilla/5.0 (iPhone; CPU iPhone OS 18_1_1 like Mac OS X) AppleWebKit/605.1.15 (KHTML, like Gecko) Version/18.1.1 Mobile/15E148 Safari/604.1"
148.255.145.118 - - [05/May/2026:18:20:10 +0000] "GET /wp-content/themes/airi/css/font-awesome/webfonts/fa-regular-400.woff2 HTTP/1.1" 200 13287 "https://nipponiacaribe.com/evolution-110/" "Mozilla/5.0 (iPhone; CPU iPhone OS 18_1_1 like Mac OS X) AppleWebKit/605.1.15 (KHTML, like Gecko) Version/18.1.1 Mobile/15E148 Safari/604.1"
62.60.130.227 - - [05/May/2026:18:20:09 +0000] "POST /wp-login.php HTTP/1.1" 302 - "https://nipponiacaribe.com/wp-login.php" "Mozilla/5.0 (X11; Linux x86_64) AppleWebKit/537.36 (KHTML, like Gecko) Chrome/90.0.4430.212 Safari/537.36"
62.60.130.227 - - [05/May/2026:18:20:11 +0000] "GET /wp-admin/index.php HTTP/1.1" 302 - "https://nipponiacaribe.com/wp-login.php" "Mozilla/5.0 (Macintosh; Intel Mac OS X 10_15_7; rv:90.0) Gecko/20100101 Firefox/90.0.1"
62.60.130.227 - - [05/May/2026:18:20:14 +0000] "GET /wp-login.php?redirect_to=https%3A%2F%2Fnipponiacaribe.com%2Fwp-admin%2Findex.php&reauth=1 HTTP/1.1" 404 14290 "https://nipponiacaribe.com/wp-login.php" "Mozilla/5.0 (Macintosh; Intel Mac OS X 10_15_7; rv:90.0) Gecko/20100101 Firefox/90.0.1"
62.60.130.227 - - [05/May/2026:18:20:17 +0000] "POST /wp-login.php HTTP/1.1" 302 - "https://nipponiacaribe.com/wp-login.php" "Mozilla/5.0 (X11; Linux x86_64; rv:91.0) Gecko/20100101 Firefox/91.0"
62.60.130.227 - - [05/May/2026:18:20:19 +0000] "GET /wp-admin/index.php HTTP/1.1" 302 - "https://nipponiacaribe.com/wp-login.php" "Mozilla/5.0 (Windows NT 10.0; Win64; x64; rv:90.0) Gecko/20100101 Firefox/90.0.1"
62.60.130.227 - - [05/May/2026:18:20:21 +0000] "GET /wp-login.php?redirect_to=https%3A%2F%2Fnipponiacaribe.com%2Fwp-admin%2Findex.php&reauth=1 HTTP/1.1" 404 14290 "https://nipponiacaribe.com/wp-login.php" "Mozilla/5.0 (Windows NT 10.0; Win64; x64; rv:90.0) Gecko/20100101 Firefox/90.0.1"
62.60.130.227 - - [05/May/2026:18:20:24 +0000] "POST /wp-login.php HTTP/1.1" 302 - "https://nipponiacaribe.com/wp-login.php" "Mozilla/5.0 (Windows NT 6.1; Win64; x64) AppleWebKit/537.36 (KHTML, like Gecko) Chrome/92.0.4515.131 Safari/537.36"
62.60.130.227 - - [05/May/2026:18:20:27 +0000] "GET /wp-admin/index.php HTTP/1.1" 302 - "https://nipponiacaribe.com/wp-login.php" "Mozilla/5.0 (Windows NT 6.1; Win64; x64) AppleWebKit/537.36 (KHTML, like Gecko) Chrome/90.0.4430.212 Safari/537.36"
20.123.172.228 - - [05/May/2026:18:20:32 +0000] "POST /wp-cron.php?doing_wp_cron=1778005232.8489298820495605468750 HTTP/1.1" 200 - "-" "WordPress/6.9.4; https://nipponiacaribe.com"
62.60.130.227 - - [05/May/2026:18:20:29 +0000] "GET /wp-login.php?redirect_to=https%3A%2F%2Fnipponiacaribe.com%2Fwp-admin%2Findex.php&reauth=1 HTTP/1.1" 404 14290 "https://nipponiacaribe.com/wp-login.php" "Mozilla/5.0 (Windows NT 6.1; Win64; x64) AppleWebKit/537.36 (KHTML, like Gecko) Chrome/90.0.4430.212 Safari/537.36"
62.60.130.227 - - [05/May/2026:18:20:33 +0000] "POST /wp-login.php HTTP/1.1" 302 - "https://nipponiacaribe.com/wp-login.php" "Mozilla/5.0 (Windows NT 6.1; Win64; x64; rv:92.0) Gecko/20100101 Firefox/92.0"
62.60.130.227 - - [05/May/2026:18:20:35 +0000] "GET /wp-admin/index.php HTTP/1.1" 302 - "https://nipponiacaribe.com/wp-login.php" "Mozilla/5.0 (Windows NT 6.1; Win64; x64) AppleWebKit/537.36 (KHTML, like Gecko) Chrome/92.0.4515.131 Safari/537.36"
62.60.130.227 - - [05/May/2026:18:20:38 +0000] "GET /wp-login.php?redirect_to=https%3A%2F%2Fnipponiacaribe.com%2Fwp-admin%2Findex.php&reauth=1 HTTP/1.1" 404 14290 "https://nipponiacaribe.com/wp-login.php" "Mozilla/5.0 (Windows NT 6.1; Win64; x64) AppleWebKit/537.36 (KHTML, like Gecko) Chrome/92.0.4515.131 Safari/537.36"
62.60.130.227 - - [05/May/2026:18:20:40 +0000] "POST /wp-login.php HTTP/1.1" 302 - "https://nipponiacaribe.com/wp-login.php" "Mozilla/5.0 (Windows NT 10.0; Win64; x64) AppleWebKit/537.36 (KHTML, like Gecko) Chrome/91.0.4472.124 Safari/537.36"
62.60.130.227 - - [05/May/2026:18:20:43 +0000] "GET /wp-admin/index.php HTTP/1.1" 302 - "https://nipponiacaribe.com/wp-login.php" "Mozilla/5.0 (Windows NT 6.1; Win64; x64) AppleWebKit/537.36 (KHTML, like Gecko) Chrome/94.0.4606.71 Safari/537.36"
62.60.130.227 - - [05/May/2026:18:20:45 +0000] "GET /wp-login.php?redirect_to=https%3A%2F%2Fnipponiacaribe.com%2Fwp-admin%2Findex.php&reauth=1 HTTP/1.1" 404 14290 "https://nipponiacaribe.com/wp-login.php" "Mozilla/5.0 (Windows NT 6.1; Win64; x64) AppleWebKit/537.36 (KHTML, like Gecko) Chrome/94.0.4606.71 Safari/537.36"
62.60.130.227 - - [05/May/2026:18:20:48 +0000] "POST /wp-login.php HTTP/1.1" 302 - "https://nipponiacaribe.com/wp-login.php" "Mozilla/5.0 (Windows NT 6.1; Win64; x64; rv:91.0) Gecko/20100101 Firefox/91.0"
62.60.130.227 - - [05/May/2026:18:20:51 +0000] "GET /wp-admin/index.php HTTP/1.1" 302 - "https://nipponiacaribe.com/wp-login.php" "Mozilla/5.0 (Windows NT 10.0; Win64; x64) AppleWebKit/605.1.15 (KHTML, like Gecko) Version/14.1 Safari/605.1.15"
62.60.130.227 - - [05/May/2026:18:20:53 +0000] "GET /wp-login.php?redirect_to=https%3A%2F%2Fnipponiacaribe.com%2Fwp-admin%2Findex.php&reauth=1 HTTP/1.1" 404 14290 "https://nipponiacaribe.com/wp-login.php" "Mozilla/5.0 (Windows NT 10.0; Win64; x64) AppleWebKit/605.1.15 (KHTML, like Gecko) Version/14.1 Safari/605.1.15"
62.60.130.227 - - [05/May/2026:18:20:56 +0000] "POST /wp-login.php HTTP/1.1" 302 - "https://nipponiacaribe.com/wp-login.php" "Mozilla/5.0 (Macintosh; Intel Mac OS X 10_15_7) AppleWebKit/605.1.15 (KHTML, like Gecko) Version/15.0 Safari/605.1.15"
62.60.130.227 - - [05/May/2026:18:20:58 +0000] "GET /wp-admin/index.php HTTP/1.1" 302 - "https://nipponiacaribe.com/wp-login.php" "Mozilla/5.0 (Macintosh; Intel Mac OS X 10_15_7) AppleWebKit/605.1.15 (KHTML, like Gecko) Version/14.0.3 Safari/605.1.15"
62.60.130.227 - - [05/May/2026:18:21:01 +0000] "GET /wp-login.php?redirect_to=https%3A%2F%2Fnipponiacaribe.com%2Fwp-admin%2Findex.php&reauth=1 HTTP/1.1" 404 14290 "https://nipponiacaribe.com/wp-login.php" "Mozilla/5.0 (Macintosh; Intel Mac OS X 10_15_7) AppleWebKit/605.1.15 (KHTML, like Gecko) Version/14.0.3 Safari/605.1.15"
62.60.130.227 - - [05/May/2026:18:21:04 +0000] "POST /wp-login.php HTTP/1.1" 302 - "https://nipponiacaribe.com/wp-login.php" "Mozilla/5.0 (Windows NT 10.0; Win64; x64) AppleWebKit/537.36 (KHTML, like Gecko) Chrome/91.0.4472.124 Safari/537.36"
62.60.130.227 - - [05/May/2026:18:21:06 +0000] "GET /wp-admin/index.php HTTP/1.1" 302 - "https://nipponiacaribe.com/wp-login.php" "Mozilla/5.0 (Macintosh; Intel Mac OS X 10_15_7) AppleWebKit/537.36 (KHTML, like Gecko) Chrome/93.0.4577.63 Safari/537.36"
62.60.130.227 - - [05/May/2026:18:21:08 +0000] "GET /wp-login.php?redirect_to=https%3A%2F%2Fnipponiacaribe.com%2Fwp-admin%2Findex.php&reauth=1 HTTP/1.1" 404 14290 "https://nipponiacaribe.com/wp-login.php" "Mozilla/5.0 (Macintosh; Intel Mac OS X 10_15_7) AppleWebKit/537.36 (KHTML, like Gecko) Chrome/93.0.4577.63 Safari/537.36"
62.60.130.227 - - [05/May/2026:18:21:11 +0000] "POST /wp-login.php HTTP/1.1" 302 - "https://nipponiacaribe.com/wp-login.php" "Mozilla/5.0 (Windows NT 6.1; Win64; x64) AppleWebKit/537.36 (KHTML, like Gecko) Chrome/92.0.4515.131 Safari/537.36"
62.60.130.227 - - [05/May/2026:18:21:14 +0000] "GET /wp-admin/index.php HTTP/1.1" 302 - "https://nipponiacaribe.com/wp-login.php" "Mozilla/5.0 (Windows NT 6.1; Win64; x64) AppleWebKit/537.36 (KHTML, like Gecko) Chrome/90.0.4430.212 Safari/537.36"
62.60.130.227 - - [05/May/2026:18:21:17 +0000] "GET /wp-login.php?redirect_to=https%3A%2F%2Fnipponiacaribe.com%2Fwp-admin%2Findex.php&reauth=1 HTTP/1.1" 404 14290 "https://nipponiacaribe.com/wp-login.php" "Mozilla/5.0 (Windows NT 6.1; Win64; x64) AppleWebKit/537.36 (KHTML, like Gecko) Chrome/90.0.4430.212 Safari/537.36"
62.60.130.227 - - [05/May/2026:18:21:19 +0000] "POST /wp-login.php HTTP/1.1" 302 - "https://nipponiacaribe.com/wp-login.php" "Mozilla/5.0 (Windows NT 10.0; Win64; x64) AppleWebKit/605.1.15 (KHTML, like Gecko) Version/14.1.1 Safari/605.1.15"
62.60.130.227 - - [05/May/2026:18:21:22 +0000] "GET /wp-admin/index.php HTTP/1.1" 302 - "https://nipponiacaribe.com/wp-login.php" "Mozilla/5.0 (Macintosh; Intel Mac OS X 10_15_7) AppleWebKit/605.1.15 (KHTML, like Gecko) Version/14.1.1 Safari/605.1.15"
62.60.130.227 - - [05/May/2026:18:21:25 +0000] "GET /wp-login.php?redirect_to=https%3A%2F%2Fnipponiacaribe.com%2Fwp-admin%2Findex.php&reauth=1 HTTP/1.1" 404 14290 "https://nipponiacaribe.com/wp-login.php" "Mozilla/5.0 (Macintosh; Intel Mac OS X 10_15_7) AppleWebKit/605.1.15 (KHTML, like Gecko) Version/14.1.1 Safari/605.1.15"
62.60.130.227 - - [05/May/2026:18:21:28 +0000] "POST /wp-login.php HTTP/1.1" 302 - "https://nipponiacaribe.com/wp-login.php" "Mozilla/5.0 (Macintosh; Intel Mac OS X 10_15_7) AppleWebKit/537.36 (KHTML, like Gecko) Chrome/93.0.4577.63 Safari/537.36"
62.60.130.227 - - [05/May/2026:18:21:30 +0000] "GET /wp-admin/index.php HTTP/1.1" 302 - "https://nipponiacaribe.com/wp-login.php" "Mozilla/5.0 (X11; Linux x86_64; rv:91.0) Gecko/20100101 Firefox/91.0"
62.60.130.227 - - [05/May/2026:18:21:33 +0000] "GET /wp-login.php?redirect_to=https%3A%2F%2Fnipponiacaribe.com%2Fwp-admin%2Findex.php&reauth=1 HTTP/1.1" 404 14290 "https://nipponiacaribe.com/wp-login.php" "Mozilla/5.0 (X11; Linux x86_64; rv:91.0) Gecko/20100101 Firefox/91.0"
62.60.130.227 - - [05/May/2026:18:21:36 +0000] "POST /wp-login.php HTTP/1.1" 302 - "https://nipponiacaribe.com/wp-login.php" "Mozilla/5.0 (Macintosh; Intel Mac OS X 10_15_7) AppleWebKit/537.36 (KHTML, like Gecko) Chrome/92.0.4515.131 Safari/537.36"
62.60.130.227 - - [05/May/2026:18:21:38 +0000] "GET /wp-admin/index.php HTTP/1.1" 302 - "https://nipponiacaribe.com/wp-login.php" "Mozilla/5.0 (Macintosh; Intel Mac OS X 10_15_7) AppleWebKit/605.1.15 (KHTML, like Gecko) Version/14.1.2 Safari/605.1.15"
62.60.130.227 - - [05/May/2026:18:21:41 +0000] "GET /wp-login.php?redirect_to=https%3A%2F%2Fnipponiacaribe.com%2Fwp-admin%2Findex.php&reauth=1 HTTP/1.1" 404 14290 "https://nipponiacaribe.com/wp-login.php" "Mozilla/5.0 (Macintosh; Intel Mac OS X 10_15_7) AppleWebKit/605.1.15 (KHTML, like Gecko) Version/14.1.2 Safari/605.1.15"
62.60.130.227 - - [05/May/2026:18:21:44 +0000] "POST /wp-login.php HTTP/1.1" 302 - "https://nipponiacaribe.com/wp-login.php" "Mozilla/5.0 (X11; Linux x86_64) AppleWebKit/537.36 (KHTML, like Gecko) Chrome/94.0.4606.71 Safari/537.36"
62.60.130.227 - - [05/May/2026:18:21:46 +0000] "GET /wp-admin/index.php HTTP/1.1" 302 - "https://nipponiacaribe.com/wp-login.php" "Mozilla/5.0 (Windows NT 10.0; Win64; x64) AppleWebKit/537.36 (KHTML, like Gecko) Chrome/91.0.4472.124 Safari/537.36"
62.60.130.227 - - [05/May/2026:18:21:49 +0000] "GET /wp-login.php?redirect_to=https%3A%2F%2Fnipponiacaribe.com%2Fwp-admin%2Findex.php&reauth=1 HTTP/1.1" 404 14290 "https://nipponiacaribe.com/wp-login.php" "Mozilla/5.0 (Windows NT 10.0; Win64; x64) AppleWebKit/537.36 (KHTML, like Gecko) Chrome/91.0.4472.124 Safari/537.36"
62.60.130.227 - - [05/May/2026:18:21:52 +0000] "POST /wp-login.php HTTP/1.1" 302 - "https://nipponiacaribe.com/wp-login.php" "Mozilla/5.0 (Macintosh; Intel Mac OS X 10_15_7) AppleWebKit/537.36 (KHTML, like Gecko) Chrome/92.0.4515.131 Safari/537.36"
62.60.130.227 - - [05/May/2026:18:21:54 +0000] "GET /wp-admin/index.php HTTP/1.1" 302 - "https://nipponiacaribe.com/wp-login.php" "Mozilla/5.0 (Windows NT 10.0; Win64; x64) AppleWebKit/605.1.15 (KHTML, like Gecko) Version/14.1 Safari/605.1.15"
62.60.130.227 - - [05/May/2026:18:21:57 +0000] "GET /wp-login.php?redirect_to=https%3A%2F%2Fnipponiacaribe.com%2Fwp-admin%2Findex.php&reauth=1 HTTP/1.1" 404 14290 "https://nipponiacaribe.com/wp-login.php" "Mozilla/5.0 (Windows NT 10.0; Win64; x64) AppleWebKit/605.1.15 (KHTML, like Gecko) Version/14.1 Safari/605.1.15"
62.60.130.227 - - [05/May/2026:18:22:00 +0000] "POST /wp-login.php HTTP/1.1" 302 - "https://nipponiacaribe.com/wp-login.php" "Mozilla/5.0 (Windows NT 6.1; Win64; x64) AppleWebKit/537.36 (KHTML, like Gecko) Chrome/91.0.4472.124 Safari/537.36"
62.60.130.227 - - [05/May/2026:18:22:02 +0000] "GET /wp-admin/index.php HTTP/1.1" 302 - "https://nipponiacaribe.com/wp-login.php" "Mozilla/5.0 (X11; Linux x86_64) AppleWebKit/537.36 (KHTML, like Gecko) Chrome/94.0.4606.71 Safari/537.36"
62.60.130.227 - - [05/May/2026:18:22:05 +0000] "GET /wp-login.php?redirect_to=https%3A%2F%2Fnipponiacaribe.com%2Fwp-admin%2Findex.php&reauth=1 HTTP/1.1" 404 14290 "https://nipponiacaribe.com/wp-login.php" "Mozilla/5.0 (X11; Linux x86_64) AppleWebKit/537.36 (KHTML, like Gecko) Chrome/94.0.4606.71 Safari/537.36"
62.60.130.227 - - [05/May/2026:18:22:08 +0000] "POST /wp-login.php HTTP/1.1" 302 - "https://nipponiacaribe.com/wp-login.php" "Mozilla/5.0 (Windows NT 6.1; Win64; x64) AppleWebKit/537.36 (KHTML, like Gecko) Chrome/93.0.4577.63 Safari/537.36"
62.60.130.227 - - [05/May/2026:18:22:10 +0000] "GET /wp-admin/index.php HTTP/1.1" 302 - "https://nipponiacaribe.com/wp-login.php" "Mozilla/5.0 (Macintosh; Intel Mac OS X 10_15_7; rv:93.0) Gecko/20100101 Firefox/93.0"
62.60.130.227 - - [05/May/2026:18:22:13 +0000] "GET /wp-login.php?redirect_to=https%3A%2F%2Fnipponiacaribe.com%2Fwp-admin%2Findex.php&reauth=1 HTTP/1.1" 404 14290 "https://nipponiacaribe.com/wp-login.php" "Mozilla/5.0 (Macintosh; Intel Mac OS X 10_15_7; rv:93.0) Gecko/20100101 Firefox/93.0"
62.60.130.227 - - [05/May/2026:18:22:16 +0000] "POST /wp-login.php HTTP/1.1" 302 - "https://nipponiacaribe.com/wp-login.php" "Mozilla/5.0 (Macintosh; Intel Mac OS X 10_15_7; rv:89.0) Gecko/20100101 Firefox/89.0.2"
62.60.130.227 - - [05/May/2026:18:22:18 +0000] "GET /wp-admin/index.php HTTP/1.1" 302 - "https://nipponiacaribe.com/wp-login.php" "Mozilla/5.0 (Windows NT 10.0; Win64; x64) AppleWebKit/537.36 (KHTML, like Gecko) Chrome/90.0.4430.212 Safari/537.36"
62.60.130.227 - - [05/May/2026:18:22:21 +0000] "GET /wp-login.php?redirect_to=https%3A%2F%2Fnipponiacaribe.com%2Fwp-admin%2Findex.php&reauth=1 HTTP/1.1" 404 14290 "https://nipponiacaribe.com/wp-login.php" "Mozilla/5.0 (Windows NT 10.0; Win64; x64) AppleWebKit/537.36 (KHTML, like Gecko) Chrome/90.0.4430.212 Safari/537.36"
62.60.130.227 - - [05/May/2026:18:22:24 +0000] "POST /wp-login.php HTTP/1.1" 302 - "https://nipponiacaribe.com/wp-login.php" "Mozilla/5.0 (Windows NT 6.1; Win64; x64; rv:92.0) Gecko/20100101 Firefox/92.0"
62.60.130.227 - - [05/May/2026:18:22:26 +0000] "GET /wp-admin/index.php HTTP/1.1" 302 - "https://nipponiacaribe.com/wp-login.php" "Mozilla/5.0 (Macintosh; Intel Mac OS X 10_15_7) AppleWebKit/605.1.15 (KHTML, like Gecko) Version/14.1 Safari/605.1.15"
20.123.172.228 - - [05/May/2026:18:22:32 +0000] "POST /wp-cron.php?doing_wp_cron=1778005352.1879019737243652343750 HTTP/1.1" 200 - "-" "WordPress/6.9.4; https://nipponiacaribe.com"
62.60.130.227 - - [05/May/2026:18:22:29 +0000] "GET /wp-login.php?redirect_to=https%3A%2F%2Fnipponiacaribe.com%2Fwp-admin%2Findex.php&reauth=1 HTTP/1.1" 404 14290 "https://nipponiacaribe.com/wp-login.php" "Mozilla/5.0 (Macintosh; Intel Mac OS X 10_15_7) AppleWebKit/605.1.15 (KHTML, like Gecko) Version/14.1 Safari/605.1.15"
62.60.130.227 - - [05/May/2026:18:22:32 +0000] "POST /wp-login.php HTTP/1.1" 302 - "https://nipponiacaribe.com/wp-login.php" "Mozilla/5.0 (Macintosh; Intel Mac OS X 10_15_7; rv:92.0) Gecko/20100101 Firefox/92.0"
62.60.130.227 - - [05/May/2026:18:22:34 +0000] "GET /wp-admin/index.php HTTP/1.1" 302 - "https://nipponiacaribe.com/wp-login.php" "Mozilla/5.0 (Macintosh; Intel Mac OS X 10_15_7; rv:90.0) Gecko/20100101 Firefox/90.0.1"
62.60.130.227 - - [05/May/2026:18:22:37 +0000] "GET /wp-login.php?redirect_to=https%3A%2F%2Fnipponiacaribe.com%2Fwp-admin%2Findex.php&reauth=1 HTTP/1.1" 404 14290 "https://nipponiacaribe.com/wp-login.php" "Mozilla/5.0 (Macintosh; Intel Mac OS X 10_15_7; rv:90.0) Gecko/20100101 Firefox/90.0.1"
62.60.130.227 - - [05/May/2026:18:22:40 +0000] "POST /wp-login.php HTTP/1.1" 302 - "https://nipponiacaribe.com/wp-login.php" "Mozilla/5.0 (Windows NT 10.0; Win64; x64; rv:91.0) Gecko/20100101 Firefox/91.0"
62.60.130.227 - - [05/May/2026:18:22:42 +0000] "GET /wp-admin/index.php HTTP/1.1" 302 - "https://nipponiacaribe.com/wp-login.php" "Mozilla/5.0 (Windows NT 10.0; Win64; x64) AppleWebKit/537.36 (KHTML, like Gecko) Chrome/92.0.4515.131 Safari/537.36"
62.60.130.227 - - [05/May/2026:18:22:45 +0000] "GET /wp-login.php?redirect_to=https%3A%2F%2Fnipponiacaribe.com%2Fwp-admin%2Findex.php&reauth=1 HTTP/1.1" 404 14290 "https://nipponiacaribe.com/wp-login.php" "Mozilla/5.0 (Windows NT 10.0; Win64; x64) AppleWebKit/537.36 (KHTML, like Gecko) Chrome/92.0.4515.131 Safari/537.36"
62.60.130.227 - - [05/May/2026:18:22:48 +0000] "POST /wp-login.php HTTP/1.1" 302 - "https://nipponiacaribe.com/wp-login.php" "Mozilla/5.0 (Windows NT 6.1; Win64; x64) AppleWebKit/537.36 (KHTML, like Gecko) Chrome/94.0.4606.71 Safari/537.36"
62.60.130.227 - - [05/May/2026:18:22:50 +0000] "GET /wp-admin/index.php HTTP/1.1" 302 - "https://nipponiacaribe.com/wp-login.php" "Mozilla/5.0 (Windows NT 6.1; Win64; x64) AppleWebKit/537.36 (KHTML, like Gecko) Chrome/92.0.4515.131 Safari/537.36"
62.60.130.227 - - [05/May/2026:18:22:53 +0000] "GET /wp-login.php?redirect_to=https%3A%2F%2Fnipponiacaribe.com%2Fwp-admin%2Findex.php&reauth=1 HTTP/1.1" 404 14290 "https://nipponiacaribe.com/wp-login.php" "Mozilla/5.0 (Windows NT 6.1; Win64; x64) AppleWebKit/537.36 (KHTML, like Gecko) Chrome/92.0.4515.131 Safari/537.36"
62.60.130.227 - - [05/May/2026:18:22:56 +0000] "POST /wp-login.php HTTP/1.1" 302 - "https://nipponiacaribe.com/wp-login.php" "Mozilla/5.0 (Macintosh; Intel Mac OS X 10_15_7) AppleWebKit/605.1.15 (KHTML, like Gecko) Version/14.1.1 Safari/605.1.15"
62.60.130.227 - - [05/May/2026:18:22:58 +0000] "GET /wp-admin/index.php HTTP/1.1" 302 - "https://nipponiacaribe.com/wp-login.php" "Mozilla/5.0 (Windows NT 10.0; Win64; x64) AppleWebKit/537.36 (KHTML, like Gecko) Chrome/93.0.4577.63 Safari/537.36"
62.60.130.227 - - [05/May/2026:18:23:01 +0000] "GET /wp-login.php?redirect_to=https%3A%2F%2Fnipponiacaribe.com%2Fwp-admin%2Findex.php&reauth=1 HTTP/1.1" 404 14290 "https://nipponiacaribe.com/wp-login.php" "Mozilla/5.0 (Windows NT 10.0; Win64; x64) AppleWebKit/537.36 (KHTML, like Gecko) Chrome/93.0.4577.63 Safari/537.36"
62.60.130.227 - - [05/May/2026:18:23:04 +0000] "POST /wp-login.php HTTP/1.1" 302 - "https://nipponiacaribe.com/wp-login.php" "Mozilla/5.0 (Macintosh; Intel Mac OS X 10_15_7) AppleWebKit/605.1.15 (KHTML, like Gecko) Version/14.1 Safari/605.1.15"
62.60.130.227 - - [05/May/2026:18:23:06 +0000] "GET /wp-admin/index.php HTTP/1.1" 302 - "https://nipponiacaribe.com/wp-login.php" "Mozilla/5.0 (Windows NT 6.1; Win64; x64) AppleWebKit/537.36 (KHTML, like Gecko) Chrome/94.0.4606.71 Safari/537.36"
62.60.130.227 - - [05/May/2026:18:23:09 +0000] "GET /wp-login.php?redirect_to=https%3A%2F%2Fnipponiacaribe.com%2Fwp-admin%2Findex.php&reauth=1 HTTP/1.1" 404 14290 "https://nipponiacaribe.com/wp-login.php" "Mozilla/5.0 (Windows NT 6.1; Win64; x64) AppleWebKit/537.36 (KHTML, like Gecko) Chrome/94.0.4606.71 Safari/537.36"
62.60.130.227 - - [05/May/2026:18:23:12 +0000] "POST /wp-login.php HTTP/1.1" 302 - "https://nipponiacaribe.com/wp-login.php" "Mozilla/5.0 (Macintosh; Intel Mac OS X 10_15_7; rv:90.0) Gecko/20100101 Firefox/90.0.1"
62.60.130.227 - - [05/May/2026:18:23:14 +0000] "GET /wp-admin/index.php HTTP/1.1" 302 - "https://nipponiacaribe.com/wp-login.php" "Mozilla/5.0 (Windows NT 10.0; Win64; x64) AppleWebKit/605.1.15 (KHTML, like Gecko) Version/14.0.3 Safari/605.1.15"
62.60.130.227 - - [05/May/2026:18:23:17 +0000] "GET /wp-login.php?redirect_to=https%3A%2F%2Fnipponiacaribe.com%2Fwp-admin%2Findex.php&reauth=1 HTTP/1.1" 404 14290 "https://nipponiacaribe.com/wp-login.php" "Mozilla/5.0 (Windows NT 10.0; Win64; x64) AppleWebKit/605.1.15 (KHTML, like Gecko) Version/14.0.3 Safari/605.1.15"
62.60.130.227 - - [05/May/2026:18:23:20 +0000] "POST /wp-login.php HTTP/1.1" 302 - "https://nipponiacaribe.com/wp-login.php" "Mozilla/5.0 (Windows NT 10.0; Win64; x64) AppleWebKit/537.36 (KHTML, like Gecko) Chrome/94.0.4606.71 Safari/537.36"
62.60.130.227 - - [05/May/2026:18:23:22 +0000] "GET /wp-admin/index.php HTTP/1.1" 302 - "https://nipponiacaribe.com/wp-login.php" "Mozilla/5.0 (Macintosh; Intel Mac OS X 10_15_7) AppleWebKit/605.1.15 (KHTML, like Gecko) Version/14.1.2 Safari/605.1.15"
62.60.130.227 - - [05/May/2026:18:23:25 +0000] "GET /wp-login.php?redirect_to=https%3A%2F%2Fnipponiacaribe.com%2Fwp-admin%2Findex.php&reauth=1 HTTP/1.1" 404 14290 "https://nipponiacaribe.com/wp-login.php" "Mozilla/5.0 (Macintosh; Intel Mac OS X 10_15_7) AppleWebKit/605.1.15 (KHTML, like Gecko) Version/14.1.2 Safari/605.1.15"
62.60.130.227 - - [05/May/2026:18:23:28 +0000] "POST /wp-login.php HTTP/1.1" 302 - "https://nipponiacaribe.com/wp-login.php" "Mozilla/5.0 (Windows NT 10.0; Win64; x64; rv:91.0) Gecko/20100101 Firefox/91.0"
62.60.130.227 - - [05/May/2026:18:23:30 +0000] "GET /wp-admin/index.php HTTP/1.1" 302 - "https://nipponiacaribe.com/wp-login.php" "Mozilla/5.0 (Windows NT 10.0; Win64; x64) AppleWebKit/605.1.15 (KHTML, like Gecko) Version/14.0.3 Safari/605.1.15"
62.60.130.227 - - [05/May/2026:18:23:33 +0000] "GET /wp-login.php?redirect_to=https%3A%2F%2Fnipponiacaribe.com%2Fwp-admin%2Findex.php&reauth=1 HTTP/1.1" 404 14290 "https://nipponiacaribe.com/wp-login.php" "Mozilla/5.0 (Windows NT 10.0; Win64; x64) AppleWebKit/605.1.15 (KHTML, like Gecko) Version/14.0.3 Safari/605.1.15"
62.60.130.227 - - [05/May/2026:18:23:36 +0000] "POST /wp-login.php HTTP/1.1" 302 - "https://nipponiacaribe.com/wp-login.php" "Mozilla/5.0 (Windows NT 10.0; Win64; x64) AppleWebKit/605.1.15 (KHTML, like Gecko) Version/14.1 Safari/605.1.15"
62.60.130.227 - - [05/May/2026:18:23:38 +0000] "GET /wp-admin/index.php HTTP/1.1" 302 - "https://nipponiacaribe.com/wp-login.php" "Mozilla/5.0 (Windows NT 6.1; Win64; x64) AppleWebKit/537.36 (KHTML, like Gecko) Chrome/93.0.4577.63 Safari/537.36"
51.75.54.138 - - [05/May/2026:18:23:40 +0000] "POST /wp-login.php HTTP/1.1" 302 - "-" "Mozilla/5.0 (Windows NT 10.0) AppleWebKit/537.43 (KHTML, like Gecko) Chrome/138.0.0.0 Safari/537.36 OPR/122.0.0.0"
62.60.130.227 - - [05/May/2026:18:23:41 +0000] "GET /wp-login.php?redirect_to=https%3A%2F%2Fnipponiacaribe.com%2Fwp-admin%2Findex.php&reauth=1 HTTP/1.1" 404 14290 "https://nipponiacaribe.com/wp-login.php" "Mozilla/5.0 (Windows NT 6.1; Win64; x64) AppleWebKit/537.36 (KHTML, like Gecko) Chrome/93.0.4577.63 Safari/537.36"
51.75.54.138 - - [05/May/2026:18:23:43 +0000] "GET /wp-login.php HTTP/1.1" 302 - "-" "Mozilla/5.0 (Windows NT 10.0) AppleWebKit/537.43 (KHTML, like Gecko) Chrome/138.0.0.0 Safari/537.36 OPR/122.0.0.0"
62.60.130.227 - - [05/May/2026:18:23:44 +0000] "POST /wp-login.php HTTP/1.1" 302 - "https://nipponiacaribe.com/wp-login.php" "Mozilla/5.0 (Macintosh; Intel Mac OS X 10_15_7) AppleWebKit/605.1.15 (KHTML, like Gecko) Version/15.0 Safari/605.1.15"
51.75.54.138 - - [05/May/2026:18:23:45 +0000] "GET /wp-login.php HTTP/1.1" 302 - "-" "Mozilla/5.0 (Windows NT 10.0) AppleWebKit/537.43 (KHTML, like Gecko) Chrome/138.0.0.0 Safari/537.36 OPR/122.0.0.0"
62.60.130.227 - - [05/May/2026:18:23:46 +0000] "GET /wp-admin/index.php HTTP/1.1" 302 - "https://nipponiacaribe.com/wp-login.php" "Mozilla/5.0 (Macintosh; Intel Mac OS X 10_15_7) AppleWebKit/537.36 (KHTML, like Gecko) Chrome/94.0.4606.71 Safari/537.36"
51.75.54.138 - - [05/May/2026:18:23:48 +0000] "GET /wp-login.php HTTP/1.1" 302 - "-" "Mozilla/5.0 (Windows NT 10.0) AppleWebKit/537.43 (KHTML, like Gecko) Chrome/138.0.0.0 Safari/537.36 OPR/122.0.0.0"
62.60.130.227 - - [05/May/2026:18:23:48 +0000] "GET /wp-login.php?redirect_to=https%3A%2F%2Fnipponiacaribe.com%2Fwp-admin%2Findex.php&reauth=1 HTTP/1.1" 404 14290 "https://nipponiacaribe.com/wp-login.php" "Mozilla/5.0 (Macintosh; Intel Mac OS X 10_15_7) AppleWebKit/537.36 (KHTML, like Gecko) Chrome/94.0.4606.71 Safari/537.36"
51.75.54.138 - - [05/May/2026:18:23:50 +0000] "GET /wp-login.php HTTP/1.1" 302 - "-" "Mozilla/5.0 (Windows NT 10.0) AppleWebKit/537.43 (KHTML, like Gecko) Chrome/138.0.0.0 Safari/537.36 OPR/122.0.0.0"
62.60.130.227 - - [05/May/2026:18:23:51 +0000] "POST /wp-login.php HTTP/1.1" 302 - "https://nipponiacaribe.com/wp-login.php" "Mozilla/5.0 (X11; Linux x86_64; rv:92.0) Gecko/20100101 Firefox/92.0"
51.75.54.138 - - [05/May/2026:18:23:52 +0000] "GET /wp-login.php HTTP/1.1" 302 - "-" "Mozilla/5.0 (Windows NT 10.0) AppleWebKit/537.43 (KHTML, like Gecko) Chrome/138.0.0.0 Safari/537.36 OPR/122.0.0.0"
62.60.130.227 - - [05/May/2026:18:23:54 +0000] "GET /wp-admin/index.php HTTP/1.1" 302 - "https://nipponiacaribe.com/wp-login.php" "Mozilla/5.0 (X11; Linux x86_64; rv:93.0) Gecko/20100101 Firefox/93.0"
51.75.54.138 - - [05/May/2026:18:23:54 +0000] "GET /wp-login.php HTTP/1.1" 302 - "-" "Mozilla/5.0 (Windows NT 10.0) AppleWebKit/537.43 (KHTML, like Gecko) Chrome/138.0.0.0 Safari/537.36 OPR/122.0.0.0"
62.60.130.227 - - [05/May/2026:18:23:56 +0000] "GET /wp-login.php?redirect_to=https%3A%2F%2Fnipponiacaribe.com%2Fwp-admin%2Findex.php&reauth=1 HTTP/1.1" 404 14290 "https://nipponiacaribe.com/wp-login.php" "Mozilla/5.0 (X11; Linux x86_64; rv:93.0) Gecko/20100101 Firefox/93.0"
51.75.54.138 - - [05/May/2026:18:23:57 +0000] "GET /wp-login.php HTTP/1.1" 302 - "-" "Mozilla/5.0 (Windows NT 10.0) AppleWebKit/537.43 (KHTML, like Gecko) Chrome/138.0.0.0 Safari/537.36 OPR/122.0.0.0"
62.60.130.227 - - [05/May/2026:18:23:59 +0000] "POST /wp-login.php HTTP/1.1" 302 - "https://nipponiacaribe.com/wp-login.php" "Mozilla/5.0 (Windows NT 10.0; Win64; x64) AppleWebKit/537.36 (KHTML, like Gecko) Chrome/93.0.4577.63 Safari/537.36"
51.75.54.138 - - [05/May/2026:18:23:59 +0000] "GET /wp-login.php HTTP/1.1" 302 - "-" "Mozilla/5.0 (Windows NT 10.0) AppleWebKit/537.43 (KHTML, like Gecko) Chrome/138.0.0.0 Safari/537.36 OPR/122.0.0.0"
51.75.54.138 - - [05/May/2026:18:24:02 +0000] "GET /wp-login.php HTTP/1.1" 302 - "-" "Mozilla/5.0 (Windows NT 10.0) AppleWebKit/537.43 (KHTML, like Gecko) Chrome/138.0.0.0 Safari/537.36 OPR/122.0.0.0"
62.60.130.227 - - [05/May/2026:18:24:02 +0000] "GET /wp-admin/index.php HTTP/1.1" 302 - "https://nipponiacaribe.com/wp-login.php" "Mozilla/5.0 (Windows NT 10.0; Win64; x64) AppleWebKit/605.1.15 (KHTML, like Gecko) Version/14.1 Safari/605.1.15"
51.75.54.138 - - [05/May/2026:18:24:04 +0000] "GET /wp-login.php HTTP/1.1" 302 - "-" "Mozilla/5.0 (Windows NT 10.0) AppleWebKit/537.43 (KHTML, like Gecko) Chrome/138.0.0.0 Safari/537.36 OPR/122.0.0.0"
62.60.130.227 - - [05/May/2026:18:24:04 +0000] "GET /wp-login.php?redirect_to=https%3A%2F%2Fnipponiacaribe.com%2Fwp-admin%2Findex.php&reauth=1 HTTP/1.1" 404 14290 "https://nipponiacaribe.com/wp-login.php" "Mozilla/5.0 (Windows NT 10.0; Win64; x64) AppleWebKit/605.1.15 (KHTML, like Gecko) Version/14.1 Safari/605.1.15"
51.75.54.138 - - [05/May/2026:18:24:07 +0000] "GET /wp-login.php HTTP/1.1" 302 - "-" "Mozilla/5.0 (Windows NT 10.0) AppleWebKit/537.43 (KHTML, like Gecko) Chrome/138.0.0.0 Safari/537.36 OPR/122.0.0.0"
62.60.130.227 - - [05/May/2026:18:24:08 +0000] "POST /wp-login.php HTTP/1.1" 302 - "https://nipponiacaribe.com/wp-login.php" "Mozilla/5.0 (Windows NT 6.1; Win64; x64; rv:90.0) Gecko/20100101 Firefox/90.0.1"
51.75.54.138 - - [05/May/2026:18:24:09 +0000] "GET /wp-login.php HTTP/1.1" 302 - "-" "Mozilla/5.0 (Windows NT 10.0) AppleWebKit/537.43 (KHTML, like Gecko) Chrome/138.0.0.0 Safari/537.36 OPR/122.0.0.0"
62.60.130.227 - - [05/May/2026:18:24:10 +0000] "GET /wp-admin/index.php HTTP/1.1" 302 - "https://nipponiacaribe.com/wp-login.php" "Mozilla/5.0 (Windows NT 10.0; Win64; x64) AppleWebKit/537.36 (KHTML, like Gecko) Chrome/91.0.4472.124 Safari/537.36"
51.75.54.138 - - [05/May/2026:18:24:12 +0000] "GET /wp-login.php HTTP/1.1" 302 - "-" "Mozilla/5.0 (Windows NT 10.0) AppleWebKit/537.43 (KHTML, like Gecko) Chrome/138.0.0.0 Safari/537.36 OPR/122.0.0.0"
62.60.130.227 - - [05/May/2026:18:24:13 +0000] "GET /wp-login.php?redirect_to=https%3A%2F%2Fnipponiacaribe.com%2Fwp-admin%2Findex.php&reauth=1 HTTP/1.1" 404 14290 "https://nipponiacaribe.com/wp-login.php" "Mozilla/5.0 (Windows NT 10.0; Win64; x64) AppleWebKit/537.36 (KHTML, like Gecko) Chrome/91.0.4472.124 Safari/537.36"
51.75.54.138 - - [05/May/2026:18:24:15 +0000] "GET /wp-login.php HTTP/1.1" 302 - "-" "Mozilla/5.0 (Windows NT 10.0) AppleWebKit/537.43 (KHTML, like Gecko) Chrome/138.0.0.0 Safari/537.36 OPR/122.0.0.0"
62.60.130.227 - - [05/May/2026:18:24:16 +0000] "POST /wp-login.php HTTP/1.1" 302 - "https://nipponiacaribe.com/wp-login.php" "Mozilla/5.0 (Macintosh; Intel Mac OS X 10_15_7) AppleWebKit/605.1.15 (KHTML, like Gecko) Version/14.1.2 Safari/605.1.15"
51.75.54.138 - - [05/May/2026:18:24:17 +0000] "GET /wp-login.php HTTP/1.1" 302 - "-" "Mozilla/5.0 (Windows NT 10.0) AppleWebKit/537.43 (KHTML, like Gecko) Chrome/138.0.0.0 Safari/537.36 OPR/122.0.0.0"
62.60.130.227 - - [05/May/2026:18:24:18 +0000] "GET /wp-admin/index.php HTTP/1.1" 302 - "https://nipponiacaribe.com/wp-login.php" "Mozilla/5.0 (Windows NT 10.0; Win64; x64; rv:90.0) Gecko/20100101 Firefox/90.0.1"
51.75.54.138 - - [05/May/2026:18:24:19 +0000] "GET /wp-login.php HTTP/1.1" 302 - "-" "Mozilla/5.0 (Windows NT 10.0) AppleWebKit/537.43 (KHTML, like Gecko) Chrome/138.0.0.0 Safari/537.36 OPR/122.0.0.0"
62.60.130.227 - - [05/May/2026:18:24:21 +0000] "GET /wp-login.php?redirect_to=https%3A%2F%2Fnipponiacaribe.com%2Fwp-admin%2Findex.php&reauth=1 HTTP/1.1" 404 14290 "https://nipponiacaribe.com/wp-login.php" "Mozilla/5.0 (Windows NT 10.0; Win64; x64; rv:90.0) Gecko/20100101 Firefox/90.0.1"
51.75.54.138 - - [05/May/2026:18:24:22 +0000] "GET /wp-login.php HTTP/1.1" 302 - "-" "Mozilla/5.0 (Windows NT 10.0) AppleWebKit/537.43 (KHTML, like Gecko) Chrome/138.0.0.0 Safari/537.36 OPR/122.0.0.0"
62.60.130.227 - - [05/May/2026:18:24:24 +0000] "POST /wp-login.php HTTP/1.1" 302 - "https://nipponiacaribe.com/wp-login.php" "Mozilla/5.0 (Windows NT 10.0; Win64; x64) AppleWebKit/605.1.15 (KHTML, like Gecko) Version/14.1.2 Safari/605.1.15"
51.75.54.138 - - [05/May/2026:18:24:24 +0000] "GET /wp-login.php HTTP/1.1" 302 - "-" "Mozilla/5.0 (Windows NT 10.0) AppleWebKit/537.43 (KHTML, like Gecko) Chrome/138.0.0.0 Safari/537.36 OPR/122.0.0.0"
62.60.130.227 - - [05/May/2026:18:24:27 +0000] "GET /wp-admin/index.php HTTP/1.1" 302 - "https://nipponiacaribe.com/wp-login.php" "Mozilla/5.0 (Windows NT 6.1; Win64; x64) AppleWebKit/537.36 (KHTML, like Gecko) Chrome/94.0.4606.71 Safari/537.36"
51.75.54.138 - - [05/May/2026:18:24:27 +0000] "GET /wp-login.php HTTP/1.1" 302 - "-" "Mozilla/5.0 (Windows NT 10.0) AppleWebKit/537.43 (KHTML, like Gecko) Chrome/138.0.0.0 Safari/537.36 OPR/122.0.0.0"
51.75.54.138 - - [05/May/2026:18:24:29 +0000] "GET /wp-login.php HTTP/1.1" 302 - "-" "Mozilla/5.0 (Windows NT 10.0) AppleWebKit/537.43 (KHTML, like Gecko) Chrome/138.0.0.0 Safari/537.36 OPR/122.0.0.0"
62.60.130.227 - - [05/May/2026:18:24:29 +0000] "GET /wp-login.php?redirect_to=https%3A%2F%2Fnipponiacaribe.com%2Fwp-admin%2Findex.php&reauth=1 HTTP/1.1" 404 14290 "https://nipponiacaribe.com/wp-login.php" "Mozilla/5.0 (Windows NT 6.1; Win64; x64) AppleWebKit/537.36 (KHTML, like Gecko) Chrome/94.0.4606.71 Safari/537.36"
51.75.54.138 - - [05/May/2026:18:24:32 +0000] "GET /wp-login.php HTTP/1.1" 302 - "-" "Mozilla/5.0 (Windows NT 10.0) AppleWebKit/537.43 (KHTML, like Gecko) Chrome/138.0.0.0 Safari/537.36 OPR/122.0.0.0"
62.60.130.227 - - [05/May/2026:18:24:32 +0000] "POST /wp-login.php HTTP/1.1" 302 - "https://nipponiacaribe.com/wp-login.php" "Mozilla/5.0 (Windows NT 10.0; Win64; x64; rv:89.0) Gecko/20100101 Firefox/89.0.2"
51.75.54.138 - - [05/May/2026:18:24:34 +0000] "GET /wp-login.php HTTP/1.1" 302 - "-" "Mozilla/5.0 (Windows NT 10.0) AppleWebKit/537.43 (KHTML, like Gecko) Chrome/138.0.0.0 Safari/537.36 OPR/122.0.0.0"
62.60.130.227 - - [05/May/2026:18:24:34 +0000] "GET /wp-admin/index.php HTTP/1.1" 302 - "https://nipponiacaribe.com/wp-login.php" "Mozilla/5.0 (Windows NT 10.0; Win64; x64) AppleWebKit/537.36 (KHTML, like Gecko) Chrome/92.0.4515.131 Safari/537.36"
51.75.54.138 - - [05/May/2026:18:24:36 +0000] "GET /wp-login.php HTTP/1.1" 302 - "-" "Mozilla/5.0 (Windows NT 10.0) AppleWebKit/537.43 (KHTML, like Gecko) Chrome/138.0.0.0 Safari/537.36 OPR/122.0.0.0"
62.60.130.227 - - [05/May/2026:18:24:37 +0000] "GET /wp-login.php?redirect_to=https%3A%2F%2Fnipponiacaribe.com%2Fwp-admin%2Findex.php&reauth=1 HTTP/1.1" 404 14290 "https://nipponiacaribe.com/wp-login.php" "Mozilla/5.0 (Windows NT 10.0; Win64; x64) AppleWebKit/537.36 (KHTML, like Gecko) Chrome/92.0.4515.131 Safari/537.36"
51.75.54.138 - - [05/May/2026:18:24:39 +0000] "GET /wp-login.php HTTP/1.1" 302 - "-" "Mozilla/5.0 (Windows NT 10.0) AppleWebKit/537.43 (KHTML, like Gecko) Chrome/138.0.0.0 Safari/537.36 OPR/122.0.0.0"
62.60.130.227 - - [05/May/2026:18:24:40 +0000] "POST /wp-login.php HTTP/1.1" 302 - "https://nipponiacaribe.com/wp-login.php" "Mozilla/5.0 (Windows NT 10.0; Win64; x64) AppleWebKit/605.1.15 (KHTML, like Gecko) Version/15.0 Safari/605.1.15"
51.75.54.138 - - [05/May/2026:18:24:41 +0000] "GET /wp-login.php HTTP/1.1" 302 - "-" "Mozilla/5.0 (Windows NT 10.0) AppleWebKit/537.43 (KHTML, like Gecko) Chrome/138.0.0.0 Safari/537.36 OPR/122.0.0.0"
62.60.130.227 - - [05/May/2026:18:24:43 +0000] "GET /wp-admin/index.php HTTP/1.1" 302 - "https://nipponiacaribe.com/wp-login.php" "Mozilla/5.0 (X11; Linux x86_64) AppleWebKit/537.36 (KHTML, like Gecko) Chrome/94.0.4606.71 Safari/537.36"
51.75.54.138 - - [05/May/2026:18:24:43 +0000] "GET /wp-login.php HTTP/1.1" 302 - "-" "Mozilla/5.0 (Windows NT 10.0) AppleWebKit/537.43 (KHTML, like Gecko) Chrome/138.0.0.0 Safari/537.36 OPR/122.0.0.0"
51.75.54.138 - - [05/May/2026:18:24:46 +0000] "GET /wp-login.php HTTP/1.1" 302 - "-" "Mozilla/5.0 (Windows NT 10.0) AppleWebKit/537.43 (KHTML, like Gecko) Chrome/138.0.0.0 Safari/537.36 OPR/122.0.0.0"
62.60.130.227 - - [05/May/2026:18:24:45 +0000] "GET /wp-login.php?redirect_to=https%3A%2F%2Fnipponiacaribe.com%2Fwp-admin%2Findex.php&reauth=1 HTTP/1.1" 404 14290 "https://nipponiacaribe.com/wp-login.php" "Mozilla/5.0 (X11; Linux x86_64) AppleWebKit/537.36 (KHTML, like Gecko) Chrome/94.0.4606.71 Safari/537.36"
51.75.54.138 - - [05/May/2026:18:24:48 +0000] "GET /wp-login.php HTTP/1.1" 302 - "-" "Mozilla/5.0 (Windows NT 10.0) AppleWebKit/537.43 (KHTML, like Gecko) Chrome/138.0.0.0 Safari/537.36 OPR/122.0.0.0"
62.60.130.227 - - [05/May/2026:18:24:48 +0000] "POST /wp-login.php HTTP/1.1" 302 - "https://nipponiacaribe.com/wp-login.php" "Mozilla/5.0 (Windows NT 6.1; Win64; x64) AppleWebKit/537.36 (KHTML, like Gecko) Chrome/94.0.4606.71 Safari/537.36"
51.75.54.138 - - [05/May/2026:18:24:50 +0000] "GET /wp-login.php HTTP/1.1" 302 - "-" "Mozilla/5.0 (Windows NT 10.0) AppleWebKit/537.43 (KHTML, like Gecko) Chrome/138.0.0.0 Safari/537.36 OPR/122.0.0.0"
62.60.130.227 - - [05/May/2026:18:24:50 +0000] "GET /wp-admin/index.php HTTP/1.1" 302 - "https://nipponiacaribe.com/wp-login.php" "Mozilla/5.0 (Windows NT 6.1; Win64; x64) AppleWebKit/537.36 (KHTML, like Gecko) Chrome/92.0.4515.131 Safari/537.36"
51.75.54.138 - - [05/May/2026:18:24:53 +0000] "GET /wp-login.php HTTP/1.1" 302 - "-" "Mozilla/5.0 (Windows NT 10.0) AppleWebKit/537.43 (KHTML, like Gecko) Chrome/138.0.0.0 Safari/537.36 OPR/122.0.0.0"
62.60.130.227 - - [05/May/2026:18:24:53 +0000] "GET /wp-login.php?redirect_to=https%3A%2F%2Fnipponiacaribe.com%2Fwp-admin%2Findex.php&reauth=1 HTTP/1.1" 404 14290 "https://nipponiacaribe.com/wp-login.php" "Mozilla/5.0 (Windows NT 6.1; Win64; x64) AppleWebKit/537.36 (KHTML, like Gecko) Chrome/92.0.4515.131 Safari/537.36"
62.60.130.227 - - [05/May/2026:18:24:56 +0000] "POST /wp-login.php HTTP/1.1" 302 - "https://nipponiacaribe.com/wp-login.php" "Mozilla/5.0 (Windows NT 6.1; Win64; x64) AppleWebKit/537.36 (KHTML, like Gecko) Chrome/94.0.4606.71 Safari/537.36"
62.60.130.227 - - [05/May/2026:18:24:58 +0000] "GET /wp-admin/index.php HTTP/1.1" 302 - "https://nipponiacaribe.com/wp-login.php" "Mozilla/5.0 (Macintosh; Intel Mac OS X 10_15_7) AppleWebKit/605.1.15 (KHTML, like Gecko) Version/14.1.1 Safari/605.1.15"
62.60.130.227 - - [05/May/2026:18:25:01 +0000] "GET /wp-login.php?redirect_to=https%3A%2F%2Fnipponiacaribe.com%2Fwp-admin%2Findex.php&reauth=1 HTTP/1.1" 404 14290 "https://nipponiacaribe.com/wp-login.php" "Mozilla/5.0 (Macintosh; Intel Mac OS X 10_15_7) AppleWebKit/605.1.15 (KHTML, like Gecko) Version/14.1.1 Safari/605.1.15"
62.60.130.227 - - [05/May/2026:18:25:04 +0000] "POST /wp-login.php HTTP/1.1" 302 - "https://nipponiacaribe.com/wp-login.php" "Mozilla/5.0 (Windows NT 10.0; Win64; x64) AppleWebKit/537.36 (KHTML, like Gecko) Chrome/91.0.4472.124 Safari/537.36"
62.60.130.227 - - [05/May/2026:18:25:06 +0000] "GET /wp-admin/index.php HTTP/1.1" 302 - "https://nipponiacaribe.com/wp-login.php" "Mozilla/5.0 (Windows NT 10.0; Win64; x64) AppleWebKit/537.36 (KHTML, like Gecko) Chrome/93.0.4577.63 Safari/537.36"
62.60.130.227 - - [05/May/2026:18:25:09 +0000] "GET /wp-login.php?redirect_to=https%3A%2F%2Fnipponiacaribe.com%2Fwp-admin%2Findex.php&reauth=1 HTTP/1.1" 404 14290 "https://nipponiacaribe.com/wp-login.php" "Mozilla/5.0 (Windows NT 10.0; Win64; x64) AppleWebKit/537.36 (KHTML, like Gecko) Chrome/93.0.4577.63 Safari/537.36"
62.60.130.227 - - [05/May/2026:18:25:12 +0000] "POST /wp-login.php HTTP/1.1" 302 - "https://nipponiacaribe.com/wp-login.php" "Mozilla/5.0 (X11; Linux x86_64) AppleWebKit/537.36 (KHTML, like Gecko) Chrome/93.0.4577.63 Safari/537.36"
62.60.130.227 - - [05/May/2026:18:25:14 +0000] "GET /wp-admin/index.php HTTP/1.1" 302 - "https://nipponiacaribe.com/wp-login.php" "Mozilla/5.0 (Windows NT 10.0; Win64; x64) AppleWebKit/605.1.15 (KHTML, like Gecko) Version/14.1.1 Safari/605.1.15"
62.60.130.227 - - [05/May/2026:18:25:16 +0000] "GET /wp-login.php?redirect_to=https%3A%2F%2Fnipponiacaribe.com%2Fwp-admin%2Findex.php&reauth=1 HTTP/1.1" 404 14290 "https://nipponiacaribe.com/wp-login.php" "Mozilla/5.0 (Windows NT 10.0; Win64; x64) AppleWebKit/605.1.15 (KHTML, like Gecko) Version/14.1.1 Safari/605.1.15"
62.60.130.227 - - [05/May/2026:18:25:19 +0000] "POST /wp-login.php HTTP/1.1" 302 - "https://nipponiacaribe.com/wp-login.php" "Mozilla/5.0 (X11; Linux x86_64) AppleWebKit/537.36 (KHTML, like Gecko) Chrome/94.0.4606.71 Safari/537.36"
62.60.130.227 - - [05/May/2026:18:25:22 +0000] "GET /wp-admin/index.php HTTP/1.1" 302 - "https://nipponiacaribe.com/wp-login.php" "Mozilla/5.0 (Macintosh; Intel Mac OS X 10_15_7; rv:92.0) Gecko/20100101 Firefox/92.0"
62.60.130.227 - - [05/May/2026:18:25:24 +0000] "GET /wp-login.php?redirect_to=https%3A%2F%2Fnipponiacaribe.com%2Fwp-admin%2Findex.php&reauth=1 HTTP/1.1" 404 14290 "https://nipponiacaribe.com/wp-login.php" "Mozilla/5.0 (Macintosh; Intel Mac OS X 10_15_7; rv:92.0) Gecko/20100101 Firefox/92.0"
62.60.130.227 - - [05/May/2026:18:25:27 +0000] "POST /wp-login.php HTTP/1.1" 302 - "https://nipponiacaribe.com/wp-login.php" "Mozilla/5.0 (X11; Linux x86_64; rv:90.0) Gecko/20100101 Firefox/90.0.1"
62.60.130.227 - - [05/May/2026:18:25:29 +0000] "GET /wp-admin/index.php HTTP/1.1" 302 - "https://nipponiacaribe.com/wp-login.php" "Mozilla/5.0 (Windows NT 10.0; Win64; x64; rv:92.0) Gecko/20100101 Firefox/92.0"
62.60.130.227 - - [05/May/2026:18:25:32 +0000] "GET /wp-login.php?redirect_to=https%3A%2F%2Fnipponiacaribe.com%2Fwp-admin%2Findex.php&reauth=1 HTTP/1.1" 404 14290 "https://nipponiacaribe.com/wp-login.php" "Mozilla/5.0 (Windows NT 10.0; Win64; x64; rv:92.0) Gecko/20100101 Firefox/92.0"
62.60.130.227 - - [05/May/2026:18:25:35 +0000] "POST /wp-login.php HTTP/1.1" 302 - "https://nipponiacaribe.com/wp-login.php" "Mozilla/5.0 (Macintosh; Intel Mac OS X 10_15_7) AppleWebKit/537.36 (KHTML, like Gecko) Chrome/90.0.4430.212 Safari/537.36"
