152.167.16.252 - - [05/May/2026:17:58:10 +0000] "GET /wp-content/plugins/elementor-pro/assets/js/frontend.min.js?ver=4.0.4 HTTP/1.1" 200 6419 "https://nipponiacaribe.com/" "Mozilla/5.0 (Linux; Android 10; K) AppleWebKit/537.36 (KHTML, like Gecko) Chrome/147.0.0.0 Mobile Safari/537.36"
152.167.16.252 - - [05/May/2026:17:58:10 +0000] "GET /wp-content/plugins/elementor-pro/assets/js/elements-handlers.min.js?ver=4.0.4 HTTP/1.1" 200 10535 "https://nipponiacaribe.com/" "Mozilla/5.0 (Linux; Android 10; K) AppleWebKit/537.36 (KHTML, like Gecko) Chrome/147.0.0.0 Mobile Safari/537.36"
152.167.16.252 - - [05/May/2026:17:58:10 +0000] "GET /wp-content/plugins/google-site-kit/dist/assets/js/googlesitekit-events-provider-contact-form-7-08e8756782316cb65854.js HTTP/1.1" 200 1236 "https://nipponiacaribe.com/" "Mozilla/5.0 (Linux; Android 10; K) AppleWebKit/537.36 (KHTML, like Gecko) Chrome/147.0.0.0 Mobile Safari/537.36"
152.167.16.252 - - [05/May/2026:17:58:10 +0000] "GET /wp-content/plugins/google-site-kit/dist/assets/js/googlesitekit-events-provider-ninja-forms-de64a20f79b99aba5219.js HTTP/1.1" 200 1222 "https://nipponiacaribe.com/" "Mozilla/5.0 (Linux; Android 10; K) AppleWebKit/537.36 (KHTML, like Gecko) Chrome/147.0.0.0 Mobile Safari/537.36"
152.167.16.252 - - [05/May/2026:17:58:11 +0000] "GET /wp-content/plugins/elementor/assets/js/section-frontend-handlers.d85ab872da118940910d.bundle.min.js HTTP/1.1" 200 269 "https://nipponiacaribe.com/" "Mozilla/5.0 (Linux; Android 10; K) AppleWebKit/537.36 (KHTML, like Gecko) Chrome/147.0.0.0 Mobile Safari/537.36"
152.167.16.252 - - [05/May/2026:17:58:11 +0000] "GET /wp-content/plugins/elementor/assets/js/shared-frontend-handlers.03caa53373b56d3bab67.bundle.min.js HTTP/1.1" 200 2644 "https://nipponiacaribe.com/" "Mozilla/5.0 (Linux; Android 10; K) AppleWebKit/537.36 (KHTML, like Gecko) Chrome/147.0.0.0 Mobile Safari/537.36"
152.167.16.252 - - [05/May/2026:17:58:11 +0000] "GET /wp-content/plugins/elementor-pro/assets/js/slides.8e9b74f1b31471377df8.bundle.min.js HTTP/1.1" 200 1464 "https://nipponiacaribe.com/" "Mozilla/5.0 (Linux; Android 10; K) AppleWebKit/537.36 (KHTML, like Gecko) Chrome/147.0.0.0 Mobile Safari/537.36"
152.167.16.252 - - [05/May/2026:17:58:11 +0000] "GET /wp-content/plugins/elementor-pro/assets/js/animated-headline.bc08854fb1e1a80434b2.bundle.min.js HTTP/1.1" 200 2679 "https://nipponiacaribe.com/" "Mozilla/5.0 (Linux; Android 10; K) AppleWebKit/537.36 (KHTML, like Gecko) Chrome/147.0.0.0 Mobile Safari/537.36"
152.167.16.252 - - [05/May/2026:17:58:11 +0000] "GET /wp-content/plugins/elementor/assets/js/text-editor.45609661e409413f1cef.bundle.min.js HTTP/1.1" 200 648 "https://nipponiacaribe.com/" "Mozilla/5.0 (Linux; Android 10; K) AppleWebKit/537.36 (KHTML, like Gecko) Chrome/147.0.0.0 Mobile Safari/537.36"
74.125.213.8 - - [05/May/2026:17:58:07 +0000] "GET /.well-known/traffic-advice HTTP/1.1" 404 14290 "-" "Chrome Privacy Preserving Prefetch Proxy"
152.167.16.252 - - [05/May/2026:17:58:11 +0000] "GET /wp-includes/js/wp-emoji-release.min.js?ver=6.9.4 HTTP/1.1" 200 5375 "https://nipponiacaribe.com/" "Mozilla/5.0 (Linux; Android 10; K) AppleWebKit/537.36 (KHTML, like Gecko) Chrome/147.0.0.0 Mobile Safari/537.36"
62.60.130.227 - - [05/May/2026:17:58:10 +0000] "GET /wp-login.php HTTP/1.1" 302 - "-" "Mozilla/5.0 (Macintosh; Intel Mac OS X 10_15_7) AppleWebKit/605.1.15 (KHTML, like Gecko) Version/14.0.3 Safari/605.1.15"
62.60.130.227 - - [05/May/2026:17:58:14 +0000] "GET /wp-login.php HTTP/1.1" 302 - "-" "Mozilla/5.0 (Macintosh; Intel Mac OS X 10_15_7) AppleWebKit/605.1.15 (KHTML, like Gecko) Version/14.0.3 Safari/605.1.15"
152.167.16.252 - - [05/May/2026:17:58:17 +0000] "GET /pasolas/ HTTP/1.1" 200 23347 "https://nipponiacaribe.com/" "Mozilla/5.0 (Linux; Android 10; K) AppleWebKit/537.36 (KHTML, like Gecko) Chrome/147.0.0.0 Mobile Safari/537.36"
62.60.130.227 - - [05/May/2026:17:58:16 +0000] "GET /wp-login.php HTTP/1.1" 302 - "-" "Mozilla/5.0 (Macintosh; Intel Mac OS X 10_15_7) AppleWebKit/605.1.15 (KHTML, like Gecko) Version/14.0.3 Safari/605.1.15"
66.249.66.70 - - [05/May/2026:17:58:18 +0000] "GET /lead-150-2 HTTP/1.1" 301 - "-" "Mozilla/5.0 (Linux; Android 6.0.1; Nexus 5X Build/MMB29P) AppleWebKit/537.36 (KHTML, like Gecko) Chrome/147.0.7727.137 Mobile Safari/537.36 (compatible; Googlebot/2.1; +http://www.google.com/bot.html)"
62.60.130.227 - - [05/May/2026:17:58:18 +0000] "GET /wp-login.php HTTP/1.1" 302 - "-" "Mozilla/5.0 (Macintosh; Intel Mac OS X 10_15_7) AppleWebKit/605.1.15 (KHTML, like Gecko) Version/14.0.3 Safari/605.1.15"
62.60.130.227 - - [05/May/2026:17:58:21 +0000] "GET /wp-login.php HTTP/1.1" 302 - "-" "Mozilla/5.0 (Macintosh; Intel Mac OS X 10_15_7) AppleWebKit/605.1.15 (KHTML, like Gecko) Version/14.0.3 Safari/605.1.15"
62.60.130.227 - - [05/May/2026:17:58:24 +0000] "GET /wp-login.php HTTP/1.1" 302 - "-" "Mozilla/5.0 (Macintosh; Intel Mac OS X 10_15_7) AppleWebKit/605.1.15 (KHTML, like Gecko) Version/14.0.3 Safari/605.1.15"
152.167.16.252 - - [05/May/2026:17:58:23 +0000] "GET /motocicletas-de-tipo-cub/ HTTP/1.1" 404 14290 "https://nipponiacaribe.com/" "Mozilla/5.0 (Linux; Android 10; K) AppleWebKit/537.36 (KHTML, like Gecko) Chrome/147.0.0.0 Mobile Safari/537.36"
62.60.130.227 - - [05/May/2026:17:58:26 +0000] "GET /wp-login.php HTTP/1.1" 302 - "-" "Mozilla/5.0 (Macintosh; Intel Mac OS X 10_15_7) AppleWebKit/605.1.15 (KHTML, like Gecko) Version/14.0.3 Safari/605.1.15"
62.60.130.227 - - [05/May/2026:17:58:29 +0000] "GET /wp-login.php HTTP/1.1" 302 - "-" "Mozilla/5.0 (Macintosh; Intel Mac OS X 10_15_7) AppleWebKit/605.1.15 (KHTML, like Gecko) Version/14.0.3 Safari/605.1.15"
62.60.130.227 - - [05/May/2026:17:58:31 +0000] "GET /wp-login.php HTTP/1.1" 302 - "-" "Mozilla/5.0 (Macintosh; Intel Mac OS X 10_15_7) AppleWebKit/605.1.15 (KHTML, like Gecko) Version/14.0.3 Safari/605.1.15"
62.60.130.227 - - [05/May/2026:17:58:33 +0000] "GET /wp-login.php HTTP/1.1" 302 - "-" "Mozilla/5.0 (Macintosh; Intel Mac OS X 10_15_7) AppleWebKit/605.1.15 (KHTML, like Gecko) Version/14.0.3 Safari/605.1.15"
62.60.130.227 - - [05/May/2026:17:58:36 +0000] "GET /wp-login.php HTTP/1.1" 302 - "-" "Mozilla/5.0 (Macintosh; Intel Mac OS X 10_15_7) AppleWebKit/605.1.15 (KHTML, like Gecko) Version/14.0.3 Safari/605.1.15"
62.60.130.227 - - [05/May/2026:17:58:38 +0000] "GET /wp-login.php HTTP/1.1" 302 - "-" "Mozilla/5.0 (Macintosh; Intel Mac OS X 10_15_7) AppleWebKit/605.1.15 (KHTML, like Gecko) Version/14.0.3 Safari/605.1.15"
62.60.130.227 - - [05/May/2026:17:58:41 +0000] "GET /wp-login.php HTTP/1.1" 302 - "-" "Mozilla/5.0 (Macintosh; Intel Mac OS X 10_15_7) AppleWebKit/605.1.15 (KHTML, like Gecko) Version/14.0.3 Safari/605.1.15"
62.60.130.227 - - [05/May/2026:17:58:43 +0000] "GET /wp-login.php HTTP/1.1" 302 - "-" "Mozilla/5.0 (Macintosh; Intel Mac OS X 10_15_7) AppleWebKit/605.1.15 (KHTML, like Gecko) Version/14.0.3 Safari/605.1.15"
62.60.130.227 - - [05/May/2026:17:58:45 +0000] "GET /wp-login.php HTTP/1.1" 302 - "-" "Mozilla/5.0 (Macintosh; Intel Mac OS X 10_15_7) AppleWebKit/605.1.15 (KHTML, like Gecko) Version/14.0.3 Safari/605.1.15"
66.249.66.70 - - [05/May/2026:17:58:49 +0000] "GET /wp-content/plugins/contact-form-7/includes/css/styles.css?ver=6.1.5 HTTP/1.1" 200 1031 "https://nipponiacaribe.com/lead-150-2/" "Mozilla/5.0 (Linux; Android 6.0.1; Nexus 5X Build/MMB29P) AppleWebKit/537.36 (KHTML, like Gecko) Chrome/147.0.7727.137 Mobile Safari/537.36 (compatible; Googlebot/2.1; +http://www.google.com/bot.html)"
66.249.66.70 - - [05/May/2026:17:58:50 +0000] "GET /wp-content/plugins/elementor/assets/lib/eicons/css/elementor-icons.min.css?ver=5.48.0 HTTP/1.1" 200 4455 "https://nipponiacaribe.com/lead-150-2/" "Mozilla/5.0 (Linux; Android 6.0.1; Nexus 5X Build/MMB29P) AppleWebKit/537.36 (KHTML, like Gecko) Chrome/147.0.7727.137 Mobile Safari/537.36 (compatible; Googlebot/2.1; +http://www.google.com/bot.html)"
62.60.130.227 - - [05/May/2026:17:58:48 +0000] "GET /wp-login.php HTTP/1.1" 302 - "-" "Mozilla/5.0 (Macintosh; Intel Mac OS X 10_15_7) AppleWebKit/605.1.15 (KHTML, like Gecko) Version/14.0.3 Safari/605.1.15"
66.249.66.194 - - [05/May/2026:17:58:50 +0000] "GET /wp-content/plugins/elementor/assets/css/conditionals/e-swiper.min.css?ver=4.0.6 HTTP/1.1" 200 799 "https://nipponiacaribe.com/lead-150-2/" "Mozilla/5.0 (Linux; Android 6.0.1; Nexus 5X Build/MMB29P) AppleWebKit/537.36 (KHTML, like Gecko) Chrome/147.0.7727.137 Mobile Safari/537.36 (compatible; Googlebot/2.1; +http://www.google.com/bot.html)"
66.249.66.69 - - [05/May/2026:17:58:51 +0000] "GET /wp-content/plugins/elementor/assets/css/widget-spacer.min.css?ver=4.0.6 HTTP/1.1" 200 338 "https://nipponiacaribe.com/lead-150-2/" "Mozilla/5.0 (Linux; Android 6.0.1; Nexus 5X Build/MMB29P) AppleWebKit/537.36 (KHTML, like Gecko) Chrome/147.0.7727.137 Mobile Safari/537.36 (compatible; Googlebot/2.1; +http://www.google.com/bot.html)"
66.249.66.7 - - [05/May/2026:17:58:51 +0000] "GET /wp-content/uploads/elementor/css/post-4203.css?ver=1775520000 HTTP/1.1" 200 836 "https://nipponiacaribe.com/lead-150-2/" "Mozilla/5.0 (Linux; Android 6.0.1; Nexus 5X Build/MMB29P) AppleWebKit/537.36 (KHTML, like Gecko) Chrome/147.0.7727.137 Mobile Safari/537.36 (compatible; Googlebot/2.1; +http://www.google.com/bot.html)"
66.249.66.7 - - [05/May/2026:17:58:51 +0000] "GET /wp-content/plugins/contact-form-7/includes/swv/js/index.js?ver=6.1.5 HTTP/1.1" 200 3503 "https://nipponiacaribe.com/lead-150-2/" "Mozilla/5.0 (Linux; Android 6.0.1; Nexus 5X Build/MMB29P) AppleWebKit/537.36 (KHTML, like Gecko) Chrome/147.0.7727.137 Mobile Safari/537.36 (compatible; Googlebot/2.1; +http://www.google.com/bot.html)"
66.249.66.44 - - [05/May/2026:17:58:52 +0000] "GET /wp-content/plugins/elementor/assets/lib/swiper/v8/swiper.min.js?ver=8.4.5 HTTP/1.1" 200 39695 "https://nipponiacaribe.com/lead-150-2/" "Mozilla/5.0 (Linux; Android 6.0.1; Nexus 5X Build/MMB29P) AppleWebKit/537.36 (KHTML, like Gecko) Chrome/147.0.7727.137 Mobile Safari/537.36 (compatible; Googlebot/2.1; +http://www.google.com/bot.html)"
66.249.66.70 - - [05/May/2026:17:58:52 +0000] "GET /wp-content/plugins/elementor/assets/css/widget-image.min.css?ver=4.0.6 HTTP/1.1" 200 135 "https://nipponiacaribe.com/lead-150-2/" "Mozilla/5.0 (Linux; Android 6.0.1; Nexus 5X Build/MMB29P) AppleWebKit/537.36 (KHTML, like Gecko) Chrome/147.0.7727.137 Mobile Safari/537.36 (compatible; Googlebot/2.1; +http://www.google.com/bot.html)"
62.60.130.227 - - [05/May/2026:17:58:50 +0000] "GET /wp-login.php HTTP/1.1" 302 - "-" "Mozilla/5.0 (Macintosh; Intel Mac OS X 10_15_7) AppleWebKit/605.1.15 (KHTML, like Gecko) Version/14.0.3 Safari/605.1.15"
66.249.66.160 - - [05/May/2026:17:58:53 +0000] "GET /wp-content/plugins/contact-form-7/modules/recaptcha/index.js?ver=6.1.5 HTTP/1.1" 200 483 "https://nipponiacaribe.com/lead-150-2/" "Mozilla/5.0 (Linux; Android 6.0.1; Nexus 5X Build/MMB29P) AppleWebKit/537.36 (KHTML, like Gecko) Chrome/147.0.7727.137 Mobile Safari/537.36 (compatible; Googlebot/2.1; +http://www.google.com/bot.html)"
66.249.66.69 - - [05/May/2026:17:58:53 +0000] "GET /wp-content/plugins/elementor/assets/js/frontend-modules.min.js?ver=4.0.6 HTTP/1.1" 200 15970 "https://nipponiacaribe.com/lead-150-2/" "Mozilla/5.0 (Linux; Android 6.0.1; Nexus 5X Build/MMB29P) AppleWebKit/537.36 (KHTML, like Gecko) Chrome/147.0.7727.137 Mobile Safari/537.36 (compatible; Googlebot/2.1; +http://www.google.com/bot.html)"
66.249.66.6 - - [05/May/2026:17:58:54 +0000] "GET /wp-content/plugins/elementor-pro/assets/js/webpack-pro.runtime.min.js?ver=4.0.4 HTTP/1.1" 200 2830 "https://nipponiacaribe.com/lead-150-2/" "Mozilla/5.0 (Linux; Android 6.0.1; Nexus 5X Build/MMB29P) AppleWebKit/537.36 (KHTML, like Gecko) Chrome/147.0.7727.137 Mobile Safari/537.36 (compatible; Googlebot/2.1; +http://www.google.com/bot.html)"
66.249.66.69 - - [05/May/2026:17:58:54 +0000] "GET /wp-content/plugins/optimole-wp/assets/build/optimizer/optimizer.js?v=4.2.4 HTTP/1.1" 200 6753 "https://nipponiacaribe.com/lead-150-2/" "Mozilla/5.0 (Linux; Android 6.0.1; Nexus 5X Build/MMB29P) AppleWebKit/537.36 (KHTML, like Gecko) Chrome/147.0.7727.137 Mobile Safari/537.36 (compatible; Googlebot/2.1; +http://www.google.com/bot.html)"
62.60.130.227 - - [05/May/2026:17:58:52 +0000] "GET /wp-login.php HTTP/1.1" 302 - "-" "Mozilla/5.0 (Macintosh; Intel Mac OS X 10_15_7) AppleWebKit/605.1.15 (KHTML, like Gecko) Version/14.0.3 Safari/605.1.15"
66.249.66.194 - - [05/May/2026:17:58:55 +0000] "GET /wp-content/plugins/elementor-pro/assets/js/frontend.min.js?ver=4.0.4 HTTP/1.1" 200 6419 "https://nipponiacaribe.com/lead-150-2/" "Mozilla/5.0 (Linux; Android 6.0.1; Nexus 5X Build/MMB29P) AppleWebKit/537.36 (KHTML, like Gecko) Chrome/147.0.7727.137 Mobile Safari/537.36 (compatible; Googlebot/2.1; +http://www.google.com/bot.html)"
66.249.66.44 - - [05/May/2026:17:58:55 +0000] "GET /wp-content/plugins/google-site-kit/dist/assets/js/googlesitekit-events-provider-ninja-forms-de64a20f79b99aba5219.js HTTP/1.1" 200 1222 "https://nipponiacaribe.com/lead-150-2/" "Mozilla/5.0 (Linux; Android 6.0.1; Nexus 5X Build/MMB29P) AppleWebKit/537.36 (KHTML, like Gecko) Chrome/147.0.7727.137 Mobile Safari/537.36 (compatible; Googlebot/2.1; +http://www.google.com/bot.html)"
66.249.66.44 - - [05/May/2026:17:58:56 +0000] "GET /wp-content/plugins/google-site-kit/dist/assets/js/googlesitekit-events-provider-contact-form-7-08e8756782316cb65854.js HTTP/1.1" 200 1236 "https://nipponiacaribe.com/lead-150-2/" "Mozilla/5.0 (Linux; Android 6.0.1; Nexus 5X Build/MMB29P) AppleWebKit/537.36 (KHTML, like Gecko) Chrome/147.0.7727.137 Mobile Safari/537.36 (compatible; Googlebot/2.1; +http://www.google.com/bot.html)"
66.249.66.6 - - [05/May/2026:17:58:56 +0000] "GET /wp-content/plugins/elementor-pro/assets/js/elements-handlers.min.js?ver=4.0.4 HTTP/1.1" 200 10535 "https://nipponiacaribe.com/lead-150-2/" "Mozilla/5.0 (Linux; Android 6.0.1; Nexus 5X Build/MMB29P) AppleWebKit/537.36 (KHTML, like Gecko) Chrome/147.0.7727.137 Mobile Safari/537.36 (compatible; Googlebot/2.1; +http://www.google.com/bot.html)"
62.60.130.227 - - [05/May/2026:17:58:55 +0000] "GET /wp-login.php HTTP/1.1" 302 - "-" "Mozilla/5.0 (Macintosh; Intel Mac OS X 10_15_7) AppleWebKit/605.1.15 (KHTML, like Gecko) Version/14.0.3 Safari/605.1.15"
62.60.130.227 - - [05/May/2026:17:58:57 +0000] "GET /wp-login.php HTTP/1.1" 302 - "-" "Mozilla/5.0 (Macintosh; Intel Mac OS X 10_15_7) AppleWebKit/605.1.15 (KHTML, like Gecko) Version/14.0.3 Safari/605.1.15"
66.249.66.194 - - [05/May/2026:17:59:01 +0000] "GET /wp-content/plugins/elementor/assets/js/397f2d183c19202777d6.bundle.min.js HTTP/1.1" 200 8785 "https://nipponiacaribe.com/lead-150-2/" "Mozilla/5.0 (Linux; Android 6.0.1; Nexus 5X Build/MMB29P) AppleWebKit/537.36 (KHTML, like Gecko) Chrome/147.0.7727.137 Mobile Safari/537.36 (compatible; Googlebot/2.1; +http://www.google.com/bot.html)"
66.249.66.45 - - [05/May/2026:17:59:01 +0000] "GET /wp-content/plugins/elementor/assets/lib/dialog/dialog.min.js?ver=4.9.3 HTTP/1.1" 200 3782 "https://nipponiacaribe.com/lead-150-2/" "Mozilla/5.0 (Linux; Android 6.0.1; Nexus 5X Build/MMB29P) AppleWebKit/537.36 (KHTML, like Gecko) Chrome/147.0.7727.137 Mobile Safari/537.36 (compatible; Googlebot/2.1; +http://www.google.com/bot.html)"
66.249.66.45 - - [05/May/2026:17:59:01 +0000] "GET /wp-content/plugins/elementor/assets/css/conditionals/lightbox.min.css?ver=4.0.6 HTTP/1.1" 200 1963 "https://nipponiacaribe.com/lead-150-2/" "Mozilla/5.0 (Linux; Android 6.0.1; Nexus 5X Build/MMB29P) AppleWebKit/537.36 (KHTML, like Gecko) Chrome/147.0.7727.137 Mobile Safari/537.36 (compatible; Googlebot/2.1; +http://www.google.com/bot.html)"
62.60.130.227 - - [05/May/2026:17:59:00 +0000] "GET /wp-login.php HTTP/1.1" 302 - "-" "Mozilla/5.0 (Macintosh; Intel Mac OS X 10_15_7) AppleWebKit/605.1.15 (KHTML, like Gecko) Version/14.0.3 Safari/605.1.15"
66.249.66.7 - - [05/May/2026:17:59:02 +0000] "GET /wp-content/plugins/elementor/assets/lib/share-link/share-link.min.js?ver=4.0.6 HTTP/1.1" 200 1169 "https://nipponiacaribe.com/lead-150-2/" "Mozilla/5.0 (Linux; Android 6.0.1; Nexus 5X Build/MMB29P) AppleWebKit/537.36 (KHTML, like Gecko) Chrome/147.0.7727.137 Mobile Safari/537.36 (compatible; Googlebot/2.1; +http://www.google.com/bot.html)"
66.249.66.8 - - [05/May/2026:17:59:03 +0000] "GET /wp-content/plugins/elementor/assets/js/lightbox.570c05c5a283cfb6b223.bundle.min.js HTTP/1.1" 200 9613 "https://nipponiacaribe.com/lead-150-2/" "Mozilla/5.0 (Linux; Android 6.0.1; Nexus 5X Build/MMB29P) AppleWebKit/537.36 (KHTML, like Gecko) Chrome/147.0.7727.137 Mobile Safari/537.36 (compatible; Googlebot/2.1; +http://www.google.com/bot.html)"
66.249.66.71 - - [05/May/2026:17:59:03 +0000] "GET /wp-content/plugins/elementor-pro/assets/js/media-carousel.87c2cf115553a2c4f709.bundle.min.js HTTP/1.1" 200 2068 "https://nipponiacaribe.com/lead-150-2/" "Mozilla/5.0 (Linux; Android 6.0.1; Nexus 5X Build/MMB29P) AppleWebKit/537.36 (KHTML, like Gecko) Chrome/147.0.7727.137 Mobile Safari/537.36 (compatible; Googlebot/2.1; +http://www.google.com/bot.html)"
66.249.66.194 - - [05/May/2026:17:59:03 +0000] "GET /wp-content/plugins/elementor/assets/js/text-editor.45609661e409413f1cef.bundle.min.js HTTP/1.1" 200 648 "https://nipponiacaribe.com/lead-150-2/" "Mozilla/5.0 (Linux; Android 6.0.1; Nexus 5X Build/MMB29P) AppleWebKit/537.36 (KHTML, like Gecko) Chrome/147.0.7727.137 Mobile Safari/537.36 (compatible; Googlebot/2.1; +http://www.google.com/bot.html)"
66.249.66.196 - - [05/May/2026:17:59:04 +0000] "GET /wp-content/plugins/elementor/assets/js/section-frontend-handlers.d85ab872da118940910d.bundle.min.js HTTP/1.1" 200 269 "https://nipponiacaribe.com/lead-150-2/" "Mozilla/5.0 (Linux; Android 6.0.1; Nexus 5X Build/MMB29P) AppleWebKit/537.36 (KHTML, like Gecko) Chrome/147.0.7727.137 Mobile Safari/537.36 (compatible; Googlebot/2.1; +http://www.google.com/bot.html)"
62.60.130.227 - - [05/May/2026:17:59:02 +0000] "GET /wp-login.php HTTP/1.1" 302 - "-" "Mozilla/5.0 (Macintosh; Intel Mac OS X 10_15_7) AppleWebKit/605.1.15 (KHTML, like Gecko) Version/14.0.3 Safari/605.1.15"
66.249.66.70 - - [05/May/2026:17:59:05 +0000] "GET /wp-content/plugins/elementor/assets/js/shared-frontend-handlers.03caa53373b56d3bab67.bundle.min.js HTTP/1.1" 200 2644 "https://nipponiacaribe.com/lead-150-2/" "Mozilla/5.0 (Linux; Android 6.0.1; Nexus 5X Build/MMB29P) AppleWebKit/537.36 (KHTML, like Gecko) Chrome/147.0.7727.137 Mobile Safari/537.36 (compatible; Googlebot/2.1; +http://www.google.com/bot.html)"
66.249.66.44 - - [05/May/2026:17:59:05 +0000] "GET /wp-content/plugins/elementor/assets/css/conditionals/dialog.min.css?ver=4.0.6 HTTP/1.1" 200 1578 "https://nipponiacaribe.com/lead-150-2/" "Mozilla/5.0 (Linux; Android 6.0.1; Nexus 5X Build/MMB29P) AppleWebKit/537.36 (KHTML, like Gecko) Chrome/147.0.7727.137 Mobile Safari/537.36 (compatible; Googlebot/2.1; +http://www.google.com/bot.html)"
62.60.130.227 - - [05/May/2026:17:59:04 +0000] "GET /wp-login.php HTTP/1.1" 302 - "-" "Mozilla/5.0 (Macintosh; Intel Mac OS X 10_15_7) AppleWebKit/605.1.15 (KHTML, like Gecko) Version/14.0.3 Safari/605.1.15"
62.60.130.227 - - [05/May/2026:17:59:07 +0000] "GET /wp-admin/ HTTP/1.1" 302 - "-" "Mozilla/5.0 (X11; Linux x86_64) AppleWebKit/537.36 (KHTML, like Gecko) Chrome/91.0.4472.124 Safari/537.36"
62.60.130.227 - - [05/May/2026:17:59:09 +0000] "GET /wp-login.php?redirect_to=https%3A%2F%2Fnipponiacaribe.com%2Fwp-admin%2F&reauth=1 HTTP/1.1" 404 14290 "-" "Mozilla/5.0 (X11; Linux x86_64) AppleWebKit/537.36 (KHTML, like Gecko) Chrome/91.0.4472.124 Safari/537.36"
62.60.130.227 - - [05/May/2026:17:59:12 +0000] "GET /wp-login.php?action=register HTTP/1.1" 404 14290 "-" "Mozilla/5.0 (Macintosh; Intel Mac OS X 10_15_7) AppleWebKit/605.1.15 (KHTML, like Gecko) Version/14.1 Safari/605.1.15"
62.60.130.227 - - [05/May/2026:17:59:15 +0000] "GET /wp-login.php?action=lostpassword HTTP/1.1" 404 14290 "-" "Mozilla/5.0 (X11; Linux x86_64) AppleWebKit/537.36 (KHTML, like Gecko) Chrome/91.0.4472.124 Safari/537.36"
162.120.186.186 - - [05/May/2026:17:59:17 +0000] "GET /miro-ii-110/ HTTP/1.1" 200 19036 "https://www.google.com/" "Mozilla/5.0 (Windows NT 10.0; Win64; x64) AppleWebKit/537.36 (KHTML, like Gecko) Chrome/147.0.0.0 Safari/537.36"
62.60.130.227 - - [05/May/2026:17:59:18 +0000] "GET /wp-signup.php HTTP/1.1" 302 - "-" "Mozilla/5.0 (X11; Linux x86_64) AppleWebKit/537.36 (KHTML, like Gecko) Chrome/91.0.4472.124 Safari/537.36"
62.60.130.227 - - [05/May/2026:17:59:21 +0000] "GET /wp-login.php?action=register HTTP/1.1" 404 14290 "-" "Mozilla/5.0 (X11; Linux x86_64) AppleWebKit/537.36 (KHTML, like Gecko) Chrome/91.0.4472.124 Safari/537.36"
62.60.130.227 - - [05/May/2026:17:59:24 +0000] "GET /wp-activate.php HTTP/1.1" 302 - "-" "Mozilla/5.0 (Windows NT 10.0; Win64; x64) AppleWebKit/537.36 (KHTML, like Gecko) Chrome/94.0.4606.71 Safari/537.36"
62.60.130.227 - - [05/May/2026:17:59:25 +0000] "GET /wp-login.php?action=register HTTP/1.1" 404 14290 "-" "Mozilla/5.0 (Windows NT 10.0; Win64; x64) AppleWebKit/537.36 (KHTML, like Gecko) Chrome/94.0.4606.71 Safari/537.36"
62.60.130.227 - - [05/May/2026:17:59:28 +0000] "GET /wp-admin/install.php HTTP/1.1" 403 6626 "-" "Mozilla/5.0 (Macintosh; Intel Mac OS X 10_15_7) AppleWebKit/605.1.15 (KHTML, like Gecko) Version/15.0 Safari/605.1.15"
62.60.130.227 - - [05/May/2026:17:59:28 +0000] "GET /wp-admin/profile.php HTTP/1.1" 302 - "-" "Mozilla/5.0 (X11; Linux x86_64) AppleWebKit/537.36 (KHTML, like Gecko) Chrome/93.0.4577.63 Safari/537.36"
20.123.172.228 - - [05/May/2026:17:59:29 +0000] "POST /?wordfence_syncAttackData=1778003969.8143 HTTP/1.1" 200 - "-" "WordPress/6.9.4; https://nipponiacaribe.com"
62.60.130.227 - - [05/May/2026:17:59:32 +0000] "GET /wp-login.php?redirect_to=https%3A%2F%2Fnipponiacaribe.com%2Fwp-admin%2Fprofile.php&reauth=1 HTTP/1.1" 404 14290 "-" "Mozilla/5.0 (X11; Linux x86_64) AppleWebKit/537.36 (KHTML, like Gecko) Chrome/93.0.4577.63 Safari/537.36"
62.60.130.227 - - [05/May/2026:17:59:35 +0000] "GET /wp-admin/user-new.php HTTP/1.1" 302 - "-" "Mozilla/5.0 (Windows NT 10.0; Win64; x64) AppleWebKit/537.36 (KHTML, like Gecko) Chrome/90.0.4430.212 Safari/537.36"
152.167.16.252 - - [05/May/2026:17:59:36 +0000] "GET /pasolas-electricas/ HTTP/1.1" 200 18649 "https://nipponiacaribe.com/" "Mozilla/5.0 (Linux; Android 10; K) AppleWebKit/537.36 (KHTML, like Gecko) Chrome/147.0.0.0 Mobile Safari/537.36"
62.60.130.227 - - [05/May/2026:17:59:37 +0000] "GET /wp-login.php?redirect_to=https%3A%2F%2Fnipponiacaribe.com%2Fwp-admin%2Fuser-new.php&reauth=1 HTTP/1.1" 404 14290 "-" "Mozilla/5.0 (Windows NT 10.0; Win64; x64) AppleWebKit/537.36 (KHTML, like Gecko) Chrome/90.0.4430.212 Safari/537.36"
62.60.130.227 - - [05/May/2026:17:59:40 +0000] "GET /wp-comments-post.php HTTP/1.1" 405 - "-" "Mozilla/5.0 (Windows NT 10.0; Win64; x64) AppleWebKit/605.1.15 (KHTML, like Gecko) Version/14.1.2 Safari/605.1.15"
62.60.130.227 - - [05/May/2026:17:59:40 +0000] "GET /wp-login.php?redirect_to=/wp-admin/ HTTP/1.1" 404 14290 "-" "Mozilla/5.0 (Macintosh; Intel Mac OS X 10_15_7) AppleWebKit/537.36 (KHTML, like Gecko) Chrome/94.0.4606.71 Safari/537.36"
62.60.130.227 - - [05/May/2026:17:59:43 +0000] "GET / HTTP/1.1" 200 20668 "-" "Mozilla/5.0 (Windows NT 10.0; Win64; x64) AppleWebKit/537.36 (KHTML, like Gecko) Chrome/91.0.4472.124 Safari/537.36"
62.60.130.227 - - [05/May/2026:17:59:44 +0000] "POST /wp-login.php HTTP/1.1" 302 - "https://nipponiacaribe.com/wp-login.php" "Mozilla/5.0 (Macintosh; Intel Mac OS X 10_15_7) AppleWebKit/537.36 (KHTML, like Gecko) Chrome/94.0.4606.71 Safari/537.36"
62.60.130.227 - - [05/May/2026:17:59:46 +0000] "GET /wp-admin/index.php HTTP/1.1" 302 - "https://nipponiacaribe.com/wp-login.php" "Mozilla/5.0 (Windows NT 10.0; Win64; x64; rv:92.0) Gecko/20100101 Firefox/92.0"
152.167.16.252 - - [05/May/2026:17:59:49 +0000] "GET /wp-content/uploads/elementor/css/post-220.css?ver=1777999637 HTTP/1.1" 200 1462 "https://nipponiacaribe.com/pasolas/" "Mozilla/5.0 (Linux; Android 10; K) AppleWebKit/537.36 (KHTML, like Gecko) Chrome/147.0.0.0 Mobile Safari/537.36"
152.167.16.252 - - [05/May/2026:17:59:50 +0000] "GET /wp-content/plugins/optimole-wp/assets/build/optimizer/optimizer.js?v=4.2.4 HTTP/1.1" 200 6753 "https://nipponiacaribe.com/pasolas/" "Mozilla/5.0 (Linux; Android 10; K) AppleWebKit/537.36 (KHTML, like Gecko) Chrome/147.0.0.0 Mobile Safari/537.36"
62.60.130.227 - - [05/May/2026:17:59:49 +0000] "GET /wp-login.php?redirect_to=https%3A%2F%2Fnipponiacaribe.com%2Fwp-admin%2Findex.php&reauth=1 HTTP/1.1" 404 14290 "https://nipponiacaribe.com/wp-login.php" "Mozilla/5.0 (Windows NT 10.0; Win64; x64; rv:92.0) Gecko/20100101 Firefox/92.0"
62.60.130.227 - - [05/May/2026:17:59:52 +0000] "POST /wp-login.php HTTP/1.1" 302 - "https://nipponiacaribe.com/wp-login.php" "Mozilla/5.0 (Windows NT 10.0; Win64; x64; rv:92.0) Gecko/20100101 Firefox/92.0"
62.60.130.227 - - [05/May/2026:17:59:54 +0000] "GET /wp-admin/index.php HTTP/1.1" 302 - "https://nipponiacaribe.com/wp-login.php" "Mozilla/5.0 (Windows NT 6.1; Win64; x64) AppleWebKit/537.36 (KHTML, like Gecko) Chrome/91.0.4472.124 Safari/537.36"
62.60.130.227 - - [05/May/2026:17:59:57 +0000] "GET /wp-login.php?redirect_to=https%3A%2F%2Fnipponiacaribe.com%2Fwp-admin%2Findex.php&reauth=1 HTTP/1.1" 404 14290 "https://nipponiacaribe.com/wp-login.php" "Mozilla/5.0 (Windows NT 6.1; Win64; x64) AppleWebKit/537.36 (KHTML, like Gecko) Chrome/91.0.4472.124 Safari/537.36"
62.60.130.227 - - [05/May/2026:18:00:00 +0000] "POST /wp-login.php HTTP/1.1" 302 - "https://nipponiacaribe.com/wp-login.php" "Mozilla/5.0 (Macintosh; Intel Mac OS X 10_15_7) AppleWebKit/537.36 (KHTML, like Gecko) Chrome/92.0.4515.131 Safari/537.36"
62.60.130.227 - - [05/May/2026:18:00:03 +0000] "GET /wp-admin/index.php HTTP/1.1" 302 - "https://nipponiacaribe.com/wp-login.php" "Mozilla/5.0 (X11; Linux x86_64) AppleWebKit/537.36 (KHTML, like Gecko) Chrome/94.0.4606.71 Safari/537.36"
152.167.16.252 - - [05/May/2026:18:00:04 +0000] "GET /bs-max-150/ HTTP/1.1" 200 22067 "https://nipponiacaribe.com/pasolas/" "Mozilla/5.0 (Linux; Android 10; K) AppleWebKit/537.36 (KHTML, like Gecko) Chrome/147.0.0.0 Mobile Safari/537.36"
152.167.16.252 - - [05/May/2026:18:00:08 +0000] "GET /wp-content/plugins/elementor-pro/assets/css/widget-media-carousel.min.css?ver=4.0.4 HTTP/1.1" 200 470 "https://nipponiacaribe.com/bs-max-150/" "Mozilla/5.0 (Linux; Android 10; K) AppleWebKit/537.36 (KHTML, like Gecko) Chrome/147.0.0.0 Mobile Safari/537.36"
152.167.16.252 - - [05/May/2026:18:00:08 +0000] "GET /wp-content/plugins/elementor-pro/assets/css/widget-carousel-module-base.min.css?ver=4.0.4 HTTP/1.1" 200 671 "https://nipponiacaribe.com/bs-max-150/" "Mozilla/5.0 (Linux; Android 10; K) AppleWebKit/537.36 (KHTML, like Gecko) Chrome/147.0.0.0 Mobile Safari/537.36"
152.167.16.252 - - [05/May/2026:18:00:08 +0000] "GET /wp-content/uploads/elementor/css/post-4294.css?ver=1778004007 HTTP/1.1" 200 803 "https://nipponiacaribe.com/bs-max-150/" "Mozilla/5.0 (Linux; Android 10; K) AppleWebKit/537.36 (KHTML, like Gecko) Chrome/147.0.0.0 Mobile Safari/537.36"
62.60.130.227 - - [05/May/2026:18:00:05 +0000] "GET /wp-login.php?redirect_to=https%3A%2F%2Fnipponiacaribe.com%2Fwp-admin%2Findex.php&reauth=1 HTTP/1.1" 404 14290 "https://nipponiacaribe.com/wp-login.php" "Mozilla/5.0 (X11; Linux x86_64) AppleWebKit/537.36 (KHTML, like Gecko) Chrome/94.0.4606.71 Safari/537.36"
152.167.16.252 - - [05/May/2026:18:00:09 +0000] "GET /wp-content/themes/airi/css/font-awesome/webfonts/fa-solid-900.woff2 HTTP/1.1" 200 78083 "https://nipponiacaribe.com/wp-content/themes/airi/css/font-awesome/css/all.min.css?ver=6.9.4" "Mozilla/5.0 (Linux; Android 10; K) AppleWebKit/537.36 (KHTML, like Gecko) Chrome/147.0.0.0 Mobile Safari/537.36"
152.167.16.252 - - [05/May/2026:18:00:09 +0000] "GET /wp-content/plugins/elementor/assets/js/397f2d183c19202777d6.bundle.min.js HTTP/1.1" 200 8785 "https://nipponiacaribe.com/bs-max-150/" "Mozilla/5.0 (Linux; Android 10; K) AppleWebKit/537.36 (KHTML, like Gecko) Chrome/147.0.0.0 Mobile Safari/537.36"
152.167.16.252 - - [05/May/2026:18:00:09 +0000] "GET /wp-content/plugins/elementor/assets/js/lightbox.570c05c5a283cfb6b223.bundle.min.js HTTP/1.1" 200 9613 "https://nipponiacaribe.com/bs-max-150/" "Mozilla/5.0 (Linux; Android 10; K) AppleWebKit/537.36 (KHTML, like Gecko) Chrome/147.0.0.0 Mobile Safari/537.36"
152.167.16.252 - - [05/May/2026:18:00:09 +0000] "GET /wp-content/plugins/elementor/assets/css/conditionals/dialog.min.css?ver=4.0.6 HTTP/1.1" 200 1578 "https://nipponiacaribe.com/bs-max-150/" "Mozilla/5.0 (Linux; Android 10; K) AppleWebKit/537.36 (KHTML, like Gecko) Chrome/147.0.0.0 Mobile Safari/537.36"
152.167.16.252 - - [05/May/2026:18:00:09 +0000] "GET /wp-content/plugins/elementor/assets/css/conditionals/lightbox.min.css?ver=4.0.6 HTTP/1.1" 200 1963 "https://nipponiacaribe.com/bs-max-150/" "Mozilla/5.0 (Linux; Android 10; K) AppleWebKit/537.36 (KHTML, like Gecko) Chrome/147.0.0.0 Mobile Safari/537.36"
152.167.16.252 - - [05/May/2026:18:00:09 +0000] "GET /wp-content/plugins/elementor/assets/lib/dialog/dialog.min.js?ver=4.9.3 HTTP/1.1" 200 3782 "https://nipponiacaribe.com/bs-max-150/" "Mozilla/5.0 (Linux; Android 10; K) AppleWebKit/537.36 (KHTML, like Gecko) Chrome/147.0.0.0 Mobile Safari/537.36"
152.167.16.252 - - [05/May/2026:18:00:09 +0000] "GET /wp-content/plugins/elementor/assets/lib/share-link/share-link.min.js?ver=4.0.6 HTTP/1.1" 200 1169 "https://nipponiacaribe.com/bs-max-150/" "Mozilla/5.0 (Linux; Android 10; K) AppleWebKit/537.36 (KHTML, like Gecko) Chrome/147.0.0.0 Mobile Safari/537.36"
152.167.16.252 - - [05/May/2026:18:00:09 +0000] "GET /wp-content/plugins/elementor-pro/assets/js/media-carousel.87c2cf115553a2c4f709.bundle.min.js HTTP/1.1" 200 2068 "https://nipponiacaribe.com/bs-max-150/" "Mozilla/5.0 (Linux; Android 10; K) AppleWebKit/537.36 (KHTML, like Gecko) Chrome/147.0.0.0 Mobile Safari/537.36"
62.60.130.227 - - [05/May/2026:18:00:09 +0000] "POST /wp-login.php HTTP/1.1" 302 - "https://nipponiacaribe.com/wp-login.php" "Mozilla/5.0 (X11; Linux x86_64) AppleWebKit/537.36 (KHTML, like Gecko) Chrome/90.0.4430.212 Safari/537.36"
62.60.130.227 - - [05/May/2026:18:00:11 +0000] "GET /wp-admin/index.php HTTP/1.1" 302 - "https://nipponiacaribe.com/wp-login.php" "Mozilla/5.0 (Windows NT 6.1; Win64; x64) AppleWebKit/537.36 (KHTML, like Gecko) Chrome/91.0.4472.124 Safari/537.36"
152.167.16.252 - - [05/May/2026:18:00:12 +0000] "POST /wp-json/optml/v1/optimizations HTTP/1.1" 200 76 "https://nipponiacaribe.com/bs-max-150/" "Mozilla/5.0 (Linux; Android 10; K) AppleWebKit/537.36 (KHTML, like Gecko) Chrome/147.0.0.0 Mobile Safari/537.36"
62.60.130.227 - - [05/May/2026:18:00:14 +0000] "GET /wp-login.php?redirect_to=https%3A%2F%2Fnipponiacaribe.com%2Fwp-admin%2Findex.php&reauth=1 HTTP/1.1" 404 14290 "https://nipponiacaribe.com/wp-login.php" "Mozilla/5.0 (Windows NT 6.1; Win64; x64) AppleWebKit/537.36 (KHTML, like Gecko) Chrome/91.0.4472.124 Safari/537.36"
62.60.130.227 - - [05/May/2026:18:00:17 +0000] "POST /wp-login.php HTTP/1.1" 302 - "https://nipponiacaribe.com/wp-login.php" "Mozilla/5.0 (Windows NT 6.1; Win64; x64) AppleWebKit/537.36 (KHTML, like Gecko) Chrome/91.0.4472.124 Safari/537.36"
62.60.130.227 - - [05/May/2026:18:00:20 +0000] "GET /wp-admin/index.php HTTP/1.1" 302 - "https://nipponiacaribe.com/wp-login.php" "Mozilla/5.0 (Macintosh; Intel Mac OS X 10_15_7) AppleWebKit/605.1.15 (KHTML, like Gecko) Version/14.0.3 Safari/605.1.15"
20.123.172.228 - - [05/May/2026:18:00:26 +0000] "POST /wp-cron.php?doing_wp_cron=1778004026.1213760375976562500000 HTTP/1.1" 200 - "-" "WordPress/6.9.4; https://nipponiacaribe.com"
62.60.130.227 - - [05/May/2026:18:00:23 +0000] "GET /wp-login.php?redirect_to=https%3A%2F%2Fnipponiacaribe.com%2Fwp-admin%2Findex.php&reauth=1 HTTP/1.1" 404 14290 "https://nipponiacaribe.com/wp-login.php" "Mozilla/5.0 (Macintosh; Intel Mac OS X 10_15_7) AppleWebKit/605.1.15 (KHTML, like Gecko) Version/14.0.3 Safari/605.1.15"
62.60.130.227 - - [05/May/2026:18:00:26 +0000] "POST /wp-login.php HTTP/1.1" 302 - "https://nipponiacaribe.com/wp-login.php" "Mozilla/5.0 (X11; Linux x86_64) AppleWebKit/537.36 (KHTML, like Gecko) Chrome/90.0.4430.212 Safari/537.36"
62.60.130.227 - - [05/May/2026:18:00:28 +0000] "GET /wp-admin/index.php HTTP/1.1" 302 - "https://nipponiacaribe.com/wp-login.php" "Mozilla/5.0 (Windows NT 10.0; Win64; x64) AppleWebKit/537.36 (KHTML, like Gecko) Chrome/92.0.4515.131 Safari/537.36"
62.60.130.227 - - [05/May/2026:18:00:31 +0000] "GET /wp-login.php?redirect_to=https%3A%2F%2Fnipponiacaribe.com%2Fwp-admin%2Findex.php&reauth=1 HTTP/1.1" 404 14290 "https://nipponiacaribe.com/wp-login.php" "Mozilla/5.0 (Windows NT 10.0; Win64; x64) AppleWebKit/537.36 (KHTML, like Gecko) Chrome/92.0.4515.131 Safari/537.36"
62.60.130.227 - - [05/May/2026:18:00:34 +0000] "POST /wp-login.php HTTP/1.1" 302 - "https://nipponiacaribe.com/wp-login.php" "Mozilla/5.0 (Macintosh; Intel Mac OS X 10_15_7) AppleWebKit/605.1.15 (KHTML, like Gecko) Version/14.0.3 Safari/605.1.15"
62.60.130.227 - - [05/May/2026:18:00:37 +0000] "GET /wp-admin/index.php HTTP/1.1" 302 - "https://nipponiacaribe.com/wp-login.php" "Mozilla/5.0 (X11; Linux x86_64) AppleWebKit/537.36 (KHTML, like Gecko) Chrome/93.0.4577.63 Safari/537.36"
62.60.130.227 - - [05/May/2026:18:00:39 +0000] "GET /wp-login.php?redirect_to=https%3A%2F%2Fnipponiacaribe.com%2Fwp-admin%2Findex.php&reauth=1 HTTP/1.1" 404 14290 "https://nipponiacaribe.com/wp-login.php" "Mozilla/5.0 (X11; Linux x86_64) AppleWebKit/537.36 (KHTML, like Gecko) Chrome/93.0.4577.63 Safari/537.36"
152.167.16.252 - - [05/May/2026:18:00:41 +0000] "GET /cargo-125/ HTTP/1.1" 200 20706 "https://nipponiacaribe.com/pasolas/" "Mozilla/5.0 (Linux; Android 10; K) AppleWebKit/537.36 (KHTML, like Gecko) Chrome/147.0.0.0 Mobile Safari/537.36"
62.60.130.227 - - [05/May/2026:18:00:42 +0000] "POST /wp-login.php HTTP/1.1" 302 - "https://nipponiacaribe.com/wp-login.php" "Mozilla/5.0 (X11; Linux x86_64; rv:92.0) Gecko/20100101 Firefox/92.0"
62.60.130.227 - - [05/May/2026:18:00:45 +0000] "GET /wp-admin/index.php HTTP/1.1" 302 - "https://nipponiacaribe.com/wp-login.php" "Mozilla/5.0 (Windows NT 10.0; Win64; x64) AppleWebKit/537.36 (KHTML, like Gecko) Chrome/91.0.4472.124 Safari/537.36"
152.167.16.252 - - [05/May/2026:18:00:45 +0000] "GET /lead-150-2/ HTTP/1.1" 200 21298 "https://nipponiacaribe.com/pasolas/" "Mozilla/5.0 (Linux; Android 10; K) AppleWebKit/537.36 (KHTML, like Gecko) Chrome/147.0.0.0 Mobile Safari/537.36"
62.60.130.227 - - [05/May/2026:18:00:47 +0000] "GET /wp-login.php?redirect_to=https%3A%2F%2Fnipponiacaribe.com%2Fwp-admin%2Findex.php&reauth=1 HTTP/1.1" 404 14290 "https://nipponiacaribe.com/wp-login.php" "Mozilla/5.0 (Windows NT 10.0; Win64; x64) AppleWebKit/537.36 (KHTML, like Gecko) Chrome/91.0.4472.124 Safari/537.36"
66.249.66.7 - - [05/May/2026:18:00:47 +0000] "GET /nc-90-electric/ HTTP/1.1" 200 20169 "-" "Mozilla/5.0 (Linux; Android 6.0.1; Nexus 5X Build/MMB29P) AppleWebKit/537.36 (KHTML, like Gecko) Chrome/147.0.7727.137 Mobile Safari/537.36 (compatible; Googlebot/2.1; +http://www.google.com/bot.html)"
152.167.16.252 - - [05/May/2026:18:00:49 +0000] "GET /miro130-iii/ HTTP/1.1" 200 21384 "https://nipponiacaribe.com/pasolas/" "Mozilla/5.0 (Linux; Android 10; K) AppleWebKit/537.36 (KHTML, like Gecko) Chrome/147.0.0.0 Mobile Safari/537.36"
152.167.16.252 - - [05/May/2026:18:00:52 +0000] "GET /vrs-150/ HTTP/1.1" 200 21050 "https://nipponiacaribe.com/pasolas/" "Mozilla/5.0 (Linux; Android 10; K) AppleWebKit/537.36 (KHTML, like Gecko) Chrome/147.0.0.0 Mobile Safari/537.36"
62.60.130.227 - - [05/May/2026:18:00:51 +0000] "POST /wp-login.php HTTP/1.1" 302 - "https://nipponiacaribe.com/wp-login.php" "Mozilla/5.0 (Windows NT 10.0; Win64; x64) AppleWebKit/537.36 (KHTML, like Gecko) Chrome/93.0.4577.63 Safari/537.36"
66.249.66.161 - - [05/May/2026:18:00:55 +0000] "GET /miro130-iii/ HTTP/1.1" 200 21384 "-" "Mozilla/5.0 (Linux; Android 6.0.1; Nexus 5X Build/MMB29P) AppleWebKit/537.36 (KHTML, like Gecko) Chrome/147.0.7727.137 Mobile Safari/537.36 (compatible; Googlebot/2.1; +http://www.google.com/bot.html)"
62.60.130.227 - - [05/May/2026:18:00:53 +0000] "GET /wp-admin/index.php HTTP/1.1" 302 - "https://nipponiacaribe.com/wp-login.php" "Mozilla/5.0 (Windows NT 10.0; Win64; x64) AppleWebKit/537.36 (KHTML, like Gecko) Chrome/91.0.4472.124 Safari/537.36"
152.167.16.252 - - [05/May/2026:18:00:52 +0000] "GET /adv150/ HTTP/1.1" 200 21428 "https://nipponiacaribe.com/pasolas/" "Mozilla/5.0 (Linux; Android 10; K) AppleWebKit/537.36 (KHTML, like Gecko) Chrome/147.0.0.0 Mobile Safari/537.36"
190.80.245.194 - - [05/May/2026:18:00:56 +0000] "GET /adv150/ HTTP/1.1" 200 21427 "https://nipponiacaribe.com/pasolas/" "Mozilla/5.0 (Linux; Android 10; K) AppleWebKit/537.36 (KHTML, like Gecko) Chrome/147.0.0.0 Mobile Safari/537.36"
62.60.130.227 - - [05/May/2026:18:00:56 +0000] "GET /wp-login.php?redirect_to=https%3A%2F%2Fnipponiacaribe.com%2Fwp-admin%2Findex.php&reauth=1 HTTP/1.1" 404 14290 "https://nipponiacaribe.com/wp-login.php" "Mozilla/5.0 (Windows NT 10.0; Win64; x64) AppleWebKit/537.36 (KHTML, like Gecko) Chrome/91.0.4472.124 Safari/537.36"
62.60.130.227 - - [05/May/2026:18:00:59 +0000] "POST /wp-login.php HTTP/1.1" 302 - "https://nipponiacaribe.com/wp-login.php" "Mozilla/5.0 (Windows NT 10.0; Win64; x64) AppleWebKit/605.1.15 (KHTML, like Gecko) Version/15.0 Safari/605.1.15"
66.249.66.6 - - [05/May/2026:18:01:02 +0000] "GET /cargo-125/ HTTP/1.1" 200 20706 "-" "Mozilla/5.0 (Linux; Android 6.0.1; Nexus 5X Build/MMB29P) AppleWebKit/537.36 (KHTML, like Gecko) Chrome/147.0.7727.137 Mobile Safari/537.36 (compatible; Googlebot/2.1; +http://www.google.com/bot.html)"
190.80.245.194 - - [05/May/2026:18:00:59 +0000] "GET /address-z150/ HTTP/1.1" 200 21466 "https://nipponiacaribe.com/pasolas/" "Mozilla/5.0 (Linux; Android 10; K) AppleWebKit/537.36 (KHTML, like Gecko) Chrome/147.0.0.0 Mobile Safari/537.36"
62.60.130.227 - - [05/May/2026:18:01:01 +0000] "GET /wp-admin/index.php HTTP/1.1" 302 - "https://nipponiacaribe.com/wp-login.php" "Mozilla/5.0 (Windows NT 6.1; Win64; x64; rv:92.0) Gecko/20100101 Firefox/92.0"
152.167.16.252 - - [05/May/2026:18:01:03 +0000] "GET /address-z150/ HTTP/1.1" 200 21469 "https://nipponiacaribe.com/pasolas/" "Mozilla/5.0 (Linux; Android 10; K) AppleWebKit/537.36 (KHTML, like Gecko) Chrome/147.0.0.0 Mobile Safari/537.36"
62.60.130.227 - - [05/May/2026:18:01:04 +0000] "GET /wp-login.php?redirect_to=https%3A%2F%2Fnipponiacaribe.com%2Fwp-admin%2Findex.php&reauth=1 HTTP/1.1" 404 14290 "https://nipponiacaribe.com/wp-login.php" "Mozilla/5.0 (Windows NT 6.1; Win64; x64; rv:92.0) Gecko/20100101 Firefox/92.0"
62.60.130.227 - - [05/May/2026:18:01:07 +0000] "POST /wp-login.php HTTP/1.1" 302 - "https://nipponiacaribe.com/wp-login.php" "Mozilla/5.0 (X11; Linux x86_64) AppleWebKit/537.36 (KHTML, like Gecko) Chrome/94.0.4606.71 Safari/537.36"
152.167.16.252 - - [05/May/2026:18:01:06 +0000] "GET /adv-350/ HTTP/1.1" 200 21558 "https://nipponiacaribe.com/pasolas/" "Mozilla/5.0 (Linux; Android 10; K) AppleWebKit/537.36 (KHTML, like Gecko) Chrome/147.0.0.0 Mobile Safari/537.36"
62.60.130.227 - - [05/May/2026:18:01:09 +0000] "GET /wp-admin/index.php HTTP/1.1" 302 - "https://nipponiacaribe.com/wp-login.php" "Mozilla/5.0 (Windows NT 10.0; Win64; x64) AppleWebKit/537.36 (KHTML, like Gecko) Chrome/92.0.4515.131 Safari/537.36"
62.60.130.227 - - [05/May/2026:18:01:12 +0000] "GET /wp-login.php?redirect_to=https%3A%2F%2Fnipponiacaribe.com%2Fwp-admin%2Findex.php&reauth=1 HTTP/1.1" 404 14290 "https://nipponiacaribe.com/wp-login.php" "Mozilla/5.0 (Windows NT 10.0; Win64; x64) AppleWebKit/537.36 (KHTML, like Gecko) Chrome/92.0.4515.131 Safari/537.36"
62.60.130.227 - - [05/May/2026:18:01:15 +0000] "POST /wp-login.php HTTP/1.1" 302 - "https://nipponiacaribe.com/wp-login.php" "Mozilla/5.0 (Windows NT 6.1; Win64; x64; rv:93.0) Gecko/20100101 Firefox/93.0"
62.60.130.227 - - [05/May/2026:18:01:17 +0000] "GET /wp-admin/index.php HTTP/1.1" 302 - "https://nipponiacaribe.com/wp-login.php" "Mozilla/5.0 (Macintosh; Intel Mac OS X 10_15_7) AppleWebKit/605.1.15 (KHTML, like Gecko) Version/14.1 Safari/605.1.15"
62.60.130.227 - - [05/May/2026:18:01:20 +0000] "GET /wp-login.php?redirect_to=https%3A%2F%2Fnipponiacaribe.com%2Fwp-admin%2Findex.php&reauth=1 HTTP/1.1" 404 14290 "https://nipponiacaribe.com/wp-login.php" "Mozilla/5.0 (Macintosh; Intel Mac OS X 10_15_7) AppleWebKit/605.1.15 (KHTML, like Gecko) Version/14.1 Safari/605.1.15"
62.60.130.227 - - [05/May/2026:18:01:23 +0000] "POST /wp-login.php HTTP/1.1" 302 - "https://nipponiacaribe.com/wp-login.php" "Mozilla/5.0 (Windows NT 10.0; Win64; x64) AppleWebKit/605.1.15 (KHTML, like Gecko) Version/14.1.2 Safari/605.1.15"
62.60.130.227 - - [05/May/2026:18:01:26 +0000] "GET /wp-admin/index.php HTTP/1.1" 302 - "https://nipponiacaribe.com/wp-login.php" "Mozilla/5.0 (Macintosh; Intel Mac OS X 10_15_7) AppleWebKit/605.1.15 (KHTML, like Gecko) Version/15.0 Safari/605.1.15"
62.60.130.227 - - [05/May/2026:18:01:28 +0000] "GET /wp-login.php?redirect_to=https%3A%2F%2Fnipponiacaribe.com%2Fwp-admin%2Findex.php&reauth=1 HTTP/1.1" 404 14290 "https://nipponiacaribe.com/wp-login.php" "Mozilla/5.0 (Macintosh; Intel Mac OS X 10_15_7) AppleWebKit/605.1.15 (KHTML, like Gecko) Version/15.0 Safari/605.1.15"
62.60.130.227 - - [05/May/2026:18:01:31 +0000] "POST /wp-login.php HTTP/1.1" 302 - "https://nipponiacaribe.com/wp-login.php" "Mozilla/5.0 (Macintosh; Intel Mac OS X 10_15_7) AppleWebKit/605.1.15 (KHTML, like Gecko) Version/14.0.3 Safari/605.1.15"
62.60.130.227 - - [05/May/2026:18:01:34 +0000] "GET /wp-admin/index.php HTTP/1.1" 302 - "https://nipponiacaribe.com/wp-login.php" "Mozilla/5.0 (Macintosh; Intel Mac OS X 10_15_7) AppleWebKit/537.36 (KHTML, like Gecko) Chrome/93.0.4577.63 Safari/537.36"
62.60.130.227 - - [05/May/2026:18:01:36 +0000] "GET /wp-login.php?redirect_to=https%3A%2F%2Fnipponiacaribe.com%2Fwp-admin%2Findex.php&reauth=1 HTTP/1.1" 404 14290 "https://nipponiacaribe.com/wp-login.php" "Mozilla/5.0 (Macintosh; Intel Mac OS X 10_15_7) AppleWebKit/537.36 (KHTML, like Gecko) Chrome/93.0.4577.63 Safari/537.36"
62.60.130.227 - - [05/May/2026:18:01:39 +0000] "POST /wp-login.php HTTP/1.1" 302 - "https://nipponiacaribe.com/wp-login.php" "Mozilla/5.0 (Windows NT 6.1; Win64; x64; rv:93.0) Gecko/20100101 Firefox/93.0"
62.60.130.227 - - [05/May/2026:18:01:42 +0000] "GET /wp-admin/index.php HTTP/1.1" 302 - "https://nipponiacaribe.com/wp-login.php" "Mozilla/5.0 (Macintosh; Intel Mac OS X 10_15_7) AppleWebKit/605.1.15 (KHTML, like Gecko) Version/14.0.3 Safari/605.1.15"
62.60.130.227 - - [05/May/2026:18:01:44 +0000] "GET /wp-login.php?redirect_to=https%3A%2F%2Fnipponiacaribe.com%2Fwp-admin%2Findex.php&reauth=1 HTTP/1.1" 404 14290 "https://nipponiacaribe.com/wp-login.php" "Mozilla/5.0 (Macintosh; Intel Mac OS X 10_15_7) AppleWebKit/605.1.15 (KHTML, like Gecko) Version/14.0.3 Safari/605.1.15"
62.60.130.227 - - [05/May/2026:18:01:47 +0000] "POST /wp-login.php HTTP/1.1" 302 - "https://nipponiacaribe.com/wp-login.php" "Mozilla/5.0 (Windows NT 6.1; Win64; x64) AppleWebKit/537.36 (KHTML, like Gecko) Chrome/91.0.4472.124 Safari/537.36"
62.60.130.227 - - [05/May/2026:18:01:50 +0000] "GET /wp-admin/index.php HTTP/1.1" 302 - "https://nipponiacaribe.com/wp-login.php" "Mozilla/5.0 (Windows NT 10.0; Win64; x64) AppleWebKit/605.1.15 (KHTML, like Gecko) Version/14.1.1 Safari/605.1.15"
62.60.130.227 - - [05/May/2026:18:01:52 +0000] "GET /wp-login.php?redirect_to=https%3A%2F%2Fnipponiacaribe.com%2Fwp-admin%2Findex.php&reauth=1 HTTP/1.1" 404 14290 "https://nipponiacaribe.com/wp-login.php" "Mozilla/5.0 (Windows NT 10.0; Win64; x64) AppleWebKit/605.1.15 (KHTML, like Gecko) Version/14.1.1 Safari/605.1.15"
62.60.130.227 - - [05/May/2026:18:01:55 +0000] "POST /wp-login.php HTTP/1.1" 302 - "https://nipponiacaribe.com/wp-login.php" "Mozilla/5.0 (Macintosh; Intel Mac OS X 10_15_7) AppleWebKit/605.1.15 (KHTML, like Gecko) Version/14.1.1 Safari/605.1.15"
62.60.130.227 - - [05/May/2026:18:01:57 +0000] "GET /wp-admin/index.php HTTP/1.1" 302 - "https://nipponiacaribe.com/wp-login.php" "Mozilla/5.0 (Windows NT 6.1; Win64; x64) AppleWebKit/537.36 (KHTML, like Gecko) Chrome/90.0.4430.212 Safari/537.36"
62.60.130.227 - - [05/May/2026:18:02:00 +0000] "GET /wp-login.php?redirect_to=https%3A%2F%2Fnipponiacaribe.com%2Fwp-admin%2Findex.php&reauth=1 HTTP/1.1" 404 14290 "https://nipponiacaribe.com/wp-login.php" "Mozilla/5.0 (Windows NT 6.1; Win64; x64) AppleWebKit/537.36 (KHTML, like Gecko) Chrome/90.0.4430.212 Safari/537.36"
62.60.130.227 - - [05/May/2026:18:02:03 +0000] "POST /wp-login.php HTTP/1.1" 302 - "https://nipponiacaribe.com/wp-login.php" "Mozilla/5.0 (Windows NT 10.0; Win64; x64) AppleWebKit/537.36 (KHTML, like Gecko) Chrome/93.0.4577.63 Safari/537.36"
62.60.130.227 - - [05/May/2026:18:02:05 +0000] "GET /wp-admin/index.php HTTP/1.1" 302 - "https://nipponiacaribe.com/wp-login.php" "Mozilla/5.0 (Macintosh; Intel Mac OS X 10_15_7) AppleWebKit/605.1.15 (KHTML, like Gecko) Version/14.1 Safari/605.1.15"
62.60.130.227 - - [05/May/2026:18:02:08 +0000] "GET /wp-login.php?redirect_to=https%3A%2F%2Fnipponiacaribe.com%2Fwp-admin%2Findex.php&reauth=1 HTTP/1.1" 404 14290 "https://nipponiacaribe.com/wp-login.php" "Mozilla/5.0 (Macintosh; Intel Mac OS X 10_15_7) AppleWebKit/605.1.15 (KHTML, like Gecko) Version/14.1 Safari/605.1.15"
62.60.130.227 - - [05/May/2026:18:02:11 +0000] "POST /wp-login.php HTTP/1.1" 302 - "https://nipponiacaribe.com/wp-login.php" "Mozilla/5.0 (Windows NT 10.0; Win64; x64) AppleWebKit/605.1.15 (KHTML, like Gecko) Version/14.1 Safari/605.1.15"
62.60.130.227 - - [05/May/2026:18:02:14 +0000] "GET /wp-admin/index.php HTTP/1.1" 302 - "https://nipponiacaribe.com/wp-login.php" "Mozilla/5.0 (X11; Linux x86_64) AppleWebKit/537.36 (KHTML, like Gecko) Chrome/91.0.4472.124 Safari/537.36"
62.60.130.227 - - [05/May/2026:18:02:16 +0000] "GET /wp-login.php?redirect_to=https%3A%2F%2Fnipponiacaribe.com%2Fwp-admin%2Findex.php&reauth=1 HTTP/1.1" 404 14290 "https://nipponiacaribe.com/wp-login.php" "Mozilla/5.0 (X11; Linux x86_64) AppleWebKit/537.36 (KHTML, like Gecko) Chrome/91.0.4472.124 Safari/537.36"
62.60.130.227 - - [05/May/2026:18:02:19 +0000] "POST /wp-login.php HTTP/1.1" 302 - "https://nipponiacaribe.com/wp-login.php" "Mozilla/5.0 (Macintosh; Intel Mac OS X 10_15_7) AppleWebKit/605.1.15 (KHTML, like Gecko) Version/14.1.2 Safari/605.1.15"
62.60.130.227 - - [05/May/2026:18:02:22 +0000] "GET /wp-admin/index.php HTTP/1.1" 302 - "https://nipponiacaribe.com/wp-login.php" "Mozilla/5.0 (Macintosh; Intel Mac OS X 10_15_7) AppleWebKit/537.36 (KHTML, like Gecko) Chrome/93.0.4577.63 Safari/537.36"
62.60.130.227 - - [05/May/2026:18:02:25 +0000] "GET /wp-login.php?redirect_to=https%3A%2F%2Fnipponiacaribe.com%2Fwp-admin%2Findex.php&reauth=1 HTTP/1.1" 404 14290 "https://nipponiacaribe.com/wp-login.php" "Mozilla/5.0 (Macintosh; Intel Mac OS X 10_15_7) AppleWebKit/537.36 (KHTML, like Gecko) Chrome/93.0.4577.63 Safari/537.36"
62.60.130.227 - - [05/May/2026:18:02:28 +0000] "POST /wp-login.php HTTP/1.1" 302 - "https://nipponiacaribe.com/wp-login.php" "Mozilla/5.0 (Macintosh; Intel Mac OS X 10_15_7) AppleWebKit/605.1.15 (KHTML, like Gecko) Version/14.1.1 Safari/605.1.15"
62.60.130.227 - - [05/May/2026:18:02:31 +0000] "GET /wp-admin/index.php HTTP/1.1" 302 - "https://nipponiacaribe.com/wp-login.php" "Mozilla/5.0 (Macintosh; Intel Mac OS X 10_15_7) AppleWebKit/537.36 (KHTML, like Gecko) Chrome/90.0.4430.212 Safari/537.36"
62.60.130.227 - - [05/May/2026:18:02:33 +0000] "GET /wp-login.php?redirect_to=https%3A%2F%2Fnipponiacaribe.com%2Fwp-admin%2Findex.php&reauth=1 HTTP/1.1" 404 14290 "https://nipponiacaribe.com/wp-login.php" "Mozilla/5.0 (Macintosh; Intel Mac OS X 10_15_7) AppleWebKit/537.36 (KHTML, like Gecko) Chrome/90.0.4430.212 Safari/537.36"
62.60.130.227 - - [05/May/2026:18:02:36 +0000] "POST /wp-login.php HTTP/1.1" 302 - "https://nipponiacaribe.com/wp-login.php" "Mozilla/5.0 (Windows NT 6.1; Win64; x64) AppleWebKit/537.36 (KHTML, like Gecko) Chrome/91.0.4472.124 Safari/537.36"
62.60.130.227 - - [05/May/2026:18:02:39 +0000] "GET /wp-admin/index.php HTTP/1.1" 302 - "https://nipponiacaribe.com/wp-login.php" "Mozilla/5.0 (Macintosh; Intel Mac OS X 10_15_7) AppleWebKit/537.36 (KHTML, like Gecko) Chrome/94.0.4606.71 Safari/537.36"
62.60.130.227 - - [05/May/2026:18:02:42 +0000] "GET /wp-login.php?redirect_to=https%3A%2F%2Fnipponiacaribe.com%2Fwp-admin%2Findex.php&reauth=1 HTTP/1.1" 404 14290 "https://nipponiacaribe.com/wp-login.php" "Mozilla/5.0 (Macintosh; Intel Mac OS X 10_15_7) AppleWebKit/537.36 (KHTML, like Gecko) Chrome/94.0.4606.71 Safari/537.36"
62.60.130.227 - - [05/May/2026:18:02:45 +0000] "POST /wp-login.php HTTP/1.1" 302 - "https://nipponiacaribe.com/wp-login.php" "Mozilla/5.0 (Windows NT 10.0; Win64; x64) AppleWebKit/537.36 (KHTML, like Gecko) Chrome/90.0.4430.212 Safari/537.36"
62.60.130.227 - - [05/May/2026:18:02:47 +0000] "GET /wp-admin/index.php HTTP/1.1" 302 - "https://nipponiacaribe.com/wp-login.php" "Mozilla/5.0 (Macintosh; Intel Mac OS X 10_15_7) AppleWebKit/605.1.15 (KHTML, like Gecko) Version/15.0 Safari/605.1.15"
62.60.130.227 - - [05/May/2026:18:02:50 +0000] "GET /wp-login.php?redirect_to=https%3A%2F%2Fnipponiacaribe.com%2Fwp-admin%2Findex.php&reauth=1 HTTP/1.1" 404 14290 "https://nipponiacaribe.com/wp-login.php" "Mozilla/5.0 (Macintosh; Intel Mac OS X 10_15_7) AppleWebKit/605.1.15 (KHTML, like Gecko) Version/15.0 Safari/605.1.15"
62.60.130.227 - - [05/May/2026:18:02:53 +0000] "POST /wp-login.php HTTP/1.1" 302 - "https://nipponiacaribe.com/wp-login.php" "Mozilla/5.0 (Windows NT 10.0; Win64; x64) AppleWebKit/537.36 (KHTML, like Gecko) Chrome/92.0.4515.131 Safari/537.36"
62.60.130.227 - - [05/May/2026:18:02:55 +0000] "GET /wp-admin/index.php HTTP/1.1" 302 - "https://nipponiacaribe.com/wp-login.php" "Mozilla/5.0 (Macintosh; Intel Mac OS X 10_15_7; rv:91.0) Gecko/20100101 Firefox/91.0"
