201.229.164.140 - - [05/May/2026:13:01:40 +0000] "GET /wp-includes/js/jquery/ui/core.min.js?ver=1.13.3 HTTP/1.1" 200 7106 "https://nipponiacaribe.com/pasolas-electricas/" "Mozilla/5.0 (Linux; Android 10; K) AppleWebKit/537.36 (KHTML, like Gecko) Chrome/147.0.0.0 Mobile Safari/537.36"
201.229.164.140 - - [05/May/2026:13:01:40 +0000] "GET /wp-content/plugins/elementor/assets/js/frontend.min.js?ver=3.10.1 HTTP/1.1" 200 12124 "https://nipponiacaribe.com/pasolas-electricas/" "Mozilla/5.0 (Linux; Android 10; K) AppleWebKit/537.36 (KHTML, like Gecko) Chrome/147.0.0.0 Mobile Safari/537.36"
201.229.164.140 - - [05/May/2026:13:01:40 +0000] "GET /wp-content/plugins/elementor-pro/assets/js/elements-handlers.min.js?ver=3.8.2 HTTP/1.1" 200 5690 "https://nipponiacaribe.com/pasolas-electricas/" "Mozilla/5.0 (Linux; Android 10; K) AppleWebKit/537.36 (KHTML, like Gecko) Chrome/147.0.0.0 Mobile Safari/537.36"
201.229.164.140 - - [05/May/2026:13:01:40 +0000] "GET /wp-content/plugins/google-site-kit/dist/assets/js/googlesitekit-events-provider-ninja-forms-8c1d8885e4652d19a77a.js HTTP/1.1" 200 1267 "https://nipponiacaribe.com/pasolas-electricas/" "Mozilla/5.0 (Linux; Android 10; K) AppleWebKit/537.36 (KHTML, like Gecko) Chrome/147.0.0.0 Mobile Safari/537.36"
201.229.164.140 - - [05/May/2026:13:01:41 +0000] "GET /wp-content/plugins/elementor/assets/js/text-editor.2c35aafbe5bf0e127950.bundle.min.js HTTP/1.1" 200 665 "https://nipponiacaribe.com/pasolas-electricas/" "Mozilla/5.0 (Linux; Android 10; K) AppleWebKit/537.36 (KHTML, like Gecko) Chrome/147.0.0.0 Mobile Safari/537.36"
201.229.164.140 - - [05/May/2026:13:01:41 +0000] "GET /wp-includes/js/wp-emoji-release.min.js?ver=6.9.4 HTTP/1.1" 200 5375 "https://nipponiacaribe.com/pasolas-electricas/" "Mozilla/5.0 (Linux; Android 10; K) AppleWebKit/537.36 (KHTML, like Gecko) Chrome/147.0.0.0 Mobile Safari/537.36"
150.228.63.3 - - [05/May/2026:13:01:48 +0000] "POST /wp-admin/admin-ajax.php HTTP/1.1" 200 67 "https://nipponiacaribe.com/wp-admin/users.php?reset_count=1" "Mozilla/5.0 (Windows NT 10.0; Win64; x64) AppleWebKit/537.36 (KHTML, like Gecko) Chrome/147.0.0.0 Safari/537.36"
162.120.186.186 - - [05/May/2026:13:02:46 +0000] "GET /nc-110/ HTTP/1.1" 200 18408 "https://www.google.com/" "Mozilla/5.0 (Linux; Android 10; K) AppleWebKit/537.36 (KHTML, like Gecko) Chrome/147.0.0.0 Mobile Safari/537.36"
150.228.63.3 - - [05/May/2026:13:02:49 +0000] "POST /wp-admin/admin-ajax.php HTTP/1.1" 200 67 "https://nipponiacaribe.com/wp-admin/users.php?reset_count=1" "Mozilla/5.0 (Windows NT 10.0; Win64; x64) AppleWebKit/537.36 (KHTML, like Gecko) Chrome/147.0.0.0 Safari/537.36"
52.230.163.47 - - [05/May/2026:13:03:09 +0000] "GET / HTTP/1.1" 200 18522 "-" "Mozilla/5.0 AppleWebKit/537.36 (KHTML, like Gecko); compatible; ChatGPT-User/1.0; +https://openai.com/bot"
74.7.244.60 - - [05/May/2026:13:04:15 +0000] "GET /robots.txt HTTP/1.1" 200 129 "-" "Mozilla/5.0 (Macintosh; Intel Mac OS X 10_15_7) AppleWebKit/537.36 (KHTML, like Gecko) Chrome/131.0.0.0 Safari/537.36; compatible; OAI-SearchBot/1.3; robots.txt; +https://openai.com/searchbot"
150.228.63.3 - - [05/May/2026:13:04:18 +0000] "POST /wp-admin/admin-ajax.php HTTP/1.1" 200 67 "https://nipponiacaribe.com/wp-admin/users.php?reset_count=1" "Mozilla/5.0 (Windows NT 10.0; Win64; x64) AppleWebKit/537.36 (KHTML, like Gecko) Chrome/147.0.0.0 Safari/537.36"
150.228.63.3 - - [05/May/2026:13:05:18 +0000] "POST /wp-admin/admin-ajax.php HTTP/1.1" 200 67 "https://nipponiacaribe.com/wp-admin/users.php?reset_count=1" "Mozilla/5.0 (Windows NT 10.0; Win64; x64) AppleWebKit/537.36 (KHTML, like Gecko) Chrome/147.0.0.0 Safari/537.36"
150.228.63.3 - - [05/May/2026:13:06:32 +0000] "POST /wp-admin/admin-ajax.php HTTP/1.1" 200 67 "https://nipponiacaribe.com/wp-admin/users.php?reset_count=1" "Mozilla/5.0 (Windows NT 10.0; Win64; x64) AppleWebKit/537.36 (KHTML, like Gecko) Chrome/147.0.0.0 Safari/537.36"
150.228.63.3 - - [05/May/2026:13:07:32 +0000] "POST /wp-admin/admin-ajax.php HTTP/1.1" 200 67 "https://nipponiacaribe.com/wp-admin/users.php?reset_count=1" "Mozilla/5.0 (Windows NT 10.0; Win64; x64) AppleWebKit/537.36 (KHTML, like Gecko) Chrome/147.0.0.0 Safari/537.36"
150.228.63.3 - - [05/May/2026:13:08:33 +0000] "POST /wp-admin/admin-ajax.php HTTP/1.1" 200 67 "https://nipponiacaribe.com/wp-admin/users.php?reset_count=1" "Mozilla/5.0 (Windows NT 10.0; Win64; x64) AppleWebKit/537.36 (KHTML, like Gecko) Chrome/147.0.0.0 Safari/537.36"
150.228.63.3 - - [05/May/2026:13:09:34 +0000] "POST /wp-admin/admin-ajax.php HTTP/1.1" 200 67 "https://nipponiacaribe.com/wp-admin/users.php?reset_count=1" "Mozilla/5.0 (Windows NT 10.0; Win64; x64) AppleWebKit/537.36 (KHTML, like Gecko) Chrome/147.0.0.0 Safari/537.36"
150.228.63.3 - - [05/May/2026:13:10:35 +0000] "POST /wp-admin/admin-ajax.php HTTP/1.1" 200 67 "https://nipponiacaribe.com/wp-admin/users.php?reset_count=1" "Mozilla/5.0 (Windows NT 10.0; Win64; x64) AppleWebKit/537.36 (KHTML, like Gecko) Chrome/147.0.0.0 Safari/537.36"
150.228.63.3 - - [05/May/2026:13:11:36 +0000] "POST /wp-admin/admin-ajax.php HTTP/1.1" 200 67 "https://nipponiacaribe.com/wp-admin/users.php?reset_count=1" "Mozilla/5.0 (Windows NT 10.0; Win64; x64) AppleWebKit/537.36 (KHTML, like Gecko) Chrome/147.0.0.0 Safari/537.36"
20.123.172.228 - - [05/May/2026:13:11:58 +0000] "POST /wp-cron.php?doing_wp_cron=1777986718.6433548927307128906250 HTTP/1.1" 200 - "-" "WordPress/6.9.4; https://nipponiacaribe.com"
190.166.89.126 - - [05/May/2026:13:11:54 +0000] "GET /nc-90-electric/ HTTP/1.1" 200 18068 "https://www.bing.com/" "Mozilla/5.0 (Windows NT 10.0; Win64; x64) AppleWebKit/537.36 (KHTML, like Gecko) Chrome/147.0.0.0 Safari/537.36 Edg/147.0.0.0"
190.166.89.126 - - [05/May/2026:13:11:59 +0000] "GET /wp-content/themes/airi/css/bootstrap/bootstrap.min.css?ver=1 HTTP/1.1" 200 20519 "https://nipponiacaribe.com/nc-90-electric/" "Mozilla/5.0 (Windows NT 10.0; Win64; x64) AppleWebKit/537.36 (KHTML, like Gecko) Chrome/147.0.0.0 Safari/537.36 Edg/147.0.0.0"
190.166.89.126 - - [05/May/2026:13:11:59 +0000] "GET /wp-includes/css/dist/block-library/style.min.css?ver=6.9.4 HTTP/1.1" 200 15916 "https://nipponiacaribe.com/nc-90-electric/" "Mozilla/5.0 (Windows NT 10.0; Win64; x64) AppleWebKit/537.36 (KHTML, like Gecko) Chrome/147.0.0.0 Safari/537.36 Edg/147.0.0.0"
190.166.89.126 - - [05/May/2026:13:11:59 +0000] "GET /wp-content/plugins/contact-form-7/includes/css/styles.css?ver=5.7.7 HTTP/1.1" 200 1004 "https://nipponiacaribe.com/nc-90-electric/" "Mozilla/5.0 (Windows NT 10.0; Win64; x64) AppleWebKit/537.36 (KHTML, like Gecko) Chrome/147.0.0.0 Safari/537.36 Edg/147.0.0.0"
190.166.89.126 - - [05/May/2026:13:11:59 +0000] "GET /wp-content/plugins/wp-store-locator/css/styles.min.css?ver=2.2.235 HTTP/1.1" 200 3368 "https://nipponiacaribe.com/nc-90-electric/" "Mozilla/5.0 (Windows NT 10.0; Win64; x64) AppleWebKit/537.36 (KHTML, like Gecko) Chrome/147.0.0.0 Safari/537.36 Edg/147.0.0.0"
190.166.89.126 - - [05/May/2026:13:11:59 +0000] "GET /wp-content/themes/airi-child/style.css?ver=6.9.4 HTTP/1.1" 200 186 "https://nipponiacaribe.com/nc-90-electric/" "Mozilla/5.0 (Windows NT 10.0; Win64; x64) AppleWebKit/537.36 (KHTML, like Gecko) Chrome/147.0.0.0 Safari/537.36 Edg/147.0.0.0"
190.166.89.126 - - [05/May/2026:13:11:59 +0000] "GET /wp-content/themes/airi/style.css?ver=6.9.4 HTTP/1.1" 200 16952 "https://nipponiacaribe.com/nc-90-electric/" "Mozilla/5.0 (Windows NT 10.0; Win64; x64) AppleWebKit/537.36 (KHTML, like Gecko) Chrome/147.0.0.0 Safari/537.36 Edg/147.0.0.0"
190.166.89.126 - - [05/May/2026:13:11:59 +0000] "GET /wp-content/plugins/tablepress/css/build/default.css?ver=2.0.4 HTTP/1.1" 200 2442 "https://nipponiacaribe.com/nc-90-electric/" "Mozilla/5.0 (Windows NT 10.0; Win64; x64) AppleWebKit/537.36 (KHTML, like Gecko) Chrome/147.0.0.0 Safari/537.36 Edg/147.0.0.0"
190.166.89.126 - - [05/May/2026:13:11:59 +0000] "GET /wp-content/themes/airi/css/font-awesome/css/all.min.css?ver=6.9.4 HTTP/1.1" 200 12863 "https://nipponiacaribe.com/nc-90-electric/" "Mozilla/5.0 (Windows NT 10.0; Win64; x64) AppleWebKit/537.36 (KHTML, like Gecko) Chrome/147.0.0.0 Safari/537.36 Edg/147.0.0.0"
190.166.89.126 - - [05/May/2026:13:11:59 +0000] "GET /wp-content/plugins/elementor/assets/lib/eicons/css/elementor-icons.min.css?ver=5.17.0 HTTP/1.1" 200 3969 "https://nipponiacaribe.com/nc-90-electric/" "Mozilla/5.0 (Windows NT 10.0; Win64; x64) AppleWebKit/537.36 (KHTML, like Gecko) Chrome/147.0.0.0 Safari/537.36 Edg/147.0.0.0"
190.166.89.126 - - [05/May/2026:13:11:59 +0000] "GET /wp-content/plugins/elementor/assets/css/frontend.min.css?ver=3.10.1 HTTP/1.1" 200 19457 "https://nipponiacaribe.com/nc-90-electric/" "Mozilla/5.0 (Windows NT 10.0; Win64; x64) AppleWebKit/537.36 (KHTML, like Gecko) Chrome/147.0.0.0 Safari/537.36 Edg/147.0.0.0"
190.166.89.126 - - [05/May/2026:13:11:59 +0000] "GET /wp-content/uploads/elementor/css/post-158.css?ver=1687530570 HTTP/1.1" 200 442 "https://nipponiacaribe.com/nc-90-electric/" "Mozilla/5.0 (Windows NT 10.0; Win64; x64) AppleWebKit/537.36 (KHTML, like Gecko) Chrome/147.0.0.0 Safari/537.36 Edg/147.0.0.0"
190.166.89.126 - - [05/May/2026:13:11:59 +0000] "GET /wp-content/plugins/elementor-pro/assets/css/frontend.min.css?ver=3.8.2 HTTP/1.1" 200 42398 "https://nipponiacaribe.com/nc-90-electric/" "Mozilla/5.0 (Windows NT 10.0; Win64; x64) AppleWebKit/537.36 (KHTML, like Gecko) Chrome/147.0.0.0 Safari/537.36 Edg/147.0.0.0"
190.166.89.126 - - [05/May/2026:13:11:59 +0000] "GET /wp-content/uploads/elementor/css/post-1000.css?ver=1758529301 HTTP/1.1" 200 767 "https://nipponiacaribe.com/nc-90-electric/" "Mozilla/5.0 (Windows NT 10.0; Win64; x64) AppleWebKit/537.36 (KHTML, like Gecko) Chrome/147.0.0.0 Safari/537.36 Edg/147.0.0.0"
190.166.89.126 - - [05/May/2026:13:11:59 +0000] "GET /wp-includes/js/jquery/jquery.min.js?ver=3.7.1 HTTP/1.1" 200 30368 "https://nipponiacaribe.com/nc-90-electric/" "Mozilla/5.0 (Windows NT 10.0; Win64; x64) AppleWebKit/537.36 (KHTML, like Gecko) Chrome/147.0.0.0 Safari/537.36 Edg/147.0.0.0"
190.166.89.126 - - [05/May/2026:13:11:59 +0000] "GET /wp-includes/js/jquery/jquery-migrate.min.js?ver=3.4.1 HTTP/1.1" 200 4872 "https://nipponiacaribe.com/nc-90-electric/" "Mozilla/5.0 (Windows NT 10.0; Win64; x64) AppleWebKit/537.36 (KHTML, like Gecko) Chrome/147.0.0.0 Safari/537.36 Edg/147.0.0.0"
190.166.89.126 - - [05/May/2026:13:11:59 +0000] "GET /wp-content/plugins/airi-pro//js/elementor.js?ver=20220328 HTTP/1.1" 200 340 "https://nipponiacaribe.com/nc-90-electric/" "Mozilla/5.0 (Windows NT 10.0; Win64; x64) AppleWebKit/537.36 (KHTML, like Gecko) Chrome/147.0.0.0 Safari/537.36 Edg/147.0.0.0"
190.166.89.126 - - [05/May/2026:13:11:59 +0000] "GET /wp-content/plugins/airi-pro//js/swiper-bundle.min.js?ver=20220328 HTTP/1.1" 200 38674 "https://nipponiacaribe.com/nc-90-electric/" "Mozilla/5.0 (Windows NT 10.0; Win64; x64) AppleWebKit/537.36 (KHTML, like Gecko) Chrome/147.0.0.0 Safari/537.36 Edg/147.0.0.0"
190.166.89.126 - - [05/May/2026:13:11:59 +0000] "GET /wp-content/plugins/contact-form-7/includes/swv/js/index.js?ver=5.7.7 HTTP/1.1" 200 3010 "https://nipponiacaribe.com/nc-90-electric/" "Mozilla/5.0 (Windows NT 10.0; Win64; x64) AppleWebKit/537.36 (KHTML, like Gecko) Chrome/147.0.0.0 Safari/537.36 Edg/147.0.0.0"
190.166.89.126 - - [05/May/2026:13:11:59 +0000] "GET /wp-content/themes/airi/js/vendor/skip-link-focus-fix.js?ver=20151215 HTTP/1.1" 200 417 "https://nipponiacaribe.com/nc-90-electric/" "Mozilla/5.0 (Windows NT 10.0; Win64; x64) AppleWebKit/537.36 (KHTML, like Gecko) Chrome/147.0.0.0 Safari/537.36 Edg/147.0.0.0"
190.166.89.126 - - [05/May/2026:13:11:59 +0000] "GET /wp-content/plugins/contact-form-7/includes/js/index.js?ver=5.7.7 HTTP/1.1" 200 4182 "https://nipponiacaribe.com/nc-90-electric/" "Mozilla/5.0 (Windows NT 10.0; Win64; x64) AppleWebKit/537.36 (KHTML, like Gecko) Chrome/147.0.0.0 Safari/537.36 Edg/147.0.0.0"
190.166.89.126 - - [05/May/2026:13:11:59 +0000] "GET /wp-content/themes/airi/js/custom/custom.min.js?ver=20181017 HTTP/1.1" 200 744 "https://nipponiacaribe.com/nc-90-electric/" "Mozilla/5.0 (Windows NT 10.0; Win64; x64) AppleWebKit/537.36 (KHTML, like Gecko) Chrome/147.0.0.0 Safari/537.36 Edg/147.0.0.0"
190.166.89.126 - - [05/May/2026:13:11:59 +0000] "GET /wp-content/themes/airi/js/vendor/scripts.js?ver=20180223 HTTP/1.1" 200 11405 "https://nipponiacaribe.com/nc-90-electric/" "Mozilla/5.0 (Windows NT 10.0; Win64; x64) AppleWebKit/537.36 (KHTML, like Gecko) Chrome/147.0.0.0 Safari/537.36 Edg/147.0.0.0"
190.166.89.126 - - [05/May/2026:13:12:00 +0000] "GET /wp-includes/js/dist/vendor/wp-polyfill.min.js?ver=3.15.0 HTTP/1.1" 200 11852 "https://nipponiacaribe.com/nc-90-electric/" "Mozilla/5.0 (Windows NT 10.0; Win64; x64) AppleWebKit/537.36 (KHTML, like Gecko) Chrome/147.0.0.0 Safari/537.36 Edg/147.0.0.0"
190.166.89.126 - - [05/May/2026:13:12:00 +0000] "GET /wp-content/plugins/contact-form-7/modules/recaptcha/index.js?ver=5.7.7 HTTP/1.1" 200 507 "https://nipponiacaribe.com/nc-90-electric/" "Mozilla/5.0 (Windows NT 10.0; Win64; x64) AppleWebKit/537.36 (KHTML, like Gecko) Chrome/147.0.0.0 Safari/537.36 Edg/147.0.0.0"
190.166.89.126 - - [05/May/2026:13:12:00 +0000] "GET /wp-content/fonts/work-sans/font HTTP/1.1" 200 25976 "https://nipponiacaribe.com/nc-90-electric/" "Mozilla/5.0 (Windows NT 10.0; Win64; x64) AppleWebKit/537.36 (KHTML, like Gecko) Chrome/147.0.0.0 Safari/537.36 Edg/147.0.0.0"
190.166.89.126 - - [05/May/2026:13:12:00 +0000] "GET /wp-content/themes/airi/css/font-awesome/webfonts/fa-solid-900.woff2 HTTP/1.1" 200 78083 "https://nipponiacaribe.com/wp-content/themes/airi/css/font-awesome/css/all.min.css?ver=6.9.4" "Mozilla/5.0 (Windows NT 10.0; Win64; x64) AppleWebKit/537.36 (KHTML, like Gecko) Chrome/147.0.0.0 Safari/537.36 Edg/147.0.0.0"
190.166.89.126 - - [05/May/2026:13:12:00 +0000] "GET /wp-content/themes/airi/css/font-awesome/webfonts/fa-brands-400.woff2 HTTP/1.1" 200 76769 "https://nipponiacaribe.com/wp-content/themes/airi/css/font-awesome/css/all.min.css?ver=6.9.4" "Mozilla/5.0 (Windows NT 10.0; Win64; x64) AppleWebKit/537.36 (KHTML, like Gecko) Chrome/147.0.0.0 Safari/537.36 Edg/147.0.0.0"
190.166.89.126 - - [05/May/2026:13:12:00 +0000] "GET /wp-includes/js/underscore.min.js?ver=1.13.7 HTTP/1.1" 200 7317 "https://nipponiacaribe.com/nc-90-electric/" "Mozilla/5.0 (Windows NT 10.0; Win64; x64) AppleWebKit/537.36 (KHTML, like Gecko) Chrome/147.0.0.0 Safari/537.36 Edg/147.0.0.0"
190.166.89.126 - - [05/May/2026:13:12:00 +0000] "GET /wp-includes/js/backbone.min.js?ver=1.6.0 HTTP/1.1" 200 8021 "https://nipponiacaribe.com/nc-90-electric/" "Mozilla/5.0 (Windows NT 10.0; Win64; x64) AppleWebKit/537.36 (KHTML, like Gecko) Chrome/147.0.0.0 Safari/537.36 Edg/147.0.0.0"
190.166.89.126 - - [05/May/2026:13:12:00 +0000] "GET /wp-includes/js/imagesloaded.min.js?ver=5.0.0 HTTP/1.1" 200 1803 "https://nipponiacaribe.com/nc-90-electric/" "Mozilla/5.0 (Windows NT 10.0; Win64; x64) AppleWebKit/537.36 (KHTML, like Gecko) Chrome/147.0.0.0 Safari/537.36 Edg/147.0.0.0"
190.166.89.126 - - [05/May/2026:13:12:00 +0000] "GET /wp-content/plugins/elementor/assets/lib/eicons/fonts/eicons.woff2?5.17.0 HTTP/1.1" 200 93477 "https://nipponiacaribe.com/wp-content/plugins/elementor/assets/lib/eicons/css/elementor-icons.min.css?ver=5.17.0" "Mozilla/5.0 (Windows NT 10.0; Win64; x64) AppleWebKit/537.36 (KHTML, like Gecko) Chrome/147.0.0.0 Safari/537.36 Edg/147.0.0.0"
190.166.89.126 - - [05/May/2026:13:12:00 +0000] "GET /wp-content/plugins/elementor-pro/assets/js/webpack-pro.runtime.min.js?ver=3.8.2 HTTP/1.1" 200 2384 "https://nipponiacaribe.com/nc-90-electric/" "Mozilla/5.0 (Windows NT 10.0; Win64; x64) AppleWebKit/537.36 (KHTML, like Gecko) Chrome/147.0.0.0 Safari/537.36 Edg/147.0.0.0"
190.166.89.126 - - [05/May/2026:13:12:00 +0000] "GET /wp-content/plugins/elementor/assets/js/webpack.runtime.min.js?ver=3.10.1 HTTP/1.1" 200 2225 "https://nipponiacaribe.com/nc-90-electric/" "Mozilla/5.0 (Windows NT 10.0; Win64; x64) AppleWebKit/537.36 (KHTML, like Gecko) Chrome/147.0.0.0 Safari/537.36 Edg/147.0.0.0"
190.166.89.126 - - [05/May/2026:13:12:00 +0000] "GET /wp-content/plugins/elementor/assets/js/frontend-modules.min.js?ver=3.10.1 HTTP/1.1" 200 11399 "https://nipponiacaribe.com/nc-90-electric/" "Mozilla/5.0 (Windows NT 10.0; Win64; x64) AppleWebKit/537.36 (KHTML, like Gecko) Chrome/147.0.0.0 Safari/537.36 Edg/147.0.0.0"
190.166.89.126 - - [05/May/2026:13:12:00 +0000] "GET /wp-includes/js/dist/hooks.min.js?ver=dd5603f07f9220ed27f1 HTTP/1.1" 200 1941 "https://nipponiacaribe.com/nc-90-electric/" "Mozilla/5.0 (Windows NT 10.0; Win64; x64) AppleWebKit/537.36 (KHTML, like Gecko) Chrome/147.0.0.0 Safari/537.36 Edg/147.0.0.0"
190.166.89.126 - - [05/May/2026:13:12:00 +0000] "GET /wp-includes/js/dist/i18n.min.js?ver=c26c3dc7bed366793375 HTTP/1.1" 200 2229 "https://nipponiacaribe.com/nc-90-electric/" "Mozilla/5.0 (Windows NT 10.0; Win64; x64) AppleWebKit/537.36 (KHTML, like Gecko) Chrome/147.0.0.0 Safari/537.36 Edg/147.0.0.0"
190.166.89.126 - - [05/May/2026:13:12:01 +0000] "GET /wp-content/plugins/elementor-pro/assets/js/frontend.min.js?ver=3.8.2 HTTP/1.1" 200 5743 "https://nipponiacaribe.com/nc-90-electric/" "Mozilla/5.0 (Windows NT 10.0; Win64; x64) AppleWebKit/537.36 (KHTML, like Gecko) Chrome/147.0.0.0 Safari/537.36 Edg/147.0.0.0"
190.166.89.126 - - [05/May/2026:13:12:01 +0000] "GET /wp-content/plugins/elementor/assets/lib/waypoints/waypoints.min.js?ver=4.0.2 HTTP/1.1" 200 2993 "https://nipponiacaribe.com/nc-90-electric/" "Mozilla/5.0 (Windows NT 10.0; Win64; x64) AppleWebKit/537.36 (KHTML, like Gecko) Chrome/147.0.0.0 Safari/537.36 Edg/147.0.0.0"
190.166.89.126 - - [05/May/2026:13:12:01 +0000] "GET /wp-includes/js/jquery/ui/core.min.js?ver=1.13.3 HTTP/1.1" 200 7106 "https://nipponiacaribe.com/nc-90-electric/" "Mozilla/5.0 (Windows NT 10.0; Win64; x64) AppleWebKit/537.36 (KHTML, like Gecko) Chrome/147.0.0.0 Safari/537.36 Edg/147.0.0.0"
190.166.89.126 - - [05/May/2026:13:12:01 +0000] "GET /wp-content/plugins/elementor/assets/js/frontend.min.js?ver=3.10.1 HTTP/1.1" 200 12124 "https://nipponiacaribe.com/nc-90-electric/" "Mozilla/5.0 (Windows NT 10.0; Win64; x64) AppleWebKit/537.36 (KHTML, like Gecko) Chrome/147.0.0.0 Safari/537.36 Edg/147.0.0.0"
190.166.89.126 - - [05/May/2026:13:12:01 +0000] "GET /wp-content/plugins/elementor-pro/assets/js/elements-handlers.min.js?ver=3.8.2 HTTP/1.1" 200 5690 "https://nipponiacaribe.com/nc-90-electric/" "Mozilla/5.0 (Windows NT 10.0; Win64; x64) AppleWebKit/537.36 (KHTML, like Gecko) Chrome/147.0.0.0 Safari/537.36 Edg/147.0.0.0"
190.166.89.126 - - [05/May/2026:13:12:01 +0000] "GET /wp-content/plugins/google-site-kit/dist/assets/js/googlesitekit-events-provider-contact-form-7-83c32a029ed2cf5b6a82.js HTTP/1.1" 200 1282 "https://nipponiacaribe.com/nc-90-electric/" "Mozilla/5.0 (Windows NT 10.0; Win64; x64) AppleWebKit/537.36 (KHTML, like Gecko) Chrome/147.0.0.0 Safari/537.36 Edg/147.0.0.0"
190.166.89.126 - - [05/May/2026:13:12:01 +0000] "GET /wp-content/plugins/google-site-kit/dist/assets/js/googlesitekit-events-provider-ninja-forms-8c1d8885e4652d19a77a.js HTTP/1.1" 200 1267 "https://nipponiacaribe.com/nc-90-electric/" "Mozilla/5.0 (Windows NT 10.0; Win64; x64) AppleWebKit/537.36 (KHTML, like Gecko) Chrome/147.0.0.0 Safari/537.36 Edg/147.0.0.0"
190.166.89.126 - - [05/May/2026:13:12:01 +0000] "GET /wp-content/plugins/elementor/assets/js/text-editor.2c35aafbe5bf0e127950.bundle.min.js HTTP/1.1" 200 665 "https://nipponiacaribe.com/nc-90-electric/" "Mozilla/5.0 (Windows NT 10.0; Win64; x64) AppleWebKit/537.36 (KHTML, like Gecko) Chrome/147.0.0.0 Safari/537.36 Edg/147.0.0.0"
190.166.89.126 - - [05/May/2026:13:12:01 +0000] "GET /wp-content/plugins/elementor/assets/lib/dialog/dialog.min.js?ver=4.9.0 HTTP/1.1" 200 3446 "https://nipponiacaribe.com/nc-90-electric/" "Mozilla/5.0 (Windows NT 10.0; Win64; x64) AppleWebKit/537.36 (KHTML, like Gecko) Chrome/147.0.0.0 Safari/537.36 Edg/147.0.0.0"
190.166.89.126 - - [05/May/2026:13:12:01 +0000] "GET /wp-content/plugins/elementor/assets/lib/share-link/share-link.min.js?ver=3.10.1 HTTP/1.1" 200 1139 "https://nipponiacaribe.com/nc-90-electric/" "Mozilla/5.0 (Windows NT 10.0; Win64; x64) AppleWebKit/537.36 (KHTML, like Gecko) Chrome/147.0.0.0 Safari/537.36 Edg/147.0.0.0"
190.166.89.126 - - [05/May/2026:13:12:01 +0000] "GET /wp-content/plugins/elementor/assets/js/lightbox.062e482fd73fca037d19.bundle.min.js HTTP/1.1" 200 9503 "https://nipponiacaribe.com/nc-90-electric/" "Mozilla/5.0 (Windows NT 10.0; Win64; x64) AppleWebKit/537.36 (KHTML, like Gecko) Chrome/147.0.0.0 Safari/537.36 Edg/147.0.0.0"
190.166.89.126 - - [05/May/2026:13:12:01 +0000] "GET /wp-content/plugins/elementor-pro/assets/js/media-carousel.aca2224ef13e6f999011.bundle.min.js HTTP/1.1" 200 2068 "https://nipponiacaribe.com/nc-90-electric/" "Mozilla/5.0 (Windows NT 10.0; Win64; x64) AppleWebKit/537.36 (KHTML, like Gecko) Chrome/147.0.0.0 Safari/537.36 Edg/147.0.0.0"
190.166.89.126 - - [05/May/2026:13:12:01 +0000] "GET /wp-content/plugins/elementor/assets/lib/swiper/swiper.min.js?ver=5.3.6 HTTP/1.1" 200 35491 "https://nipponiacaribe.com/nc-90-electric/" "Mozilla/5.0 (Windows NT 10.0; Win64; x64) AppleWebKit/537.36 (KHTML, like Gecko) Chrome/147.0.0.0 Safari/537.36 Edg/147.0.0.0"
190.166.89.126 - - [05/May/2026:13:12:03 +0000] "GET /wp-includes/js/wp-emoji-release.min.js?ver=6.9.4 HTTP/1.1" 200 5375 "https://nipponiacaribe.com/nc-90-electric/" "Mozilla/5.0 (Windows NT 10.0; Win64; x64) AppleWebKit/537.36 (KHTML, like Gecko) Chrome/147.0.0.0 Safari/537.36 Edg/147.0.0.0"
150.228.63.3 - - [05/May/2026:13:12:37 +0000] "POST /wp-admin/admin-ajax.php HTTP/1.1" 200 67 "https://nipponiacaribe.com/wp-admin/users.php?reset_count=1" "Mozilla/5.0 (Windows NT 10.0; Win64; x64) AppleWebKit/537.36 (KHTML, like Gecko) Chrome/147.0.0.0 Safari/537.36"
52.167.144.159 - - [05/May/2026:13:14:10 +0000] "GET /brio-110-aros-de-rayos-2/ HTTP/1.1" 200 18620 "-" "Mozilla/5.0 AppleWebKit/537.36 (KHTML, like Gecko; compatible; bingbot/2.0; +http://www.bing.com/bingbot.htm) Chrome/116.0.1938.76 Safari/537.36"
112.86.225.53 - - [05/May/2026:13:14:37 +0000] "GET / HTTP/1.1" 200 18522 "-" "Sogou web spider/4.0(+http://www.sogou.com/docs/help/webmasters.htm#07)"
150.228.63.3 - - [05/May/2026:13:14:38 +0000] "POST /wp-admin/admin-ajax.php HTTP/1.1" 200 67 "https://nipponiacaribe.com/wp-admin/users.php?reset_count=1" "Mozilla/5.0 (Windows NT 10.0; Win64; x64) AppleWebKit/537.36 (KHTML, like Gecko) Chrome/147.0.0.0 Safari/537.36"
190.166.89.126 - - [05/May/2026:13:15:45 +0000] "GET / HTTP/1.1" 200 18522 "https://www.bing.com/" "Mozilla/5.0 (Windows NT 10.0; Win64; x64) AppleWebKit/537.36 (KHTML, like Gecko) Chrome/147.0.0.0 Safari/537.36 Edg/147.0.0.0"
190.166.89.126 - - [05/May/2026:13:15:49 +0000] "GET /wp-content/uploads/elementor/css/post-179.css?ver=1775927668 HTTP/1.1" 200 1296 "https://nipponiacaribe.com/" "Mozilla/5.0 (Windows NT 10.0; Win64; x64) AppleWebKit/537.36 (KHTML, like Gecko) Chrome/147.0.0.0 Safari/537.36 Edg/147.0.0.0"
190.166.89.126 - - [05/May/2026:13:15:49 +0000] "GET /wp-content/plugins/elementor/assets/lib/animations/animations.min.css?ver=3.10.1 HTTP/1.1" 200 2592 "https://nipponiacaribe.com/" "Mozilla/5.0 (Windows NT 10.0; Win64; x64) AppleWebKit/537.36 (KHTML, like Gecko) Chrome/147.0.0.0 Safari/537.36 Edg/147.0.0.0"
190.166.89.126 - - [05/May/2026:13:15:49 +0000] "GET /wp-content/uploads/2026/04/landing-page-banner-1-.jpg HTTP/1.1" 200 202764 "https://nipponiacaribe.com/wp-content/uploads/elementor/css/post-179.css?ver=1775927668" "Mozilla/5.0 (Windows NT 10.0; Win64; x64) AppleWebKit/537.36 (KHTML, like Gecko) Chrome/147.0.0.0 Safari/537.36 Edg/147.0.0.0"
190.166.89.126 - - [05/May/2026:13:15:49 +0000] "GET /wp-content/uploads/2026/04/landing-page-banner-2.jpg HTTP/1.1" 200 246057 "https://nipponiacaribe.com/wp-content/uploads/elementor/css/post-179.css?ver=1775927668" "Mozilla/5.0 (Windows NT 10.0; Win64; x64) AppleWebKit/537.36 (KHTML, like Gecko) Chrome/147.0.0.0 Safari/537.36 Edg/147.0.0.0"
190.166.89.126 - - [05/May/2026:13:15:50 +0000] "GET /wp-content/plugins/elementor-pro/assets/js/slides.fccf039592b3a773d0a1.bundle.min.js HTTP/1.1" 200 1454 "https://nipponiacaribe.com/" "Mozilla/5.0 (Windows NT 10.0; Win64; x64) AppleWebKit/537.36 (KHTML, like Gecko) Chrome/147.0.0.0 Safari/537.36 Edg/147.0.0.0"
190.166.89.126 - - [05/May/2026:13:15:50 +0000] "GET /wp-content/plugins/elementor-pro/assets/js/animated-headline.ffb4bb4ce1b16b11446d.bundle.min.js HTTP/1.1" 200 2733 "https://nipponiacaribe.com/" "Mozilla/5.0 (Windows NT 10.0; Win64; x64) AppleWebKit/537.36 (KHTML, like Gecko) Chrome/147.0.0.0 Safari/537.36 Edg/147.0.0.0"
190.166.89.126 - - [05/May/2026:13:15:50 +0000] "GET /wp-content/uploads/2026/04/landing-page-banner-3.jpg HTTP/1.1" 200 279239 "https://nipponiacaribe.com/wp-content/uploads/elementor/css/post-179.css?ver=1775927668" "Mozilla/5.0 (Windows NT 10.0; Win64; x64) AppleWebKit/537.36 (KHTML, like Gecko) Chrome/147.0.0.0 Safari/537.36 Edg/147.0.0.0"
190.167.207.182 - - [05/May/2026:13:15:50 +0000] "POST /autodiscover/autodiscover.xml HTTP/1.1" 404 12863 "-" "Outlook-Android/2.0"
190.166.89.126 - - [05/May/2026:13:16:13 +0000] "GET /motocicletas-de-tipo-cub/ HTTP/1.1" 404 12863 "https://nipponiacaribe.com/" "Mozilla/5.0 (Windows NT 10.0; Win64; x64) AppleWebKit/537.36 (KHTML, like Gecko) Chrome/147.0.0.0 Safari/537.36 Edg/147.0.0.0"
190.166.89.126 - - [05/May/2026:13:16:16 +0000] "GET /motocicletas-de-tipo-cub/ HTTP/1.1" 404 12863 "https://nipponiacaribe.com/" "Mozilla/5.0 (Windows NT 10.0; Win64; x64) AppleWebKit/537.36 (KHTML, like Gecko) Chrome/147.0.0.0 Safari/537.36 Edg/147.0.0.0"
150.228.63.3 - - [05/May/2026:13:16:39 +0000] "POST /wp-admin/admin-ajax.php HTTP/1.1" 200 67 "https://nipponiacaribe.com/wp-admin/users.php?reset_count=1" "Mozilla/5.0 (Windows NT 10.0; Win64; x64) AppleWebKit/537.36 (KHTML, like Gecko) Chrome/147.0.0.0 Safari/537.36"
51.89.129.254 - - [05/May/2026:13:16:42 +0000] "GET /dion-110/ HTTP/1.1" 200 18260 "-" "Mozilla/5.0 (compatible; AhrefsBot/7.0; +http://ahrefs.com/robot/)"
190.166.89.126 - - [05/May/2026:13:16:46 +0000] "GET /?s=viva+90 HTTP/1.1" 200 13926 "https://nipponiacaribe.com/motocicletas-de-tipo-cub/" "Mozilla/5.0 (Windows NT 10.0; Win64; x64) AppleWebKit/537.36 (KHTML, like Gecko) Chrome/147.0.0.0 Safari/537.36 Edg/147.0.0.0"
190.166.89.126 - - [05/May/2026:13:17:13 +0000] "GET /bn-150/ HTTP/1.1" 200 19265 "https://nipponiacaribe.com/?s=viva+90" "Mozilla/5.0 (Windows NT 10.0; Win64; x64) AppleWebKit/537.36 (KHTML, like Gecko) Chrome/147.0.0.0 Safari/537.36 Edg/147.0.0.0"
190.166.89.126 - - [05/May/2026:13:17:17 +0000] "GET /wp-content/uploads/elementor/css/post-4522.css?ver=1754300328 HTTP/1.1" 200 822 "https://nipponiacaribe.com/bn-150/" "Mozilla/5.0 (Windows NT 10.0; Win64; x64) AppleWebKit/537.36 (KHTML, like Gecko) Chrome/147.0.0.0 Safari/537.36 Edg/147.0.0.0"
190.166.89.126 - - [05/May/2026:13:18:00 +0000] "GET /motocicletas-de-tipo-cub/ HTTP/1.1" 404 12863 "https://nipponiacaribe.com/" "Mozilla/5.0 (Windows NT 10.0; Win64; x64) AppleWebKit/537.36 (KHTML, like Gecko) Chrome/147.0.0.0 Safari/537.36 Edg/147.0.0.0"
190.166.89.126 - - [05/May/2026:13:18:20 +0000] "GET /?s=viva+90+niponia HTTP/1.1" 200 13494 "https://nipponiacaribe.com/motocicletas-de-tipo-cub/" "Mozilla/5.0 (Windows NT 10.0; Win64; x64) AppleWebKit/537.36 (KHTML, like Gecko) Chrome/147.0.0.0 Safari/537.36 Edg/147.0.0.0"
190.166.89.126 - - [05/May/2026:13:18:32 +0000] "GET /motocicletas-de-tipo-cub/ HTTP/1.1" 404 12863 "https://nipponiacaribe.com/" "Mozilla/5.0 (Windows NT 10.0; Win64; x64) AppleWebKit/537.36 (KHTML, like Gecko) Chrome/147.0.0.0 Safari/537.36 Edg/147.0.0.0"
5.255.231.174 - - [05/May/2026:13:18:40 +0000] "GET /robots.txt HTTP/1.1" 200 176 "-" "Mozilla/5.0 (compatible; YandexBot/3.0; +http://yandex.com/bots)"
150.228.63.3 - - [05/May/2026:13:18:40 +0000] "POST /wp-admin/admin-ajax.php HTTP/1.1" 200 67 "https://nipponiacaribe.com/wp-admin/users.php?reset_count=1" "Mozilla/5.0 (Windows NT 10.0; Win64; x64) AppleWebKit/537.36 (KHTML, like Gecko) Chrome/147.0.0.0 Safari/537.36"
5.255.231.24 - - [05/May/2026:13:18:43 +0000] "GET /sitemap_index.xml HTTP/1.1" 200 343 "-" "Mozilla/5.0 (compatible; YandexBot/3.0; +http://yandex.com/bots)"
190.166.89.126 - - [05/May/2026:13:18:46 +0000] "GET / HTTP/1.1" 200 18522 "https://nipponiacaribe.com/motocicletas-de-tipo-cub/" "Mozilla/5.0 (Windows NT 10.0; Win64; x64) AppleWebKit/537.36 (KHTML, like Gecko) Chrome/147.0.0.0 Safari/537.36 Edg/147.0.0.0"
20.123.172.228 - - [05/May/2026:13:19:12 +0000] "POST /wp-cron.php?doing_wp_cron=1777987152.1926579475402832031250 HTTP/1.1" 200 - "-" "WordPress/6.9.4; https://nipponiacaribe.com"
190.166.89.126 - - [05/May/2026:13:19:08 +0000] "GET /?s=nc+90 HTTP/1.1" 200 15203 "https://nipponiacaribe.com/" "Mozilla/5.0 (Windows NT 10.0; Win64; x64) AppleWebKit/537.36 (KHTML, like Gecko) Chrome/147.0.0.0 Safari/537.36 Edg/147.0.0.0"
190.166.89.126 - - [05/May/2026:13:19:39 +0000] "GET /vrs-150/ HTTP/1.1" 200 18915 "https://nipponiacaribe.com/?s=nc+90" "Mozilla/5.0 (Windows NT 10.0; Win64; x64) AppleWebKit/537.36 (KHTML, like Gecko) Chrome/147.0.0.0 Safari/537.36 Edg/147.0.0.0"
190.166.89.126 - - [05/May/2026:13:19:42 +0000] "GET /wp-content/uploads/elementor/css/post-5014.css?ver=1754300676 HTTP/1.1" 200 878 "https://nipponiacaribe.com/vrs-150/" "Mozilla/5.0 (Windows NT 10.0; Win64; x64) AppleWebKit/537.36 (KHTML, like Gecko) Chrome/147.0.0.0 Safari/537.36 Edg/147.0.0.0"
190.166.89.126 - - [05/May/2026:13:19:43 +0000] "GET /wp-content/plugins/elementor/assets/js/video.d86bfd0676264945e968.bundle.min.js HTTP/1.1" 200 1373 "https://nipponiacaribe.com/vrs-150/" "Mozilla/5.0 (Windows NT 10.0; Win64; x64) AppleWebKit/537.36 (KHTML, like Gecko) Chrome/147.0.0.0 Safari/537.36 Edg/147.0.0.0"
51.195.244.198 - - [05/May/2026:13:19:55 +0000] "GET /wp-content/uploads/elementor/css/post-4091.css?ver=1718565825 HTTP/1.1" 200 788 "-" "Mozilla/5.0 (compatible; AhrefsBot/7.0; +http://ahrefs.com/robot/)"
190.166.89.126 - - [05/May/2026:13:20:15 +0000] "GET /address-z150/ HTTP/1.1" 200 19124 "https://nipponiacaribe.com/?s=nc+90" "Mozilla/5.0 (Windows NT 10.0; Win64; x64) AppleWebKit/537.36 (KHTML, like Gecko) Chrome/147.0.0.0 Safari/537.36 Edg/147.0.0.0"
190.166.89.126 - - [05/May/2026:13:20:19 +0000] "GET /wp-content/uploads/elementor/css/post-6070.css?ver=1768380526 HTTP/1.1" 200 822 "https://nipponiacaribe.com/address-z150/" "Mozilla/5.0 (Windows NT 10.0; Win64; x64) AppleWebKit/537.36 (KHTML, like Gecko) Chrome/147.0.0.0 Safari/537.36 Edg/147.0.0.0"
200.88.67.92 - - [05/May/2026:13:20:20 +0000] "POST /AutoDiscover/autodiscover.xml HTTP/1.1" 404 12863 "-" "Microsoft Office/16.0 (Windows NT 10.0; Microsoft Word 16.0.19929; Pro)"
150.228.63.3 - - [05/May/2026:13:20:37 +0000] "POST /wp-admin/admin-ajax.php HTTP/1.1" 200 67 "https://nipponiacaribe.com/wp-admin/users.php?reset_count=1" "Mozilla/5.0 (Windows NT 10.0; Win64; x64) AppleWebKit/537.36 (KHTML, like Gecko) Chrome/147.0.0.0 Safari/537.36"
190.166.89.126 - - [05/May/2026:13:21:16 +0000] "GET /lead-150-3/ HTTP/1.1" 200 19026 "https://nipponiacaribe.com/?s=nc+90" "Mozilla/5.0 (Windows NT 10.0; Win64; x64) AppleWebKit/537.36 (KHTML, like Gecko) Chrome/147.0.0.0 Safari/537.36 Edg/147.0.0.0"
190.166.89.126 - - [05/May/2026:13:21:20 +0000] "GET /wp-content/uploads/elementor/css/post-6567.css?ver=1771425698 HTTP/1.1" 200 823 "https://nipponiacaribe.com/lead-150-3/" "Mozilla/5.0 (Windows NT 10.0; Win64; x64) AppleWebKit/537.36 (KHTML, like Gecko) Chrome/147.0.0.0 Safari/537.36 Edg/147.0.0.0"
150.228.63.3 - - [05/May/2026:13:21:37 +0000] "POST /wp-admin/admin-ajax.php HTTP/1.1" 200 67 "https://nipponiacaribe.com/wp-admin/users.php?reset_count=1" "Mozilla/5.0 (Windows NT 10.0; Win64; x64) AppleWebKit/537.36 (KHTML, like Gecko) Chrome/147.0.0.0 Safari/537.36"
20.123.172.228 - - [05/May/2026:13:22:34 +0000] "POST /wp-cron.php?doing_wp_cron=1777987354.2582249641418457031250 HTTP/1.1" 200 - "-" "WordPress/6.9.4; https://nipponiacaribe.com"
200.88.67.92 - - [05/May/2026:13:22:31 +0000] "POST /AutoDiscover/autodiscover.xml HTTP/1.1" 404 12863 "-" "Microsoft Office/16.0 (Windows NT 10.0; Microsoft Excel 16.0.19929; Pro)"
150.228.63.3 - - [05/May/2026:13:22:38 +0000] "POST /wp-admin/admin-ajax.php HTTP/1.1" 200 67 "https://nipponiacaribe.com/wp-admin/users.php?reset_count=1" "Mozilla/5.0 (Windows NT 10.0; Win64; x64) AppleWebKit/537.36 (KHTML, like Gecko) Chrome/147.0.0.0 Safari/537.36"
20.123.172.228 - - [05/May/2026:13:23:42 +0000] "POST /wp-cron.php?doing_wp_cron=1777987422.3041958808898925781250 HTTP/1.1" 200 - "-" "WordPress/6.9.4; https://nipponiacaribe.com"
150.228.63.3 - - [05/May/2026:13:23:39 +0000] "POST /wp-admin/admin-ajax.php HTTP/1.1" 200 67 "https://nipponiacaribe.com/wp-admin/users.php?reset_count=1" "Mozilla/5.0 (Windows NT 10.0; Win64; x64) AppleWebKit/537.36 (KHTML, like Gecko) Chrome/147.0.0.0 Safari/537.36"
20.169.73.38 - - [05/May/2026:13:24:00 +0000] "GET / HTTP/1.1" 200 18522 "-" "Mozilla/5.0 AppleWebKit/537.36 (KHTML, like Gecko); compatible; ChatGPT-User/1.0; +https://openai.com/bot"
200.88.67.92 - - [05/May/2026:13:24:25 +0000] "POST /AutoDiscover/autodiscover.xml HTTP/1.1" 404 12863 "-" "Microsoft Office/16.0 (Windows NT 10.0; Microsoft Word 16.0.19929; Pro)"
74.125.213.7 - - [05/May/2026:13:24:36 +0000] "GET /.well-known/traffic-advice HTTP/1.1" 404 12863 "-" "Chrome Privacy Preserving Prefetch Proxy"
72.14.201.217 - - [05/May/2026:13:24:37 +0000] "GET /pasolas/ HTTP/1.1" 200 20494 "https://www.google.com/" "Mozilla/5.0 (Linux; Android 10; K) AppleWebKit/537.36 (KHTML, like Gecko) Chrome/147.0.0.0 Mobile Safari/537.36"
150.228.63.3 - - [05/May/2026:13:24:40 +0000] "POST /wp-admin/admin-ajax.php HTTP/1.1" 200 67 "https://nipponiacaribe.com/wp-admin/users.php?reset_count=1" "Mozilla/5.0 (Windows NT 10.0; Win64; x64) AppleWebKit/537.36 (KHTML, like Gecko) Chrome/147.0.0.0 Safari/537.36"
150.228.63.3 - - [05/May/2026:13:25:41 +0000] "POST /wp-admin/admin-ajax.php HTTP/1.1" 200 67 "https://nipponiacaribe.com/wp-admin/users.php?reset_count=1" "Mozilla/5.0 (Windows NT 10.0; Win64; x64) AppleWebKit/537.36 (KHTML, like Gecko) Chrome/147.0.0.0 Safari/537.36"
43.130.141.193 - - [05/May/2026:13:26:16 +0000] "GET / HTTP/1.1" 200 18522 "http://nipponiacaribe.com" "Mozilla/5.0 (iPhone; CPU iPhone OS 13_2_3 like Mac OS X) AppleWebKit/605.1.15 (KHTML, like Gecko) Version/13.0.3 Mobile/15E148 Safari/604.1"
200.88.67.92 - - [05/May/2026:13:26:56 +0000] "POST /AutoDiscover/autodiscover.xml HTTP/1.1" 404 12863 "-" "Microsoft Office/16.0 (Windows NT 10.0; Microsoft Word 16.0.19929; Pro)"
150.228.63.3 - - [05/May/2026:13:27:42 +0000] "POST /wp-admin/admin-ajax.php HTTP/1.1" 200 67 "https://nipponiacaribe.com/wp-admin/users.php?reset_count=1" "Mozilla/5.0 (Windows NT 10.0; Win64; x64) AppleWebKit/537.36 (KHTML, like Gecko) Chrome/147.0.0.0 Safari/537.36"
190.166.87.166 - - [05/May/2026:13:29:36 +0000] "GET /distribuidores/ HTTP/1.1" 200 16922 "https://www.google.com/" "Mozilla/5.0 (Windows NT 10.0; Win64; x64) AppleWebKit/537.36 (KHTML, like Gecko) Chrome/147.0.0.0 Safari/537.36"
190.166.87.166 - - [05/May/2026:13:29:40 +0000] "GET /wp-content/themes/airi/css/bootstrap/bootstrap.min.css?ver=1 HTTP/1.1" 200 20519 "https://nipponiacaribe.com/distribuidores/" "Mozilla/5.0 (Windows NT 10.0; Win64; x64) AppleWebKit/537.36 (KHTML, like Gecko) Chrome/147.0.0.0 Safari/537.36"
190.166.87.166 - - [05/May/2026:13:29:40 +0000] "GET /wp-includes/css/dist/block-library/style.min.css?ver=6.9.4 HTTP/1.1" 200 15916 "https://nipponiacaribe.com/distribuidores/" "Mozilla/5.0 (Windows NT 10.0; Win64; x64) AppleWebKit/537.36 (KHTML, like Gecko) Chrome/147.0.0.0 Safari/537.36"
190.166.87.166 - - [05/May/2026:13:29:40 +0000] "GET /wp-content/plugins/contact-form-7/includes/css/styles.css?ver=5.7.7 HTTP/1.1" 200 1004 "https://nipponiacaribe.com/distribuidores/" "Mozilla/5.0 (Windows NT 10.0; Win64; x64) AppleWebKit/537.36 (KHTML, like Gecko) Chrome/147.0.0.0 Safari/537.36"
190.166.87.166 - - [05/May/2026:13:29:40 +0000] "GET /wp-content/plugins/wp-store-locator/css/styles.min.css?ver=2.2.235 HTTP/1.1" 200 3368 "https://nipponiacaribe.com/distribuidores/" "Mozilla/5.0 (Windows NT 10.0; Win64; x64) AppleWebKit/537.36 (KHTML, like Gecko) Chrome/147.0.0.0 Safari/537.36"
190.166.87.166 - - [05/May/2026:13:29:40 +0000] "GET /wp-content/themes/airi-child/style.css?ver=6.9.4 HTTP/1.1" 200 186 "https://nipponiacaribe.com/distribuidores/" "Mozilla/5.0 (Windows NT 10.0; Win64; x64) AppleWebKit/537.36 (KHTML, like Gecko) Chrome/147.0.0.0 Safari/537.36"
190.166.87.166 - - [05/May/2026:13:29:40 +0000] "GET /wp-content/themes/airi/style.css?ver=6.9.4 HTTP/1.1" 200 16952 "https://nipponiacaribe.com/distribuidores/" "Mozilla/5.0 (Windows NT 10.0; Win64; x64) AppleWebKit/537.36 (KHTML, like Gecko) Chrome/147.0.0.0 Safari/537.36"
190.166.87.166 - - [05/May/2026:13:29:40 +0000] "GET /wp-content/themes/airi/css/font-awesome/css/all.min.css?ver=6.9.4 HTTP/1.1" 200 12863 "https://nipponiacaribe.com/distribuidores/" "Mozilla/5.0 (Windows NT 10.0; Win64; x64) AppleWebKit/537.36 (KHTML, like Gecko) Chrome/147.0.0.0 Safari/537.36"
190.166.87.166 - - [05/May/2026:13:29:40 +0000] "GET /wp-content/plugins/tablepress/css/build/default.css?ver=2.0.4 HTTP/1.1" 200 2442 "https://nipponiacaribe.com/distribuidores/" "Mozilla/5.0 (Windows NT 10.0; Win64; x64) AppleWebKit/537.36 (KHTML, like Gecko) Chrome/147.0.0.0 Safari/537.36"
190.166.87.166 - - [05/May/2026:13:29:40 +0000] "GET /wp-content/plugins/elementor/assets/lib/eicons/css/elementor-icons.min.css?ver=5.17.0 HTTP/1.1" 200 3969 "https://nipponiacaribe.com/distribuidores/" "Mozilla/5.0 (Windows NT 10.0; Win64; x64) AppleWebKit/537.36 (KHTML, like Gecko) Chrome/147.0.0.0 Safari/537.36"
190.166.87.166 - - [05/May/2026:13:29:40 +0000] "GET /wp-content/plugins/elementor/assets/css/frontend.min.css?ver=3.10.1 HTTP/1.1" 200 19457 "https://nipponiacaribe.com/distribuidores/" "Mozilla/5.0 (Windows NT 10.0; Win64; x64) AppleWebKit/537.36 (KHTML, like Gecko) Chrome/147.0.0.0 Safari/537.36"
190.166.87.166 - - [05/May/2026:13:29:40 +0000] "GET /wp-content/uploads/elementor/css/post-158.css?ver=1687530570 HTTP/1.1" 200 442 "https://nipponiacaribe.com/distribuidores/" "Mozilla/5.0 (Windows NT 10.0; Win64; x64) AppleWebKit/537.36 (KHTML, like Gecko) Chrome/147.0.0.0 Safari/537.36"
190.166.87.166 - - [05/May/2026:13:29:40 +0000] "GET /wp-content/plugins/elementor-pro/assets/css/frontend.min.css?ver=3.8.2 HTTP/1.1" 200 42398 "https://nipponiacaribe.com/distribuidores/" "Mozilla/5.0 (Windows NT 10.0; Win64; x64) AppleWebKit/537.36 (KHTML, like Gecko) Chrome/147.0.0.0 Safari/537.36"
190.166.87.166 - - [05/May/2026:13:29:40 +0000] "GET /wp-content/uploads/elementor/css/post-181.css?ver=1770624282 HTTP/1.1" 200 79 "https://nipponiacaribe.com/distribuidores/" "Mozilla/5.0 (Windows NT 10.0; Win64; x64) AppleWebKit/537.36 (KHTML, like Gecko) Chrome/147.0.0.0 Safari/537.36"
190.166.87.166 - - [05/May/2026:13:29:40 +0000] "GET /wp-includes/js/jquery/jquery.min.js?ver=3.7.1 HTTP/1.1" 200 30368 "https://nipponiacaribe.com/distribuidores/" "Mozilla/5.0 (Windows NT 10.0; Win64; x64) AppleWebKit/537.36 (KHTML, like Gecko) Chrome/147.0.0.0 Safari/537.36"
190.166.87.166 - - [05/May/2026:13:29:40 +0000] "GET /wp-includes/js/jquery/jquery-migrate.min.js?ver=3.4.1 HTTP/1.1" 200 4872 "https://nipponiacaribe.com/distribuidores/" "Mozilla/5.0 (Windows NT 10.0; Win64; x64) AppleWebKit/537.36 (KHTML, like Gecko) Chrome/147.0.0.0 Safari/537.36"
190.166.87.166 - - [05/May/2026:13:29:40 +0000] "GET /wp-content/plugins/airi-pro//js/swiper-bundle.min.js?ver=20220328 HTTP/1.1" 200 38674 "https://nipponiacaribe.com/distribuidores/" "Mozilla/5.0 (Windows NT 10.0; Win64; x64) AppleWebKit/537.36 (KHTML, like Gecko) Chrome/147.0.0.0 Safari/537.36"
190.166.87.166 - - [05/May/2026:13:29:40 +0000] "GET /wp-content/plugins/airi-pro//js/elementor.js?ver=20220328 HTTP/1.1" 200 340 "https://nipponiacaribe.com/distribuidores/" "Mozilla/5.0 (Windows NT 10.0; Win64; x64) AppleWebKit/537.36 (KHTML, like Gecko) Chrome/147.0.0.0 Safari/537.36"
190.166.87.166 - - [05/May/2026:13:29:40 +0000] "GET /wp-content/plugins/contact-form-7/includes/swv/js/index.js?ver=5.7.7 HTTP/1.1" 200 3010 "https://nipponiacaribe.com/distribuidores/" "Mozilla/5.0 (Windows NT 10.0; Win64; x64) AppleWebKit/537.36 (KHTML, like Gecko) Chrome/147.0.0.0 Safari/537.36"
190.166.87.166 - - [05/May/2026:13:29:41 +0000] "GET /wp-content/plugins/contact-form-7/includes/js/index.js?ver=5.7.7 HTTP/1.1" 200 4182 "https://nipponiacaribe.com/distribuidores/" "Mozilla/5.0 (Windows NT 10.0; Win64; x64) AppleWebKit/537.36 (KHTML, like Gecko) Chrome/147.0.0.0 Safari/537.36"
190.166.87.166 - - [05/May/2026:13:29:41 +0000] "GET /wp-content/themes/airi/js/vendor/skip-link-focus-fix.js?ver=20151215 HTTP/1.1" 200 417 "https://nipponiacaribe.com/distribuidores/" "Mozilla/5.0 (Windows NT 10.0; Win64; x64) AppleWebKit/537.36 (KHTML, like Gecko) Chrome/147.0.0.0 Safari/537.36"
190.166.87.166 - - [05/May/2026:13:29:41 +0000] "GET /wp-content/themes/airi/js/custom/custom.min.js?ver=20181017 HTTP/1.1" 200 744 "https://nipponiacaribe.com/distribuidores/" "Mozilla/5.0 (Windows NT 10.0; Win64; x64) AppleWebKit/537.36 (KHTML, like Gecko) Chrome/147.0.0.0 Safari/537.36"
190.166.87.166 - - [05/May/2026:13:29:41 +0000] "GET /wp-content/themes/airi/js/vendor/scripts.js?ver=20180223 HTTP/1.1" 200 11405 "https://nipponiacaribe.com/distribuidores/" "Mozilla/5.0 (Windows NT 10.0; Win64; x64) AppleWebKit/537.36 (KHTML, like Gecko) Chrome/147.0.0.0 Safari/537.36"
190.166.87.166 - - [05/May/2026:13:29:41 +0000] "GET /wp-content/plugins/contact-form-7/modules/recaptcha/index.js?ver=5.7.7 HTTP/1.1" 200 507 "https://nipponiacaribe.com/distribuidores/" "Mozilla/5.0 (Windows NT 10.0; Win64; x64) AppleWebKit/537.36 (KHTML, like Gecko) Chrome/147.0.0.0 Safari/537.36"
190.166.87.166 - - [05/May/2026:13:29:41 +0000] "GET /wp-includes/js/dist/vendor/wp-polyfill.min.js?ver=3.15.0 HTTP/1.1" 200 11852 "https://nipponiacaribe.com/distribuidores/" "Mozilla/5.0 (Windows NT 10.0; Win64; x64) AppleWebKit/537.36 (KHTML, like Gecko) Chrome/147.0.0.0 Safari/537.36"
190.166.87.166 - - [05/May/2026:13:29:41 +0000] "GET /wp-content/fonts/work-sans/font HTTP/1.1" 200 25976 "https://nipponiacaribe.com/distribuidores/" "Mozilla/5.0 (Windows NT 10.0; Win64; x64) AppleWebKit/537.36 (KHTML, like Gecko) Chrome/147.0.0.0 Safari/537.36"
190.166.87.166 - - [05/May/2026:13:29:41 +0000] "GET /wp-includes/js/underscore.min.js?ver=1.13.7 HTTP/1.1" 200 7317 "https://nipponiacaribe.com/distribuidores/" "Mozilla/5.0 (Windows NT 10.0; Win64; x64) AppleWebKit/537.36 (KHTML, like Gecko) Chrome/147.0.0.0 Safari/537.36"
190.166.87.166 - - [05/May/2026:13:29:41 +0000] "GET /wp-includes/js/backbone.min.js?ver=1.6.0 HTTP/1.1" 200 8021 "https://nipponiacaribe.com/distribuidores/" "Mozilla/5.0 (Windows NT 10.0; Win64; x64) AppleWebKit/537.36 (KHTML, like Gecko) Chrome/147.0.0.0 Safari/537.36"
190.166.87.166 - - [05/May/2026:13:29:41 +0000] "GET /wp-content/plugins/wp-store-locator/js/wpsl-gmap.min.js?ver=2.2.235 HTTP/1.1" 200 8080 "https://nipponiacaribe.com/distribuidores/" "Mozilla/5.0 (Windows NT 10.0; Win64; x64) AppleWebKit/537.36 (KHTML, like Gecko) Chrome/147.0.0.0 Safari/537.36"
190.166.87.166 - - [05/May/2026:13:29:41 +0000] "GET /wp-content/plugins/elementor-pro/assets/js/webpack-pro.runtime.min.js?ver=3.8.2 HTTP/1.1" 200 2384 "https://nipponiacaribe.com/distribuidores/" "Mozilla/5.0 (Windows NT 10.0; Win64; x64) AppleWebKit/537.36 (KHTML, like Gecko) Chrome/147.0.0.0 Safari/537.36"
190.166.87.166 - - [05/May/2026:13:29:41 +0000] "GET /wp-content/plugins/elementor/assets/js/webpack.runtime.min.js?ver=3.10.1 HTTP/1.1" 200 2225 "https://nipponiacaribe.com/distribuidores/" "Mozilla/5.0 (Windows NT 10.0; Win64; x64) AppleWebKit/537.36 (KHTML, like Gecko) Chrome/147.0.0.0 Safari/537.36"
190.166.87.166 - - [05/May/2026:13:29:41 +0000] "GET /wp-content/themes/airi/css/font-awesome/webfonts/fa-brands-400.woff2 HTTP/1.1" 200 76769 "https://nipponiacaribe.com/wp-content/themes/airi/css/font-awesome/css/all.min.css?ver=6.9.4" "Mozilla/5.0 (Windows NT 10.0; Win64; x64) AppleWebKit/537.36 (KHTML, like Gecko) Chrome/147.0.0.0 Safari/537.36"
190.166.87.166 - - [05/May/2026:13:29:41 +0000] "GET /wp-content/plugins/elementor/assets/js/frontend-modules.min.js?ver=3.10.1 HTTP/1.1" 200 11399 "https://nipponiacaribe.com/distribuidores/" "Mozilla/5.0 (Windows NT 10.0; Win64; x64) AppleWebKit/537.36 (KHTML, like Gecko) Chrome/147.0.0.0 Safari/537.36"
190.166.87.166 - - [05/May/2026:13:29:41 +0000] "GET /wp-includes/js/dist/i18n.min.js?ver=c26c3dc7bed366793375 HTTP/1.1" 200 2229 "https://nipponiacaribe.com/distribuidores/" "Mozilla/5.0 (Windows NT 10.0; Win64; x64) AppleWebKit/537.36 (KHTML, like Gecko) Chrome/147.0.0.0 Safari/537.36"
190.166.87.166 - - [05/May/2026:13:29:41 +0000] "GET /wp-includes/js/dist/hooks.min.js?ver=dd5603f07f9220ed27f1 HTTP/1.1" 200 1941 "https://nipponiacaribe.com/distribuidores/" "Mozilla/5.0 (Windows NT 10.0; Win64; x64) AppleWebKit/537.36 (KHTML, like Gecko) Chrome/147.0.0.0 Safari/537.36"
190.166.87.166 - - [05/May/2026:13:29:41 +0000] "GET /wp-content/plugins/elementor-pro/assets/js/frontend.min.js?ver=3.8.2 HTTP/1.1" 200 5743 "https://nipponiacaribe.com/distribuidores/" "Mozilla/5.0 (Windows NT 10.0; Win64; x64) AppleWebKit/537.36 (KHTML, like Gecko) Chrome/147.0.0.0 Safari/537.36"
190.166.87.166 - - [05/May/2026:13:29:41 +0000] "GET /wp-content/plugins/elementor/assets/lib/waypoints/waypoints.min.js?ver=4.0.2 HTTP/1.1" 200 2993 "https://nipponiacaribe.com/distribuidores/" "Mozilla/5.0 (Windows NT 10.0; Win64; x64) AppleWebKit/537.36 (KHTML, like Gecko) Chrome/147.0.0.0 Safari/537.36"
190.166.87.166 - - [05/May/2026:13:29:41 +0000] "GET /wp-includes/js/jquery/ui/core.min.js?ver=1.13.3 HTTP/1.1" 200 7106 "https://nipponiacaribe.com/distribuidores/" "Mozilla/5.0 (Windows NT 10.0; Win64; x64) AppleWebKit/537.36 (KHTML, like Gecko) Chrome/147.0.0.0 Safari/537.36"
190.166.87.166 - - [05/May/2026:13:29:41 +0000] "GET /wp-content/plugins/elementor/assets/js/frontend.min.js?ver=3.10.1 HTTP/1.1" 200 12124 "https://nipponiacaribe.com/distribuidores/" "Mozilla/5.0 (Windows NT 10.0; Win64; x64) AppleWebKit/537.36 (KHTML, like Gecko) Chrome/147.0.0.0 Safari/537.36"
190.166.87.166 - - [05/May/2026:13:29:41 +0000] "GET /wp-content/plugins/elementor-pro/assets/js/elements-handlers.min.js?ver=3.8.2 HTTP/1.1" 200 5690 "https://nipponiacaribe.com/distribuidores/" "Mozilla/5.0 (Windows NT 10.0; Win64; x64) AppleWebKit/537.36 (KHTML, like Gecko) Chrome/147.0.0.0 Safari/537.36"
190.166.87.166 - - [05/May/2026:13:29:41 +0000] "GET /wp-content/plugins/google-site-kit/dist/assets/js/googlesitekit-events-provider-contact-form-7-83c32a029ed2cf5b6a82.js HTTP/1.1" 200 1282 "https://nipponiacaribe.com/distribuidores/" "Mozilla/5.0 (Windows NT 10.0; Win64; x64) AppleWebKit/537.36 (KHTML, like Gecko) Chrome/147.0.0.0 Safari/537.36"
190.166.87.166 - - [05/May/2026:13:29:41 +0000] "GET /wp-content/plugins/google-site-kit/dist/assets/js/googlesitekit-events-provider-ninja-forms-8c1d8885e4652d19a77a.js HTTP/1.1" 200 1267 "https://nipponiacaribe.com/distribuidores/" "Mozilla/5.0 (Windows NT 10.0; Win64; x64) AppleWebKit/537.36 (KHTML, like Gecko) Chrome/147.0.0.0 Safari/537.36"
190.166.87.166 - - [05/May/2026:13:29:42 +0000] "GET /wp-content/plugins/wp-store-locator/img/ajax-loader.gif HTTP/1.1" 200 1849 "https://nipponiacaribe.com/distribuidores/" "Mozilla/5.0 (Windows NT 10.0; Win64; x64) AppleWebKit/537.36 (KHTML, like Gecko) Chrome/147.0.0.0 Safari/537.36"
190.166.87.166 - - [05/May/2026:13:29:42 +0000] "GET /wp-includes/js/wp-emoji-release.min.js?ver=6.9.4 HTTP/1.1" 200 5375 "https://nipponiacaribe.com/distribuidores/" "Mozilla/5.0 (Windows NT 10.0; Win64; x64) AppleWebKit/537.36 (KHTML, like Gecko) Chrome/147.0.0.0 Safari/537.36"
190.166.87.166 - - [05/May/2026:13:29:43 +0000] "GET /wp-content/themes/airi-child/wpsl-markers/nip_flag_orange@2x.png HTTP/1.1" 200 9526 "https://nipponiacaribe.com/distribuidores/" "Mozilla/5.0 (Windows NT 10.0; Win64; x64) AppleWebKit/537.36 (KHTML, like Gecko) Chrome/147.0.0.0 Safari/537.36"
190.166.87.166 - - [05/May/2026:13:29:44 +0000] "GET /wp-content/plugins/wp-store-locator/font/fontello.woff?28897909 HTTP/1.1" 200 2798 "https://nipponiacaribe.com/wp-content/plugins/wp-store-locator/css/styles.min.css?ver=2.2.235" "Mozilla/5.0 (Windows NT 10.0; Win64; x64) AppleWebKit/537.36 (KHTML, like Gecko) Chrome/147.0.0.0 Safari/537.36"
190.166.87.166 - - [05/May/2026:13:29:42 +0000] "GET /wp-admin/admin-ajax.php?action=store_search&lat=18.557859&lng=-69.940145&max_results=25&search_radius=50&autoload=1 HTTP/1.1" 200 3422 "https://nipponiacaribe.com/distribuidores/" "Mozilla/5.0 (Windows NT 10.0; Win64; x64) AppleWebKit/537.36 (KHTML, like Gecko) Chrome/147.0.0.0 Safari/537.36"
190.166.87.166 - - [05/May/2026:13:29:45 +0000] "GET /wp-content/themes/airi-child/wpsl-markers/nip_flag_blue@2x.png HTTP/1.1" 200 9407 "https://nipponiacaribe.com/distribuidores/" "Mozilla/5.0 (Windows NT 10.0; Win64; x64) AppleWebKit/537.36 (KHTML, like Gecko) Chrome/147.0.0.0 Safari/537.36"
150.228.63.3 - - [05/May/2026:13:29:43 +0000] "POST /wp-admin/admin-ajax.php HTTP/1.1" 200 67 "https://nipponiacaribe.com/wp-admin/users.php?reset_count=1" "Mozilla/5.0 (Windows NT 10.0; Win64; x64) AppleWebKit/537.36 (KHTML, like Gecko) Chrome/147.0.0.0 Safari/537.36"
20.123.172.228 - - [05/May/2026:13:30:30 +0000] "POST /wp-cron.php?doing_wp_cron=1777987830.9728350639343261718750 HTTP/1.1" 200 - "-" "WordPress/6.9.4; https://nipponiacaribe.com"
66.249.66.160 - - [05/May/2026:13:30:27 +0000] "GET / HTTP/1.1" 200 18522 "-" "Mozilla/5.0 (Linux; Android 6.0.1; Nexus 5X Build/MMB29P) AppleWebKit/537.36 (KHTML, like Gecko) Chrome/147.0.7727.137 Mobile Safari/537.36 (compatible; Googlebot/2.1; +http://www.google.com/bot.html)"
