89.124.115.149 - - [05/May/2026:12:40:51 +0000] "GET /wp-json/oembed/1.0/embed?url=https%3A%2F%2Fnipponiacaribe.com%2Fbs-150-2%2F& HTTP/1.1" 200 1277 "-" "WebScraperBot/0.1 (+domain-check)"
89.124.115.149 - - [05/May/2026:12:40:53 +0000] "GET /?p=4139 HTTP/1.1" 301 - "-" "WebScraperBot/0.1 (+domain-check)"
89.124.115.149 - - [05/May/2026:12:40:56 +0000] "GET /bs-150-2/ HTTP/1.1" 200 19144 "https://nipponiacaribe.com/?p=4139" "WebScraperBot/0.1 (+domain-check)"
89.124.115.149 - - [05/May/2026:12:40:59 +0000] "GET /wp-content/uploads/elementor/css/post-4294.css?ver=1754300284 HTTP/1.1" 200 762 "-" "WebScraperBot/0.1 (+domain-check)"
89.124.115.149 - - [05/May/2026:12:40:59 +0000] "GET /wp-json/oembed/1.0/embed?url=https%3A%2F%2Fnipponiacaribe.com%2Fvrs-150%2F HTTP/1.1" 200 1275 "-" "WebScraperBot/0.1 (+domain-check)"
89.124.115.149 - - [05/May/2026:12:41:01 +0000] "GET /wp-content/uploads/elementor/css/post-2793.css?ver=1754294697 HTTP/1.1" 200 877 "-" "WebScraperBot/0.1 (+domain-check)"
89.124.115.149 - - [05/May/2026:12:41:01 +0000] "GET /wp-content/uploads/elementor/css/post-1309.css?ver=1754283662 HTTP/1.1" 200 906 "-" "WebScraperBot/0.1 (+domain-check)"
89.124.115.149 - - [05/May/2026:12:41:01 +0000] "GET /wp-json/wp/v2/pages/6756 HTTP/1.1" 200 6340 "-" "WebScraperBot/0.1 (+domain-check)"
89.124.115.149 - - [05/May/2026:12:41:04 +0000] "GET /wp-content/uploads/elementor/css/post-4139.css?ver=1754300254 HTTP/1.1" 200 880 "-" "WebScraperBot/0.1 (+domain-check)"
89.124.115.149 - - [05/May/2026:12:41:04 +0000] "GET /wp-content/uploads/elementor/css/post-4522.css?ver=1754300328 HTTP/1.1" 200 822 "-" "WebScraperBot/0.1 (+domain-check)"
89.124.115.149 - - [05/May/2026:12:41:04 +0000] "GET /?p=4203 HTTP/1.1" 301 - "-" "WebScraperBot/0.1 (+domain-check)"
89.124.115.149 - - [05/May/2026:12:41:06 +0000] "GET /lead-150-2/ HTTP/1.1" 200 19030 "https://nipponiacaribe.com/?p=4203" "WebScraperBot/0.1 (+domain-check)"
89.124.115.149 - - [05/May/2026:12:41:09 +0000] "GET /wp-content/uploads/elementor/css/post-6998.css?ver=1773535919 HTTP/1.1" 200 1083 "-" "WebScraperBot/0.1 (+domain-check)"
89.124.115.149 - - [05/May/2026:12:41:09 +0000] "GET /wp-json/oembed/1.0/embed?url=https%3A%2F%2Fnipponiacaribe.com%2Fpolitica-de-privacidad%2F HTTP/1.1" 200 1206 "-" "WebScraperBot/0.1 (+domain-check)"
89.124.115.149 - - [05/May/2026:12:41:12 +0000] "GET /wp-json/oembed/1.0/embed?url=https%3A%2F%2Fnipponiacaribe.com%2Fmagnetoxp%2F HTTP/1.1" 200 1287 "-" "WebScraperBot/0.1 (+domain-check)"
89.124.115.149 - - [05/May/2026:12:41:14 +0000] "GET /wp-content/uploads/elementor/css/post-222.css?ver=1774371220 HTTP/1.1" 200 1579 "-" "WebScraperBot/0.1 (+domain-check)"
89.124.115.149 - - [05/May/2026:12:41:14 +0000] "GET /wp-content/uploads/elementor/css/post-3995.css?ver=1754297046 HTTP/1.1" 200 818 "-" "WebScraperBot/0.1 (+domain-check)"
89.124.115.149 - - [05/May/2026:12:41:15 +0000] "GET /?p=4769 HTTP/1.1" 301 - "-" "WebScraperBot/0.1 (+domain-check)"
89.124.115.149 - - [05/May/2026:12:41:17 +0000] "GET /zeus200/ HTTP/1.1" 200 19138 "https://nipponiacaribe.com/?p=4769" "WebScraperBot/0.1 (+domain-check)"
89.124.115.149 - - [05/May/2026:12:41:20 +0000] "GET /wp-json/oembed/1.0/embed?url=https%3A%2F%2Fnipponiacaribe.com%2Fcargo-125%2F& HTTP/1.1" 200 1269 "-" "WebScraperBot/0.1 (+domain-check)"
89.124.115.149 - - [05/May/2026:12:41:22 +0000] "GET /?p=541 HTTP/1.1" 301 - "-" "WebScraperBot/0.1 (+domain-check)"
89.124.115.149 - - [05/May/2026:12:41:24 +0000] "GET /presencia-mundial-de-nipponia/ HTTP/1.1" 200 15901 "https://nipponiacaribe.com/?p=541" "WebScraperBot/0.1 (+domain-check)"
89.124.115.149 - - [05/May/2026:12:41:27 +0000] "GET /wp-json/oembed/1.0/embed?url=https%3A%2F%2Fnipponiacaribe.com%2Fdistribuidores%2F HTTP/1.1" 200 1098 "-" "WebScraperBot/0.1 (+domain-check)"
89.124.115.149 - - [05/May/2026:12:41:29 +0000] "GET /wp-content/uploads/elementor/css/post-6070.css?ver=1768380526 HTTP/1.1" 200 822 "-" "WebScraperBot/0.1 (+domain-check)"
89.124.115.149 - - [05/May/2026:12:41:29 +0000] "GET /wp-content/uploads/elementor/css/post-5474.css?ver=1754299342 HTTP/1.1" 200 809 "-" "WebScraperBot/0.1 (+domain-check)"
89.124.115.149 - - [05/May/2026:12:41:29 +0000] "GET /wp-json/oembed/1.0/embed?url=https%3A%2F%2Fnipponiacaribe.com%2Fnc-110%2F HTTP/1.1" 200 1279 "-" "WebScraperBot/0.1 (+domain-check)"
89.124.115.149 - - [05/May/2026:12:41:31 +0000] "GET /wp-json/oembed/1.0/embed?url=https%3A%2F%2Fnipponiacaribe.com%2Fpasolas%2F HTTP/1.1" 200 1291 "-" "WebScraperBot/0.1 (+domain-check)"
89.124.115.149 - - [05/May/2026:12:41:33 +0000] "GET /wp-json/wp/v2/pages/4522 HTTP/1.1" 200 6542 "-" "WebScraperBot/0.1 (+domain-check)"
89.124.115.149 - - [05/May/2026:12:41:39 +0000] "GET /?p=6070 HTTP/1.1" 301 - "-" "WebScraperBot/0.1 (+domain-check)"
89.124.115.149 - - [05/May/2026:12:41:41 +0000] "GET /address-z150/ HTTP/1.1" 200 19124 "https://nipponiacaribe.com/?p=6070" "WebScraperBot/0.1 (+domain-check)"
89.124.115.149 - - [05/May/2026:12:41:44 +0000] "GET /?p=6154 HTTP/1.1" 301 - "-" "WebScraperBot/0.1 (+domain-check)"
89.124.115.149 - - [05/May/2026:12:41:46 +0000] "GET /servicio-taller/ HTTP/1.1" 200 24278 "https://nipponiacaribe.com/?p=6154" "WebScraperBot/0.1 (+domain-check)"
89.124.115.149 - - [05/May/2026:12:41:49 +0000] "GET /wp-json/wp/v2/pages/1016 HTTP/1.1" 200 5222 "-" "WebScraperBot/0.1 (+domain-check)"
89.124.115.149 - - [05/May/2026:12:41:52 +0000] "GET /?p=5547 HTTP/1.1" 301 - "-" "WebScraperBot/0.1 (+domain-check)"
89.124.115.149 - - [05/May/2026:12:41:54 +0000] "GET /adv150/ HTTP/1.1" 200 19342 "https://nipponiacaribe.com/?p=5547" "WebScraperBot/0.1 (+domain-check)"
89.124.115.149 - - [05/May/2026:12:41:57 +0000] "GET /?p=4155 HTTP/1.1" 301 - "-" "WebScraperBot/0.1 (+domain-check)"
89.124.115.149 - - [05/May/2026:12:41:59 +0000] "GET /diva-150-2/ HTTP/1.1" 200 18990 "https://nipponiacaribe.com/?p=4155" "WebScraperBot/0.1 (+domain-check)"
89.124.115.149 - - [05/May/2026:12:42:02 +0000] "GET /wp-json/wp/v2/pages/5014 HTTP/1.1" 200 5781 "-" "WebScraperBot/0.1 (+domain-check)"
89.124.115.149 - - [05/May/2026:12:42:05 +0000] "GET /wp-content/uploads/elementor/css/post-7077.css?ver=1775638165 HTTP/1.1" 200 953 "-" "WebScraperBot/0.1 (+domain-check)"
89.124.115.149 - - [05/May/2026:12:42:05 +0000] "GET /wp-json/oembed/1.0/embed?url=https%3A%2F%2Fnipponiacaribe.com%2Fftn-150%2F& HTTP/1.1" 200 1325 "-" "WebScraperBot/0.1 (+domain-check)"
89.124.115.149 - - [05/May/2026:12:42:07 +0000] "GET /?p=4076 HTTP/1.1" 301 - "-" "WebScraperBot/0.1 (+domain-check)"
89.124.115.149 - - [05/May/2026:12:42:09 +0000] "GET /cargo-125/ HTTP/1.1" 200 18559 "https://nipponiacaribe.com/?p=4076" "WebScraperBot/0.1 (+domain-check)"
89.124.115.149 - - [05/May/2026:12:42:12 +0000] "GET /?p=1000 HTTP/1.1" 301 - "-" "WebScraperBot/0.1 (+domain-check)"
89.124.115.149 - - [05/May/2026:12:42:14 +0000] "GET /nc-90-electric/ HTTP/1.1" 200 18068 "https://nipponiacaribe.com/?p=1000" "WebScraperBot/0.1 (+domain-check)"
89.124.115.149 - - [05/May/2026:12:42:17 +0000] "GET /?p=4038 HTTP/1.1" 301 - "-" "WebScraperBot/0.1 (+domain-check)"
89.124.115.149 - - [05/May/2026:12:42:19 +0000] "GET /miro130-iii/ HTTP/1.1" 200 19197 "https://nipponiacaribe.com/?p=4038" "WebScraperBot/0.1 (+domain-check)"
89.124.115.149 - - [05/May/2026:12:42:22 +0000] "GET /wp-json/oembed/1.0/embed?url=https%3A%2F%2Fnipponiacaribe.com%2Fnoticias%2F HTTP/1.1" 200 1093 "-" "WebScraperBot/0.1 (+domain-check)"
89.124.115.149 - - [05/May/2026:12:42:25 +0000] "GET /wp-json/oembed/1.0/embed?url=https%3A%2F%2Fnipponiacaribe.com%2Fdiva-150-2%2F HTTP/1.1" 200 1278 "-" "WebScraperBot/0.1 (+domain-check)"
89.124.115.149 - - [05/May/2026:12:42:27 +0000] "GET /zeus200 HTTP/1.1" 301 - "-" "WebScraperBot/0.1 (+domain-check)"
89.124.115.149 - - [05/May/2026:12:42:29 +0000] "GET /zeus200/ HTTP/1.1" 200 19138 "https://nipponiacaribe.com/zeus200" "WebScraperBot/0.1 (+domain-check)"
89.124.115.149 - - [05/May/2026:12:42:32 +0000] "GET /wp-content/uploads/elementor/css/post-6245.css?ver=1769509308 HTTP/1.1" 200 1137 "-" "WebScraperBot/0.1 (+domain-check)"
89.124.115.149 - - [05/May/2026:12:42:32 +0000] "GET /wp-content/plugins/elementor/assets/lib/eicons/css/elementor-icons.min.css?ver=5.17.0 HTTP/1.1" 200 3969 "-" "WebScraperBot/0.1 (+domain-check)"
89.124.115.149 - - [05/May/2026:12:42:32 +0000] "GET /wp-json/wp/v2/pages/1000 HTTP/1.1" 200 4913 "-" "WebScraperBot/0.1 (+domain-check)"
89.124.115.149 - - [05/May/2026:12:42:36 +0000] "GET /wp-json/oembed/1.0/embed?url=https%3A%2F%2Fnipponiacaribe.com%2Ftn-250%2F HTTP/1.1" 200 1289 "-" "WebScraperBot/0.1 (+domain-check)"
89.124.115.149 - - [05/May/2026:12:42:38 +0000] "GET /wp-content/themes/airi/css/font-awesome/css/all.min.css?ver=6.9.4 HTTP/1.1" 200 12863 "-" "WebScraperBot/0.1 (+domain-check)"
89.124.115.149 - - [05/May/2026:12:42:38 +0000] "GET /wp-content/plugins/tablepress/css/build/default.css?ver=2.0.4 HTTP/1.1" 200 2442 "-" "WebScraperBot/0.1 (+domain-check)"
89.124.115.149 - - [05/May/2026:12:42:38 +0000] "GET /wp-json/wp/v2/pages/224 HTTP/1.1" 200 4157 "-" "WebScraperBot/0.1 (+domain-check)"
89.124.115.149 - - [05/May/2026:12:42:41 +0000] "GET /wp-json/oembed/1.0/embed?url=https%3A%2F%2Fnipponiacaribe.com%2Fadv150%2F HTTP/1.1" 200 1289 "-" "WebScraperBot/0.1 (+domain-check)"
89.124.115.149 - - [05/May/2026:12:42:43 +0000] "GET /wp-json/oembed/1.0/embed?url=https%3A%2F%2Fnipponiacaribe.com%2Fadv150%2F& HTTP/1.1" 200 1290 "-" "WebScraperBot/0.1 (+domain-check)"
89.124.115.149 - - [05/May/2026:12:42:45 +0000] "GET /wp-json/wp/v2/pages/5547 HTTP/1.1" 200 6265 "-" "WebScraperBot/0.1 (+domain-check)"
89.124.115.149 - - [05/May/2026:12:42:48 +0000] "GET /wp-json/wp/v2/pages/4421 HTTP/1.1" 200 1871 "-" "WebScraperBot/0.1 (+domain-check)"
89.124.115.149 - - [05/May/2026:12:42:51 +0000] "GET /wp-content/uploads/elementor/css/post-5014.css?ver=1754300676 HTTP/1.1" 200 878 "-" "WebScraperBot/0.1 (+domain-check)"
89.124.115.149 - - [05/May/2026:12:42:51 +0000] "GET /wp-json/wp/v2/pages/6283 HTTP/1.1" 200 4391 "-" "WebScraperBot/0.1 (+domain-check)"
89.124.115.149 - - [05/May/2026:12:42:53 +0000] "GET /wp-json/oembed/1.0/embed?url=https%3A%2F%2Fnipponiacaribe.com%2Fpolitica-de-privacidad%2F& HTTP/1.1" 200 1203 "-" "WebScraperBot/0.1 (+domain-check)"
89.124.115.149 - - [05/May/2026:12:42:56 +0000] "GET /wp-content/plugins/wp-store-locator/css/styles.min.css?ver=2.2.235 HTTP/1.1" 200 3368 "-" "WebScraperBot/0.1 (+domain-check)"
89.124.115.149 - - [05/May/2026:12:42:56 +0000] "GET /?p=220 HTTP/1.1" 301 - "-" "WebScraperBot/0.1 (+domain-check)"
89.124.115.149 - - [05/May/2026:12:42:58 +0000] "GET /pasolas/ HTTP/1.1" 200 20494 "https://nipponiacaribe.com/?p=220" "WebScraperBot/0.1 (+domain-check)"
89.124.115.149 - - [05/May/2026:12:43:03 +0000] "GET /wp-json/wp/v2/pages/220 HTTP/1.1" 200 7413 "-" "WebScraperBot/0.1 (+domain-check)"
89.124.115.149 - - [05/May/2026:12:43:07 +0000] "GET /?p=4541 HTTP/1.1" 301 - "-" "WebScraperBot/0.1 (+domain-check)"
89.124.115.149 - - [05/May/2026:12:43:10 +0000] "GET /tn-200/ HTTP/1.1" 200 19758 "https://nipponiacaribe.com/?p=4541" "WebScraperBot/0.1 (+domain-check)"
89.124.115.149 - - [05/May/2026:12:43:14 +0000] "GET /wp-json/oembed/1.0/embed?url=https%3A%2F%2Fnipponiacaribe.com%2Fvehiculos-de-trabajo%2F HTTP/1.1" 200 1302 "-" "WebScraperBot/0.1 (+domain-check)"
89.124.115.149 - - [05/May/2026:12:43:16 +0000] "GET /?p=181 HTTP/1.1" 301 - "-" "WebScraperBot/0.1 (+domain-check)"
89.124.115.149 - - [05/May/2026:12:43:18 +0000] "GET /distribuidores/ HTTP/1.1" 200 16922 "https://nipponiacaribe.com/?p=181" "WebScraperBot/0.1 (+domain-check)"
89.124.115.149 - - [05/May/2026:12:43:21 +0000] "GET /wp-json/ HTTP/1.1" 200 19208 "-" "WebScraperBot/0.1 (+domain-check)"
89.124.115.149 - - [05/May/2026:12:43:23 +0000] "GET /wp-json/wp/v2/pages/4155 HTTP/1.1" 200 5888 "-" "WebScraperBot/0.1 (+domain-check)"
89.124.115.149 - - [05/May/2026:12:43:26 +0000] "GET /wp-content/uploads/elementor/css/post-4541.css?ver=1754299394 HTTP/1.1" 200 884 "-" "WebScraperBot/0.1 (+domain-check)"
89.124.115.149 - - [05/May/2026:12:43:26 +0000] "GET /wp-json/oembed/1.0/embed?url=https%3A%2F%2Fnipponiacaribe.com%2Fmotores-tipo-cub%2F HTTP/1.1" 200 1280 "-" "WebScraperBot/0.1 (+domain-check)"
89.124.115.149 - - [05/May/2026:12:43:28 +0000] "GET /wp-json/wp/v2/pages/1066 HTTP/1.1" 200 5325 "-" "WebScraperBot/0.1 (+domain-check)"
89.124.115.149 - - [05/May/2026:12:43:31 +0000] "GET /wp-json/oembed/1.0/embed?url=https%3A%2F%2Fnipponiacaribe.com%2Faddress-z150%2F HTTP/1.1" 200 1285 "-" "WebScraperBot/0.1 (+domain-check)"
89.124.115.149 - - [05/May/2026:12:43:33 +0000] "GET /?p=4294 HTTP/1.1" 301 - "-" "WebScraperBot/0.1 (+domain-check)"
89.124.115.149 - - [05/May/2026:12:43:35 +0000] "GET /bs-max-150/ HTTP/1.1" 200 19374 "https://nipponiacaribe.com/?p=4294" "WebScraperBot/0.1 (+domain-check)"
89.124.115.149 - - [05/May/2026:12:43:38 +0000] "GET /wp-json/oembed/1.0/embed?url=https%3A%2F%2Fnipponiacaribe.com%2Fmotocicletas%2F HTTP/1.1" 200 1314 "-" "WebScraperBot/0.1 (+domain-check)"
223.235.96.30 - - [05/May/2026:12:43:40 +0000] "POST /xmlrpc.php HTTP/1.1" 503 18950 "-" "WordPress.com; https://wordpress.com"
89.124.115.149 - - [05/May/2026:12:43:40 +0000] "GET /wp-json/oembed/1.0/embed?url=https%3A%2F%2Fnipponiacaribe.com%2Fspace110%2F HTTP/1.1" 200 1347 "-" "WebScraperBot/0.1 (+domain-check)"
89.124.115.149 - - [05/May/2026:12:43:43 +0000] "GET /wp-json/oembed/1.0/embed?url=https%3A%2F%2Fnipponiacaribe.com%2Fbrio-110-aros-de-rayos%2F HTTP/1.1" 200 1319 "-" "WebScraperBot/0.1 (+domain-check)"
89.124.115.149 - - [05/May/2026:12:43:45 +0000] "GET /?p=3995 HTTP/1.1" 301 - "-" "WebScraperBot/0.1 (+domain-check)"
89.124.115.149 - - [05/May/2026:12:43:47 +0000] "GET /miro-110/ HTTP/1.1" 200 19445 "https://nipponiacaribe.com/?p=3995" "WebScraperBot/0.1 (+domain-check)"
89.124.115.149 - - [05/May/2026:12:43:50 +0000] "GET /wp-content/uploads/elementor/css/post-7277.css?ver=1775461064 HTTP/1.1" 200 911 "-" "WebScraperBot/0.1 (+domain-check)"
223.235.96.30 - - [05/May/2026:12:43:50 +0000] "POST /xmlrpc.php HTTP/1.1" 503 18036 "-" "Jetpack by WordPress.com (Jetpack 12.0; WordPress 6.4)"
89.124.115.149 - - [05/May/2026:12:43:50 +0000] "GET /?p=6703 HTTP/1.1" 301 - "-" "WebScraperBot/0.1 (+domain-check)"
20.123.172.228 - - [05/May/2026:12:43:51 +0000] "POST /?wordfence_syncAttackData=1777985031.5699 HTTP/1.1" 200 - "-" "WordPress/6.9.4; https://nipponiacaribe.com"
89.124.115.149 - - [05/May/2026:12:43:53 +0000] "GET /ftn-150/ HTTP/1.1" 200 19315 "https://nipponiacaribe.com/?p=6703" "WebScraperBot/0.1 (+domain-check)"
89.124.115.149 - - [05/May/2026:12:43:56 +0000] "GET /wp-json/oembed/1.0/embed?url=https%3A%2F%2Fnipponiacaribe.com%2Fperfil-de-la-empresa%2F& HTTP/1.1" 200 1194 "-" "WebScraperBot/0.1 (+domain-check)"
89.124.115.149 - - [05/May/2026:12:43:58 +0000] "GET /feed/ HTTP/1.1" 200 993 "-" "WebScraperBot/0.1 (+domain-check)"
89.124.115.149 - - [05/May/2026:12:44:00 +0000] "GET /wp-content/uploads/elementor/css/post-6806.css?ver=1773260202 HTTP/1.1" 200 910 "-" "WebScraperBot/0.1 (+domain-check)"
223.235.96.30 - - [05/May/2026:12:44:01 +0000] "POST /xmlrpc.php HTTP/1.1" 503 18036 "-" "WordPress.com; https://wordpress.com"
89.124.115.149 - - [05/May/2026:12:44:00 +0000] "GET /wp-json/oembed/1.0/embed?url=https%3A%2F%2Fnipponiacaribe.com%2Fbs-150-2%2F HTTP/1.1" 200 1277 "-" "WebScraperBot/0.1 (+domain-check)"
20.123.172.228 - - [05/May/2026:12:44:02 +0000] "POST /?wordfence_syncAttackData=1777985042.0129 HTTP/1.1" 200 - "-" "WordPress/6.9.4; https://nipponiacaribe.com"
89.124.115.149 - - [05/May/2026:12:44:03 +0000] "GET /wp-json/oembed/1.0/embed?url=https%3A%2F%2Fnipponiacaribe.com%2Fvehiculos-de-trabajo%2F& HTTP/1.1" 200 1302 "-" "WebScraperBot/0.1 (+domain-check)"
89.124.115.149 - - [05/May/2026:12:44:06 +0000] "GET /wp-json/wp/v2/pages/543 HTTP/1.1" 200 2963 "-" "WebScraperBot/0.1 (+domain-check)"
89.124.115.149 - - [05/May/2026:12:44:09 +0000] "GET /wp-content/plugins/elementor/assets/css/frontend.min.css?ver=3.10.1 HTTP/1.1" 200 19457 "-" "WebScraperBot/0.1 (+domain-check)"
89.124.115.149 - - [05/May/2026:12:44:09 +0000] "GET /wp-content/uploads/elementor/css/post-6618.css?ver=1772185851 HTTP/1.1" 200 950 "-" "WebScraperBot/0.1 (+domain-check)"
89.124.115.149 - - [05/May/2026:12:44:09 +0000] "GET /wp-content/uploads/elementor/css/post-6873.css?ver=1774383301 HTTP/1.1" 200 939 "-" "WebScraperBot/0.1 (+domain-check)"
89.124.115.149 - - [05/May/2026:12:44:09 +0000] "GET /wp-json/oembed/1.0/embed?url=https%3A%2F%2Fnipponiacaribe.com%2Fcargo-125%2F HTTP/1.1" 200 1268 "-" "WebScraperBot/0.1 (+domain-check)"
89.124.115.149 - - [05/May/2026:12:44:11 +0000] "GET /wp-content/uploads/elementor/css/post-134.css?ver=1774605470 HTTP/1.1" 200 666 "-" "WebScraperBot/0.1 (+domain-check)"
223.235.96.30 - - [05/May/2026:12:44:11 +0000] "POST /xmlrpc.php HTTP/1.1" 503 18036 "-" "WordPress.com; https://wordpress.com"
20.123.172.228 - - [05/May/2026:12:44:15 +0000] "POST /wp-cron.php?doing_wp_cron=1777985055.0125200748443603515625 HTTP/1.1" 200 - "-" "WordPress/6.9.4; https://nipponiacaribe.com"
20.123.172.228 - - [05/May/2026:12:44:13 +0000] "POST /?wordfence_syncAttackData=1777985053.0205 HTTP/1.1" 200 - "-" "WordPress/6.9.4; https://nipponiacaribe.com"
89.124.115.149 - - [05/May/2026:12:44:11 +0000] "GET /wp-json/wp/v2/pages/134 HTTP/1.1" 200 4261 "-" "WebScraperBot/0.1 (+domain-check)"
89.124.115.149 - - [05/May/2026:12:44:15 +0000] "GET /wp-content/themes/airi/css/bootstrap/bootstrap.min.css?ver=1 HTTP/1.1" 200 20519 "-" "WebScraperBot/0.1 (+domain-check)"
89.124.115.149 - - [05/May/2026:12:44:15 +0000] "GET /wp-content/plugins/elementor-pro/assets/css/frontend.min.css?ver=3.8.2 HTTP/1.1" 200 42398 "-" "WebScraperBot/0.1 (+domain-check)"
89.124.115.149 - - [05/May/2026:12:44:15 +0000] "GET /wp-json/oembed/1.0/embed?url=https%3A%2F%2Fnipponiacaribe.com%2Fbrutus-200%2F& HTTP/1.1" 200 1299 "-" "WebScraperBot/0.1 (+domain-check)"
89.124.115.149 - - [05/May/2026:12:44:17 +0000] "GET /?p=1043 HTTP/1.1" 301 - "-" "WebScraperBot/0.1 (+domain-check)"
223.235.96.30 - - [05/May/2026:12:44:22 +0000] "POST /xmlrpc.php HTTP/1.1" 503 18036 "-" "Jetpack/13.0; WordPress/6.1; http://site34297627.com"
20.123.172.228 - - [05/May/2026:12:44:23 +0000] "POST /wp-cron.php?doing_wp_cron=1777985063.0413300991058349609375 HTTP/1.1" 200 - "-" "WordPress/6.9.4; https://nipponiacaribe.com"
89.124.115.149 - - [05/May/2026:12:44:19 +0000] "GET /brio125-3/ HTTP/1.1" 200 19047 "https://nipponiacaribe.com/?p=1043" "WebScraperBot/0.1 (+domain-check)"
20.123.172.228 - - [05/May/2026:12:44:24 +0000] "POST /?wordfence_syncAttackData=1777985064.3948 HTTP/1.1" 200 - "-" "WordPress/6.9.4; https://nipponiacaribe.com"
89.124.115.149 - - [05/May/2026:12:44:23 +0000] "GET /wp-json/wp/v2/pages/6505 HTTP/1.1" 200 6336 "-" "WebScraperBot/0.1 (+domain-check)"
20.123.172.228 - - [05/May/2026:12:44:24 +0000] "POST /?wordfence_syncAttackData=1777985064.5832 HTTP/1.1" 200 18522 "-" "WordPress/6.9.4; https://nipponiacaribe.com"
89.124.115.149 - - [05/May/2026:12:44:27 +0000] "GET /?p=1309 HTTP/1.1" 301 - "-" "WebScraperBot/0.1 (+domain-check)"
89.124.115.149 - - [05/May/2026:12:44:29 +0000] "GET /volty/ HTTP/1.1" 200 19174 "https://nipponiacaribe.com/?p=1309" "WebScraperBot/0.1 (+domain-check)"
223.235.96.30 - - [05/May/2026:12:44:32 +0000] "POST /xmlrpc.php HTTP/1.1" 503 18036 "-" "WordPress.com; https://wordpress.com"
89.124.115.149 - - [05/May/2026:12:44:32 +0000] "GET /wp-json/oembed/1.0/embed?url=https%3A%2F%2Fnipponiacaribe.com%2F& HTTP/1.1" 200 1308 "-" "WebScraperBot/0.1 (+domain-check)"
89.124.115.149 - - [05/May/2026:12:44:35 +0000] "GET /wp-json/oembed/1.0/embed?url=https%3A%2F%2Fnipponiacaribe.com%2Fnc-90-electric%2F& HTTP/1.1" 200 1281 "-" "WebScraperBot/0.1 (+domain-check)"
20.123.172.228 - - [05/May/2026:12:44:36 +0000] "POST /?wordfence_syncAttackData=1777985076.2259 HTTP/1.1" 200 - "-" "WordPress/6.9.4; https://nipponiacaribe.com"
89.124.115.149 - - [05/May/2026:12:44:38 +0000] "GET /wp-json/oembed/1.0/embed?url=https%3A%2F%2Fnipponiacaribe.com%2Fadv-350%2F HTTP/1.1" 200 1266 "-" "WebScraperBot/0.1 (+domain-check)"
89.124.115.149 - - [05/May/2026:12:44:40 +0000] "GET /wp-content/uploads/elementor/css/post-6397.css?ver=1770560868 HTTP/1.1" 200 782 "-" "WebScraperBot/0.1 (+domain-check)"
89.124.115.149 - - [05/May/2026:12:44:40 +0000] "GET /wp-json/wp/v2/pages/7277 HTTP/1.1" 200 6519 "-" "WebScraperBot/0.1 (+domain-check)"
89.124.115.149 - - [05/May/2026:12:44:43 +0000] "GET /wp-content/uploads/elementor/css/post-6703.css?ver=1772622962 HTTP/1.1" 200 910 "-" "WebScraperBot/0.1 (+domain-check)"
223.235.96.30 - - [05/May/2026:12:44:43 +0000] "POST /xmlrpc.php HTTP/1.1" 503 18036 "-" "Jetpack by WordPress.com"
89.124.115.149 - - [05/May/2026:12:44:43 +0000] "GET /wp-json/wp/v2/pages/4769 HTTP/1.1" 200 6050 "-" "WebScraperBot/0.1 (+domain-check)"
89.124.115.149 - - [05/May/2026:12:44:46 +0000] "GET /wp-json/oembed/1.0/embed?url=https%3A%2F%2Fnipponiacaribe.com%2F HTTP/1.1" 200 1308 "-" "WebScraperBot/0.1 (+domain-check)"
20.123.172.228 - - [05/May/2026:12:44:47 +0000] "POST /?wordfence_syncAttackData=1777985087.8308 HTTP/1.1" 200 - "-" "WordPress/6.9.4; https://nipponiacaribe.com"
223.235.96.30 - - [05/May/2026:12:44:54 +0000] "POST /xmlrpc.php HTTP/1.1" 503 18036 "-" "Jetpack by WordPress.com"
89.124.115.149 - - [05/May/2026:12:44:49 +0000] "GET /wp-json/wp/v2/pages/895 HTTP/1.1" 200 4971 "-" "WebScraperBot/0.1 (+domain-check)"
89.124.115.149 - - [05/May/2026:12:44:54 +0000] "GET /?p=3136 HTTP/1.1" 301 - "-" "WebScraperBot/0.1 (+domain-check)"
20.123.172.228 - - [05/May/2026:12:44:58 +0000] "POST /?wordfence_syncAttackData=1777985098.3606 HTTP/1.1" 200 - "-" "WordPress/6.9.4; https://nipponiacaribe.com"
89.124.115.149 - - [05/May/2026:12:44:57 +0000] "GET /politica-de-privacidad/ HTTP/1.1" 200 22811 "https://nipponiacaribe.com/?p=3136" "WebScraperBot/0.1 (+domain-check)"
89.124.115.149 - - [05/May/2026:12:45:01 +0000] "GET /wp-json/oembed/1.0/embed?url=https%3A%2F%2Fnipponiacaribe.com%2Fbrio-110-a30%2F& HTTP/1.1" 200 1303 "-" "WebScraperBot/0.1 (+domain-check)"
223.235.96.30 - - [05/May/2026:12:45:04 +0000] "POST /xmlrpc.php HTTP/1.1" 503 18036 "-" "Jetpack by WordPress.com (Jetpack 12.0; WordPress 6.3)"
89.124.115.149 - - [05/May/2026:12:45:03 +0000] "GET /wp-json/oembed/1.0/embed?url=https%3A%2F%2Fnipponiacaribe.com%2Fevolution-110%2F HTTP/1.1" 200 1294 "-" "WebScraperBot/0.1 (+domain-check)"
89.124.115.149 - - [05/May/2026:12:45:05 +0000] "GET /wp-content/uploads/elementor/css/post-895.css?ver=1754285403 HTTP/1.1" 200 896 "-" "WebScraperBot/0.1 (+domain-check)"
20.123.172.228 - - [05/May/2026:12:45:08 +0000] "POST /wp-cron.php?doing_wp_cron=1777985108.1119680404663085937500 HTTP/1.1" 200 - "-" "WordPress/6.9.4; https://nipponiacaribe.com"
89.124.115.149 - - [05/May/2026:12:45:05 +0000] "GET /?p=6245 HTTP/1.1" 301 - "-" "WebScraperBot/0.1 (+domain-check)"
20.123.172.228 - - [05/May/2026:12:45:09 +0000] "POST /?wordfence_syncAttackData=1777985109.4414 HTTP/1.1" 200 - "-" "WordPress/6.9.4; https://nipponiacaribe.com"
20.123.172.228 - - [05/May/2026:12:45:09 +0000] "POST /?wordfence_syncAttackData=1777985109.6152 HTTP/1.1" 200 18522 "-" "WordPress/6.9.4; https://nipponiacaribe.com"
89.124.115.149 - - [05/May/2026:12:45:08 +0000] "GET /np200-3/ HTTP/1.1" 200 19235 "https://nipponiacaribe.com/?p=6245" "WebScraperBot/0.1 (+domain-check)"
89.124.115.149 - - [05/May/2026:12:45:12 +0000] "GET /wp-content/plugins/elementor/assets/lib/animations/animations.min.css?ver=3.10.1 HTTP/1.1" 200 2592 "-" "WebScraperBot/0.1 (+domain-check)"
89.124.115.149 - - [05/May/2026:12:45:12 +0000] "GET /wp-json/oembed/1.0/embed?url=https%3A%2F%2Fnipponiacaribe.com%2Fmagnetoxp%2F& HTTP/1.1" 200 1287 "-" "WebScraperBot/0.1 (+domain-check)"
223.235.96.30 - - [05/May/2026:12:45:15 +0000] "POST /xmlrpc.php HTTP/1.1" 503 18036 "-" "Jetpack by WordPress.com (Jetpack 12.1; WordPress 6.4)"
89.124.115.149 - - [05/May/2026:12:45:15 +0000] "GET /?p=6397 HTTP/1.1" 301 - "-" "WebScraperBot/0.1 (+domain-check)"
89.124.115.149 - - [05/May/2026:12:45:17 +0000] "GET /fantasy-150/ HTTP/1.1" 200 19005 "https://nipponiacaribe.com/?p=6397" "WebScraperBot/0.1 (+domain-check)"
89.124.115.149 - - [05/May/2026:12:45:20 +0000] "GET /?p=6873 HTTP/1.1" 301 - "-" "WebScraperBot/0.1 (+domain-check)"
20.123.172.228 - - [05/May/2026:12:45:21 +0000] "POST /?wordfence_syncAttackData=1777985121.214 HTTP/1.1" 200 - "-" "WordPress/6.9.4; https://nipponiacaribe.com"
89.124.115.149 - - [05/May/2026:12:45:23 +0000] "GET /brutus-200/ HTTP/1.1" 200 18911 "https://nipponiacaribe.com/?p=6873" "WebScraperBot/0.1 (+domain-check)"
89.124.115.149 - - [05/May/2026:12:45:26 +0000] "GET /wp-json/oembed/1.0/embed?url=https%3A%2F%2Fnipponiacaribe.com%2Fservicio-taller%2F HTTP/1.1" 200 1113 "-" "WebScraperBot/0.1 (+domain-check)"
89.124.115.149 - - [05/May/2026:12:45:28 +0000] "GET /wp-content/uploads/elementor/css/post-3136.css?ver=1687567149 HTTP/1.1" 200 420 "-" "WebScraperBot/0.1 (+domain-check)"
89.124.115.149 - - [05/May/2026:12:45:28 +0000] "GET /?p=895 HTTP/1.1" 301 - "-" "WebScraperBot/0.1 (+domain-check)"
89.124.115.149 - - [05/May/2026:12:45:30 +0000] "GET /evolution-110/ HTTP/1.1" 200 18170 "https://nipponiacaribe.com/?p=895" "WebScraperBot/0.1 (+domain-check)"
89.124.115.149 - - [05/May/2026:12:45:33 +0000] "GET /wp-json/wp/v2/pages/6471 HTTP/1.1" 200 6011 "-" "WebScraperBot/0.1 (+domain-check)"
89.124.115.149 - - [05/May/2026:12:45:36 +0000] "GET /wp-json/wp/v2/pages/6070 HTTP/1.1" 200 6125 "-" "WebScraperBot/0.1 (+domain-check)"
89.124.115.149 - - [05/May/2026:12:45:38 +0000] "GET /wp-json/oembed/1.0/embed?url=https%3A%2F%2Fnipponiacaribe.com%2Fmiro130-iii%2F HTTP/1.1" 200 1292 "-" "WebScraperBot/0.1 (+domain-check)"
89.124.115.149 - - [05/May/2026:12:45:41 +0000] "GET /wp-json/oembed/1.0/embed?url=https%3A%2F%2Fnipponiacaribe.com%2Ftn-250%2F& HTTP/1.1" 200 1290 "-" "WebScraperBot/0.1 (+domain-check)"
89.124.115.149 - - [05/May/2026:12:45:43 +0000] "GET /wp-content/uploads/elementor/css/post-4243.css?ver=1754300082 HTTP/1.1" 200 851 "-" "WebScraperBot/0.1 (+domain-check)"
89.124.115.149 - - [05/May/2026:12:45:43 +0000] "GET /?p=5014 HTTP/1.1" 301 - "-" "WebScraperBot/0.1 (+domain-check)"
89.124.115.149 - - [05/May/2026:12:45:45 +0000] "GET /vrs-150/ HTTP/1.1" 200 18915 "https://nipponiacaribe.com/?p=5014" "WebScraperBot/0.1 (+domain-check)"
89.124.115.149 - - [05/May/2026:12:45:48 +0000] "GET /wp-content/uploads/elementor/css/post-1043.css?ver=1754300051 HTTP/1.1" 200 818 "-" "WebScraperBot/0.1 (+domain-check)"
89.124.115.149 - - [05/May/2026:12:45:48 +0000] "GET /wp-json/oembed/1.0/embed?url=https%3A%2F%2Fnipponiacaribe.com%2Fpasolas%2F& HTTP/1.1" 200 1292 "-" "WebScraperBot/0.1 (+domain-check)"
89.124.115.149 - - [05/May/2026:12:45:50 +0000] "GET /wp-json/oembed/1.0/embed?url=https%3A%2F%2Fnipponiacaribe.com%2Fzeus200%2F& HTTP/1.1" 200 1275 "-" "WebScraperBot/0.1 (+domain-check)"
20.123.172.228 - - [05/May/2026:12:45:55 +0000] "POST /wp-cron.php?doing_wp_cron=1777985155.4400730133056640625000 HTTP/1.1" 200 - "-" "WordPress/6.9.4; https://nipponiacaribe.com"
89.124.115.149 - - [05/May/2026:12:45:52 +0000] "GET /wp-json/wp/v2/pages/6245 HTTP/1.1" 200 6160 "-" "WebScraperBot/0.1 (+domain-check)"
89.124.115.149 - - [05/May/2026:12:45:55 +0000] "GET /?p=226 HTTP/1.1" 301 - "-" "WebScraperBot/0.1 (+domain-check)"
89.124.115.149 - - [05/May/2026:12:45:57 +0000] "GET /pasolas-electricas/ HTTP/1.1" 200 16619 "https://nipponiacaribe.com/?p=226" "WebScraperBot/0.1 (+domain-check)"
89.124.115.149 - - [05/May/2026:12:46:00 +0000] "GET /xmlrpc.php?rsd HTTP/1.1" 200 305 "-" "WebScraperBot/0.1 (+domain-check)"
89.124.115.149 - - [05/May/2026:12:46:02 +0000] "GET /?p=1066 HTTP/1.1" 301 - "-" "WebScraperBot/0.1 (+domain-check)"
89.124.115.149 - - [05/May/2026:12:46:04 +0000] "GET /nc-125-space/ HTTP/1.1" 200 18514 "https://nipponiacaribe.com/?p=1066" "WebScraperBot/0.1 (+domain-check)"
89.124.115.149 - - [05/May/2026:12:46:07 +0000] "GET /wp-json/oembed/1.0/embed?url=https%3A%2F%2Fnipponiacaribe.com%2Fdistribuidores%2F& HTTP/1.1" 200 1097 "-" "WebScraperBot/0.1 (+domain-check)"
89.124.115.149 - - [05/May/2026:12:46:09 +0000] "GET /?p=5474 HTTP/1.1" 301 - "-" "WebScraperBot/0.1 (+domain-check)"
89.124.115.149 - - [05/May/2026:12:46:11 +0000] "GET /magnetoxp/ HTTP/1.1" 200 19381 "https://nipponiacaribe.com/?p=5474" "WebScraperBot/0.1 (+domain-check)"
89.124.115.149 - - [05/May/2026:12:46:14 +0000] "GET /wp-json/oembed/1.0/embed?url=https%3A%2F%2Fnipponiacaribe.com%2Fenzo-110%2F& HTTP/1.1" 200 1273 "-" "WebScraperBot/0.1 (+domain-check)"
89.124.115.149 - - [05/May/2026:12:46:17 +0000] "GET /wp-json/oembed/1.0/embed?url=https%3A%2F%2Fnipponiacaribe.com%2Fservicio-taller%2F& HTTP/1.1" 200 1113 "-" "WebScraperBot/0.1 (+domain-check)"
89.124.115.149 - - [05/May/2026:12:46:19 +0000] "GET /wp-json/wp/v2/pages/6154 HTTP/1.1" 200 7259 "-" "WebScraperBot/0.1 (+domain-check)"
89.124.115.149 - - [05/May/2026:12:46:21 +0000] "GET /wp-json/wp/v2/pages/6618 HTTP/1.1" 200 6804 "-" "WebScraperBot/0.1 (+domain-check)"
89.124.115.149 - - [05/May/2026:12:46:24 +0000] "GET /wp-json/oembed/1.0/embed?url=https%3A%2F%2Fnipponiacaribe.com%2Fnc-125-space%2F HTTP/1.1" 200 1287 "-" "WebScraperBot/0.1 (+domain-check)"
89.124.115.149 - - [05/May/2026:12:46:27 +0000] "GET /wp-json/oembed/1.0/embed?url=https%3A%2F%2Fnipponiacaribe.com%2Fzeus200%2F HTTP/1.1" 200 1276 "-" "WebScraperBot/0.1 (+domain-check)"
89.124.115.149 - - [05/May/2026:12:46:29 +0000] "GET /wp-json/oembed/1.0/embed?url=https%3A%2F%2Fnipponiacaribe.com%2Fbrutus-200%2F HTTP/1.1" 200 1300 "-" "WebScraperBot/0.1 (+domain-check)"
89.124.115.149 - - [05/May/2026:12:46:31 +0000] "GET /wp-json/oembed/1.0/embed?url=https%3A%2F%2Fnipponiacaribe.com%2Fpasolas-electricas%2F& HTTP/1.1" 200 1277 "-" "WebScraperBot/0.1 (+domain-check)"
89.124.115.149 - - [05/May/2026:12:46:33 +0000] "GET /wp-json/oembed/1.0/embed?url=https%3A%2F%2Fnipponiacaribe.com%2Fbrio125-3%2F& HTTP/1.1" 200 1279 "-" "WebScraperBot/0.1 (+domain-check)"
89.124.115.149 - - [05/May/2026:12:46:35 +0000] "GET /wp-json/oembed/1.0/embed?url=https%3A%2F%2Fnipponiacaribe.com%2Fnc-110%2F& HTTP/1.1" 200 1275 "-" "WebScraperBot/0.1 (+domain-check)"
89.124.115.149 - - [05/May/2026:12:46:38 +0000] "GET /wp-json/oembed/1.0/embed?url=https%3A%2F%2Fnipponiacaribe.com%2Ffantasy-150%2F HTTP/1.1" 200 1280 "-" "WebScraperBot/0.1 (+domain-check)"
89.124.115.149 - - [05/May/2026:12:46:40 +0000] "GET /wp-json/oembed/1.0/embed?url=https%3A%2F%2Fnipponiacaribe.com%2Fvolty%2F& HTTP/1.1" 200 1295 "-" "WebScraperBot/0.1 (+domain-check)"
89.124.115.149 - - [05/May/2026:12:46:42 +0000] "GET /wp-content/uploads/elementor/css/post-541.css?ver=1687567408 HTTP/1.1" 200 70 "-" "WebScraperBot/0.1 (+domain-check)"
89.124.115.149 - - [05/May/2026:12:46:42 +0000] "GET /wp-content/uploads/elementor/css/post-6756.css?ver=1773260202 HTTP/1.1" 200 911 "-" "WebScraperBot/0.1 (+domain-check)"
89.124.115.149 - - [05/May/2026:12:46:42 +0000] "GET /wp-json/oembed/1.0/embed?url=https%3A%2F%2Fnipponiacaribe.com%2Fnc-90-electric%2F HTTP/1.1" 200 1280 "-" "WebScraperBot/0.1 (+domain-check)"
89.124.115.149 - - [05/May/2026:12:46:45 +0000] "GET /wp-json/oembed/1.0/embed?url=https%3A%2F%2Fnipponiacaribe.com%2Fnp200-3%2F& HTTP/1.1" 200 1293 "-" "WebScraperBot/0.1 (+domain-check)"
89.124.115.149 - - [05/May/2026:12:46:47 +0000] "GET /wp-content/uploads/elementor/css/post-4076.css?ver=1754282242 HTTP/1.1" 200 727 "-" "WebScraperBot/0.1 (+domain-check)"
89.124.115.149 - - [05/May/2026:12:46:47 +0000] "GET /wp-content/uploads/elementor/css/post-220.css?ver=1774368289 HTTP/1.1" 200 1395 "-" "WebScraperBot/0.1 (+domain-check)"
89.124.115.149 - - [05/May/2026:12:46:47 +0000] "GET /?p=7077 HTTP/1.1" 301 - "-" "WebScraperBot/0.1 (+domain-check)"
89.124.115.149 - - [05/May/2026:12:46:49 +0000] "GET /vehiculos-todo-terreno-2/ HTTP/1.1" 200 18398 "https://nipponiacaribe.com/?p=7077" "WebScraperBot/0.1 (+domain-check)"
89.124.115.149 - - [05/May/2026:12:46:52 +0000] "GET /wp-json/oembed/1.0/embed?url=https%3A%2F%2Fnipponiacaribe.com%2Flead-150-2%2F& HTTP/1.1" 200 1276 "-" "WebScraperBot/0.1 (+domain-check)"
89.124.115.149 - - [05/May/2026:12:46:55 +0000] "GET /wp-json/oembed/1.0/embed?url=https%3A%2F%2Fnipponiacaribe.com%2Fvolty%2F HTTP/1.1" 200 1294 "-" "WebScraperBot/0.1 (+domain-check)"
89.124.115.149 - - [05/May/2026:12:46:58 +0000] "GET /wp-content/uploads/elementor/css/post-158.css?ver=1687530570 HTTP/1.1" 200 442 "-" "WebScraperBot/0.1 (+domain-check)"
89.124.115.149 - - [05/May/2026:12:46:58 +0000] "GET /wp-json/oembed/1.0/embed?url=https%3A%2F%2Fnipponiacaribe.com%2Fbn-150%2F& HTTP/1.1" 200 1282 "-" "WebScraperBot/0.1 (+domain-check)"
89.124.115.149 - - [05/May/2026:12:47:02 +0000] "GET /wp-json/oembed/1.0/embed?url=https%3A%2F%2Fnipponiacaribe.com%2Fbrio-110-a30%2F HTTP/1.1" 200 1304 "-" "WebScraperBot/0.1 (+domain-check)"
89.124.115.149 - - [05/May/2026:12:47:04 +0000] "GET /wp-json/wp/v2/pages/1043 HTTP/1.1" 200 5965 "-" "WebScraperBot/0.1 (+domain-check)"
89.124.115.149 - - [05/May/2026:12:47:07 +0000] "GET /wp-json/oembed/1.0/embed?url=https%3A%2F%2Fnipponiacaribe.com%2Fevolution-110%2F& HTTP/1.1" 200 1295 "-" "WebScraperBot/0.1 (+domain-check)"
89.124.115.149 - - [05/May/2026:12:47:09 +0000] "GET /wp-json/oembed/1.0/embed?url=https%3A%2F%2Fnipponiacaribe.com%2Faddress-z150%2F& HTTP/1.1" 200 1286 "-" "WebScraperBot/0.1 (+domain-check)"
89.124.115.149 - - [05/May/2026:12:47:12 +0000] "GET /wp-content/uploads/elementor/css/post-4155.css?ver=1754300456 HTTP/1.1" 200 817 "-" "WebScraperBot/0.1 (+domain-check)"
89.124.115.149 - - [05/May/2026:12:47:12 +0000] "GET /wp-json/oembed/1.0/embed?url=https%3A%2F%2Fnipponiacaribe.com%2Fmiro-110%2F HTTP/1.1" 200 1298 "-" "WebScraperBot/0.1 (+domain-check)"
89.124.115.149 - - [05/May/2026:12:47:16 +0000] "GET /wp-content/themes/airi-child/style.css?ver=6.9.4 HTTP/1.1" 200 186 "-" "WebScraperBot/0.1 (+domain-check)"
89.124.115.149 - - [05/May/2026:12:47:16 +0000] "GET /wp-json/oembed/1.0/embed?url=https%3A%2F%2Fnipponiacaribe.com%2Fmotores-tipo-cub%2F& HTTP/1.1" 200 1280 "-" "WebScraperBot/0.1 (+domain-check)"
89.124.115.149 - - [05/May/2026:12:47:19 +0000] "GET /wp-json/wp/v2/pages/4541 HTTP/1.1" 200 6709 "-" "WebScraperBot/0.1 (+domain-check)"
89.124.115.149 - - [05/May/2026:12:47:25 +0000] "GET /?p=6283 HTTP/1.1" 301 - "-" "WebScraperBot/0.1 (+domain-check)"
89.124.115.149 - - [05/May/2026:12:47:29 +0000] "GET /vehiculos-de-trabajo/ HTTP/1.1" 200 17470 "https://nipponiacaribe.com/?p=6283" "WebScraperBot/0.1 (+domain-check)"
89.124.115.149 - - [05/May/2026:12:47:32 +0000] "GET /patron125 HTTP/1.1" 301 - "-" "WebScraperBot/0.1 (+domain-check)"
89.124.115.149 - - [05/May/2026:12:47:35 +0000] "GET /patron125/ HTTP/1.1" 200 19799 "https://nipponiacaribe.com/patron125" "WebScraperBot/0.1 (+domain-check)"
89.124.115.149 - - [05/May/2026:12:47:40 +0000] "GET /?p=6756 HTTP/1.1" 301 - "-" "WebScraperBot/0.1 (+domain-check)"
89.124.115.149 - - [05/May/2026:12:47:42 +0000] "GET /brio-110-a30/ HTTP/1.1" 200 19431 "https://nipponiacaribe.com/?p=6756" "WebScraperBot/0.1 (+domain-check)"
89.124.115.149 - - [05/May/2026:12:47:47 +0000] "GET /wp-json/oembed/1.0/embed?url=https%3A%2F%2Fnipponiacaribe.com%2Fbs-max-150%2F& HTTP/1.1" 200 1287 "-" "WebScraperBot/0.1 (+domain-check)"
89.124.115.149 - - [05/May/2026:12:47:51 +0000] "GET /wp-json/wp/v2/pages/4203 HTTP/1.1" 200 5998 "-" "WebScraperBot/0.1 (+domain-check)"
89.124.115.149 - - [05/May/2026:12:47:56 +0000] "GET /wp-json/oembed/1.0/embed?url=https%3A%2F%2Fnipponiacaribe.com%2Fvehiculos-todo-terreno-2%2F HTTP/1.1" 200 1316 "-" "WebScraperBot/0.1 (+domain-check)"
89.124.115.149 - - [05/May/2026:12:47:59 +0000] "GET /?p=2793 HTTP/1.1" 301 - "-" "WebScraperBot/0.1 (+domain-check)"
89.124.115.149 - - [05/May/2026:12:48:01 +0000] "GET /tn-250/ HTTP/1.1" 200 18906 "https://nipponiacaribe.com/?p=2793" "WebScraperBot/0.1 (+domain-check)"
89.124.115.149 - - [05/May/2026:12:48:05 +0000] "GET /wp-json/oembed/1.0/embed?url=https%3A%2F%2Fnipponiacaribe.com%2Fnoticias%2F& HTTP/1.1" 200 1094 "-" "WebScraperBot/0.1 (+domain-check)"
89.124.115.149 - - [05/May/2026:12:48:07 +0000] "GET /wp-json/wp/v2/pages/4294 HTTP/1.1" 200 6663 "-" "WebScraperBot/0.1 (+domain-check)"
89.124.115.149 - - [05/May/2026:12:48:10 +0000] "GET /wp-json/oembed/1.0/embed?url=https%3A%2F%2Fnipponiacaribe.com%2Fbrutus-300%2F& HTTP/1.1" 200 1308 "-" "WebScraperBot/0.1 (+domain-check)"
89.124.115.149 - - [05/May/2026:12:48:12 +0000] "GET /?p=134 HTTP/1.1" 301 - "-" "WebScraperBot/0.1 (+domain-check)"
89.124.115.149 - - [05/May/2026:12:48:14 +0000] "GET /contact/ HTTP/1.1" 200 17088 "https://nipponiacaribe.com/?p=134" "WebScraperBot/0.1 (+domain-check)"
89.124.115.149 - - [05/May/2026:12:48:17 +0000] "GET /wp-json/oembed/1.0/embed?url=https%3A%2F%2Fnipponiacaribe.com%2Fvps125%2F& HTTP/1.1" 200 1270 "-" "WebScraperBot/0.1 (+domain-check)"
89.124.115.149 - - [05/May/2026:12:48:20 +0000] "GET /wp-json/oembed/1.0/embed?url=https%3A%2F%2Fnipponiacaribe.com%2Fvehiculos-todo-terreno-2%2F& HTTP/1.1" 200 1314 "-" "WebScraperBot/0.1 (+domain-check)"
89.124.115.149 - - [05/May/2026:12:48:22 +0000] "GET /wp-content/uploads/elementor/css/post-6505.css?ver=1772184198 HTTP/1.1" 200 1122 "-" "WebScraperBot/0.1 (+domain-check)"
89.124.115.149 - - [05/May/2026:12:48:22 +0000] "GET /wp-json/oembed/1.0/embed?url=https%3A%2F%2Fnipponiacaribe.com%2Fnp200-3%2F HTTP/1.1" 200 1293 "-" "WebScraperBot/0.1 (+domain-check)"
89.124.115.149 - - [05/May/2026:12:48:24 +0000] "GET /comments/feed/ HTTP/1.1" 200 422 "-" "WebScraperBot/0.1 (+domain-check)"
89.124.115.149 - - [05/May/2026:12:48:27 +0000] "GET /wp-json/oembed/1.0/embed?url=https%3A%2F%2Fnipponiacaribe.com%2Fbrio-110-aros-de-rayos%2F& HTTP/1.1" 200 1317 "-" "WebScraperBot/0.1 (+domain-check)"
89.124.115.149 - - [05/May/2026:12:48:29 +0000] "GET /wp-content/uploads/elementor/css/post-6471.css?ver=1772184476 HTTP/1.1" 200 844 "-" "WebScraperBot/0.1 (+domain-check)"
89.124.115.149 - - [05/May/2026:12:48:29 +0000] "GET /wp-json/oembed/1.0/embed?url=https%3A%2F%2Fnipponiacaribe.com%2Fdiva-150-2%2F& HTTP/1.1" 200 1277 "-" "WebScraperBot/0.1 (+domain-check)"
89.124.115.149 - - [05/May/2026:12:48:32 +0000] "GET /wp-json/wp/v2/pages/4038 HTTP/1.1" 200 6112 "-" "WebScraperBot/0.1 (+domain-check)"
89.124.115.149 - - [05/May/2026:12:48:35 +0000] "GET /wp-json/oembed/1.0/embed?url=https%3A%2F%2Fnipponiacaribe.com%2Fpresencia-mundial-de-nipponia%2F& HTTP/1.1" 200 1216 "-" "WebScraperBot/0.1 (+domain-check)"
89.124.115.149 - - [05/May/2026:12:48:38 +0000] "GET /wp-includes/css/dashicons.min.css?ver=6.9.4 HTTP/1.1" 200 35721 "-" "WebScraperBot/0.1 (+domain-check)"
89.124.115.149 - - [05/May/2026:12:48:38 +0000] "GET /wp-includes/css/dist/block-library/style.min.css?ver=6.9.4 HTTP/1.1" 200 15916 "-" "WebScraperBot/0.1 (+domain-check)"
89.124.115.149 - - [05/May/2026:12:48:38 +0000] "GET /wp-content/uploads/elementor/css/post-5547.css?ver=1761815789 HTTP/1.1" 200 889 "-" "WebScraperBot/0.1 (+domain-check)"
89.124.115.149 - - [05/May/2026:12:48:38 +0000] "GET /?p=6505 HTTP/1.1" 301 - "-" "WebScraperBot/0.1 (+domain-check)"
89.124.115.149 - - [05/May/2026:12:48:40 +0000] "GET /adv-350/ HTTP/1.1" 200 19438 "https://nipponiacaribe.com/?p=6505" "WebScraperBot/0.1 (+domain-check)"
89.124.115.149 - - [05/May/2026:12:48:44 +0000] "GET /wp-json/oembed/1.0/embed?url=https%3A%2F%2Fnipponiacaribe.com%2Ffantasy-150%2F& HTTP/1.1" 200 1279 "-" "WebScraperBot/0.1 (+domain-check)"
89.124.115.149 - - [05/May/2026:12:48:46 +0000] "GET /wp-json/wp/v2/pages/6873 HTTP/1.1" 200 5776 "-" "WebScraperBot/0.1 (+domain-check)"
89.124.115.149 - - [05/May/2026:12:48:49 +0000] "GET /wp-json/oembed/1.0/embed?url=https%3A%2F%2Fnipponiacaribe.com%2Fpatron125%2F HTTP/1.1" 200 1345 "-" "WebScraperBot/0.1 (+domain-check)"
89.124.115.149 - - [05/May/2026:12:48:52 +0000] "GET /wp-content/uploads/elementor/css/post-4038.css?ver=1754297142 HTTP/1.1" 200 788 "-" "WebScraperBot/0.1 (+domain-check)"
20.123.172.228 - - [05/May/2026:12:48:54 +0000] "POST /wp-cron.php?doing_wp_cron=1777985334.4918038845062255859375 HTTP/1.1" 200 - "-" "WordPress/6.9.4; https://nipponiacaribe.com"
89.124.115.149 - - [05/May/2026:12:48:52 +0000] "GET /wp-json/oembed/1.0/embed?url=https%3A%2F%2Fnipponiacaribe.com%2Ftn-200%2F& HTTP/1.1" 200 1278 "-" "WebScraperBot/0.1 (+domain-check)"
89.124.115.149 - - [05/May/2026:12:48:54 +0000] "GET /wp-json/wp/v2/pages/226 HTTP/1.1" 200 3557 "-" "WebScraperBot/0.1 (+domain-check)"
89.124.115.149 - - [05/May/2026:12:48:57 +0000] "GET /wp-json/oembed/1.0/embed?url=https%3A%2F%2Fnipponiacaribe.com%2Fbs-max-150%2F HTTP/1.1" 200 1289 "-" "WebScraperBot/0.1 (+domain-check)"
89.124.115.149 - - [05/May/2026:12:48:59 +0000] "GET /wp-content/uploads/elementor/css/post-4203.css?ver=1771247373 HTTP/1.1" 200 793 "-" "WebScraperBot/0.1 (+domain-check)"
162.120.185.250 - - [05/May/2026:12:48:59 +0000] "GET /tn-250/ HTTP/1.1" 200 18906 "https://www.google.com/" "Mozilla/5.0 (Linux; Android 10; K) AppleWebKit/537.36 (KHTML, like Gecko) Chrome/147.0.0.0 Mobile Safari/537.36"
89.124.115.149 - - [05/May/2026:12:48:59 +0000] "GET /wp-json/wp/v2/pages/3136 HTTP/1.1" 200 9714 "-" "WebScraperBot/0.1 (+domain-check)"
89.124.115.149 - - [05/May/2026:12:49:03 +0000] "GET / HTTP/1.1" 200 18522 "-" "WebScraperBot/0.1 (+domain-check)"
89.124.115.149 - - [05/May/2026:12:49:06 +0000] "GET /wp-json/oembed/1.0/embed?url=https%3A%2F%2Fnipponiacaribe.com%2Fspace110%2F& HTTP/1.1" 200 1346 "-" "WebScraperBot/0.1 (+domain-check)"
89.124.115.149 - - [05/May/2026:12:49:08 +0000] "GET /wp-json/oembed/1.0/embed?url=https%3A%2F%2Fnipponiacaribe.com%2Fpresencia-mundial-de-nipponia%2F HTTP/1.1" 200 1214 "-" "WebScraperBot/0.1 (+domain-check)"
162.120.185.250 - - [05/May/2026:12:49:09 +0000] "GET /tn-250/ HTTP/1.1" 200 18906 "https://www.google.com/" "Mozilla/5.0 (Linux; Android 10; K) AppleWebKit/537.36 (KHTML, like Gecko) Chrome/147.0.0.0 Mobile Safari/537.36"
89.124.115.149 - - [05/May/2026:12:49:10 +0000] "GET /?p=4243 HTTP/1.1" 301 - "-" "WebScraperBot/0.1 (+domain-check)"
89.124.115.149 - - [05/May/2026:12:49:13 +0000] "GET /enzo-110/ HTTP/1.1" 200 18453 "https://nipponiacaribe.com/?p=4243" "WebScraperBot/0.1 (+domain-check)"
89.124.115.149 - - [05/May/2026:12:49:17 +0000] "GET /wp-content/uploads/elementor/css/post-543.css?ver=1687567235 HTTP/1.1" 200 87 "-" "WebScraperBot/0.1 (+domain-check)"
89.124.115.149 - - [05/May/2026:12:49:17 +0000] "GET /wp-json/wp/v2/pages/3995 HTTP/1.1" 200 6366 "-" "WebScraperBot/0.1 (+domain-check)"
89.124.115.149 - - [05/May/2026:12:49:21 +0000] "GET /wp-content/uploads/elementor/css/post-6154.css?ver=1763687397 HTTP/1.1" 200 213 "-" "WebScraperBot/0.1 (+domain-check)"
89.124.115.149 - - [05/May/2026:12:49:21 +0000] "GET /wp-content/uploads/elementor/css/post-1016.css?ver=1754297046 HTTP/1.1" 200 788 "-" "WebScraperBot/0.1 (+domain-check)"
89.124.115.149 - - [05/May/2026:12:49:21 +0000] "GET /wp-json/oembed/1.0/embed?url=https%3A%2F%2Fnipponiacaribe.com%2Fcontact%2F& HTTP/1.1" 200 1216 "-" "WebScraperBot/0.1 (+domain-check)"
89.124.115.149 - - [05/May/2026:12:49:23 +0000] "GET /wp-content/plugins/ninja-forms/assets/css/flatpickr.css?ver=6.9.4 HTTP/1.1" 200 3011 "-" "WebScraperBot/0.1 (+domain-check)"
89.124.115.149 - - [05/May/2026:12:49:23 +0000] "GET /wp-json/wp/v2/pages/181 HTTP/1.1" 200 2744 "-" "WebScraperBot/0.1 (+domain-check)"
190.167.164.68 - - [05/May/2026:12:49:47 +0000] "GET /patron125/ HTTP/1.1" 200 19799 "https://www.google.com/" "Mozilla/5.0 (iPhone; CPU iPhone OS 18_7 like Mac OS X) AppleWebKit/605.1.15 (KHTML, like Gecko) Version/26.2 Mobile/15E148 Safari/604.1"
190.167.164.68 - - [05/May/2026:12:49:49 +0000] "GET /patron125/ HTTP/1.1" 200 19799 "https://www.google.com/" "Mozilla/5.0 (iPhone; CPU iPhone OS 18_7 like Mac OS X) AppleWebKit/605.1.15 (KHTML, like Gecko) Version/26.2 Mobile/15E148 Safari/604.1"
190.167.164.68 - - [05/May/2026:12:49:51 +0000] "GET /patron125/ HTTP/1.1" 200 19799 "https://www.google.com/" "Mozilla/5.0 (iPhone; CPU iPhone OS 18_7 like Mac OS X) AppleWebKit/605.1.15 (KHTML, like Gecko) Version/26.2 Mobile/15E148 Safari/604.1"
190.167.164.68 - - [05/May/2026:12:49:51 +0000] "GET /patron125/ HTTP/1.1" 200 19799 "https://www.google.com/" "Mozilla/5.0 (iPhone; CPU iPhone OS 18_7 like Mac OS X) AppleWebKit/605.1.15 (KHTML, like Gecko) Version/26.2 Mobile/15E148 Safari/604.1"
190.167.164.68 - - [05/May/2026:12:49:54 +0000] "GET /patron125/ HTTP/1.1" 200 19799 "https://www.google.com/" "Mozilla/5.0 (iPhone; CPU iPhone OS 18_7 like Mac OS X) AppleWebKit/605.1.15 (KHTML, like Gecko) Version/26.2 Mobile/15E148 Safari/604.1"
190.167.164.68 - - [05/May/2026:12:49:58 +0000] "GET /wp-content/themes/airi/css/bootstrap/bootstrap.min.css?ver=1 HTTP/1.1" 200 20519 "https://nipponiacaribe.com/patron125/" "Mozilla/5.0 (iPhone; CPU iPhone OS 18_7 like Mac OS X) AppleWebKit/605.1.15 (KHTML, like Gecko) Version/26.2 Mobile/15E148 Safari/604.1"
190.167.164.68 - - [05/May/2026:12:49:58 +0000] "GET /wp-content/themes/airi-child/style.css?ver=6.9.4 HTTP/1.1" 200 186 "https://nipponiacaribe.com/patron125/" "Mozilla/5.0 (iPhone; CPU iPhone OS 18_7 like Mac OS X) AppleWebKit/605.1.15 (KHTML, like Gecko) Version/26.2 Mobile/15E148 Safari/604.1"
190.167.164.68 - - [05/May/2026:12:49:59 +0000] "GET /wp-content/themes/airi/css/font-awesome/css/all.min.css?ver=6.9.4 HTTP/1.1" 200 12863 "https://nipponiacaribe.com/patron125/" "Mozilla/5.0 (iPhone; CPU iPhone OS 18_7 like Mac OS X) AppleWebKit/605.1.15 (KHTML, like Gecko) Version/26.2 Mobile/15E148 Safari/604.1"
190.167.164.68 - - [05/May/2026:12:49:59 +0000] "GET /wp-content/plugins/tablepress/css/build/default.css?ver=2.0.4 HTTP/1.1" 200 2442 "https://nipponiacaribe.com/patron125/" "Mozilla/5.0 (iPhone; CPU iPhone OS 18_7 like Mac OS X) AppleWebKit/605.1.15 (KHTML, like Gecko) Version/26.2 Mobile/15E148 Safari/604.1"
190.167.164.68 - - [05/May/2026:12:49:59 +0000] "GET /wp-includes/css/dist/block-library/style.min.css?ver=6.9.4 HTTP/1.1" 200 15916 "https://nipponiacaribe.com/patron125/" "Mozilla/5.0 (iPhone; CPU iPhone OS 18_7 like Mac OS X) AppleWebKit/605.1.15 (KHTML, like Gecko) Version/26.2 Mobile/15E148 Safari/604.1"
190.167.164.68 - - [05/May/2026:12:49:59 +0000] "GET /wp-content/plugins/contact-form-7/includes/css/styles.css?ver=5.7.7 HTTP/1.1" 200 1004 "https://nipponiacaribe.com/patron125/" "Mozilla/5.0 (iPhone; CPU iPhone OS 18_7 like Mac OS X) AppleWebKit/605.1.15 (KHTML, like Gecko) Version/26.2 Mobile/15E148 Safari/604.1"
190.167.164.68 - - [05/May/2026:12:49:59 +0000] "GET /wp-content/plugins/wp-store-locator/css/styles.min.css?ver=2.2.235 HTTP/1.1" 200 3368 "https://nipponiacaribe.com/patron125/" "Mozilla/5.0 (iPhone; CPU iPhone OS 18_7 like Mac OS X) AppleWebKit/605.1.15 (KHTML, like Gecko) Version/26.2 Mobile/15E148 Safari/604.1"
190.167.164.68 - - [05/May/2026:12:49:59 +0000] "GET /wp-content/themes/airi/style.css?ver=6.9.4 HTTP/1.1" 200 16952 "https://nipponiacaribe.com/patron125/" "Mozilla/5.0 (iPhone; CPU iPhone OS 18_7 like Mac OS X) AppleWebKit/605.1.15 (KHTML, like Gecko) Version/26.2 Mobile/15E148 Safari/604.1"
190.167.164.68 - - [05/May/2026:12:49:59 +0000] "GET /wp-content/plugins/elementor/assets/lib/eicons/css/elementor-icons.min.css?ver=5.17.0 HTTP/1.1" 200 3969 "https://nipponiacaribe.com/patron125/" "Mozilla/5.0 (iPhone; CPU iPhone OS 18_7 like Mac OS X) AppleWebKit/605.1.15 (KHTML, like Gecko) Version/26.2 Mobile/15E148 Safari/604.1"
190.167.164.68 - - [05/May/2026:12:49:59 +0000] "GET /wp-content/plugins/elementor/assets/css/frontend.min.css?ver=3.10.1 HTTP/1.1" 200 19457 "https://nipponiacaribe.com/patron125/" "Mozilla/5.0 (iPhone; CPU iPhone OS 18_7 like Mac OS X) AppleWebKit/605.1.15 (KHTML, like Gecko) Version/26.2 Mobile/15E148 Safari/604.1"
190.167.164.68 - - [05/May/2026:12:50:01 +0000] "GET /wp-content/uploads/elementor/css/post-158.css?ver=1687530570 HTTP/1.1" 200 442 "https://nipponiacaribe.com/patron125/" "Mozilla/5.0 (iPhone; CPU iPhone OS 18_7 like Mac OS X) AppleWebKit/605.1.15 (KHTML, like Gecko) Version/26.2 Mobile/15E148 Safari/604.1"
190.167.164.68 - - [05/May/2026:12:50:01 +0000] "GET /wp-content/plugins/elementor-pro/assets/css/frontend.min.css?ver=3.8.2 HTTP/1.1" 200 42398 "https://nipponiacaribe.com/patron125/" "Mozilla/5.0 (iPhone; CPU iPhone OS 18_7 like Mac OS X) AppleWebKit/605.1.15 (KHTML, like Gecko) Version/26.2 Mobile/15E148 Safari/604.1"
190.167.164.68 - - [05/May/2026:12:50:02 +0000] "GET /wp-content/uploads/elementor/css/post-6618.css?ver=1772185851 HTTP/1.1" 200 950 "https://nipponiacaribe.com/patron125/" "Mozilla/5.0 (iPhone; CPU iPhone OS 18_7 like Mac OS X) AppleWebKit/605.1.15 (KHTML, like Gecko) Version/26.2 Mobile/15E148 Safari/604.1"
190.167.164.68 - - [05/May/2026:12:50:02 +0000] "GET /wp-includes/js/jquery/jquery.min.js?ver=3.7.1 HTTP/1.1" 200 30368 "https://nipponiacaribe.com/patron125/" "Mozilla/5.0 (iPhone; CPU iPhone OS 18_7 like Mac OS X) AppleWebKit/605.1.15 (KHTML, like Gecko) Version/26.2 Mobile/15E148 Safari/604.1"
190.167.164.68 - - [05/May/2026:12:50:02 +0000] "GET /wp-includes/js/jquery/jquery-migrate.min.js?ver=3.4.1 HTTP/1.1" 200 4872 "https://nipponiacaribe.com/patron125/" "Mozilla/5.0 (iPhone; CPU iPhone OS 18_7 like Mac OS X) AppleWebKit/605.1.15 (KHTML, like Gecko) Version/26.2 Mobile/15E148 Safari/604.1"
190.167.164.68 - - [05/May/2026:12:50:02 +0000] "GET /wp-content/plugins/airi-pro//js/swiper-bundle.min.js?ver=20220328 HTTP/1.1" 200 38674 "https://nipponiacaribe.com/patron125/" "Mozilla/5.0 (iPhone; CPU iPhone OS 18_7 like Mac OS X) AppleWebKit/605.1.15 (KHTML, like Gecko) Version/26.2 Mobile/15E148 Safari/604.1"
