79.107.27.66 - - [05/May/2026:16:03:17 +0000] "GET /wp-content/plugins/elementor/assets/js/media-hints.min.js?ver=4.0.6 HTTP/1.1" 304 - "https://nipponiacaribe.com/wp-admin/" "Mozilla/5.0 (Windows NT 10.0; Win64; x64) AppleWebKit/537.36 (KHTML, like Gecko) Chrome/147.0.0.0 Safari/537.36"
79.107.27.66 - - [05/May/2026:16:03:17 +0000] "GET /wp-content/plugins/kirki/customizer/packages/modules/webfonts/src/assets/scripts/vendor-typekit/webfontloader.js?ver=3.0.28 HTTP/1.1" 304 - "https://nipponiacaribe.com/wp-admin/" "Mozilla/5.0 (Windows NT 10.0; Win64; x64) AppleWebKit/537.36 (KHTML, like Gecko) Chrome/147.0.0.0 Safari/537.36"
79.107.27.66 - - [05/May/2026:16:03:17 +0000] "GET /wp-json/wp/v2/ HTTP/1.1" 200 13266 "https://nipponiacaribe.com/wp-admin/" "Mozilla/5.0 (Windows NT 10.0; Win64; x64) AppleWebKit/537.36 (KHTML, like Gecko) Chrome/147.0.0.0 Safari/537.36"
79.107.27.66 - - [05/May/2026:16:03:17 +0000] "GET /wp-json/yoast/v1/statistics HTTP/1.1" 200 265 "https://nipponiacaribe.com/wp-admin/" "Mozilla/5.0 (Windows NT 10.0; Win64; x64) AppleWebKit/537.36 (KHTML, like Gecko) Chrome/147.0.0.0 Safari/537.36"
79.107.27.66 - - [05/May/2026:16:03:30 +0000] "GET /wp-content/plugins/kirki/assets/images/kirki-hovered-20X20.svg HTTP/1.1" 304 - "https://nipponiacaribe.com/wp-admin/" "Mozilla/5.0 (Windows NT 10.0; Win64; x64) AppleWebKit/537.36 (KHTML, like Gecko) Chrome/147.0.0.0 Safari/537.36"
189.39.245.163 - - [05/May/2026:16:03:28 +0000] "GET /bn-150/ HTTP/1.1" 200 21843 "-" "Mozilla/5.0 (Android 1.5; Mobile; rv:46.0) Gecko/46.0 Firefox/46.0"
79.107.27.66 - - [05/May/2026:16:03:33 +0000] "GET /wp-admin/update-core.php HTTP/1.1" 200 54220 "https://nipponiacaribe.com/wp-admin/" "Mozilla/5.0 (Windows NT 10.0; Win64; x64) AppleWebKit/537.36 (KHTML, like Gecko) Chrome/147.0.0.0 Safari/537.36"
79.107.27.66 - - [05/May/2026:16:03:43 +0000] "POST /wp-admin/update-core.php?action=do-theme-upgrade HTTP/1.1" 200 53068 "https://nipponiacaribe.com/wp-admin/update-core.php" "Mozilla/5.0 (Windows NT 10.0; Win64; x64) AppleWebKit/537.36 (KHTML, like Gecko) Chrome/147.0.0.0 Safari/537.36"
79.107.27.66 - - [05/May/2026:16:03:47 +0000] "GET /wp-admin/update.php?action=update-selected-themes&themes=twentynineteen%2Ctwentytwentyfive%2Ctwentytwentyfour%2Ctwentytwentythree%2Ctwentytwentytwo&_wpnonce=50020ff41b HTTP/1.1" 200 43366 "https://nipponiacaribe.com/wp-admin/update-core.php?action=do-theme-upgrade" "Mozilla/5.0 (Windows NT 10.0; Win64; x64) AppleWebKit/537.36 (KHTML, like Gecko) Chrome/147.0.0.0 Safari/537.36"
79.107.27.66 - - [05/May/2026:16:04:00 +0000] "GET /wp-admin/load-styles.php?c=0&dir=ltr&load%5Bchunk_0%5D=dashicons,wp-pointer,common,forms,admin-menu,dashboard,list-tables,edit,revisions,media,themes,about,nav-menus,widgets,site-icon&load%5Bchunk_1%5D=,l10n,buttons,wp-components,wp-commands&ver=6.9.4 HTTP/1.1" 200 115770 "https://nipponiacaribe.com/wp-admin/update.php?action=update-selected-themes&themes=twentynineteen%2Ctwentytwentyfive%2Ctwentytwentyfour%2Ctwentytwentythree%2Ctwentytwentytwo&_wpnonce=50020ff41b" "Mozilla/5.0 (Windows NT 10.0; Win64; x64) AppleWebKit/537.36 (KHTML, like Gecko) Chrome/147.0.0.0 Safari/537.36"
20.123.172.228 - - [05/May/2026:16:04:13 +0000] "POST /wp-cron.php?doing_wp_cron=1777997053.5618619918823242187500 HTTP/1.1" 200 - "-" "WordPress/6.9.4; https://nipponiacaribe.com"
79.107.27.66 - - [05/May/2026:16:04:09 +0000] "GET /wp-admin/admin.php?page=Wordfence HTTP/1.1" 200 92217 "https://nipponiacaribe.com/wp-admin/update-core.php?action=do-theme-upgrade" "Mozilla/5.0 (Windows NT 10.0; Win64; x64) AppleWebKit/537.36 (KHTML, like Gecko) Chrome/147.0.0.0 Safari/537.36"
79.107.27.66 - - [05/May/2026:16:04:14 +0000] "GET /wp-content/plugins/wordfence/css/wf-roboto-font.1777414075.css?ver=8.2.0 HTTP/1.1" 304 - "https://nipponiacaribe.com/wp-admin/admin.php?page=Wordfence" "Mozilla/5.0 (Windows NT 10.0; Win64; x64) AppleWebKit/537.36 (KHTML, like Gecko) Chrome/147.0.0.0 Safari/537.36"
79.107.27.66 - - [05/May/2026:16:04:14 +0000] "GET /wp-content/plugins/wordfence/css/main.1777414075.css?ver=8.2.0 HTTP/1.1" 304 - "https://nipponiacaribe.com/wp-admin/admin.php?page=Wordfence" "Mozilla/5.0 (Windows NT 10.0; Win64; x64) AppleWebKit/537.36 (KHTML, like Gecko) Chrome/147.0.0.0 Safari/537.36"
79.107.27.66 - - [05/May/2026:16:04:14 +0000] "GET /wp-content/plugins/wordfence/css/wf-ionicons.1777414075.css?ver=8.2.0 HTTP/1.1" 304 - "https://nipponiacaribe.com/wp-admin/admin.php?page=Wordfence" "Mozilla/5.0 (Windows NT 10.0; Win64; x64) AppleWebKit/537.36 (KHTML, like Gecko) Chrome/147.0.0.0 Safari/537.36"
79.107.27.66 - - [05/May/2026:16:04:14 +0000] "GET /wp-content/plugins/wordfence/css/license/free.1777414075.css?ver=6.9.4 HTTP/1.1" 304 - "https://nipponiacaribe.com/wp-admin/admin.php?page=Wordfence" "Mozilla/5.0 (Windows NT 10.0; Win64; x64) AppleWebKit/537.36 (KHTML, like Gecko) Chrome/147.0.0.0 Safari/537.36"
79.107.27.66 - - [05/May/2026:16:04:14 +0000] "GET /wp-content/plugins/wordfence/css/wf-onboarding.1777414075.css?ver=8.2.0 HTTP/1.1" 304 - "https://nipponiacaribe.com/wp-admin/admin.php?page=Wordfence" "Mozilla/5.0 (Windows NT 10.0; Win64; x64) AppleWebKit/537.36 (KHTML, like Gecko) Chrome/147.0.0.0 Safari/537.36"
79.107.27.66 - - [05/May/2026:16:04:10 +0000] "GET /wp-admin/admin.php?page=Wordfence HTTP/1.1" 200 92217 "https://nipponiacaribe.com/wp-admin/update-core.php?action=do-theme-upgrade" "Mozilla/5.0 (Windows NT 10.0; Win64; x64) AppleWebKit/537.36 (KHTML, like Gecko) Chrome/147.0.0.0 Safari/537.36"
79.107.27.66 - - [05/May/2026:16:04:14 +0000] "GET /wp-content/plugins/wordfence/js/jquery.qrcode.min.1777414075.js?ver=8.2.0 HTTP/1.1" 304 - "https://nipponiacaribe.com/wp-admin/admin.php?page=Wordfence" "Mozilla/5.0 (Windows NT 10.0; Win64; x64) AppleWebKit/537.36 (KHTML, like Gecko) Chrome/147.0.0.0 Safari/537.36"
79.107.27.66 - - [05/May/2026:16:04:14 +0000] "GET /wp-content/plugins/wordfence/js/wfdropdown.1777414075.js?ver=8.2.0 HTTP/1.1" 304 - "https://nipponiacaribe.com/wp-admin/admin.php?page=Wordfence" "Mozilla/5.0 (Windows NT 10.0; Win64; x64) AppleWebKit/537.36 (KHTML, like Gecko) Chrome/147.0.0.0 Safari/537.36"
79.107.27.66 - - [05/May/2026:16:04:14 +0000] "GET /wp-content/plugins/wordfence/js/admin.1777414075.js?ver=8.2.0 HTTP/1.1" 304 - "https://nipponiacaribe.com/wp-admin/admin.php?page=Wordfence" "Mozilla/5.0 (Windows NT 10.0; Win64; x64) AppleWebKit/537.36 (KHTML, like Gecko) Chrome/147.0.0.0 Safari/537.36"
79.107.27.66 - - [05/May/2026:16:04:14 +0000] "GET /wp-content/plugins/wordfence/js/wordfence.1777414075.js?ver=8.2.0 HTTP/1.1" 304 - "https://nipponiacaribe.com/wp-admin/admin.php?page=Wordfence" "Mozilla/5.0 (Windows NT 10.0; Win64; x64) AppleWebKit/537.36 (KHTML, like Gecko) Chrome/147.0.0.0 Safari/537.36"
79.107.27.66 - - [05/May/2026:16:04:14 +0000] "GET /wp-content/plugins/wordfence/js/chart.umd.1777414075.js?ver=4.2.1 HTTP/1.1" 304 - "https://nipponiacaribe.com/wp-admin/admin.php?page=Wordfence" "Mozilla/5.0 (Windows NT 10.0; Win64; x64) AppleWebKit/537.36 (KHTML, like Gecko) Chrome/147.0.0.0 Safari/537.36"
79.107.27.66 - - [05/May/2026:16:04:14 +0000] "GET /wp-content/plugins/wordfence/fonts/roboto-KFOkCnqEu92Fr1Mu51xIIzQXKMny.woff HTTP/1.1" 304 - "https://nipponiacaribe.com/wp-content/plugins/wordfence/css/wf-roboto-font.1777414075.css?ver=8.2.0" "Mozilla/5.0 (Windows NT 10.0; Win64; x64) AppleWebKit/537.36 (KHTML, like Gecko) Chrome/147.0.0.0 Safari/537.36"
79.107.27.66 - - [05/May/2026:16:04:14 +0000] "GET /wp-content/plugins/wordfence/js/vue.esm-browser.prod.1777414075.js HTTP/1.1" 304 - "https://nipponiacaribe.com/wp-content/plugins/wordfence/js/wordfence.1777414075.js?ver=8.2.0" "Mozilla/5.0 (Windows NT 10.0; Win64; x64) AppleWebKit/537.36 (KHTML, like Gecko) Chrome/147.0.0.0 Safari/537.36"
79.107.27.66 - - [05/May/2026:16:04:15 +0000] "GET /wp-content/plugins/wordfence/images/wf-central-logo.svg HTTP/1.1" 304 - "https://nipponiacaribe.com/wp-admin/admin.php?page=Wordfence" "Mozilla/5.0 (Windows NT 10.0; Win64; x64) AppleWebKit/537.36 (KHTML, like Gecko) Chrome/147.0.0.0 Safari/537.36"
79.107.27.66 - - [05/May/2026:16:04:15 +0000] "GET /wp-content/plugins/wordfence/fonts/roboto-KFOlCnqEu92Fr1MmSU5fBBc-AMP6lQ.woff HTTP/1.1" 304 - "https://nipponiacaribe.com/wp-content/plugins/wordfence/css/wf-roboto-font.1777414075.css?ver=8.2.0" "Mozilla/5.0 (Windows NT 10.0; Win64; x64) AppleWebKit/537.36 (KHTML, like Gecko) Chrome/147.0.0.0 Safari/537.36"
72.14.201.217 - - [05/May/2026:16:04:36 +0000] "GET /miro-ii-110/ HTTP/1.1" 200 18946 "https://www.google.com/" "Mozilla/5.0 (Linux; Android 10; K) AppleWebKit/537.36 (KHTML, like Gecko) Chrome/147.0.0.0 Mobile Safari/537.36"
79.107.27.66 - - [05/May/2026:16:04:53 +0000] "GET /wp-admin/admin.php?page=WFLS HTTP/1.1" 200 97731 "https://nipponiacaribe.com/wp-admin/admin.php?page=Wordfence" "Mozilla/5.0 (Windows NT 10.0; Win64; x64) AppleWebKit/537.36 (KHTML, like Gecko) Chrome/147.0.0.0 Safari/537.36"
79.107.27.66 - - [05/May/2026:16:04:56 +0000] "GET /wp-content/plugins/wordfence/modules/login-security/js/jquery.qrcode.min.1777414075.js?ver=1.1.16 HTTP/1.1" 200 4751 "https://nipponiacaribe.com/wp-admin/admin.php?page=WFLS" "Mozilla/5.0 (Windows NT 10.0; Win64; x64) AppleWebKit/537.36 (KHTML, like Gecko) Chrome/147.0.0.0 Safari/537.36"
79.107.27.66 - - [05/May/2026:16:04:56 +0000] "GET /wp-content/plugins/wordfence/modules/login-security/css/admin.1777414075.css?ver=1.1.16 HTTP/1.1" 200 28163 "https://nipponiacaribe.com/wp-admin/admin.php?page=WFLS" "Mozilla/5.0 (Windows NT 10.0; Win64; x64) AppleWebKit/537.36 (KHTML, like Gecko) Chrome/147.0.0.0 Safari/537.36"
79.107.27.66 - - [05/May/2026:16:04:56 +0000] "GET /wp-content/plugins/wordfence/modules/login-security/js/admin.1777414075.js?ver=1.1.16 HTTP/1.1" 200 3664 "https://nipponiacaribe.com/wp-admin/admin.php?page=WFLS" "Mozilla/5.0 (Windows NT 10.0; Win64; x64) AppleWebKit/537.36 (KHTML, like Gecko) Chrome/147.0.0.0 Safari/537.36"
79.107.27.66 - - [05/May/2026:16:04:56 +0000] "GET /wp-content/plugins/wordfence/modules/login-security/js/wflsi18n.1777414075.js?ver=1.1.16 HTTP/1.1" 200 2101 "https://nipponiacaribe.com/wp-admin/admin.php?page=WFLS" "Mozilla/5.0 (Windows NT 10.0; Win64; x64) AppleWebKit/537.36 (KHTML, like Gecko) Chrome/147.0.0.0 Safari/537.36"
79.107.27.66 - - [05/May/2026:16:04:56 +0000] "GET /wp-content/plugins/wordfence/modules/login-security/css/ionicons.1777414075.css?ver=1.1.16 HTTP/1.1" 200 77769 "https://nipponiacaribe.com/wp-admin/admin.php?page=WFLS" "Mozilla/5.0 (Windows NT 10.0; Win64; x64) AppleWebKit/537.36 (KHTML, like Gecko) Chrome/147.0.0.0 Safari/537.36"
79.107.27.66 - - [05/May/2026:16:04:56 +0000] "GET /wp-admin/load-styles.php?c=0&dir=ltr&load%5Bchunk_0%5D=dashicons,admin-bar,wp-pointer,common,forms,admin-menu,dashboard,list-tables,edit,revisions,media,themes,about,nav-menus,widgets&load%5Bchunk_1%5D=,site-icon,l10n,buttons,wp-auth-check,wp-components,wp-commands,wp-jquery-ui-dialog&ver=6.9.4 HTTP/1.1" 200 120428 "https://nipponiacaribe.com/wp-admin/admin.php?page=WFLS" "Mozilla/5.0 (Windows NT 10.0; Win64; x64) AppleWebKit/537.36 (KHTML, like Gecko) Chrome/147.0.0.0 Safari/537.36"
79.107.27.66 - - [05/May/2026:16:05:06 +0000] "GET /wp-admin/users.php HTTP/1.1" 200 55696 "https://nipponiacaribe.com/wp-admin/admin.php?page=WFLS" "Mozilla/5.0 (Windows NT 10.0; Win64; x64) AppleWebKit/537.36 (KHTML, like Gecko) Chrome/147.0.0.0 Safari/537.36"
79.107.27.66 - - [05/May/2026:16:05:07 +0000] "GET /wp-admin/users.php HTTP/1.1" 200 55696 "https://nipponiacaribe.com/wp-admin/admin.php?page=WFLS" "Mozilla/5.0 (Windows NT 10.0; Win64; x64) AppleWebKit/537.36 (KHTML, like Gecko) Chrome/147.0.0.0 Safari/537.36"
79.107.27.66 - - [05/May/2026:16:06:11 +0000] "POST /wp-admin/admin-ajax.php HTTP/1.1" 200 67 "https://nipponiacaribe.com/wp-admin/users.php" "Mozilla/5.0 (Windows NT 10.0; Win64; x64) AppleWebKit/537.36 (KHTML, like Gecko) Chrome/147.0.0.0 Safari/537.36"
79.107.27.66 - - [05/May/2026:16:06:19 +0000] "GET /wp-admin/user-edit.php?user_id=1&wp_http_referer=%2Fwp-admin%2Fusers.php HTTP/1.1" 200 59988 "https://nipponiacaribe.com/wp-admin/users.php" "Mozilla/5.0 (Windows NT 10.0; Win64; x64) AppleWebKit/537.36 (KHTML, like Gecko) Chrome/147.0.0.0 Safari/537.36"
79.107.27.66 - - [05/May/2026:16:06:23 +0000] "GET /wp-content/plugins/wordfence/modules/login-security/js/admin-global.1777414075.js?ver=1.1.16 HTTP/1.1" 200 895 "https://nipponiacaribe.com/wp-admin/user-edit.php?user_id=1&wp_http_referer=%2Fwp-admin%2Fusers.php" "Mozilla/5.0 (Windows NT 10.0; Win64; x64) AppleWebKit/537.36 (KHTML, like Gecko) Chrome/147.0.0.0 Safari/537.36"
79.107.27.66 - - [05/May/2026:16:06:23 +0000] "GET /wp-admin/load-scripts.php?c=0&load%5Bchunk_0%5D=jquery-core,jquery-migrate,utils,zxcvbn-async,wp-polyfill&ver=6.9.4 HTTP/1.1" 200 46649 "https://nipponiacaribe.com/wp-admin/user-edit.php?user_id=1&wp_http_referer=%2Fwp-admin%2Fusers.php" "Mozilla/5.0 (Windows NT 10.0; Win64; x64) AppleWebKit/537.36 (KHTML, like Gecko) Chrome/147.0.0.0 Safari/537.36"
79.107.27.66 - - [05/May/2026:16:07:01 +0000] "POST /wp-admin/admin-ajax.php HTTP/1.1" 200 70 "https://nipponiacaribe.com/wp-admin/user-edit.php?user_id=1&wp_http_referer=%2Fwp-admin%2Fusers.php" "Mozilla/5.0 (Windows NT 10.0; Win64; x64) AppleWebKit/537.36 (KHTML, like Gecko) Chrome/147.0.0.0 Safari/537.36"
79.107.27.66 - - [05/May/2026:16:07:24 +0000] "POST /wp-admin/admin-ajax.php HTTP/1.1" 200 67 "https://nipponiacaribe.com/wp-admin/user-edit.php?user_id=1&wp_http_referer=%2Fwp-admin%2Fusers.php" "Mozilla/5.0 (Windows NT 10.0; Win64; x64) AppleWebKit/537.36 (KHTML, like Gecko) Chrome/147.0.0.0 Safari/537.36"
79.107.27.66 - - [05/May/2026:16:07:25 +0000] "POST /wp-admin/user-edit.php HTTP/1.1" 302 - "https://nipponiacaribe.com/wp-admin/user-edit.php?user_id=1&wp_http_referer=%2Fwp-admin%2Fusers.php" "Mozilla/5.0 (Windows NT 10.0; Win64; x64) AppleWebKit/537.36 (KHTML, like Gecko) Chrome/147.0.0.0 Safari/537.36"
79.107.27.66 - - [05/May/2026:16:07:32 +0000] "GET /wp-admin/user-edit.php?user_id=1&updated=1&wp_http_referer=%2Fwp-admin%2Fusers.php HTTP/1.1" 200 60087 "https://nipponiacaribe.com/wp-admin/user-edit.php?user_id=1&wp_http_referer=%2Fwp-admin%2Fusers.php" "Mozilla/5.0 (Windows NT 10.0; Win64; x64) AppleWebKit/537.36 (KHTML, like Gecko) Chrome/147.0.0.0 Safari/537.36"
79.107.27.66 - - [05/May/2026:16:07:46 +0000] "GET /wp-admin/admin.php?page=WFLS HTTP/1.1" 200 97752 "https://nipponiacaribe.com/wp-admin/user-edit.php?user_id=1&wp_http_referer=%2Fwp-admin%2Fusers.php" "Mozilla/5.0 (Windows NT 10.0; Win64; x64) AppleWebKit/537.36 (KHTML, like Gecko) Chrome/147.0.0.0 Safari/537.36"
79.107.27.66 - - [05/May/2026:16:07:55 +0000] "POST /wp-admin/admin-ajax.php HTTP/1.1" 200 64 "https://nipponiacaribe.com/wp-admin/admin.php?page=WFLS" "Mozilla/5.0 (Windows NT 10.0; Win64; x64) AppleWebKit/537.36 (KHTML, like Gecko) Chrome/147.0.0.0 Safari/537.36"
79.107.27.66 - - [05/May/2026:16:08:35 +0000] "POST /wp-admin/admin-ajax.php HTTP/1.1" 200 36 "https://nipponiacaribe.com/wp-admin/admin.php?page=WFLS" "Mozilla/5.0 (Windows NT 10.0; Win64; x64) AppleWebKit/537.36 (KHTML, like Gecko) Chrome/147.0.0.0 Safari/537.36"
79.107.27.66 - - [05/May/2026:16:08:38 +0000] "GET /wp-admin/admin.php?page=WFLS HTTP/1.1" 200 97713 "https://nipponiacaribe.com/wp-admin/admin.php?page=WFLS" "Mozilla/5.0 (Windows NT 10.0; Win64; x64) AppleWebKit/537.36 (KHTML, like Gecko) Chrome/147.0.0.0 Safari/537.36"
79.107.27.66 - - [05/May/2026:16:08:52 +0000] "GET /wp-login.php?action=logout&_wpnonce=e532856cad HTTP/1.1" 302 - "https://nipponiacaribe.com/wp-admin/admin.php?page=WFLS" "Mozilla/5.0 (Windows NT 10.0; Win64; x64) AppleWebKit/537.36 (KHTML, like Gecko) Chrome/147.0.0.0 Safari/537.36"
79.107.27.66 - - [05/May/2026:16:08:55 +0000] "GET /wp-login.php?loggedout=true&wp_lang=en_US HTTP/1.1" 200 2308 "https://nipponiacaribe.com/wp-admin/admin.php?page=WFLS" "Mozilla/5.0 (Windows NT 10.0; Win64; x64) AppleWebKit/537.36 (KHTML, like Gecko) Chrome/147.0.0.0 Safari/537.36"
79.107.27.66 - - [05/May/2026:16:09:10 +0000] "POST /wp-login.php HTTP/1.1" 302 - "https://nipponiacaribe.com/wp-login.php?loggedout=true&wp_lang=en_US" "Mozilla/5.0 (Windows NT 10.0; Win64; x64) AppleWebKit/537.36 (KHTML, like Gecko) Chrome/147.0.0.0 Safari/537.36"
79.107.27.66 - - [05/May/2026:16:09:16 +0000] "GET /wp-admin/ HTTP/1.1" 200 71633 "https://nipponiacaribe.com/wp-login.php?loggedout=true&wp_lang=en_US" "Mozilla/5.0 (Windows NT 10.0; Win64; x64) AppleWebKit/537.36 (KHTML, like Gecko) Chrome/147.0.0.0 Safari/537.36"
79.107.27.66 - - [05/May/2026:16:09:19 +0000] "GET /wp-json/yoast/v1/statistics HTTP/1.1" 200 265 "https://nipponiacaribe.com/wp-admin/" "Mozilla/5.0 (Windows NT 10.0; Win64; x64) AppleWebKit/537.36 (KHTML, like Gecko) Chrome/147.0.0.0 Safari/537.36"
79.107.27.66 - - [05/May/2026:16:09:29 +0000] "POST /wp-admin/admin-ajax.php HTTP/1.1" 200 96 "https://nipponiacaribe.com/wp-admin/" "Mozilla/5.0 (Windows NT 10.0; Win64; x64) AppleWebKit/537.36 (KHTML, like Gecko) Chrome/147.0.0.0 Safari/537.36"
20.123.172.228 - - [05/May/2026:16:09:41 +0000] "GET /wp-json/wp/v2/types/post?context=edit HTTP/1.1" 200 2299 "-" "WordPress/6.9.4; https://nipponiacaribe.com"
79.107.27.66 - - [05/May/2026:16:09:38 +0000] "GET /wp-admin/site-health.php HTTP/1.1" 200 57059 "https://nipponiacaribe.com/wp-admin/" "Mozilla/5.0 (Windows NT 10.0; Win64; x64) AppleWebKit/537.36 (KHTML, like Gecko) Chrome/147.0.0.0 Safari/537.36"
79.107.27.66 - - [05/May/2026:16:09:45 +0000] "GET /wp-json/wp-site-health/v1/tests/dotorg-communication?_locale=user HTTP/1.1" 200 222 "https://nipponiacaribe.com/wp-admin/site-health.php" "Mozilla/5.0 (Windows NT 10.0; Win64; x64) AppleWebKit/537.36 (KHTML, like Gecko) Chrome/147.0.0.0 Safari/537.36"
79.107.27.66 - - [05/May/2026:16:09:48 +0000] "GET /wp-json/wp-site-health/v1/tests/background-updates?_locale=user HTTP/1.1" 200 210 "https://nipponiacaribe.com/wp-admin/site-health.php" "Mozilla/5.0 (Windows NT 10.0; Win64; x64) AppleWebKit/537.36 (KHTML, like Gecko) Chrome/147.0.0.0 Safari/537.36"
20.123.172.228 - - [05/May/2026:16:09:54 +0000] "POST /wp-cron.php HTTP/1.1" 200 - "-" "WordPress/6.9.4; https://nipponiacaribe.com"
79.107.27.66 - - [05/May/2026:16:09:51 +0000] "GET /wp-json/wp-site-health/v1/tests/loopback-requests?_locale=user HTTP/1.1" 200 227 "https://nipponiacaribe.com/wp-admin/site-health.php" "Mozilla/5.0 (Windows NT 10.0; Win64; x64) AppleWebKit/537.36 (KHTML, like Gecko) Chrome/147.0.0.0 Safari/537.36"
20.123.172.228 - - [05/May/2026:16:09:57 +0000] "GET / HTTP/1.1" 200 20591 "-" "WordPress/6.9.4; https://nipponiacaribe.com"
79.107.27.66 - - [05/May/2026:16:09:54 +0000] "GET /wp-json/wp-site-health/v1/tests/https-status?_locale=user HTTP/1.1" 200 483 "https://nipponiacaribe.com/wp-admin/site-health.php" "Mozilla/5.0 (Windows NT 10.0; Win64; x64) AppleWebKit/537.36 (KHTML, like Gecko) Chrome/147.0.0.0 Safari/537.36"
79.107.27.66 - - [05/May/2026:16:10:01 +0000] "GET /wp-json/wp-site-health/v1/tests/authorization-header?_locale=user HTTP/1.1" 200 228 "https://nipponiacaribe.com/wp-admin/site-health.php" "Mozilla/5.0 (Windows NT 10.0; Win64; x64) AppleWebKit/537.36 (KHTML, like Gecko) Chrome/147.0.0.0 Safari/537.36"
20.123.172.228 - - [05/May/2026:16:10:06 +0000] "GET / HTTP/1.1" 200 20591 "-" "WordPress/6.9.4; https://nipponiacaribe.com"
162.120.186.122 - - [05/May/2026:16:10:08 +0000] "GET /vrs-150/ HTTP/1.1" 200 20975 "https://www.google.com/" "Mozilla/5.0 (Linux; Android 10; K) AppleWebKit/537.36 (KHTML, like Gecko) Chrome/147.0.0.0 Mobile Safari/537.36"
20.123.172.228 - - [05/May/2026:16:10:09 +0000] "GET / HTTP/1.1" 200 20591 "-" "WordPress/6.9.4; https://nipponiacaribe.com"
20.123.172.228 - - [05/May/2026:16:10:12 +0000] "GET / HTTP/1.1" 200 20591 "-" "WordPress/6.9.4; https://nipponiacaribe.com"
79.107.27.66 - - [05/May/2026:16:10:04 +0000] "GET /wp-json/wp-site-health/v1/tests/page-cache?_locale=user HTTP/1.1" 200 718 "https://nipponiacaribe.com/wp-admin/site-health.php" "Mozilla/5.0 (Windows NT 10.0; Win64; x64) AppleWebKit/537.36 (KHTML, like Gecko) Chrome/147.0.0.0 Safari/537.36"
20.123.172.228 - - [05/May/2026:16:10:18 +0000] "GET /?timestamp=1777997418 HTTP/1.1" 200 20591 "-" "WordPress/6.9.4; https://nipponiacaribe.com"
79.107.27.66 - - [05/May/2026:16:10:16 +0000] "GET /wp-json/google-site-kit/v1/core/site/data/site-health-tag-placement-test?_locale=user HTTP/1.1" 200 173 "https://nipponiacaribe.com/wp-admin/site-health.php" "Mozilla/5.0 (Windows NT 10.0; Win64; x64) AppleWebKit/537.36 (KHTML, like Gecko) Chrome/147.0.0.0 Safari/537.36"
162.120.186.122 - - [05/May/2026:16:10:19 +0000] "GET /vrs-150/ HTTP/1.1" 200 20974 "https://www.google.com/" "Mozilla/5.0 (Linux; Android 10; K) AppleWebKit/537.36 (KHTML, like Gecko) Chrome/147.0.0.0 Mobile Safari/537.36"
79.107.27.66 - - [05/May/2026:16:10:21 +0000] "POST /wp-admin/admin-ajax.php HTTP/1.1" 200 36 "https://nipponiacaribe.com/wp-admin/site-health.php" "Mozilla/5.0 (Windows NT 10.0; Win64; x64) AppleWebKit/537.36 (KHTML, like Gecko) Chrome/147.0.0.0 Safari/537.36"
86.170.224.123 - - [05/May/2026:16:10:38 +0000] "GET /miro130-iii/ HTTP/1.1" 200 21310 "-" "Mozilla/5.0 (Windows; U; Windows 95) AppleWebKit/533.16.5 (KHTML, like Gecko) Version/5.0.3 Safari/533.16.5"
79.107.27.66 - - [05/May/2026:16:10:45 +0000] "POST /wp-admin/admin-ajax.php HTTP/1.1" 200 67 "https://nipponiacaribe.com/wp-admin/site-health.php" "Mozilla/5.0 (Windows NT 10.0; Win64; x64) AppleWebKit/537.36 (KHTML, like Gecko) Chrome/147.0.0.0 Safari/537.36"
79.107.27.66 - - [05/May/2026:16:11:45 +0000] "POST /wp-admin/admin-ajax.php HTTP/1.1" 200 67 "https://nipponiacaribe.com/wp-admin/site-health.php" "Mozilla/5.0 (Windows NT 10.0; Win64; x64) AppleWebKit/537.36 (KHTML, like Gecko) Chrome/147.0.0.0 Safari/537.36"
79.107.27.66 - - [05/May/2026:16:12:45 +0000] "POST /wp-admin/admin-ajax.php HTTP/1.1" 200 67 "https://nipponiacaribe.com/wp-admin/site-health.php" "Mozilla/5.0 (Windows NT 10.0; Win64; x64) AppleWebKit/537.36 (KHTML, like Gecko) Chrome/147.0.0.0 Safari/537.36"
66.249.66.6 - - [05/May/2026:16:13:28 +0000] "GET /vrs-150/ HTTP/1.1" 200 20975 "-" "Mozilla/5.0 (Linux; Android 6.0.1; Nexus 5X Build/MMB29P) AppleWebKit/537.36 (KHTML, like Gecko) Chrome/147.0.7727.137 Mobile Safari/537.36 (compatible; Googlebot/2.1; +http://www.google.com/bot.html)"
66.249.66.45 - - [05/May/2026:16:13:42 +0000] "GET /wp-content/plugins/elementor/assets/css/frontend.min.css?ver=4.0.6 HTTP/1.1" 200 7271 "https://nipponiacaribe.com/vrs-150/" "Mozilla/5.0 (Linux; Android 6.0.1; Nexus 5X Build/MMB29P) AppleWebKit/537.36 (KHTML, like Gecko) Chrome/147.0.7727.137 Mobile Safari/537.36 (compatible; Googlebot/2.1; +http://www.google.com/bot.html)"
66.249.66.7 - - [05/May/2026:16:13:45 +0000] "GET /wp-content/plugins/elementor/assets/css/widget-heading.min.css?ver=4.0.6 HTTP/1.1" 200 160 "https://nipponiacaribe.com/vrs-150/" "Mozilla/5.0 (Linux; Android 6.0.1; Nexus 5X Build/MMB29P) AppleWebKit/537.36 (KHTML, like Gecko) Chrome/147.0.7727.137 Mobile Safari/537.36 (compatible; Googlebot/2.1; +http://www.google.com/bot.html)"
79.107.27.66 - - [05/May/2026:16:13:45 +0000] "POST /wp-admin/admin-ajax.php HTTP/1.1" 200 67 "https://nipponiacaribe.com/wp-admin/site-health.php" "Mozilla/5.0 (Windows NT 10.0; Win64; x64) AppleWebKit/537.36 (KHTML, like Gecko) Chrome/147.0.0.0 Safari/537.36"
66.249.66.6 - - [05/May/2026:16:13:48 +0000] "GET /wp-content/plugins/wp-store-locator/css/styles.min.css?ver=2.3.0 HTTP/1.1" 200 3638 "https://nipponiacaribe.com/vrs-150/" "Mozilla/5.0 (Linux; Android 6.0.1; Nexus 5X Build/MMB29P) AppleWebKit/537.36 (KHTML, like Gecko) Chrome/147.0.7727.137 Mobile Safari/537.36 (compatible; Googlebot/2.1; +http://www.google.com/bot.html)"
79.107.27.66 - - [05/May/2026:16:13:49 +0000] "GET /wp-content/plugins/kirki/assets/images/kirki-hovered-20X20.svg HTTP/1.1" 304 - "https://nipponiacaribe.com/wp-admin/site-health.php" "Mozilla/5.0 (Windows NT 10.0; Win64; x64) AppleWebKit/537.36 (KHTML, like Gecko) Chrome/147.0.0.0 Safari/537.36"
66.249.66.44 - - [05/May/2026:16:13:50 +0000] "GET /wp-content/plugins/tablepress/css/build/default.css?ver=3.3 HTTP/1.1" 200 1767 "https://nipponiacaribe.com/vrs-150/" "Mozilla/5.0 (Linux; Android 6.0.1; Nexus 5X Build/MMB29P) AppleWebKit/537.36 (KHTML, like Gecko) Chrome/147.0.7727.137 Mobile Safari/537.36 (compatible; Googlebot/2.1; +http://www.google.com/bot.html)"
66.249.66.44 - - [05/May/2026:16:13:53 +0000] "GET /wp-content/uploads/elementor/css/post-5014.css?ver=1775520000 HTTP/1.1" 200 958 "https://nipponiacaribe.com/vrs-150/" "Mozilla/5.0 (Linux; Android 6.0.1; Nexus 5X Build/MMB29P) AppleWebKit/537.36 (KHTML, like Gecko) Chrome/147.0.7727.137 Mobile Safari/537.36 (compatible; Googlebot/2.1; +http://www.google.com/bot.html)"
66.249.66.44 - - [05/May/2026:16:13:56 +0000] "GET /wp-content/plugins/contact-form-7/includes/js/index.js?ver=6.1.5 HTTP/1.1" 200 4265 "https://nipponiacaribe.com/vrs-150/" "Mozilla/5.0 (Linux; Android 6.0.1; Nexus 5X Build/MMB29P) AppleWebKit/537.36 (KHTML, like Gecko) Chrome/147.0.7727.137 Mobile Safari/537.36 (compatible; Googlebot/2.1; +http://www.google.com/bot.html)"
66.249.66.32 - - [05/May/2026:16:14:00 +0000] "GET /wp-content/plugins/elementor/assets/js/webpack.runtime.min.js?ver=4.0.6 HTTP/1.1" 200 2496 "https://nipponiacaribe.com/vrs-150/" "Mozilla/5.0 (Linux; Android 6.0.1; Nexus 5X Build/MMB29P) AppleWebKit/537.36 (KHTML, like Gecko) Chrome/147.0.7727.137 Mobile Safari/537.36 (compatible; Googlebot/2.1; +http://www.google.com/bot.html)"
66.249.66.32 - - [05/May/2026:16:14:03 +0000] "GET /wp-content/plugins/elementor/assets/js/frontend.min.js?ver=4.0.6 HTTP/1.1" 200 10339 "https://nipponiacaribe.com/vrs-150/" "Mozilla/5.0 (Linux; Android 6.0.1; Nexus 5X Build/MMB29P) AppleWebKit/537.36 (KHTML, like Gecko) Chrome/147.0.7727.137 Mobile Safari/537.36 (compatible; Googlebot/2.1; +http://www.google.com/bot.html)"
20.123.172.228 - - [05/May/2026:16:14:02 +0000] "GET /wp-json/wp/v2/types/post?context=edit HTTP/1.1" 200 2299 "-" "WordPress/6.9.4; https://nipponiacaribe.com"
79.107.27.66 - - [05/May/2026:16:13:59 +0000] "GET /wp-admin/site-health.php HTTP/1.1" 200 57064 "https://nipponiacaribe.com/wp-admin/site-health.php" "Mozilla/5.0 (Windows NT 10.0; Win64; x64) AppleWebKit/537.36 (KHTML, like Gecko) Chrome/147.0.0.0 Safari/537.36"
79.107.27.66 - - [05/May/2026:16:14:05 +0000] "GET /wp-content/plugins/insert-headers-and-footers/build/admin-bar.css?ver=c95624a69c80301272a0 HTTP/1.1" 304 - "https://nipponiacaribe.com/wp-admin/site-health.php" "Mozilla/5.0 (Windows NT 10.0; Win64; x64) AppleWebKit/537.36 (KHTML, like Gecko) Chrome/147.0.0.0 Safari/537.36"
79.107.27.66 - - [05/May/2026:16:14:06 +0000] "GET /wp-content/plugins/wordfence/css/wf-font-awesome.1777414075.css?ver=8.2.0 HTTP/1.1" 304 - "https://nipponiacaribe.com/wp-admin/site-health.php" "Mozilla/5.0 (Windows NT 10.0; Win64; x64) AppleWebKit/537.36 (KHTML, like Gecko) Chrome/147.0.0.0 Safari/537.36"
79.107.27.66 - - [05/May/2026:16:14:06 +0000] "GET /wp-content/plugins/wordfence/css/wf-global.1777414075.css?ver=8.2.0 HTTP/1.1" 304 - "https://nipponiacaribe.com/wp-admin/site-health.php" "Mozilla/5.0 (Windows NT 10.0; Win64; x64) AppleWebKit/537.36 (KHTML, like Gecko) Chrome/147.0.0.0 Safari/537.36"
79.107.27.66 - - [05/May/2026:16:14:06 +0000] "GET /wp-content/plugins/wordfence/css/wordfenceBox.1777414075.css?ver=8.2.0 HTTP/1.1" 304 - "https://nipponiacaribe.com/wp-admin/site-health.php" "Mozilla/5.0 (Windows NT 10.0; Win64; x64) AppleWebKit/537.36 (KHTML, like Gecko) Chrome/147.0.0.0 Safari/537.36"
79.107.27.66 - - [05/May/2026:16:14:06 +0000] "GET /wp-content/plugins/wordfence/css/license/free-global.1777414075.css?ver=8.2.0 HTTP/1.1" 304 - "https://nipponiacaribe.com/wp-admin/site-health.php" "Mozilla/5.0 (Windows NT 10.0; Win64; x64) AppleWebKit/537.36 (KHTML, like Gecko) Chrome/147.0.0.0 Safari/537.36"
79.107.27.66 - - [05/May/2026:16:14:06 +0000] "GET /wp-content/plugins/wordfence/modules/login-security/css/admin-global.1777414075.css?ver=1.1.16 HTTP/1.1" 304 - "https://nipponiacaribe.com/wp-admin/site-health.php" "Mozilla/5.0 (Windows NT 10.0; Win64; x64) AppleWebKit/537.36 (KHTML, like Gecko) Chrome/147.0.0.0 Safari/537.36"
79.107.27.66 - - [05/May/2026:16:14:06 +0000] "GET /wp-content/plugins/wp-store-locator/admin/css/style-3.8.min.css?ver=2.3.0 HTTP/1.1" 304 - "https://nipponiacaribe.com/wp-admin/site-health.php" "Mozilla/5.0 (Windows NT 10.0; Win64; x64) AppleWebKit/537.36 (KHTML, like Gecko) Chrome/147.0.0.0 Safari/537.36"
79.107.27.66 - - [05/May/2026:16:14:06 +0000] "GET /wp-content/plugins/wordfence/css/wf-adminbar.1777414075.css?ver=8.2.0 HTTP/1.1" 304 - "https://nipponiacaribe.com/wp-admin/site-health.php" "Mozilla/5.0 (Windows NT 10.0; Win64; x64) AppleWebKit/537.36 (KHTML, like Gecko) Chrome/147.0.0.0 Safari/537.36"
79.107.27.66 - - [05/May/2026:16:14:06 +0000] "GET /wp-content/plugins/wordpress-seo/css/dist/tailwind-2750.css HTTP/1.1" 304 - "https://nipponiacaribe.com/wp-admin/site-health.php" "Mozilla/5.0 (Windows NT 10.0; Win64; x64) AppleWebKit/537.36 (KHTML, like Gecko) Chrome/147.0.0.0 Safari/537.36"
79.107.27.66 - - [05/May/2026:16:14:06 +0000] "GET /wp-content/plugins/wordpress-seo/css/dist/admin-global-2750.css HTTP/1.1" 304 - "https://nipponiacaribe.com/wp-admin/site-health.php" "Mozilla/5.0 (Windows NT 10.0; Win64; x64) AppleWebKit/537.36 (KHTML, like Gecko) Chrome/147.0.0.0 Safari/537.36"
79.107.27.66 - - [05/May/2026:16:14:06 +0000] "GET /wp-content/plugins/wordpress-seo/css/dist/wpseo-dismissible-2750.css HTTP/1.1" 304 - "https://nipponiacaribe.com/wp-admin/site-health.php" "Mozilla/5.0 (Windows NT 10.0; Win64; x64) AppleWebKit/537.36 (KHTML, like Gecko) Chrome/147.0.0.0 Safari/537.36"
79.107.27.66 - - [05/May/2026:16:14:06 +0000] "GET /wp-content/plugins/elementor/vendor/elementor/wp-one-package/assets/build/common.css?ver=1.0.60 HTTP/1.1" 304 - "https://nipponiacaribe.com/wp-admin/site-health.php" "Mozilla/5.0 (Windows NT 10.0; Win64; x64) AppleWebKit/537.36 (KHTML, like Gecko) Chrome/147.0.0.0 Safari/537.36"
79.107.27.66 - - [05/May/2026:16:14:06 +0000] "GET /wp-content/plugins/elementor-pro/assets/css/admin.min.css?ver=4.0.4 HTTP/1.1" 304 - "https://nipponiacaribe.com/wp-admin/site-health.php" "Mozilla/5.0 (Windows NT 10.0; Win64; x64) AppleWebKit/537.36 (KHTML, like Gecko) Chrome/147.0.0.0 Safari/537.36"
79.107.27.66 - - [05/May/2026:16:14:06 +0000] "GET /wp-content/plugins/elementor/assets/css/modules/editor-one/admin-menu.min.css?ver=4.0.6 HTTP/1.1" 304 - "https://nipponiacaribe.com/wp-admin/site-health.php" "Mozilla/5.0 (Windows NT 10.0; Win64; x64) AppleWebKit/537.36 (KHTML, like Gecko) Chrome/147.0.0.0 Safari/537.36"
79.107.27.66 - - [05/May/2026:16:14:06 +0000] "GET /wp-content/plugins/elementor/assets/lib/eicons/css/elementor-icons.min.css?ver=5.48.0 HTTP/1.1" 304 - "https://nipponiacaribe.com/wp-admin/site-health.php" "Mozilla/5.0 (Windows NT 10.0; Win64; x64) AppleWebKit/537.36 (KHTML, like Gecko) Chrome/147.0.0.0 Safari/537.36"
79.107.27.66 - - [05/May/2026:16:14:06 +0000] "GET /wp-content/plugins/elementor/assets/css/common.min.css?ver=4.0.6 HTTP/1.1" 304 - "https://nipponiacaribe.com/wp-admin/site-health.php" "Mozilla/5.0 (Windows NT 10.0; Win64; x64) AppleWebKit/537.36 (KHTML, like Gecko) Chrome/147.0.0.0 Safari/537.36"
79.107.27.66 - - [05/May/2026:16:14:06 +0000] "GET /wp-content/plugins/elementor/assets/css/theme-light.min.css?ver=4.0.6 HTTP/1.1" 304 - "https://nipponiacaribe.com/wp-admin/site-health.php" "Mozilla/5.0 (Windows NT 10.0; Win64; x64) AppleWebKit/537.36 (KHTML, like Gecko) Chrome/147.0.0.0 Safari/537.36"
79.107.27.66 - - [05/May/2026:16:14:06 +0000] "GET /wp-content/plugins/elementor/assets/css/admin.min.css?ver=4.0.6 HTTP/1.1" 304 - "https://nipponiacaribe.com/wp-admin/site-health.php" "Mozilla/5.0 (Windows NT 10.0; Win64; x64) AppleWebKit/537.36 (KHTML, like Gecko) Chrome/147.0.0.0 Safari/537.36"
79.107.27.66 - - [05/May/2026:16:14:06 +0000] "GET /wp-content/plugins/wordpress-seo/css/dist/adminbar-2750.css HTTP/1.1" 304 - "https://nipponiacaribe.com/wp-admin/site-health.php" "Mozilla/5.0 (Windows NT 10.0; Win64; x64) AppleWebKit/537.36 (KHTML, like Gecko) Chrome/147.0.0.0 Safari/537.36"
79.107.27.66 - - [05/May/2026:16:14:06 +0000] "GET /wp-content/plugins/wordfence/js/wfi18n.1777414075.js?ver=8.2.0 HTTP/1.1" 304 - "https://nipponiacaribe.com/wp-admin/site-health.php" "Mozilla/5.0 (Windows NT 10.0; Win64; x64) AppleWebKit/537.36 (KHTML, like Gecko) Chrome/147.0.0.0 Safari/537.36"
79.107.27.66 - - [05/May/2026:16:14:06 +0000] "GET /wp-content/plugins/wordfence/js/wfglobal.1777414075.js?ver=8.2.0 HTTP/1.1" 304 - "https://nipponiacaribe.com/wp-admin/site-health.php" "Mozilla/5.0 (Windows NT 10.0; Win64; x64) AppleWebKit/537.36 (KHTML, like Gecko) Chrome/147.0.0.0 Safari/537.36"
79.107.27.66 - - [05/May/2026:16:14:06 +0000] "GET /wp-content/plugins/wordfence/js/admin.ajaxWatcher.1777414075.js?ver=8.2.0 HTTP/1.1" 304 - "https://nipponiacaribe.com/wp-admin/site-health.php" "Mozilla/5.0 (Windows NT 10.0; Win64; x64) AppleWebKit/537.36 (KHTML, like Gecko) Chrome/147.0.0.0 Safari/537.36"
79.107.27.66 - - [05/May/2026:16:14:06 +0000] "GET /wp-content/plugins/wordfence/js/wfdashboard.1777414075.js?ver=8.2.0 HTTP/1.1" 304 - "https://nipponiacaribe.com/wp-admin/site-health.php" "Mozilla/5.0 (Windows NT 10.0; Win64; x64) AppleWebKit/537.36 (KHTML, like Gecko) Chrome/147.0.0.0 Safari/537.36"
79.107.27.66 - - [05/May/2026:16:14:06 +0000] "GET /wp-content/plugins/wordfence/js/wfpopover.1777414075.js?ver=8.2.0 HTTP/1.1" 304 - "https://nipponiacaribe.com/wp-admin/site-health.php" "Mozilla/5.0 (Windows NT 10.0; Win64; x64) AppleWebKit/537.36 (KHTML, like Gecko) Chrome/147.0.0.0 Safari/537.36"
79.107.27.66 - - [05/May/2026:16:14:06 +0000] "GET /wp-content/plugins/wordpress-seo/js/dist/admin-global.js?ver=7c731bd4028df6f69f28 HTTP/1.1" 304 - "https://nipponiacaribe.com/wp-admin/site-health.php" "Mozilla/5.0 (Windows NT 10.0; Win64; x64) AppleWebKit/537.36 (KHTML, like Gecko) Chrome/147.0.0.0 Safari/537.36"
79.107.27.66 - - [05/May/2026:16:14:06 +0000] "GET /wp-content/plugins/optimole-wp/assets/img/logo.svg HTTP/1.1" 304 - "https://nipponiacaribe.com/wp-admin/site-health.php" "Mozilla/5.0 (Windows NT 10.0; Win64; x64) AppleWebKit/537.36 (KHTML, like Gecko) Chrome/147.0.0.0 Safari/537.36"
79.107.27.66 - - [05/May/2026:16:14:06 +0000] "GET /wp-content/plugins/insert-headers-and-footers/build/admin-bar.js?ver=c95624a69c80301272a0 HTTP/1.1" 304 - "https://nipponiacaribe.com/wp-admin/site-health.php" "Mozilla/5.0 (Windows NT 10.0; Win64; x64) AppleWebKit/537.36 (KHTML, like Gecko) Chrome/147.0.0.0 Safari/537.36"
79.107.27.66 - - [05/May/2026:16:14:06 +0000] "GET /wp-content/plugins/elementor/assets/js/common-modules.min.js?ver=4.0.6 HTTP/1.1" 304 - "https://nipponiacaribe.com/wp-admin/site-health.php" "Mozilla/5.0 (Windows NT 10.0; Win64; x64) AppleWebKit/537.36 (KHTML, like Gecko) Chrome/147.0.0.0 Safari/537.36"
79.107.27.66 - - [05/May/2026:16:14:06 +0000] "GET /wp-content/plugins/elementor/assets/js/web-cli.min.js?ver=4.0.6 HTTP/1.1" 304 - "https://nipponiacaribe.com/wp-admin/site-health.php" "Mozilla/5.0 (Windows NT 10.0; Win64; x64) AppleWebKit/537.36 (KHTML, like Gecko) Chrome/147.0.0.0 Safari/537.36"
79.107.27.66 - - [05/May/2026:16:14:06 +0000] "GET /wp-content/plugins/elementor/assets/js/common.min.js?ver=4.0.6 HTTP/1.1" 304 - "https://nipponiacaribe.com/wp-admin/site-health.php" "Mozilla/5.0 (Windows NT 10.0; Win64; x64) AppleWebKit/537.36 (KHTML, like Gecko) Chrome/147.0.0.0 Safari/537.36"
79.107.27.66 - - [05/May/2026:16:14:06 +0000] "GET /wp-content/plugins/elementor/assets/js/dev-tools.min.js?ver=4.0.6 HTTP/1.1" 304 - "https://nipponiacaribe.com/wp-admin/site-health.php" "Mozilla/5.0 (Windows NT 10.0; Win64; x64) AppleWebKit/537.36 (KHTML, like Gecko) Chrome/147.0.0.0 Safari/537.36"
79.107.27.66 - - [05/May/2026:16:14:06 +0000] "GET /wp-content/plugins/elementor/assets/js/app-loader.min.js?ver=4.0.6 HTTP/1.1" 304 - "https://nipponiacaribe.com/wp-admin/site-health.php" "Mozilla/5.0 (Windows NT 10.0; Win64; x64) AppleWebKit/537.36 (KHTML, like Gecko) Chrome/147.0.0.0 Safari/537.36"
79.107.27.66 - - [05/May/2026:16:14:06 +0000] "GET /wp-content/plugins/elementor/assets/lib/eicons/fonts/eicons.woff2?5.48.0 HTTP/1.1" 304 - "https://nipponiacaribe.com/wp-content/plugins/elementor/assets/lib/eicons/css/elementor-icons.min.css?ver=5.48.0" "Mozilla/5.0 (Windows NT 10.0; Win64; x64) AppleWebKit/537.36 (KHTML, like Gecko) Chrome/147.0.0.0 Safari/537.36"
79.107.27.66 - - [05/May/2026:16:14:06 +0000] "GET /wp-content/plugins/kirki/assets/images/kirki-20X20.svg HTTP/1.1" 304 - "https://nipponiacaribe.com/wp-admin/site-health.php" "Mozilla/5.0 (Windows NT 10.0; Win64; x64) AppleWebKit/537.36 (KHTML, like Gecko) Chrome/147.0.0.0 Safari/537.36"
79.107.27.66 - - [05/May/2026:16:14:06 +0000] "GET /wp-content/plugins/wp-store-locator/admin/js/wpsl-admin.min.js?ver=2.3.0 HTTP/1.1" 304 - "https://nipponiacaribe.com/wp-admin/site-health.php" "Mozilla/5.0 (Windows NT 10.0; Win64; x64) AppleWebKit/537.36 (KHTML, like Gecko) Chrome/147.0.0.0 Safari/537.36"
79.107.27.66 - - [05/May/2026:16:14:06 +0000] "GET /wp-content/plugins/elementor/assets/js/admin-modules.min.js?ver=4.0.6 HTTP/1.1" 304 - "https://nipponiacaribe.com/wp-admin/site-health.php" "Mozilla/5.0 (Windows NT 10.0; Win64; x64) AppleWebKit/537.36 (KHTML, like Gecko) Chrome/147.0.0.0 Safari/537.36"
79.107.27.66 - - [05/May/2026:16:14:06 +0000] "GET /wp-content/plugins/elementor/vendor/elementor/wp-one-package/assets/build/common.js?ver=71fc09ea1a9e23155639 HTTP/1.1" 304 - "https://nipponiacaribe.com/wp-admin/site-health.php" "Mozilla/5.0 (Windows NT 10.0; Win64; x64) AppleWebKit/537.36 (KHTML, like Gecko) Chrome/147.0.0.0 Safari/537.36"
79.107.27.66 - - [05/May/2026:16:14:06 +0000] "GET /wp-content/plugins/elementor/assets/js/admin.min.js?ver=4.0.6 HTTP/1.1" 304 - "https://nipponiacaribe.com/wp-admin/site-health.php" "Mozilla/5.0 (Windows NT 10.0; Win64; x64) AppleWebKit/537.36 (KHTML, like Gecko) Chrome/147.0.0.0 Safari/537.36"
79.107.27.66 - - [05/May/2026:16:14:06 +0000] "GET /wp-content/plugins/elementor-pro/assets/js/admin.min.js?ver=4.0.4 HTTP/1.1" 304 - "https://nipponiacaribe.com/wp-admin/site-health.php" "Mozilla/5.0 (Windows NT 10.0; Win64; x64) AppleWebKit/537.36 (KHTML, like Gecko) Chrome/147.0.0.0 Safari/537.36"
79.107.27.66 - - [05/May/2026:16:14:06 +0000] "GET /wp-content/plugins/elementor/assets/js/editor-one-menu.min.js?ver=4.0.6 HTTP/1.1" 304 - "https://nipponiacaribe.com/wp-admin/site-health.php" "Mozilla/5.0 (Windows NT 10.0; Win64; x64) AppleWebKit/537.36 (KHTML, like Gecko) Chrome/147.0.0.0 Safari/537.36"
79.107.27.66 - - [05/May/2026:16:14:06 +0000] "GET /wp-content/plugins/elementor/assets/js/import-export-admin.min.js?ver=4.0.6 HTTP/1.1" 304 - "https://nipponiacaribe.com/wp-admin/site-health.php" "Mozilla/5.0 (Windows NT 10.0; Win64; x64) AppleWebKit/537.36 (KHTML, like Gecko) Chrome/147.0.0.0 Safari/537.36"
79.107.27.66 - - [05/May/2026:16:14:06 +0000] "GET /wp-content/plugins/elementor/assets/js/import-export-customization-admin.min.js?ver=4.0.6 HTTP/1.1" 304 - "https://nipponiacaribe.com/wp-admin/site-health.php" "Mozilla/5.0 (Windows NT 10.0; Win64; x64) AppleWebKit/537.36 (KHTML, like Gecko) Chrome/147.0.0.0 Safari/537.36"
79.107.27.66 - - [05/May/2026:16:14:06 +0000] "GET /wp-content/plugins/elementor/assets/js/media-hints.min.js?ver=4.0.6 HTTP/1.1" 304 - "https://nipponiacaribe.com/wp-admin/site-health.php" "Mozilla/5.0 (Windows NT 10.0; Win64; x64) AppleWebKit/537.36 (KHTML, like Gecko) Chrome/147.0.0.0 Safari/537.36"
79.107.27.66 - - [05/May/2026:16:14:06 +0000] "GET /wp-content/plugins/kirki/customizer/packages/modules/webfonts/src/assets/scripts/vendor-typekit/webfontloader.js?ver=3.0.28 HTTP/1.1" 304 - "https://nipponiacaribe.com/wp-admin/site-health.php" "Mozilla/5.0 (Windows NT 10.0; Win64; x64) AppleWebKit/537.36 (KHTML, like Gecko) Chrome/147.0.0.0 Safari/537.36"
79.107.27.66 - - [05/May/2026:16:14:06 +0000] "GET /wp-json/wp-site-health/v1/tests/dotorg-communication?_locale=user HTTP/1.1" 200 222 "https://nipponiacaribe.com/wp-admin/site-health.php" "Mozilla/5.0 (Windows NT 10.0; Win64; x64) AppleWebKit/537.36 (KHTML, like Gecko) Chrome/147.0.0.0 Safari/537.36"
79.107.27.66 - - [05/May/2026:16:14:10 +0000] "GET /wp-json/wp-site-health/v1/tests/background-updates?_locale=user HTTP/1.1" 200 210 "https://nipponiacaribe.com/wp-admin/site-health.php" "Mozilla/5.0 (Windows NT 10.0; Win64; x64) AppleWebKit/537.36 (KHTML, like Gecko) Chrome/147.0.0.0 Safari/537.36"
79.107.27.66 - - [05/May/2026:16:14:10 +0000] "GET /wp-admin/options-general.php HTTP/1.1" 200 78479 "https://nipponiacaribe.com/wp-admin/site-health.php" "Mozilla/5.0 (Windows NT 10.0; Win64; x64) AppleWebKit/537.36 (KHTML, like Gecko) Chrome/147.0.0.0 Safari/537.36"
79.107.27.66 - - [05/May/2026:16:14:14 +0000] "GET /wp-content/uploads/2021/05/cropped-1c_v_logo_hr_b.png HTTP/1.1" 200 24757 "https://nipponiacaribe.com/wp-admin/options-general.php" "Mozilla/5.0 (Windows NT 10.0; Win64; x64) AppleWebKit/537.36 (KHTML, like Gecko) Chrome/147.0.0.0 Safari/537.36"
79.107.27.66 - - [05/May/2026:16:14:14 +0000] "GET /wp-includes/js/mediaelement/mediaelementplayer-legacy.min.css?ver=4.2.17 HTTP/1.1" 200 2592 "https://nipponiacaribe.com/wp-admin/options-general.php" "Mozilla/5.0 (Windows NT 10.0; Win64; x64) AppleWebKit/537.36 (KHTML, like Gecko) Chrome/147.0.0.0 Safari/537.36"
79.107.27.66 - - [05/May/2026:16:14:14 +0000] "GET /wp-includes/js/mediaelement/wp-mediaelement.min.css?ver=6.9.4 HTTP/1.1" 200 1156 "https://nipponiacaribe.com/wp-admin/options-general.php" "Mozilla/5.0 (Windows NT 10.0; Win64; x64) AppleWebKit/537.36 (KHTML, like Gecko) Chrome/147.0.0.0 Safari/537.36"
79.107.27.66 - - [05/May/2026:16:14:14 +0000] "GET /wp-includes/js/imgareaselect/imgareaselect.css?ver=0.9.8 HTTP/1.1" 200 265 "https://nipponiacaribe.com/wp-admin/options-general.php" "Mozilla/5.0 (Windows NT 10.0; Win64; x64) AppleWebKit/537.36 (KHTML, like Gecko) Chrome/147.0.0.0 Safari/537.36"
79.107.27.66 - - [05/May/2026:16:14:14 +0000] "GET /wp-includes/js/wp-backbone.min.js?ver=6.9.4 HTTP/1.1" 200 1175 "https://nipponiacaribe.com/wp-admin/options-general.php" "Mozilla/5.0 (Windows NT 10.0; Win64; x64) AppleWebKit/537.36 (KHTML, like Gecko) Chrome/147.0.0.0 Safari/537.36"
79.107.27.66 - - [05/May/2026:16:14:14 +0000] "GET /wp-includes/js/media-models.min.js?ver=6.9.4 HTTP/1.1" 200 4088 "https://nipponiacaribe.com/wp-admin/options-general.php" "Mozilla/5.0 (Windows NT 10.0; Win64; x64) AppleWebKit/537.36 (KHTML, like Gecko) Chrome/147.0.0.0 Safari/537.36"
79.107.27.66 - - [05/May/2026:16:14:14 +0000] "GET /wp-includes/js/plupload/plupload.min.js?ver=2.1.9 HTTP/1.1" 200 5587 "https://nipponiacaribe.com/wp-admin/options-general.php" "Mozilla/5.0 (Windows NT 10.0; Win64; x64) AppleWebKit/537.36 (KHTML, like Gecko) Chrome/147.0.0.0 Safari/537.36"
79.107.27.66 - - [05/May/2026:16:14:14 +0000] "GET /wp-includes/js/plupload/moxie.min.js?ver=1.3.5.1 HTTP/1.1" 200 27378 "https://nipponiacaribe.com/wp-admin/options-general.php" "Mozilla/5.0 (Windows NT 10.0; Win64; x64) AppleWebKit/537.36 (KHTML, like Gecko) Chrome/147.0.0.0 Safari/537.36"
79.107.27.66 - - [05/May/2026:16:14:14 +0000] "GET /wp-admin/load-styles.php?c=0&dir=ltr&load%5Bchunk_0%5D=media-views&ver=6.9.4 HTTP/1.1" 200 8733 "https://nipponiacaribe.com/wp-admin/options-general.php" "Mozilla/5.0 (Windows NT 10.0; Win64; x64) AppleWebKit/537.36 (KHTML, like Gecko) Chrome/147.0.0.0 Safari/537.36"
79.107.27.66 - - [05/May/2026:16:14:14 +0000] "GET /wp-includes/js/plupload/wp-plupload.min.js?ver=6.9.4 HTTP/1.1" 200 2338 "https://nipponiacaribe.com/wp-admin/options-general.php" "Mozilla/5.0 (Windows NT 10.0; Win64; x64) AppleWebKit/537.36 (KHTML, like Gecko) Chrome/147.0.0.0 Safari/537.36"
79.107.27.66 - - [05/May/2026:16:14:14 +0000] "GET /wp-includes/js/mediaelement/mediaelement-migrate.min.js?ver=6.9.4 HTTP/1.1" 200 540 "https://nipponiacaribe.com/wp-admin/options-general.php" "Mozilla/5.0 (Windows NT 10.0; Win64; x64) AppleWebKit/537.36 (KHTML, like Gecko) Chrome/147.0.0.0 Safari/537.36"
79.107.27.66 - - [05/May/2026:16:14:14 +0000] "GET /wp-includes/js/mediaelement/mediaelement-and-player.min.js?ver=4.2.17 HTTP/1.1" 200 38789 "https://nipponiacaribe.com/wp-admin/options-general.php" "Mozilla/5.0 (Windows NT 10.0; Win64; x64) AppleWebKit/537.36 (KHTML, like Gecko) Chrome/147.0.0.0 Safari/537.36"
79.107.27.66 - - [05/May/2026:16:14:14 +0000] "GET /wp-includes/js/mediaelement/wp-mediaelement.min.js?ver=6.9.4 HTTP/1.1" 200 538 "https://nipponiacaribe.com/wp-admin/options-general.php" "Mozilla/5.0 (Windows NT 10.0; Win64; x64) AppleWebKit/537.36 (KHTML, like Gecko) Chrome/147.0.0.0 Safari/537.36"
79.107.27.66 - - [05/May/2026:16:14:14 +0000] "GET /wp-includes/js/media-views.min.js?ver=6.9.4 HTTP/1.1" 200 26607 "https://nipponiacaribe.com/wp-admin/options-general.php" "Mozilla/5.0 (Windows NT 10.0; Win64; x64) AppleWebKit/537.36 (KHTML, like Gecko) Chrome/147.0.0.0 Safari/537.36"
79.107.27.66 - - [05/May/2026:16:14:14 +0000] "GET /wp-includes/js/media-editor.min.js?ver=6.9.4 HTTP/1.1" 200 3603 "https://nipponiacaribe.com/wp-admin/options-general.php" "Mozilla/5.0 (Windows NT 10.0; Win64; x64) AppleWebKit/537.36 (KHTML, like Gecko) Chrome/147.0.0.0 Safari/537.36"
79.107.27.66 - - [05/May/2026:16:14:14 +0000] "GET /wp-includes/js/media-audiovideo.min.js?ver=6.9.4 HTTP/1.1" 200 3363 "https://nipponiacaribe.com/wp-admin/options-general.php" "Mozilla/5.0 (Windows NT 10.0; Win64; x64) AppleWebKit/537.36 (KHTML, like Gecko) Chrome/147.0.0.0 Safari/537.36"
79.107.27.66 - - [05/May/2026:16:14:14 +0000] "GET /wp-includes/js/mce-view.min.js?ver=6.9.4 HTTP/1.1" 200 3730 "https://nipponiacaribe.com/wp-admin/options-general.php" "Mozilla/5.0 (Windows NT 10.0; Win64; x64) AppleWebKit/537.36 (KHTML, like Gecko) Chrome/147.0.0.0 Safari/537.36"
79.107.27.66 - - [05/May/2026:16:14:14 +0000] "GET /wp-includes/js/imgareaselect/jquery.imgareaselect.min.js?ver=6.9.4 HTTP/1.1" 200 3718 "https://nipponiacaribe.com/wp-admin/options-general.php" "Mozilla/5.0 (Windows NT 10.0; Win64; x64) AppleWebKit/537.36 (KHTML, like Gecko) Chrome/147.0.0.0 Safari/537.36"
79.107.27.66 - - [05/May/2026:16:14:14 +0000] "GET /wp-admin/js/image-edit.min.js?ver=6.9.4 HTTP/1.1" 200 4766 "https://nipponiacaribe.com/wp-admin/options-general.php" "Mozilla/5.0 (Windows NT 10.0; Win64; x64) AppleWebKit/537.36 (KHTML, like Gecko) Chrome/147.0.0.0 Safari/537.36"
79.107.27.66 - - [05/May/2026:16:14:14 +0000] "GET /wp-admin/js/site-icon.js?ver=6.9.4 HTTP/1.1" 200 1923 "https://nipponiacaribe.com/wp-admin/options-general.php" "Mozilla/5.0 (Windows NT 10.0; Win64; x64) AppleWebKit/537.36 (KHTML, like Gecko) Chrome/147.0.0.0 Safari/537.36"
20.123.172.228 - - [05/May/2026:16:14:16 +0000] "POST /wp-cron.php HTTP/1.1" 200 - "-" "WordPress/6.9.4; https://nipponiacaribe.com"
79.107.27.66 - - [05/May/2026:16:14:13 +0000] "GET /wp-json/wp-site-health/v1/tests/loopback-requests?_locale=user HTTP/1.1" 200 227 "https://nipponiacaribe.com/wp-admin/site-health.php" "Mozilla/5.0 (Windows NT 10.0; Win64; x64) AppleWebKit/537.36 (KHTML, like Gecko) Chrome/147.0.0.0 Safari/537.36"
79.107.27.66 - - [05/May/2026:16:14:22 +0000] "GET /wp-admin/options-general.php?elementor_tracker=opt_into&_wpnonce=20b9f41919 HTTP/1.1" 302 - "https://nipponiacaribe.com/wp-admin/options-general.php" "Mozilla/5.0 (Windows NT 10.0; Win64; x64) AppleWebKit/537.36 (KHTML, like Gecko) Chrome/147.0.0.0 Safari/537.36"
79.107.27.66 - - [05/May/2026:16:14:27 +0000] "GET /wp-admin/options-general.php?_wpnonce=20b9f41919 HTTP/1.1" 200 78153 "https://nipponiacaribe.com/wp-admin/options-general.php" "Mozilla/5.0 (Windows NT 10.0; Win64; x64) AppleWebKit/537.36 (KHTML, like Gecko) Chrome/147.0.0.0 Safari/537.36"
79.107.27.66 - - [05/May/2026:16:14:34 +0000] "POST /wp-admin/options.php HTTP/1.1" 302 - "https://nipponiacaribe.com/wp-admin/options-general.php?_wpnonce=20b9f41919" "Mozilla/5.0 (Windows NT 10.0; Win64; x64) AppleWebKit/537.36 (KHTML, like Gecko) Chrome/147.0.0.0 Safari/537.36"
79.107.27.66 - - [05/May/2026:16:14:37 +0000] "GET /wp-admin/options-general.php?_wpnonce=20b9f41919&settings-updated=true HTTP/1.1" 200 78231 "https://nipponiacaribe.com/wp-admin/options-general.php?_wpnonce=20b9f41919" "Mozilla/5.0 (Windows NT 10.0; Win64; x64) AppleWebKit/537.36 (KHTML, like Gecko) Chrome/147.0.0.0 Safari/537.36"
79.107.27.66 - - [05/May/2026:16:14:53 +0000] "GET /wp-admin/options-general.php?page=wpsupercache HTTP/1.1" 200 55653 "https://nipponiacaribe.com/wp-admin/options-general.php?_wpnonce=20b9f41919" "Mozilla/5.0 (Windows NT 10.0; Win64; x64) AppleWebKit/537.36 (KHTML, like Gecko) Chrome/147.0.0.0 Safari/537.36"
79.107.27.66 - - [05/May/2026:16:14:56 +0000] "GET /wp-content/plugins/wp-super-cache/styling/dashboard.css?ver=1777992075 HTTP/1.1" 200 1197 "https://nipponiacaribe.com/wp-admin/options-general.php?page=wpsupercache" "Mozilla/5.0 (Windows NT 10.0; Win64; x64) AppleWebKit/537.36 (KHTML, like Gecko) Chrome/147.0.0.0 Safari/537.36"
79.107.27.66 - - [05/May/2026:16:14:56 +0000] "GET /wp-content/plugins/wp-super-cache/js/admin.js?ver=1.12.1 HTTP/1.1" 200 1316 "https://nipponiacaribe.com/wp-admin/options-general.php?page=wpsupercache" "Mozilla/5.0 (Windows NT 10.0; Win64; x64) AppleWebKit/537.36 (KHTML, like Gecko) Chrome/147.0.0.0 Safari/537.36"
79.107.27.66 - - [05/May/2026:16:14:56 +0000] "GET /wp-content/plugins/wp-super-cache//assets/super-cache-icon.png HTTP/1.1" 200 3105 "https://nipponiacaribe.com/wp-admin/options-general.php?page=wpsupercache" "Mozilla/5.0 (Windows NT 10.0; Win64; x64) AppleWebKit/537.36 (KHTML, like Gecko) Chrome/147.0.0.0 Safari/537.36"
