157.230.39.14 - - [05/May/2026:18:25:35 +0000] "GET /wp-login.php HTTP/1.1" 302 - "-" "Mozilla/5.0 (Macintosh; Intel Mac OS X 13_6_1) AppleWebKit/537.36 (KHTML, like Gecko) Chrome/118.0.0.0 Safari/537.36"
62.60.130.227 - - [05/May/2026:18:25:37 +0000] "GET /wp-admin/index.php HTTP/1.1" 302 - "https://nipponiacaribe.com/wp-login.php" "Mozilla/5.0 (Macintosh; Intel Mac OS X 10_15_7) AppleWebKit/605.1.15 (KHTML, like Gecko) Version/14.1.1 Safari/605.1.15"
62.60.130.227 - - [05/May/2026:18:25:39 +0000] "GET /wp-login.php?redirect_to=https%3A%2F%2Fnipponiacaribe.com%2Fwp-admin%2Findex.php&reauth=1 HTTP/1.1" 404 14290 "https://nipponiacaribe.com/wp-login.php" "Mozilla/5.0 (Macintosh; Intel Mac OS X 10_15_7) AppleWebKit/605.1.15 (KHTML, like Gecko) Version/14.1.1 Safari/605.1.15"
157.230.39.14 - - [05/May/2026:18:25:41 +0000] "GET /wp-login.php HTTP/1.1" 302 - "-" "Mozilla/5.0 (Macintosh; Intel Mac OS X 13_6_1) AppleWebKit/537.36 (KHTML, like Gecko) Chrome/118.0.0.0 Safari/537.36"
62.60.130.227 - - [05/May/2026:18:25:42 +0000] "POST /wp-login.php HTTP/1.1" 302 - "https://nipponiacaribe.com/wp-login.php" "Mozilla/5.0 (Macintosh; Intel Mac OS X 10_15_7) AppleWebKit/605.1.15 (KHTML, like Gecko) Version/15.0 Safari/605.1.15"
57.141.20.43 - - [05/May/2026:18:25:43 +0000] "GET /space110/ HTTP/1.1" 200 121898 "-" "meta-externalagent/1.1 (+https://developers.facebook.com/docs/sharing/webmasters/crawler)"
62.60.130.227 - - [05/May/2026:18:25:45 +0000] "GET /wp-admin/index.php HTTP/1.1" 302 - "https://nipponiacaribe.com/wp-login.php" "Mozilla/5.0 (X11; Linux x86_64) AppleWebKit/537.36 (KHTML, like Gecko) Chrome/91.0.4472.124 Safari/537.36"
43.159.139.164 - - [05/May/2026:18:25:45 +0000] "GET /wp-json/oembed/1.0/embed?url=https%3A%2F%2Fnipponiacaribe.com%2Fbrio-110-aros-de-rayos%2F&format=xml HTTP/1.1" 200 1308 "-" "Mozilla/5.0 (iPhone; CPU iPhone OS 13_2_3 like Mac OS X) AppleWebKit/605.1.15 (KHTML, like Gecko) Version/13.0.3 Mobile/15E148 Safari/604.1"
62.60.130.227 - - [05/May/2026:18:25:47 +0000] "GET /wp-login.php?redirect_to=https%3A%2F%2Fnipponiacaribe.com%2Fwp-admin%2Findex.php&reauth=1 HTTP/1.1" 404 14290 "https://nipponiacaribe.com/wp-login.php" "Mozilla/5.0 (X11; Linux x86_64) AppleWebKit/537.36 (KHTML, like Gecko) Chrome/91.0.4472.124 Safari/537.36"
66.132.172.100 - - [05/May/2026:18:25:53 +0000] "GET / HTTP/1.1" 200 20668 "-" "Mozilla/5.0 (compatible; CensysInspect/1.1; +https://about.censys.io/)"
62.60.130.227 - - [05/May/2026:18:25:50 +0000] "POST /wp-login.php HTTP/1.1" 302 - "https://nipponiacaribe.com/wp-login.php" "Mozilla/5.0 (Windows NT 6.1; Win64; x64) AppleWebKit/537.36 (KHTML, like Gecko) Chrome/91.0.4472.124 Safari/537.36"
157.230.39.14 - - [05/May/2026:18:25:52 +0000] "GET /wp-login.php HTTP/1.1" 302 - "-" "Mozilla/5.0 (Macintosh; Intel Mac OS X 13_6_1) AppleWebKit/537.36 (KHTML, like Gecko) Chrome/118.0.0.0 Safari/537.36"
62.60.130.227 - - [05/May/2026:18:25:53 +0000] "GET /wp-admin/index.php HTTP/1.1" 302 - "https://nipponiacaribe.com/wp-login.php" "Mozilla/5.0 (Windows NT 10.0; Win64; x64) AppleWebKit/605.1.15 (KHTML, like Gecko) Version/14.1.2 Safari/605.1.15"
62.60.130.227 - - [05/May/2026:18:25:56 +0000] "GET /wp-login.php?redirect_to=https%3A%2F%2Fnipponiacaribe.com%2Fwp-admin%2Findex.php&reauth=1 HTTP/1.1" 404 14290 "https://nipponiacaribe.com/wp-login.php" "Mozilla/5.0 (Windows NT 10.0; Win64; x64) AppleWebKit/605.1.15 (KHTML, like Gecko) Version/14.1.2 Safari/605.1.15"
62.60.130.227 - - [05/May/2026:18:25:59 +0000] "POST /wp-login.php HTTP/1.1" 302 - "https://nipponiacaribe.com/wp-login.php" "Mozilla/5.0 (X11; Linux x86_64; rv:92.0) Gecko/20100101 Firefox/92.0"
62.60.130.227 - - [05/May/2026:18:26:01 +0000] "GET /wp-admin/index.php HTTP/1.1" 302 - "https://nipponiacaribe.com/wp-login.php" "Mozilla/5.0 (X11; Linux x86_64; rv:89.0) Gecko/20100101 Firefox/89.0.2"
62.60.130.227 - - [05/May/2026:18:26:04 +0000] "GET /wp-login.php?redirect_to=https%3A%2F%2Fnipponiacaribe.com%2Fwp-admin%2Findex.php&reauth=1 HTTP/1.1" 404 14290 "https://nipponiacaribe.com/wp-login.php" "Mozilla/5.0 (X11; Linux x86_64; rv:89.0) Gecko/20100101 Firefox/89.0.2"
157.230.39.14 - - [05/May/2026:18:26:06 +0000] "GET /wp-login.php HTTP/1.1" 302 - "-" "Mozilla/5.0 (Macintosh; Intel Mac OS X 13_6_1) AppleWebKit/537.36 (KHTML, like Gecko) Chrome/118.0.0.0 Safari/537.36"
62.60.130.227 - - [05/May/2026:18:26:07 +0000] "POST /wp-login.php HTTP/1.1" 302 - "https://nipponiacaribe.com/wp-login.php" "Mozilla/5.0 (Windows NT 6.1; Win64; x64) AppleWebKit/537.36 (KHTML, like Gecko) Chrome/90.0.4430.212 Safari/537.36"
62.60.130.227 - - [05/May/2026:18:26:09 +0000] "GET /wp-admin/index.php HTTP/1.1" 302 - "https://nipponiacaribe.com/wp-login.php" "Mozilla/5.0 (X11; Linux x86_64) AppleWebKit/537.36 (KHTML, like Gecko) Chrome/92.0.4515.131 Safari/537.36"
62.60.130.227 - - [05/May/2026:18:26:11 +0000] "GET /wp-login.php?redirect_to=https%3A%2F%2Fnipponiacaribe.com%2Fwp-admin%2Findex.php&reauth=1 HTTP/1.1" 404 14290 "https://nipponiacaribe.com/wp-login.php" "Mozilla/5.0 (X11; Linux x86_64) AppleWebKit/537.36 (KHTML, like Gecko) Chrome/92.0.4515.131 Safari/537.36"
66.132.172.100 - - [05/May/2026:18:26:13 +0000] "GET /favicon.ico HTTP/1.1" 302 - "-" "Mozilla/5.0 (compatible; CensysInspect/1.1; +https://about.censys.io/)"
62.60.130.227 - - [05/May/2026:18:26:14 +0000] "POST /wp-login.php HTTP/1.1" 302 - "https://nipponiacaribe.com/wp-login.php" "Mozilla/5.0 (X11; Linux x86_64) AppleWebKit/537.36 (KHTML, like Gecko) Chrome/90.0.4430.212 Safari/537.36"
62.60.130.227 - - [05/May/2026:18:26:17 +0000] "GET /wp-admin/index.php HTTP/1.1" 302 - "https://nipponiacaribe.com/wp-login.php" "Mozilla/5.0 (Macintosh; Intel Mac OS X 10_15_7) AppleWebKit/537.36 (KHTML, like Gecko) Chrome/93.0.4577.63 Safari/537.36"
157.230.39.14 - - [05/May/2026:18:26:19 +0000] "GET /wp-login.php HTTP/1.1" 302 - "-" "Mozilla/5.0 (Macintosh; Intel Mac OS X 13_6_1) AppleWebKit/537.36 (KHTML, like Gecko) Chrome/118.0.0.0 Safari/537.36"
62.60.130.227 - - [05/May/2026:18:26:19 +0000] "GET /wp-login.php?redirect_to=https%3A%2F%2Fnipponiacaribe.com%2Fwp-admin%2Findex.php&reauth=1 HTTP/1.1" 404 14290 "https://nipponiacaribe.com/wp-login.php" "Mozilla/5.0 (Macintosh; Intel Mac OS X 10_15_7) AppleWebKit/537.36 (KHTML, like Gecko) Chrome/93.0.4577.63 Safari/537.36"
62.60.130.227 - - [05/May/2026:18:26:22 +0000] "POST /wp-login.php HTTP/1.1" 302 - "https://nipponiacaribe.com/wp-login.php" "Mozilla/5.0 (Windows NT 10.0; Win64; x64) AppleWebKit/605.1.15 (KHTML, like Gecko) Version/15.0 Safari/605.1.15"
62.60.130.227 - - [05/May/2026:18:26:25 +0000] "GET /wp-admin/index.php HTTP/1.1" 302 - "https://nipponiacaribe.com/wp-login.php" "Mozilla/5.0 (Windows NT 10.0; Win64; x64; rv:89.0) Gecko/20100101 Firefox/89.0.2"
62.60.130.227 - - [05/May/2026:18:26:28 +0000] "GET /wp-login.php?redirect_to=https%3A%2F%2Fnipponiacaribe.com%2Fwp-admin%2Findex.php&reauth=1 HTTP/1.1" 404 14290 "https://nipponiacaribe.com/wp-login.php" "Mozilla/5.0 (Windows NT 10.0; Win64; x64; rv:89.0) Gecko/20100101 Firefox/89.0.2"
62.60.130.227 - - [05/May/2026:18:26:31 +0000] "POST /wp-login.php HTTP/1.1" 302 - "https://nipponiacaribe.com/wp-login.php" "Mozilla/5.0 (Macintosh; Intel Mac OS X 10_15_7) AppleWebKit/605.1.15 (KHTML, like Gecko) Version/14.1.2 Safari/605.1.15"
157.230.39.14 - - [05/May/2026:18:26:31 +0000] "GET /wp-login.php HTTP/1.1" 302 - "-" "Mozilla/5.0 (Macintosh; Intel Mac OS X 13_6_1) AppleWebKit/537.36 (KHTML, like Gecko) Chrome/118.0.0.0 Safari/537.36"
62.60.130.227 - - [05/May/2026:18:26:33 +0000] "GET /wp-admin/index.php HTTP/1.1" 302 - "https://nipponiacaribe.com/wp-login.php" "Mozilla/5.0 (Windows NT 10.0; Win64; x64) AppleWebKit/537.36 (KHTML, like Gecko) Chrome/92.0.4515.131 Safari/537.36"
62.60.130.227 - - [05/May/2026:18:26:36 +0000] "GET /wp-login.php?redirect_to=https%3A%2F%2Fnipponiacaribe.com%2Fwp-admin%2Findex.php&reauth=1 HTTP/1.1" 404 14290 "https://nipponiacaribe.com/wp-login.php" "Mozilla/5.0 (Windows NT 10.0; Win64; x64) AppleWebKit/537.36 (KHTML, like Gecko) Chrome/92.0.4515.131 Safari/537.36"
62.60.130.227 - - [05/May/2026:18:26:39 +0000] "POST /wp-login.php HTTP/1.1" 302 - "https://nipponiacaribe.com/wp-login.php" "Mozilla/5.0 (Macintosh; Intel Mac OS X 10_15_7) AppleWebKit/537.36 (KHTML, like Gecko) Chrome/92.0.4515.131 Safari/537.36"
62.60.130.227 - - [05/May/2026:18:26:41 +0000] "GET /wp-admin/index.php HTTP/1.1" 302 - "https://nipponiacaribe.com/wp-login.php" "Mozilla/5.0 (Windows NT 10.0; Win64; x64; rv:90.0) Gecko/20100101 Firefox/90.0.1"
157.230.39.14 - - [05/May/2026:18:26:42 +0000] "GET /wp-login.php HTTP/1.1" 302 - "-" "Mozilla/5.0 (Macintosh; Intel Mac OS X 13_6_1) AppleWebKit/537.36 (KHTML, like Gecko) Chrome/118.0.0.0 Safari/537.36"
62.60.130.227 - - [05/May/2026:18:26:44 +0000] "GET /wp-login.php?redirect_to=https%3A%2F%2Fnipponiacaribe.com%2Fwp-admin%2Findex.php&reauth=1 HTTP/1.1" 404 14290 "https://nipponiacaribe.com/wp-login.php" "Mozilla/5.0 (Windows NT 10.0; Win64; x64; rv:90.0) Gecko/20100101 Firefox/90.0.1"
62.60.130.227 - - [05/May/2026:18:26:47 +0000] "POST /wp-login.php HTTP/1.1" 302 - "https://nipponiacaribe.com/wp-login.php" "Mozilla/5.0 (Windows NT 6.1; Win64; x64) AppleWebKit/537.36 (KHTML, like Gecko) Chrome/93.0.4577.63 Safari/537.36"
62.60.130.227 - - [05/May/2026:18:26:49 +0000] "GET /wp-admin/index.php HTTP/1.1" 302 - "https://nipponiacaribe.com/wp-login.php" "Mozilla/5.0 (Macintosh; Intel Mac OS X 10_15_7) AppleWebKit/605.1.15 (KHTML, like Gecko) Version/14.1.1 Safari/605.1.15"
62.60.130.227 - - [05/May/2026:18:26:52 +0000] "GET /wp-login.php?redirect_to=https%3A%2F%2Fnipponiacaribe.com%2Fwp-admin%2Findex.php&reauth=1 HTTP/1.1" 404 14290 "https://nipponiacaribe.com/wp-login.php" "Mozilla/5.0 (Macintosh; Intel Mac OS X 10_15_7) AppleWebKit/605.1.15 (KHTML, like Gecko) Version/14.1.1 Safari/605.1.15"
62.60.130.227 - - [05/May/2026:18:26:55 +0000] "POST /wp-login.php HTTP/1.1" 302 - "https://nipponiacaribe.com/wp-login.php" "Mozilla/5.0 (Macintosh; Intel Mac OS X 10_15_7; rv:91.0) Gecko/20100101 Firefox/91.0"
62.60.130.227 - - [05/May/2026:18:26:57 +0000] "GET /wp-admin/index.php HTTP/1.1" 302 - "https://nipponiacaribe.com/wp-login.php" "Mozilla/5.0 (Windows NT 10.0; Win64; x64; rv:93.0) Gecko/20100101 Firefox/93.0"
157.230.39.14 - - [05/May/2026:18:26:58 +0000] "GET /wp-login.php HTTP/1.1" 302 - "-" "Mozilla/5.0 (Macintosh; Intel Mac OS X 13_6_1) AppleWebKit/537.36 (KHTML, like Gecko) Chrome/118.0.0.0 Safari/537.36"
62.60.130.227 - - [05/May/2026:18:26:59 +0000] "GET /wp-login.php?redirect_to=https%3A%2F%2Fnipponiacaribe.com%2Fwp-admin%2Findex.php&reauth=1 HTTP/1.1" 404 14290 "https://nipponiacaribe.com/wp-login.php" "Mozilla/5.0 (Windows NT 10.0; Win64; x64; rv:93.0) Gecko/20100101 Firefox/93.0"
62.60.130.227 - - [05/May/2026:18:27:02 +0000] "POST /wp-login.php HTTP/1.1" 302 - "https://nipponiacaribe.com/wp-login.php" "Mozilla/5.0 (Windows NT 10.0; Win64; x64) AppleWebKit/605.1.15 (KHTML, like Gecko) Version/15.0 Safari/605.1.15"
62.60.130.227 - - [05/May/2026:18:27:05 +0000] "GET /wp-admin/index.php HTTP/1.1" 302 - "https://nipponiacaribe.com/wp-login.php" "Mozilla/5.0 (X11; Linux x86_64) AppleWebKit/537.36 (KHTML, like Gecko) Chrome/92.0.4515.131 Safari/537.36"
62.60.130.227 - - [05/May/2026:18:27:07 +0000] "GET /wp-login.php?redirect_to=https%3A%2F%2Fnipponiacaribe.com%2Fwp-admin%2Findex.php&reauth=1 HTTP/1.1" 404 14290 "https://nipponiacaribe.com/wp-login.php" "Mozilla/5.0 (X11; Linux x86_64) AppleWebKit/537.36 (KHTML, like Gecko) Chrome/92.0.4515.131 Safari/537.36"
62.60.130.227 - - [05/May/2026:18:27:11 +0000] "POST /wp-login.php HTTP/1.1" 302 - "https://nipponiacaribe.com/wp-login.php" "Mozilla/5.0 (Macintosh; Intel Mac OS X 10_15_7) AppleWebKit/537.36 (KHTML, like Gecko) Chrome/92.0.4515.131 Safari/537.36"
62.60.130.227 - - [05/May/2026:18:27:13 +0000] "GET /wp-admin/index.php HTTP/1.1" 302 - "https://nipponiacaribe.com/wp-login.php" "Mozilla/5.0 (Macintosh; Intel Mac OS X 10_15_7; rv:91.0) Gecko/20100101 Firefox/91.0"
62.60.130.227 - - [05/May/2026:18:27:15 +0000] "GET /wp-login.php?redirect_to=https%3A%2F%2Fnipponiacaribe.com%2Fwp-admin%2Findex.php&reauth=1 HTTP/1.1" 404 14290 "https://nipponiacaribe.com/wp-login.php" "Mozilla/5.0 (Macintosh; Intel Mac OS X 10_15_7; rv:91.0) Gecko/20100101 Firefox/91.0"
157.230.39.14 - - [05/May/2026:18:27:17 +0000] "GET /wp-login.php HTTP/1.1" 302 - "-" "Mozilla/5.0 (Macintosh; Intel Mac OS X 13_6_1) AppleWebKit/537.36 (KHTML, like Gecko) Chrome/118.0.0.0 Safari/537.36"
62.60.130.227 - - [05/May/2026:18:27:18 +0000] "POST /wp-login.php HTTP/1.1" 302 - "https://nipponiacaribe.com/wp-login.php" "Mozilla/5.0 (Windows NT 10.0; Win64; x64) AppleWebKit/605.1.15 (KHTML, like Gecko) Version/15.0 Safari/605.1.15"
62.60.130.227 - - [05/May/2026:18:27:21 +0000] "GET /wp-admin/index.php HTTP/1.1" 302 - "https://nipponiacaribe.com/wp-login.php" "Mozilla/5.0 (Macintosh; Intel Mac OS X 10_15_7) AppleWebKit/605.1.15 (KHTML, like Gecko) Version/14.1.2 Safari/605.1.15"
62.60.130.227 - - [05/May/2026:18:27:23 +0000] "GET /wp-login.php?redirect_to=https%3A%2F%2Fnipponiacaribe.com%2Fwp-admin%2Findex.php&reauth=1 HTTP/1.1" 404 14290 "https://nipponiacaribe.com/wp-login.php" "Mozilla/5.0 (Macintosh; Intel Mac OS X 10_15_7) AppleWebKit/605.1.15 (KHTML, like Gecko) Version/14.1.2 Safari/605.1.15"
62.60.130.227 - - [05/May/2026:18:27:26 +0000] "POST /wp-login.php HTTP/1.1" 302 - "https://nipponiacaribe.com/wp-login.php" "Mozilla/5.0 (X11; Linux x86_64) AppleWebKit/537.36 (KHTML, like Gecko) Chrome/94.0.4606.71 Safari/537.36"
62.60.130.227 - - [05/May/2026:18:27:29 +0000] "GET /wp-admin/index.php HTTP/1.1" 302 - "https://nipponiacaribe.com/wp-login.php" "Mozilla/5.0 (Macintosh; Intel Mac OS X 10_15_7) AppleWebKit/537.36 (KHTML, like Gecko) Chrome/94.0.4606.71 Safari/537.36"
157.230.39.14 - - [05/May/2026:18:27:29 +0000] "GET /wp-login.php HTTP/1.1" 302 - "-" "Mozilla/5.0 (Macintosh; Intel Mac OS X 13_6_1) AppleWebKit/537.36 (KHTML, like Gecko) Chrome/118.0.0.0 Safari/537.36"
62.60.130.227 - - [05/May/2026:18:27:31 +0000] "GET /wp-login.php?redirect_to=https%3A%2F%2Fnipponiacaribe.com%2Fwp-admin%2Findex.php&reauth=1 HTTP/1.1" 404 14290 "https://nipponiacaribe.com/wp-login.php" "Mozilla/5.0 (Macintosh; Intel Mac OS X 10_15_7) AppleWebKit/537.36 (KHTML, like Gecko) Chrome/94.0.4606.71 Safari/537.36"
62.60.130.227 - - [05/May/2026:18:27:34 +0000] "POST /wp-login.php HTTP/1.1" 302 - "https://nipponiacaribe.com/wp-login.php" "Mozilla/5.0 (Windows NT 6.1; Win64; x64) AppleWebKit/537.36 (KHTML, like Gecko) Chrome/93.0.4577.63 Safari/537.36"
62.60.130.227 - - [05/May/2026:18:27:37 +0000] "GET /wp-admin/index.php HTTP/1.1" 302 - "https://nipponiacaribe.com/wp-login.php" "Mozilla/5.0 (X11; Linux x86_64; rv:90.0) Gecko/20100101 Firefox/90.0.1"
62.60.130.227 - - [05/May/2026:18:27:39 +0000] "GET /wp-login.php?redirect_to=https%3A%2F%2Fnipponiacaribe.com%2Fwp-admin%2Findex.php&reauth=1 HTTP/1.1" 404 14290 "https://nipponiacaribe.com/wp-login.php" "Mozilla/5.0 (X11; Linux x86_64; rv:90.0) Gecko/20100101 Firefox/90.0.1"
157.230.39.14 - - [05/May/2026:18:27:40 +0000] "GET /wp-login.php HTTP/1.1" 302 - "-" "Mozilla/5.0 (Macintosh; Intel Mac OS X 13_6_1) AppleWebKit/537.36 (KHTML, like Gecko) Chrome/118.0.0.0 Safari/537.36"
62.60.130.227 - - [05/May/2026:18:27:42 +0000] "POST /wp-login.php HTTP/1.1" 302 - "https://nipponiacaribe.com/wp-login.php" "Mozilla/5.0 (Windows NT 6.1; Win64; x64) AppleWebKit/537.36 (KHTML, like Gecko) Chrome/91.0.4472.124 Safari/537.36"
62.60.130.227 - - [05/May/2026:18:27:45 +0000] "GET /wp-admin/index.php HTTP/1.1" 302 - "https://nipponiacaribe.com/wp-login.php" "Mozilla/5.0 (X11; Linux x86_64) AppleWebKit/537.36 (KHTML, like Gecko) Chrome/93.0.4577.63 Safari/537.36"
62.60.130.227 - - [05/May/2026:18:27:47 +0000] "GET /wp-login.php?redirect_to=https%3A%2F%2Fnipponiacaribe.com%2Fwp-admin%2Findex.php&reauth=1 HTTP/1.1" 404 14290 "https://nipponiacaribe.com/wp-login.php" "Mozilla/5.0 (X11; Linux x86_64) AppleWebKit/537.36 (KHTML, like Gecko) Chrome/93.0.4577.63 Safari/537.36"
62.60.130.227 - - [05/May/2026:18:27:50 +0000] "POST /wp-login.php HTTP/1.1" 302 - "https://nipponiacaribe.com/wp-login.php" "Mozilla/5.0 (X11; Linux x86_64) AppleWebKit/537.36 (KHTML, like Gecko) Chrome/94.0.4606.71 Safari/537.36"
157.230.39.14 - - [05/May/2026:18:27:51 +0000] "GET /wp-login.php HTTP/1.1" 302 - "-" "Mozilla/5.0 (Macintosh; Intel Mac OS X 13_6_1) AppleWebKit/537.36 (KHTML, like Gecko) Chrome/118.0.0.0 Safari/537.36"
62.60.130.227 - - [05/May/2026:18:27:52 +0000] "GET /wp-admin/index.php HTTP/1.1" 302 - "https://nipponiacaribe.com/wp-login.php" "Mozilla/5.0 (Windows NT 10.0; Win64; x64) AppleWebKit/605.1.15 (KHTML, like Gecko) Version/15.0 Safari/605.1.15"
62.60.130.227 - - [05/May/2026:18:27:55 +0000] "GET /wp-login.php?redirect_to=https%3A%2F%2Fnipponiacaribe.com%2Fwp-admin%2Findex.php&reauth=1 HTTP/1.1" 404 14290 "https://nipponiacaribe.com/wp-login.php" "Mozilla/5.0 (Windows NT 10.0; Win64; x64) AppleWebKit/605.1.15 (KHTML, like Gecko) Version/15.0 Safari/605.1.15"
62.60.130.227 - - [05/May/2026:18:27:58 +0000] "POST /wp-login.php HTTP/1.1" 302 - "https://nipponiacaribe.com/wp-login.php" "Mozilla/5.0 (Windows NT 10.0; Win64; x64) AppleWebKit/605.1.15 (KHTML, like Gecko) Version/14.1 Safari/605.1.15"
62.60.130.227 - - [05/May/2026:18:28:00 +0000] "GET /wp-admin/index.php HTTP/1.1" 302 - "https://nipponiacaribe.com/wp-login.php" "Mozilla/5.0 (Macintosh; Intel Mac OS X 10_15_7) AppleWebKit/605.1.15 (KHTML, like Gecko) Version/14.1.1 Safari/605.1.15"
157.230.39.14 - - [05/May/2026:18:28:01 +0000] "GET /wp-login.php HTTP/1.1" 302 - "-" "Mozilla/5.0 (Macintosh; Intel Mac OS X 13_6_1) AppleWebKit/537.36 (KHTML, like Gecko) Chrome/118.0.0.0 Safari/537.36"
62.60.130.227 - - [05/May/2026:18:28:03 +0000] "GET /wp-login.php?redirect_to=https%3A%2F%2Fnipponiacaribe.com%2Fwp-admin%2Findex.php&reauth=1 HTTP/1.1" 404 14290 "https://nipponiacaribe.com/wp-login.php" "Mozilla/5.0 (Macintosh; Intel Mac OS X 10_15_7) AppleWebKit/605.1.15 (KHTML, like Gecko) Version/14.1.1 Safari/605.1.15"
62.60.130.227 - - [05/May/2026:18:28:06 +0000] "POST /wp-login.php HTTP/1.1" 302 - "https://nipponiacaribe.com/wp-login.php" "Mozilla/5.0 (X11; Linux x86_64; rv:89.0) Gecko/20100101 Firefox/89.0.2"
62.60.130.227 - - [05/May/2026:18:28:09 +0000] "GET /wp-admin/index.php HTTP/1.1" 302 - "https://nipponiacaribe.com/wp-login.php" "Mozilla/5.0 (Windows NT 10.0; Win64; x64) AppleWebKit/537.36 (KHTML, like Gecko) Chrome/90.0.4430.212 Safari/537.36"
62.60.130.227 - - [05/May/2026:18:28:11 +0000] "GET /wp-login.php?redirect_to=https%3A%2F%2Fnipponiacaribe.com%2Fwp-admin%2Findex.php&reauth=1 HTTP/1.1" 404 14290 "https://nipponiacaribe.com/wp-login.php" "Mozilla/5.0 (Windows NT 10.0; Win64; x64) AppleWebKit/537.36 (KHTML, like Gecko) Chrome/90.0.4430.212 Safari/537.36"
157.230.39.14 - - [05/May/2026:18:28:13 +0000] "GET /wp-login.php HTTP/1.1" 302 - "-" "Mozilla/5.0 (Macintosh; Intel Mac OS X 13_6_1) AppleWebKit/537.36 (KHTML, like Gecko) Chrome/118.0.0.0 Safari/537.36"
62.60.130.227 - - [05/May/2026:18:28:14 +0000] "POST /wp-login.php HTTP/1.1" 302 - "https://nipponiacaribe.com/wp-login.php" "Mozilla/5.0 (Macintosh; Intel Mac OS X 10_15_7) AppleWebKit/605.1.15 (KHTML, like Gecko) Version/14.0.3 Safari/605.1.15"
62.60.130.227 - - [05/May/2026:18:28:17 +0000] "GET /wp-admin/index.php HTTP/1.1" 302 - "https://nipponiacaribe.com/wp-login.php" "Mozilla/5.0 (Windows NT 6.1; Win64; x64) AppleWebKit/537.36 (KHTML, like Gecko) Chrome/94.0.4606.71 Safari/537.36"
62.60.130.227 - - [05/May/2026:18:28:19 +0000] "GET /wp-login.php?redirect_to=https%3A%2F%2Fnipponiacaribe.com%2Fwp-admin%2Findex.php&reauth=1 HTTP/1.1" 404 14290 "https://nipponiacaribe.com/wp-login.php" "Mozilla/5.0 (Windows NT 6.1; Win64; x64) AppleWebKit/537.36 (KHTML, like Gecko) Chrome/94.0.4606.71 Safari/537.36"
62.60.130.227 - - [05/May/2026:18:28:22 +0000] "POST /wp-login.php HTTP/1.1" 302 - "https://nipponiacaribe.com/wp-login.php" "Mozilla/5.0 (Windows NT 6.1; Win64; x64) AppleWebKit/537.36 (KHTML, like Gecko) Chrome/94.0.4606.71 Safari/537.36"
157.230.39.14 - - [05/May/2026:18:28:23 +0000] "GET /wp-login.php HTTP/1.1" 302 - "-" "Mozilla/5.0 (Macintosh; Intel Mac OS X 13_6_1) AppleWebKit/537.36 (KHTML, like Gecko) Chrome/118.0.0.0 Safari/537.36"
62.60.130.227 - - [05/May/2026:18:28:25 +0000] "GET /wp-admin/index.php HTTP/1.1" 302 - "https://nipponiacaribe.com/wp-login.php" "Mozilla/5.0 (Windows NT 10.0; Win64; x64) AppleWebKit/537.36 (KHTML, like Gecko) Chrome/91.0.4472.124 Safari/537.36"
62.60.130.227 - - [05/May/2026:18:28:27 +0000] "GET /wp-login.php?redirect_to=https%3A%2F%2Fnipponiacaribe.com%2Fwp-admin%2Findex.php&reauth=1 HTTP/1.1" 404 14290 "https://nipponiacaribe.com/wp-login.php" "Mozilla/5.0 (Windows NT 10.0; Win64; x64) AppleWebKit/537.36 (KHTML, like Gecko) Chrome/91.0.4472.124 Safari/537.36"
62.60.130.227 - - [05/May/2026:18:28:30 +0000] "POST /wp-login.php HTTP/1.1" 302 - "https://nipponiacaribe.com/wp-login.php" "Mozilla/5.0 (Windows NT 10.0; Win64; x64) AppleWebKit/537.36 (KHTML, like Gecko) Chrome/93.0.4577.63 Safari/537.36"
157.230.39.14 - - [05/May/2026:18:28:33 +0000] "GET /wp-login.php HTTP/1.1" 302 - "-" "Mozilla/5.0 (Macintosh; Intel Mac OS X 13_6_1) AppleWebKit/537.36 (KHTML, like Gecko) Chrome/118.0.0.0 Safari/537.36"
62.60.130.227 - - [05/May/2026:18:28:33 +0000] "GET /wp-admin/index.php HTTP/1.1" 302 - "https://nipponiacaribe.com/wp-login.php" "Mozilla/5.0 (X11; Linux x86_64) AppleWebKit/537.36 (KHTML, like Gecko) Chrome/90.0.4430.212 Safari/537.36"
62.60.130.227 - - [05/May/2026:18:28:36 +0000] "GET /wp-login.php?redirect_to=https%3A%2F%2Fnipponiacaribe.com%2Fwp-admin%2Findex.php&reauth=1 HTTP/1.1" 404 14290 "https://nipponiacaribe.com/wp-login.php" "Mozilla/5.0 (X11; Linux x86_64) AppleWebKit/537.36 (KHTML, like Gecko) Chrome/90.0.4430.212 Safari/537.36"
62.60.130.227 - - [05/May/2026:18:28:39 +0000] "POST /wp-login.php HTTP/1.1" 302 - "https://nipponiacaribe.com/wp-login.php" "Mozilla/5.0 (Windows NT 6.1; Win64; x64) AppleWebKit/537.36 (KHTML, like Gecko) Chrome/90.0.4430.212 Safari/537.36"
62.60.130.227 - - [05/May/2026:18:28:41 +0000] "GET /wp-admin/index.php HTTP/1.1" 302 - "https://nipponiacaribe.com/wp-login.php" "Mozilla/5.0 (Macintosh; Intel Mac OS X 10_15_7) AppleWebKit/605.1.15 (KHTML, like Gecko) Version/15.0 Safari/605.1.15"
157.230.39.14 - - [05/May/2026:18:28:43 +0000] "GET /wp-login.php HTTP/1.1" 302 - "-" "Mozilla/5.0 (Macintosh; Intel Mac OS X 13_6_1) AppleWebKit/537.36 (KHTML, like Gecko) Chrome/118.0.0.0 Safari/537.36"
62.60.130.227 - - [05/May/2026:18:28:44 +0000] "GET /wp-login.php?redirect_to=https%3A%2F%2Fnipponiacaribe.com%2Fwp-admin%2Findex.php&reauth=1 HTTP/1.1" 404 14290 "https://nipponiacaribe.com/wp-login.php" "Mozilla/5.0 (Macintosh; Intel Mac OS X 10_15_7) AppleWebKit/605.1.15 (KHTML, like Gecko) Version/15.0 Safari/605.1.15"
62.60.130.227 - - [05/May/2026:18:28:47 +0000] "POST /wp-login.php HTTP/1.1" 302 - "https://nipponiacaribe.com/wp-login.php" "Mozilla/5.0 (X11; Linux x86_64; rv:93.0) Gecko/20100101 Firefox/93.0"
62.60.130.227 - - [05/May/2026:18:28:49 +0000] "GET /wp-admin/index.php HTTP/1.1" 302 - "https://nipponiacaribe.com/wp-login.php" "Mozilla/5.0 (Macintosh; Intel Mac OS X 10_15_7; rv:90.0) Gecko/20100101 Firefox/90.0.1"
62.60.130.227 - - [05/May/2026:18:28:52 +0000] "GET /wp-login.php?redirect_to=https%3A%2F%2Fnipponiacaribe.com%2Fwp-admin%2Findex.php&reauth=1 HTTP/1.1" 404 14290 "https://nipponiacaribe.com/wp-login.php" "Mozilla/5.0 (Macintosh; Intel Mac OS X 10_15_7; rv:90.0) Gecko/20100101 Firefox/90.0.1"
157.230.39.14 - - [05/May/2026:18:28:54 +0000] "GET /wp-login.php HTTP/1.1" 302 - "-" "Mozilla/5.0 (Macintosh; Intel Mac OS X 13_6_1) AppleWebKit/537.36 (KHTML, like Gecko) Chrome/118.0.0.0 Safari/537.36"
62.60.130.227 - - [05/May/2026:18:28:55 +0000] "POST /wp-login.php HTTP/1.1" 302 - "https://nipponiacaribe.com/wp-login.php" "Mozilla/5.0 (Windows NT 10.0; Win64; x64) AppleWebKit/537.36 (KHTML, like Gecko) Chrome/91.0.4472.124 Safari/537.36"
62.60.130.227 - - [05/May/2026:18:28:57 +0000] "GET /wp-admin/index.php HTTP/1.1" 302 - "https://nipponiacaribe.com/wp-login.php" "Mozilla/5.0 (X11; Linux x86_64) AppleWebKit/537.36 (KHTML, like Gecko) Chrome/93.0.4577.63 Safari/537.36"
62.60.130.227 - - [05/May/2026:18:29:00 +0000] "GET /wp-login.php?redirect_to=https%3A%2F%2Fnipponiacaribe.com%2Fwp-admin%2Findex.php&reauth=1 HTTP/1.1" 404 14290 "https://nipponiacaribe.com/wp-login.php" "Mozilla/5.0 (X11; Linux x86_64) AppleWebKit/537.36 (KHTML, like Gecko) Chrome/93.0.4577.63 Safari/537.36"
62.60.130.227 - - [05/May/2026:18:29:03 +0000] "POST /wp-login.php HTTP/1.1" 302 - "https://nipponiacaribe.com/wp-login.php" "Mozilla/5.0 (X11; Linux x86_64) AppleWebKit/537.36 (KHTML, like Gecko) Chrome/90.0.4430.212 Safari/537.36"
157.230.39.14 - - [05/May/2026:18:29:04 +0000] "GET /wp-login.php HTTP/1.1" 302 - "-" "Mozilla/5.0 (Macintosh; Intel Mac OS X 13_6_1) AppleWebKit/537.36 (KHTML, like Gecko) Chrome/118.0.0.0 Safari/537.36"
62.60.130.227 - - [05/May/2026:18:29:05 +0000] "GET /wp-admin/index.php HTTP/1.1" 302 - "https://nipponiacaribe.com/wp-login.php" "Mozilla/5.0 (Macintosh; Intel Mac OS X 10_15_7) AppleWebKit/605.1.15 (KHTML, like Gecko) Version/14.0.3 Safari/605.1.15"
62.60.130.227 - - [05/May/2026:18:29:07 +0000] "GET /wp-login.php?redirect_to=https%3A%2F%2Fnipponiacaribe.com%2Fwp-admin%2Findex.php&reauth=1 HTTP/1.1" 404 14290 "https://nipponiacaribe.com/wp-login.php" "Mozilla/5.0 (Macintosh; Intel Mac OS X 10_15_7) AppleWebKit/605.1.15 (KHTML, like Gecko) Version/14.0.3 Safari/605.1.15"
62.60.130.227 - - [05/May/2026:18:29:10 +0000] "POST /wp-login.php HTTP/1.1" 302 - "https://nipponiacaribe.com/wp-login.php" "Mozilla/5.0 (Windows NT 10.0; Win64; x64) AppleWebKit/537.36 (KHTML, like Gecko) Chrome/93.0.4577.63 Safari/537.36"
20.169.87.122 - - [05/May/2026:18:29:10 +0000] "GET /distribuidores/ HTTP/1.1" 200 18722 "-" "Mozilla/5.0 AppleWebKit/537.36 (KHTML, like Gecko); compatible; ChatGPT-User/1.0; +https://openai.com/bot"
62.60.130.227 - - [05/May/2026:18:29:13 +0000] "GET /wp-admin/index.php HTTP/1.1" 302 - "https://nipponiacaribe.com/wp-login.php" "Mozilla/5.0 (Windows NT 6.1; Win64; x64) AppleWebKit/537.36 (KHTML, like Gecko) Chrome/94.0.4606.71 Safari/537.36"
157.230.39.14 - - [05/May/2026:18:29:14 +0000] "GET /wp-login.php HTTP/1.1" 302 - "-" "Mozilla/5.0 (Macintosh; Intel Mac OS X 13_6_1) AppleWebKit/537.36 (KHTML, like Gecko) Chrome/118.0.0.0 Safari/537.36"
62.60.130.227 - - [05/May/2026:18:29:15 +0000] "GET /wp-login.php?redirect_to=https%3A%2F%2Fnipponiacaribe.com%2Fwp-admin%2Findex.php&reauth=1 HTTP/1.1" 404 14290 "https://nipponiacaribe.com/wp-login.php" "Mozilla/5.0 (Windows NT 6.1; Win64; x64) AppleWebKit/537.36 (KHTML, like Gecko) Chrome/94.0.4606.71 Safari/537.36"
62.60.130.227 - - [05/May/2026:18:29:18 +0000] "POST /wp-login.php HTTP/1.1" 302 - "https://nipponiacaribe.com/wp-login.php" "Mozilla/5.0 (X11; Linux x86_64) AppleWebKit/537.36 (KHTML, like Gecko) Chrome/92.0.4515.131 Safari/537.36"
62.60.130.227 - - [05/May/2026:18:29:21 +0000] "GET /wp-admin/index.php HTTP/1.1" 302 - "https://nipponiacaribe.com/wp-login.php" "Mozilla/5.0 (Macintosh; Intel Mac OS X 10_15_7; rv:92.0) Gecko/20100101 Firefox/92.0"
62.60.130.227 - - [05/May/2026:18:29:23 +0000] "GET /wp-login.php?redirect_to=https%3A%2F%2Fnipponiacaribe.com%2Fwp-admin%2Findex.php&reauth=1 HTTP/1.1" 404 14290 "https://nipponiacaribe.com/wp-login.php" "Mozilla/5.0 (Macintosh; Intel Mac OS X 10_15_7; rv:92.0) Gecko/20100101 Firefox/92.0"
157.230.39.14 - - [05/May/2026:18:29:25 +0000] "GET /wp-login.php HTTP/1.1" 302 - "-" "Mozilla/5.0 (Macintosh; Intel Mac OS X 13_6_1) AppleWebKit/537.36 (KHTML, like Gecko) Chrome/118.0.0.0 Safari/537.36"
62.60.130.227 - - [05/May/2026:18:29:26 +0000] "POST /wp-login.php HTTP/1.1" 302 - "https://nipponiacaribe.com/wp-login.php" "Mozilla/5.0 (Windows NT 6.1; Win64; x64; rv:89.0) Gecko/20100101 Firefox/89.0.2"
62.60.130.227 - - [05/May/2026:18:29:29 +0000] "GET /wp-admin/index.php HTTP/1.1" 302 - "https://nipponiacaribe.com/wp-login.php" "Mozilla/5.0 (Windows NT 10.0; Win64; x64; rv:89.0) Gecko/20100101 Firefox/89.0.2"
62.60.130.227 - - [05/May/2026:18:29:31 +0000] "GET /wp-login.php?redirect_to=https%3A%2F%2Fnipponiacaribe.com%2Fwp-admin%2Findex.php&reauth=1 HTTP/1.1" 404 14290 "https://nipponiacaribe.com/wp-login.php" "Mozilla/5.0 (Windows NT 10.0; Win64; x64; rv:89.0) Gecko/20100101 Firefox/89.0.2"
62.60.130.227 - - [05/May/2026:18:29:34 +0000] "POST /wp-login.php HTTP/1.1" 302 - "https://nipponiacaribe.com/wp-login.php" "Mozilla/5.0 (Windows NT 10.0; Win64; x64) AppleWebKit/537.36 (KHTML, like Gecko) Chrome/91.0.4472.124 Safari/537.36"
157.230.39.14 - - [05/May/2026:18:29:35 +0000] "GET /wp-login.php HTTP/1.1" 302 - "-" "Mozilla/5.0 (Macintosh; Intel Mac OS X 13_6_1) AppleWebKit/537.36 (KHTML, like Gecko) Chrome/118.0.0.0 Safari/537.36"
62.60.130.227 - - [05/May/2026:18:29:37 +0000] "GET /wp-admin/index.php HTTP/1.1" 302 - "https://nipponiacaribe.com/wp-login.php" "Mozilla/5.0 (Windows NT 10.0; Win64; x64; rv:92.0) Gecko/20100101 Firefox/92.0"
62.60.130.227 - - [05/May/2026:18:29:39 +0000] "GET /wp-login.php?redirect_to=https%3A%2F%2Fnipponiacaribe.com%2Fwp-admin%2Findex.php&reauth=1 HTTP/1.1" 404 14290 "https://nipponiacaribe.com/wp-login.php" "Mozilla/5.0 (Windows NT 10.0; Win64; x64; rv:92.0) Gecko/20100101 Firefox/92.0"
62.60.130.227 - - [05/May/2026:18:29:42 +0000] "POST /wp-login.php HTTP/1.1" 302 - "https://nipponiacaribe.com/wp-login.php" "Mozilla/5.0 (Macintosh; Intel Mac OS X 10_15_7) AppleWebKit/537.36 (KHTML, like Gecko) Chrome/93.0.4577.63 Safari/537.36"
62.60.130.227 - - [05/May/2026:18:29:45 +0000] "GET /wp-admin/index.php HTTP/1.1" 302 - "https://nipponiacaribe.com/wp-login.php" "Mozilla/5.0 (Macintosh; Intel Mac OS X 10_15_7) AppleWebKit/605.1.15 (KHTML, like Gecko) Version/14.1 Safari/605.1.15"
157.230.39.14 - - [05/May/2026:18:29:47 +0000] "GET /wp-login.php HTTP/1.1" 302 - "-" "Mozilla/5.0 (Macintosh; Intel Mac OS X 13_6_1) AppleWebKit/537.36 (KHTML, like Gecko) Chrome/118.0.0.0 Safari/537.36"
62.60.130.227 - - [05/May/2026:18:29:47 +0000] "GET /wp-login.php?redirect_to=https%3A%2F%2Fnipponiacaribe.com%2Fwp-admin%2Findex.php&reauth=1 HTTP/1.1" 404 14290 "https://nipponiacaribe.com/wp-login.php" "Mozilla/5.0 (Macintosh; Intel Mac OS X 10_15_7) AppleWebKit/605.1.15 (KHTML, like Gecko) Version/14.1 Safari/605.1.15"
62.60.130.227 - - [05/May/2026:18:29:50 +0000] "POST /wp-login.php HTTP/1.1" 302 - "https://nipponiacaribe.com/wp-login.php" "Mozilla/5.0 (Windows NT 10.0; Win64; x64) AppleWebKit/537.36 (KHTML, like Gecko) Chrome/93.0.4577.63 Safari/537.36"
62.60.130.227 - - [05/May/2026:18:29:53 +0000] "GET /wp-admin/index.php HTTP/1.1" 302 - "https://nipponiacaribe.com/wp-login.php" "Mozilla/5.0 (Macintosh; Intel Mac OS X 10_15_7) AppleWebKit/605.1.15 (KHTML, like Gecko) Version/14.1.2 Safari/605.1.15"
62.60.130.227 - - [05/May/2026:18:29:55 +0000] "GET /wp-login.php?redirect_to=https%3A%2F%2Fnipponiacaribe.com%2Fwp-admin%2Findex.php&reauth=1 HTTP/1.1" 404 14290 "https://nipponiacaribe.com/wp-login.php" "Mozilla/5.0 (Macintosh; Intel Mac OS X 10_15_7) AppleWebKit/605.1.15 (KHTML, like Gecko) Version/14.1.2 Safari/605.1.15"
62.60.130.227 - - [05/May/2026:18:29:58 +0000] "POST /wp-login.php HTTP/1.1" 302 - "https://nipponiacaribe.com/wp-login.php" "Mozilla/5.0 (Macintosh; Intel Mac OS X 10_15_7) AppleWebKit/537.36 (KHTML, like Gecko) Chrome/91.0.4472.124 Safari/537.36"
157.230.39.14 - - [05/May/2026:18:29:59 +0000] "GET /wp-login.php HTTP/1.1" 302 - "-" "Mozilla/5.0 (Macintosh; Intel Mac OS X 13_6_1) AppleWebKit/537.36 (KHTML, like Gecko) Chrome/118.0.0.0 Safari/537.36"
62.60.130.227 - - [05/May/2026:18:30:01 +0000] "GET /wp-admin/index.php HTTP/1.1" 302 - "https://nipponiacaribe.com/wp-login.php" "Mozilla/5.0 (Windows NT 10.0; Win64; x64) AppleWebKit/605.1.15 (KHTML, like Gecko) Version/14.1.2 Safari/605.1.15"
62.60.130.227 - - [05/May/2026:18:30:04 +0000] "GET /wp-login.php?redirect_to=https%3A%2F%2Fnipponiacaribe.com%2Fwp-admin%2Findex.php&reauth=1 HTTP/1.1" 404 14290 "https://nipponiacaribe.com/wp-login.php" "Mozilla/5.0 (Windows NT 10.0; Win64; x64) AppleWebKit/605.1.15 (KHTML, like Gecko) Version/14.1.2 Safari/605.1.15"
62.60.130.227 - - [05/May/2026:18:30:07 +0000] "POST /wp-login.php HTTP/1.1" 302 - "https://nipponiacaribe.com/wp-login.php" "Mozilla/5.0 (Windows NT 6.1; Win64; x64) AppleWebKit/537.36 (KHTML, like Gecko) Chrome/93.0.4577.63 Safari/537.36"
62.60.130.227 - - [05/May/2026:18:30:10 +0000] "GET /wp-admin/index.php HTTP/1.1" 302 - "https://nipponiacaribe.com/wp-login.php" "Mozilla/5.0 (X11; Linux x86_64) AppleWebKit/537.36 (KHTML, like Gecko) Chrome/90.0.4430.212 Safari/537.36"
62.60.130.227 - - [05/May/2026:18:30:12 +0000] "GET /wp-login.php?redirect_to=https%3A%2F%2Fnipponiacaribe.com%2Fwp-admin%2Findex.php&reauth=1 HTTP/1.1" 404 14290 "https://nipponiacaribe.com/wp-login.php" "Mozilla/5.0 (X11; Linux x86_64) AppleWebKit/537.36 (KHTML, like Gecko) Chrome/90.0.4430.212 Safari/537.36"
62.60.130.227 - - [05/May/2026:18:30:16 +0000] "POST /wp-login.php HTTP/1.1" 302 - "https://nipponiacaribe.com/wp-login.php" "Mozilla/5.0 (Windows NT 10.0; Win64; x64) AppleWebKit/605.1.15 (KHTML, like Gecko) Version/14.1.1 Safari/605.1.15"
157.230.39.14 - - [05/May/2026:18:30:17 +0000] "GET /wp-login.php HTTP/1.1" 302 - "-" "Mozilla/5.0 (Macintosh; Intel Mac OS X 13_6_1) AppleWebKit/537.36 (KHTML, like Gecko) Chrome/118.0.0.0 Safari/537.36"
62.60.130.227 - - [05/May/2026:18:30:18 +0000] "GET /wp-admin/index.php HTTP/1.1" 302 - "https://nipponiacaribe.com/wp-login.php" "Mozilla/5.0 (Windows NT 6.1; Win64; x64; rv:89.0) Gecko/20100101 Firefox/89.0.2"
62.60.130.227 - - [05/May/2026:18:30:21 +0000] "GET /wp-login.php?redirect_to=https%3A%2F%2Fnipponiacaribe.com%2Fwp-admin%2Findex.php&reauth=1 HTTP/1.1" 404 14290 "https://nipponiacaribe.com/wp-login.php" "Mozilla/5.0 (Windows NT 6.1; Win64; x64; rv:89.0) Gecko/20100101 Firefox/89.0.2"
62.60.130.227 - - [05/May/2026:18:30:24 +0000] "POST /wp-login.php HTTP/1.1" 302 - "https://nipponiacaribe.com/wp-login.php" "Mozilla/5.0 (Macintosh; Intel Mac OS X 10_15_7) AppleWebKit/605.1.15 (KHTML, like Gecko) Version/14.1 Safari/605.1.15"
62.60.130.227 - - [05/May/2026:18:30:26 +0000] "GET /wp-admin/index.php HTTP/1.1" 302 - "https://nipponiacaribe.com/wp-login.php" "Mozilla/5.0 (X11; Linux x86_64; rv:89.0) Gecko/20100101 Firefox/89.0.2"
62.60.130.227 - - [05/May/2026:18:30:29 +0000] "GET /wp-login.php?redirect_to=https%3A%2F%2Fnipponiacaribe.com%2Fwp-admin%2Findex.php&reauth=1 HTTP/1.1" 404 14290 "https://nipponiacaribe.com/wp-login.php" "Mozilla/5.0 (X11; Linux x86_64; rv:89.0) Gecko/20100101 Firefox/89.0.2"
157.230.39.14 - - [05/May/2026:18:30:32 +0000] "GET /wp-login.php HTTP/1.1" 302 - "-" "Mozilla/5.0 (Macintosh; Intel Mac OS X 13_6_1) AppleWebKit/537.36 (KHTML, like Gecko) Chrome/118.0.0.0 Safari/537.36"
62.60.130.227 - - [05/May/2026:18:30:32 +0000] "POST /wp-login.php HTTP/1.1" 302 - "https://nipponiacaribe.com/wp-login.php" "Mozilla/5.0 (X11; Linux x86_64) AppleWebKit/537.36 (KHTML, like Gecko) Chrome/92.0.4515.131 Safari/537.36"
20.123.172.228 - - [05/May/2026:18:30:37 +0000] "POST /wp-cron.php?doing_wp_cron=1778005837.2644009590148925781250 HTTP/1.1" 200 - "-" "WordPress/6.9.4; https://nipponiacaribe.com"
62.60.130.227 - - [05/May/2026:18:30:34 +0000] "GET /wp-admin/index.php HTTP/1.1" 302 - "https://nipponiacaribe.com/wp-login.php" "Mozilla/5.0 (Macintosh; Intel Mac OS X 10_15_7) AppleWebKit/537.36 (KHTML, like Gecko) Chrome/91.0.4472.124 Safari/537.36"
62.60.130.227 - - [05/May/2026:18:30:37 +0000] "GET /wp-login.php?redirect_to=https%3A%2F%2Fnipponiacaribe.com%2Fwp-admin%2Findex.php&reauth=1 HTTP/1.1" 404 14290 "https://nipponiacaribe.com/wp-login.php" "Mozilla/5.0 (Macintosh; Intel Mac OS X 10_15_7) AppleWebKit/537.36 (KHTML, like Gecko) Chrome/91.0.4472.124 Safari/537.36"
62.60.130.227 - - [05/May/2026:18:30:40 +0000] "POST /wp-login.php HTTP/1.1" 302 - "https://nipponiacaribe.com/wp-login.php" "Mozilla/5.0 (Windows NT 10.0; Win64; x64) AppleWebKit/605.1.15 (KHTML, like Gecko) Version/14.1.1 Safari/605.1.15"
62.60.130.227 - - [05/May/2026:18:30:43 +0000] "GET /wp-admin/index.php HTTP/1.1" 302 - "https://nipponiacaribe.com/wp-login.php" "Mozilla/5.0 (Windows NT 10.0; Win64; x64) AppleWebKit/605.1.15 (KHTML, like Gecko) Version/14.1.1 Safari/605.1.15"
62.60.130.227 - - [05/May/2026:18:30:45 +0000] "GET /wp-login.php?redirect_to=https%3A%2F%2Fnipponiacaribe.com%2Fwp-admin%2Findex.php&reauth=1 HTTP/1.1" 404 14290 "https://nipponiacaribe.com/wp-login.php" "Mozilla/5.0 (Windows NT 10.0; Win64; x64) AppleWebKit/605.1.15 (KHTML, like Gecko) Version/14.1.1 Safari/605.1.15"
157.230.39.14 - - [05/May/2026:18:30:46 +0000] "GET /wp-login.php HTTP/1.1" 302 - "-" "Mozilla/5.0 (Macintosh; Intel Mac OS X 13_6_1) AppleWebKit/537.36 (KHTML, like Gecko) Chrome/118.0.0.0 Safari/537.36"
62.60.130.227 - - [05/May/2026:18:30:48 +0000] "POST /wp-login.php HTTP/1.1" 302 - "https://nipponiacaribe.com/wp-login.php" "Mozilla/5.0 (Windows NT 10.0; Win64; x64) AppleWebKit/605.1.15 (KHTML, like Gecko) Version/14.1.1 Safari/605.1.15"
62.60.130.227 - - [05/May/2026:18:30:51 +0000] "GET /wp-admin/index.php HTTP/1.1" 302 - "https://nipponiacaribe.com/wp-login.php" "Mozilla/5.0 (Macintosh; Intel Mac OS X 10_15_7; rv:90.0) Gecko/20100101 Firefox/90.0.1"
62.60.130.227 - - [05/May/2026:18:30:53 +0000] "GET /wp-login.php?redirect_to=https%3A%2F%2Fnipponiacaribe.com%2Fwp-admin%2Findex.php&reauth=1 HTTP/1.1" 404 14290 "https://nipponiacaribe.com/wp-login.php" "Mozilla/5.0 (Macintosh; Intel Mac OS X 10_15_7; rv:90.0) Gecko/20100101 Firefox/90.0.1"
62.60.130.227 - - [05/May/2026:18:30:56 +0000] "POST /wp-login.php HTTP/1.1" 302 - "https://nipponiacaribe.com/wp-login.php" "Mozilla/5.0 (X11; Linux x86_64) AppleWebKit/537.36 (KHTML, like Gecko) Chrome/91.0.4472.124 Safari/537.36"
62.60.130.227 - - [05/May/2026:18:30:59 +0000] "GET /wp-admin/index.php HTTP/1.1" 302 - "https://nipponiacaribe.com/wp-login.php" "Mozilla/5.0 (Windows NT 10.0; Win64; x64) AppleWebKit/537.36 (KHTML, like Gecko) Chrome/94.0.4606.71 Safari/537.36"
157.230.39.14 - - [05/May/2026:18:31:00 +0000] "GET /wp-login.php HTTP/1.1" 302 - "-" "Mozilla/5.0 (Macintosh; Intel Mac OS X 13_6_1) AppleWebKit/537.36 (KHTML, like Gecko) Chrome/118.0.0.0 Safari/537.36"
62.60.130.227 - - [05/May/2026:18:31:01 +0000] "GET /wp-login.php?redirect_to=https%3A%2F%2Fnipponiacaribe.com%2Fwp-admin%2Findex.php&reauth=1 HTTP/1.1" 404 14290 "https://nipponiacaribe.com/wp-login.php" "Mozilla/5.0 (Windows NT 10.0; Win64; x64) AppleWebKit/537.36 (KHTML, like Gecko) Chrome/94.0.4606.71 Safari/537.36"
62.60.130.227 - - [05/May/2026:18:31:04 +0000] "POST /wp-login.php HTTP/1.1" 302 - "https://nipponiacaribe.com/wp-login.php" "Mozilla/5.0 (X11; Linux x86_64) AppleWebKit/537.36 (KHTML, like Gecko) Chrome/91.0.4472.124 Safari/537.36"
62.60.130.227 - - [05/May/2026:18:31:06 +0000] "GET /wp-admin/index.php HTTP/1.1" 302 - "https://nipponiacaribe.com/wp-login.php" "Mozilla/5.0 (Macintosh; Intel Mac OS X 10_15_7) AppleWebKit/537.36 (KHTML, like Gecko) Chrome/91.0.4472.124 Safari/537.36"
62.60.130.227 - - [05/May/2026:18:31:09 +0000] "GET /wp-login.php?redirect_to=https%3A%2F%2Fnipponiacaribe.com%2Fwp-admin%2Findex.php&reauth=1 HTTP/1.1" 404 14290 "https://nipponiacaribe.com/wp-login.php" "Mozilla/5.0 (Macintosh; Intel Mac OS X 10_15_7) AppleWebKit/537.36 (KHTML, like Gecko) Chrome/91.0.4472.124 Safari/537.36"
157.230.39.14 - - [05/May/2026:18:31:11 +0000] "GET /wp-login.php HTTP/1.1" 302 - "-" "Mozilla/5.0 (Macintosh; Intel Mac OS X 13_6_1) AppleWebKit/537.36 (KHTML, like Gecko) Chrome/118.0.0.0 Safari/537.36"
62.60.130.227 - - [05/May/2026:18:31:12 +0000] "POST /wp-login.php HTTP/1.1" 302 - "https://nipponiacaribe.com/wp-login.php" "Mozilla/5.0 (Windows NT 10.0; Win64; x64) AppleWebKit/605.1.15 (KHTML, like Gecko) Version/14.1.2 Safari/605.1.15"
62.60.130.227 - - [05/May/2026:18:31:14 +0000] "GET /wp-admin/index.php HTTP/1.1" 302 - "https://nipponiacaribe.com/wp-login.php" "Mozilla/5.0 (Windows NT 6.1; Win64; x64) AppleWebKit/537.36 (KHTML, like Gecko) Chrome/91.0.4472.124 Safari/537.36"
62.60.130.227 - - [05/May/2026:18:31:17 +0000] "GET /wp-login.php?redirect_to=https%3A%2F%2Fnipponiacaribe.com%2Fwp-admin%2Findex.php&reauth=1 HTTP/1.1" 404 14290 "https://nipponiacaribe.com/wp-login.php" "Mozilla/5.0 (Windows NT 6.1; Win64; x64) AppleWebKit/537.36 (KHTML, like Gecko) Chrome/91.0.4472.124 Safari/537.36"
62.60.130.227 - - [05/May/2026:18:31:20 +0000] "POST /wp-login.php HTTP/1.1" 302 - "https://nipponiacaribe.com/wp-login.php" "Mozilla/5.0 (Windows NT 10.0; Win64; x64) AppleWebKit/605.1.15 (KHTML, like Gecko) Version/14.1.2 Safari/605.1.15"
62.60.130.227 - - [05/May/2026:18:31:22 +0000] "GET /wp-admin/index.php HTTP/1.1" 302 - "https://nipponiacaribe.com/wp-login.php" "Mozilla/5.0 (Windows NT 10.0; Win64; x64) AppleWebKit/605.1.15 (KHTML, like Gecko) Version/14.0.3 Safari/605.1.15"
157.230.39.14 - - [05/May/2026:18:31:23 +0000] "GET /wp-login.php HTTP/1.1" 302 - "-" "Mozilla/5.0 (Macintosh; Intel Mac OS X 13_6_1) AppleWebKit/537.36 (KHTML, like Gecko) Chrome/118.0.0.0 Safari/537.36"
62.60.130.227 - - [05/May/2026:18:31:25 +0000] "GET /wp-login.php?redirect_to=https%3A%2F%2Fnipponiacaribe.com%2Fwp-admin%2Findex.php&reauth=1 HTTP/1.1" 404 14290 "https://nipponiacaribe.com/wp-login.php" "Mozilla/5.0 (Windows NT 10.0; Win64; x64) AppleWebKit/605.1.15 (KHTML, like Gecko) Version/14.0.3 Safari/605.1.15"
62.60.130.227 - - [05/May/2026:18:31:28 +0000] "POST /wp-login.php HTTP/1.1" 302 - "https://nipponiacaribe.com/wp-login.php" "Mozilla/5.0 (Windows NT 10.0; Win64; x64) AppleWebKit/537.36 (KHTML, like Gecko) Chrome/92.0.4515.131 Safari/537.36"
62.60.130.227 - - [05/May/2026:18:31:30 +0000] "GET /wp-admin/index.php HTTP/1.1" 302 - "https://nipponiacaribe.com/wp-login.php" "Mozilla/5.0 (Macintosh; Intel Mac OS X 10_15_7) AppleWebKit/537.36 (KHTML, like Gecko) Chrome/92.0.4515.131 Safari/537.36"
62.60.130.227 - - [05/May/2026:18:31:32 +0000] "GET /wp-login.php?redirect_to=https%3A%2F%2Fnipponiacaribe.com%2Fwp-admin%2Findex.php&reauth=1 HTTP/1.1" 404 14290 "https://nipponiacaribe.com/wp-login.php" "Mozilla/5.0 (Macintosh; Intel Mac OS X 10_15_7) AppleWebKit/537.36 (KHTML, like Gecko) Chrome/92.0.4515.131 Safari/537.36"
157.230.39.14 - - [05/May/2026:18:31:33 +0000] "GET /wp-login.php HTTP/1.1" 302 - "-" "Mozilla/5.0 (Macintosh; Intel Mac OS X 13_6_1) AppleWebKit/537.36 (KHTML, like Gecko) Chrome/118.0.0.0 Safari/537.36"
62.60.130.227 - - [05/May/2026:18:31:35 +0000] "POST /wp-login.php HTTP/1.1" 302 - "https://nipponiacaribe.com/wp-login.php" "Mozilla/5.0 (Windows NT 10.0; Win64; x64) AppleWebKit/605.1.15 (KHTML, like Gecko) Version/14.0.3 Safari/605.1.15"
62.60.130.227 - - [05/May/2026:18:31:38 +0000] "GET /wp-admin/index.php HTTP/1.1" 302 - "https://nipponiacaribe.com/wp-login.php" "Mozilla/5.0 (X11; Linux x86_64) AppleWebKit/537.36 (KHTML, like Gecko) Chrome/91.0.4472.124 Safari/537.36"
62.60.130.227 - - [05/May/2026:18:31:40 +0000] "GET /wp-login.php?redirect_to=https%3A%2F%2Fnipponiacaribe.com%2Fwp-admin%2Findex.php&reauth=1 HTTP/1.1" 404 14290 "https://nipponiacaribe.com/wp-login.php" "Mozilla/5.0 (X11; Linux x86_64) AppleWebKit/537.36 (KHTML, like Gecko) Chrome/91.0.4472.124 Safari/537.36"
62.60.130.227 - - [05/May/2026:18:31:43 +0000] "POST /wp-login.php HTTP/1.1" 302 - "https://nipponiacaribe.com/wp-login.php" "Mozilla/5.0 (Windows NT 10.0; Win64; x64) AppleWebKit/605.1.15 (KHTML, like Gecko) Version/14.1 Safari/605.1.15"
66.249.66.196 - - [05/May/2026:18:31:44 +0000] "GET / HTTP/1.1" 200 20591 "-" "Mozilla/5.0 (compatible; Googlebot/2.1; +http://www.google.com/bot.html)"
157.230.39.14 - - [05/May/2026:18:31:44 +0000] "GET /wp-admin/ HTTP/1.1" 302 - "https://www.google.com/search?q=wordpress" "Mozilla/5.0 (Macintosh; Intel Mac OS X 13_6_1) AppleWebKit/537.36 (KHTML, like Gecko) Chrome/119.0.0.0 Safari/537.36"
62.60.130.227 - - [05/May/2026:18:31:46 +0000] "GET /wp-admin/index.php HTTP/1.1" 302 - "https://nipponiacaribe.com/wp-login.php" "Mozilla/5.0 (Macintosh; Intel Mac OS X 10_15_7; rv:92.0) Gecko/20100101 Firefox/92.0"
62.60.130.227 - - [05/May/2026:18:31:48 +0000] "GET /wp-login.php?redirect_to=https%3A%2F%2Fnipponiacaribe.com%2Fwp-admin%2Findex.php&reauth=1 HTTP/1.1" 404 14290 "https://nipponiacaribe.com/wp-login.php" "Mozilla/5.0 (Macintosh; Intel Mac OS X 10_15_7; rv:92.0) Gecko/20100101 Firefox/92.0"
157.230.39.14 - - [05/May/2026:18:31:50 +0000] "GET /wp-login.php?redirect_to=https%3A%2F%2Fnipponiacaribe.com%2Fwp-admin%2F&reauth=1 HTTP/1.1" 404 14290 "https://www.google.com/search?q=wordpress" "Mozilla/5.0 (Macintosh; Intel Mac OS X 13_6_1) AppleWebKit/537.36 (KHTML, like Gecko) Chrome/119.0.0.0 Safari/537.36"
62.60.130.227 - - [05/May/2026:18:31:51 +0000] "POST /wp-login.php HTTP/1.1" 302 - "https://nipponiacaribe.com/wp-login.php" "Mozilla/5.0 (X11; Linux x86_64) AppleWebKit/537.36 (KHTML, like Gecko) Chrome/90.0.4430.212 Safari/537.36"
62.60.130.227 - - [05/May/2026:18:31:53 +0000] "GET /wp-admin/index.php HTTP/1.1" 302 - "https://nipponiacaribe.com/wp-login.php" "Mozilla/5.0 (Windows NT 10.0; Win64; x64; rv:92.0) Gecko/20100101 Firefox/92.0"
62.60.130.227 - - [05/May/2026:18:31:56 +0000] "GET /wp-login.php?redirect_to=https%3A%2F%2Fnipponiacaribe.com%2Fwp-admin%2Findex.php&reauth=1 HTTP/1.1" 404 14290 "https://nipponiacaribe.com/wp-login.php" "Mozilla/5.0 (Windows NT 10.0; Win64; x64; rv:92.0) Gecko/20100101 Firefox/92.0"
62.60.130.227 - - [05/May/2026:18:31:59 +0000] "POST /wp-login.php HTTP/1.1" 302 - "https://nipponiacaribe.com/wp-login.php" "Mozilla/5.0 (Windows NT 10.0; Win64; x64; rv:93.0) Gecko/20100101 Firefox/93.0"
62.60.130.227 - - [05/May/2026:18:32:01 +0000] "GET /wp-admin/index.php HTTP/1.1" 302 - "https://nipponiacaribe.com/wp-login.php" "Mozilla/5.0 (Windows NT 10.0; Win64; x64) AppleWebKit/605.1.15 (KHTML, like Gecko) Version/14.0.3 Safari/605.1.15"
62.60.130.227 - - [05/May/2026:18:32:04 +0000] "GET /wp-login.php?redirect_to=https%3A%2F%2Fnipponiacaribe.com%2Fwp-admin%2Findex.php&reauth=1 HTTP/1.1" 404 14290 "https://nipponiacaribe.com/wp-login.php" "Mozilla/5.0 (Windows NT 10.0; Win64; x64) AppleWebKit/605.1.15 (KHTML, like Gecko) Version/14.0.3 Safari/605.1.15"
62.60.130.227 - - [05/May/2026:18:32:07 +0000] "POST /wp-login.php HTTP/1.1" 302 - "https://nipponiacaribe.com/wp-login.php" "Mozilla/5.0 (X11; Linux x86_64) AppleWebKit/537.36 (KHTML, like Gecko) Chrome/90.0.4430.212 Safari/537.36"
66.249.66.8 - - [05/May/2026:18:32:12 +0000] "GET /wp-content/plugins/elementor-pro/assets/css/widget-slides.min.css?ver=4.0.4 HTTP/1.1" 200 622 "https://nipponiacaribe.com/" "Mozilla/5.0 (compatible; Googlebot/2.1; +http://www.google.com/bot.html)"
62.60.130.227 - - [05/May/2026:18:32:09 +0000] "GET /wp-admin/index.php HTTP/1.1" 302 - "https://nipponiacaribe.com/wp-login.php" "Mozilla/5.0 (Macintosh; Intel Mac OS X 10_15_7) AppleWebKit/537.36 (KHTML, like Gecko) Chrome/90.0.4430.212 Safari/537.36"
66.249.66.71 - - [05/May/2026:18:32:15 +0000] "GET /wp-content/uploads/elementor/css/post-158.css?ver=1775520000 HTTP/1.1" 200 460 "https://nipponiacaribe.com/" "Mozilla/5.0 (compatible; Googlebot/2.1; +http://www.google.com/bot.html)"
62.60.130.227 - - [05/May/2026:18:32:12 +0000] "GET /wp-login.php?redirect_to=https%3A%2F%2Fnipponiacaribe.com%2Fwp-admin%2Findex.php&reauth=1 HTTP/1.1" 404 14290 "https://nipponiacaribe.com/wp-login.php" "Mozilla/5.0 (Macintosh; Intel Mac OS X 10_15_7) AppleWebKit/537.36 (KHTML, like Gecko) Chrome/90.0.4430.212 Safari/537.36"
193.186.4.217 - - [05/May/2026:18:32:13 +0000] "GET /evolution-110/ HTTP/1.1" 200 20209 "https://www.google.com/" "Mozilla/5.0 (Windows NT 10.0; Win64; x64) AppleWebKit/537.36 (KHTML, like Gecko) Chrome/147.0.0.0 Safari/537.36"
66.249.66.6 - - [05/May/2026:18:32:17 +0000] "GET /wp-content/plugins/categories-images/assets/css/zci-styles.css?ver=3.3.3 HTTP/1.1" 200 650 "https://nipponiacaribe.com/" "Mozilla/5.0 (compatible; Googlebot/2.1; +http://www.google.com/bot.html)"
62.60.130.227 - - [05/May/2026:18:32:16 +0000] "POST /wp-login.php HTTP/1.1" 302 - "https://nipponiacaribe.com/wp-login.php" "Mozilla/5.0 (Windows NT 10.0; Win64; x64; rv:90.0) Gecko/20100101 Firefox/90.0.1"
66.249.66.44 - - [05/May/2026:18:32:20 +0000] "GET /wp-content/plugins/wp-store-locator/css/styles.min.css?ver=2.3.0 HTTP/1.1" 200 3638 "https://nipponiacaribe.com/" "Mozilla/5.0 (compatible; Googlebot/2.1; +http://www.google.com/bot.html)"
62.60.130.227 - - [05/May/2026:18:32:18 +0000] "GET /wp-admin/index.php HTTP/1.1" 302 - "https://nipponiacaribe.com/wp-login.php" "Mozilla/5.0 (Macintosh; Intel Mac OS X 10_15_7) AppleWebKit/605.1.15 (KHTML, like Gecko) Version/15.0 Safari/605.1.15"
66.249.66.6 - - [05/May/2026:18:32:22 +0000] "GET /wp-content/plugins/elementor/assets/css/widget-heading.min.css?ver=4.0.6 HTTP/1.1" 200 160 "https://nipponiacaribe.com/" "Mozilla/5.0 (compatible; Googlebot/2.1; +http://www.google.com/bot.html)"
62.60.130.227 - - [05/May/2026:18:32:21 +0000] "GET /wp-login.php?redirect_to=https%3A%2F%2Fnipponiacaribe.com%2Fwp-admin%2Findex.php&reauth=1 HTTP/1.1" 404 14290 "https://nipponiacaribe.com/wp-login.php" "Mozilla/5.0 (Macintosh; Intel Mac OS X 10_15_7) AppleWebKit/605.1.15 (KHTML, like Gecko) Version/15.0 Safari/605.1.15"
62.60.130.227 - - [05/May/2026:18:32:24 +0000] "POST /wp-login.php HTTP/1.1" 302 - "https://nipponiacaribe.com/wp-login.php" "Mozilla/5.0 (X11; Linux x86_64) AppleWebKit/537.36 (KHTML, like Gecko) Chrome/94.0.4606.71 Safari/537.36"
62.60.130.227 - - [05/May/2026:18:32:27 +0000] "GET /wp-admin/index.php HTTP/1.1" 302 - "https://nipponiacaribe.com/wp-login.php" "Mozilla/5.0 (X11; Linux x86_64) AppleWebKit/537.36 (KHTML, like Gecko) Chrome/94.0.4606.71 Safari/537.36"
