79.107.27.66 - - [05/May/2026:14:43:44 +0000] "POST /wp-admin/admin-ajax.php HTTP/1.1" 200 441 "https://nipponiacaribe.com/wp-admin/admin.php?page=WordfenceScan" "Mozilla/5.0 (Windows NT 10.0; Win64; x64) AppleWebKit/537.36 (KHTML, like Gecko) Chrome/147.0.0.0 Safari/537.36"
20.123.172.228 - - [05/May/2026:14:43:45 +0000] "POST /?wordfence_syncAttackData=1777992225.5709 HTTP/1.1" 200 - "-" "WordPress/6.9.4; https://nipponiacaribe.com"
20.123.172.228 - - [05/May/2026:14:43:50 +0000] "POST /wp-cron.php?doing_wp_cron=1777992230.7520871162414550781250 HTTP/1.1" 200 - "-" "WordPress/6.9.4; https://nipponiacaribe.com"
79.107.27.66 - - [05/May/2026:14:43:48 +0000] "POST /wp-admin/admin-ajax.php HTTP/1.1" 200 441 "https://nipponiacaribe.com/wp-admin/admin.php?page=WordfenceScan" "Mozilla/5.0 (Windows NT 10.0; Win64; x64) AppleWebKit/537.36 (KHTML, like Gecko) Chrome/147.0.0.0 Safari/537.36"
36.79.10.208 - - [05/May/2026:14:43:52 +0000] "POST /xmlrpc.php HTTP/1.1" 503 18036 "-" "WordPress.com; https://wordpress.com"
79.107.27.66 - - [05/May/2026:14:43:52 +0000] "POST /wp-admin/admin-ajax.php HTTP/1.1" 200 441 "https://nipponiacaribe.com/wp-admin/admin.php?page=WordfenceScan" "Mozilla/5.0 (Windows NT 10.0; Win64; x64) AppleWebKit/537.36 (KHTML, like Gecko) Chrome/147.0.0.0 Safari/537.36"
79.107.27.66 - - [05/May/2026:14:43:56 +0000] "POST /wp-admin/admin-ajax.php HTTP/1.1" 200 441 "https://nipponiacaribe.com/wp-admin/admin.php?page=WordfenceScan" "Mozilla/5.0 (Windows NT 10.0; Win64; x64) AppleWebKit/537.36 (KHTML, like Gecko) Chrome/147.0.0.0 Safari/537.36"
20.123.172.228 - - [05/May/2026:14:43:57 +0000] "POST /?wordfence_syncAttackData=1777992237.6308 HTTP/1.1" 200 - "-" "WordPress/6.9.4; https://nipponiacaribe.com"
79.107.27.66 - - [05/May/2026:14:44:00 +0000] "POST /wp-admin/admin-ajax.php HTTP/1.1" 200 441 "https://nipponiacaribe.com/wp-admin/admin.php?page=WordfenceScan" "Mozilla/5.0 (Windows NT 10.0; Win64; x64) AppleWebKit/537.36 (KHTML, like Gecko) Chrome/147.0.0.0 Safari/537.36"
36.79.10.208 - - [05/May/2026:14:44:02 +0000] "POST /xmlrpc.php HTTP/1.1" 503 18036 "-" "Jetpack/13.0; WordPress/6.2; http://site39840006.com"
79.107.27.66 - - [05/May/2026:14:43:59 +0000] "GET /wp-admin/plugins.php HTTP/1.1" 200 77239 "https://nipponiacaribe.com/wp-admin/admin.php?page=WordfenceScan" "Mozilla/5.0 (Windows NT 10.0; Win64; x64) AppleWebKit/537.36 (KHTML, like Gecko) Chrome/147.0.0.0 Safari/537.36"
79.107.27.66 - - [05/May/2026:14:44:03 +0000] "GET /wp-content/plugins/insert-headers-and-footers/build/admin-bar.css?ver=c95624a69c80301272a0 HTTP/1.1" 304 - "https://nipponiacaribe.com/wp-admin/plugins.php" "Mozilla/5.0 (Windows NT 10.0; Win64; x64) AppleWebKit/537.36 (KHTML, like Gecko) Chrome/147.0.0.0 Safari/537.36"
79.107.27.66 - - [05/May/2026:14:44:03 +0000] "GET /wp-content/plugins/wordfence/css/wf-font-awesome.1777414075.css?ver=8.2.0 HTTP/1.1" 304 - "https://nipponiacaribe.com/wp-admin/plugins.php" "Mozilla/5.0 (Windows NT 10.0; Win64; x64) AppleWebKit/537.36 (KHTML, like Gecko) Chrome/147.0.0.0 Safari/537.36"
79.107.27.66 - - [05/May/2026:14:44:03 +0000] "GET /wp-content/plugins/wordfence/css/wf-global.1777414075.css?ver=8.2.0 HTTP/1.1" 304 - "https://nipponiacaribe.com/wp-admin/plugins.php" "Mozilla/5.0 (Windows NT 10.0; Win64; x64) AppleWebKit/537.36 (KHTML, like Gecko) Chrome/147.0.0.0 Safari/537.36"
79.107.27.66 - - [05/May/2026:14:44:03 +0000] "GET /wp-content/plugins/wordfence/css/wf-deactivation.1777414075.css?ver=8.2.0 HTTP/1.1" 304 - "https://nipponiacaribe.com/wp-admin/plugins.php" "Mozilla/5.0 (Windows NT 10.0; Win64; x64) AppleWebKit/537.36 (KHTML, like Gecko) Chrome/147.0.0.0 Safari/537.36"
79.107.27.66 - - [05/May/2026:14:44:03 +0000] "GET /wp-content/plugins/wordfence/css/wf-adminbar.1777414075.css?ver=8.2.0 HTTP/1.1" 304 - "https://nipponiacaribe.com/wp-admin/plugins.php" "Mozilla/5.0 (Windows NT 10.0; Win64; x64) AppleWebKit/537.36 (KHTML, like Gecko) Chrome/147.0.0.0 Safari/537.36"
79.107.27.66 - - [05/May/2026:14:44:03 +0000] "GET /wp-content/plugins/wordfence/modules/login-security/css/admin-global.1777414075.css?ver=1.1.16 HTTP/1.1" 304 - "https://nipponiacaribe.com/wp-admin/plugins.php" "Mozilla/5.0 (Windows NT 10.0; Win64; x64) AppleWebKit/537.36 (KHTML, like Gecko) Chrome/147.0.0.0 Safari/537.36"
79.107.27.66 - - [05/May/2026:14:44:03 +0000] "GET /wp-content/plugins/wp-store-locator/admin/css/micromodal.min.css?ver=2.3.0 HTTP/1.1" 304 - "https://nipponiacaribe.com/wp-admin/plugins.php" "Mozilla/5.0 (Windows NT 10.0; Win64; x64) AppleWebKit/537.36 (KHTML, like Gecko) Chrome/147.0.0.0 Safari/537.36"
79.107.27.66 - - [05/May/2026:14:44:03 +0000] "GET /wp-content/plugins/wordfence/css/wordfenceBox.1777414075.css?ver=8.2.0 HTTP/1.1" 304 - "https://nipponiacaribe.com/wp-admin/plugins.php" "Mozilla/5.0 (Windows NT 10.0; Win64; x64) AppleWebKit/537.36 (KHTML, like Gecko) Chrome/147.0.0.0 Safari/537.36"
79.107.27.66 - - [05/May/2026:14:44:03 +0000] "GET /wp-content/plugins/elementor/vendor/elementor/wp-one-package/assets/build/common.css?ver=1.0.60 HTTP/1.1" 304 - "https://nipponiacaribe.com/wp-admin/plugins.php" "Mozilla/5.0 (Windows NT 10.0; Win64; x64) AppleWebKit/537.36 (KHTML, like Gecko) Chrome/147.0.0.0 Safari/537.36"
79.107.27.66 - - [05/May/2026:14:44:03 +0000] "GET /wp-content/plugins/wordfence/css/license/free-global.1777414075.css?ver=8.2.0 HTTP/1.1" 304 - "https://nipponiacaribe.com/wp-admin/plugins.php" "Mozilla/5.0 (Windows NT 10.0; Win64; x64) AppleWebKit/537.36 (KHTML, like Gecko) Chrome/147.0.0.0 Safari/537.36"
79.107.27.66 - - [05/May/2026:14:44:03 +0000] "GET /wp-content/plugins/elementor-pro/assets/css/admin.min.css?ver=4.0.4 HTTP/1.1" 304 - "https://nipponiacaribe.com/wp-admin/plugins.php" "Mozilla/5.0 (Windows NT 10.0; Win64; x64) AppleWebKit/537.36 (KHTML, like Gecko) Chrome/147.0.0.0 Safari/537.36"
79.107.27.66 - - [05/May/2026:14:44:03 +0000] "GET /wp-content/plugins/wp-store-locator/admin/css/style-3.8.min.css?ver=2.3.0 HTTP/1.1" 304 - "https://nipponiacaribe.com/wp-admin/plugins.php" "Mozilla/5.0 (Windows NT 10.0; Win64; x64) AppleWebKit/537.36 (KHTML, like Gecko) Chrome/147.0.0.0 Safari/537.36"
79.107.27.66 - - [05/May/2026:14:44:03 +0000] "GET /wp-content/plugins/wordpress-seo/css/dist/tailwind-2750.css HTTP/1.1" 304 - "https://nipponiacaribe.com/wp-admin/plugins.php" "Mozilla/5.0 (Windows NT 10.0; Win64; x64) AppleWebKit/537.36 (KHTML, like Gecko) Chrome/147.0.0.0 Safari/537.36"
79.107.27.66 - - [05/May/2026:14:44:03 +0000] "GET /wp-content/plugins/wordpress-seo/css/dist/admin-global-2750.css HTTP/1.1" 304 - "https://nipponiacaribe.com/wp-admin/plugins.php" "Mozilla/5.0 (Windows NT 10.0; Win64; x64) AppleWebKit/537.36 (KHTML, like Gecko) Chrome/147.0.0.0 Safari/537.36"
79.107.27.66 - - [05/May/2026:14:44:03 +0000] "GET /wp-content/plugins/wordpress-seo/css/dist/wpseo-dismissible-2750.css HTTP/1.1" 304 - "https://nipponiacaribe.com/wp-admin/plugins.php" "Mozilla/5.0 (Windows NT 10.0; Win64; x64) AppleWebKit/537.36 (KHTML, like Gecko) Chrome/147.0.0.0 Safari/537.36"
79.107.27.66 - - [05/May/2026:14:44:03 +0000] "GET /wp-content/plugins/elementor/assets/css/modules/editor-one/admin-menu.min.css?ver=4.0.6 HTTP/1.1" 304 - "https://nipponiacaribe.com/wp-admin/plugins.php" "Mozilla/5.0 (Windows NT 10.0; Win64; x64) AppleWebKit/537.36 (KHTML, like Gecko) Chrome/147.0.0.0 Safari/537.36"
79.107.27.66 - - [05/May/2026:14:44:03 +0000] "GET /wp-content/plugins/elementor/assets/lib/eicons/css/elementor-icons.min.css?ver=5.48.0 HTTP/1.1" 304 - "https://nipponiacaribe.com/wp-admin/plugins.php" "Mozilla/5.0 (Windows NT 10.0; Win64; x64) AppleWebKit/537.36 (KHTML, like Gecko) Chrome/147.0.0.0 Safari/537.36"
79.107.27.66 - - [05/May/2026:14:44:03 +0000] "GET /wp-content/plugins/elementor/assets/css/common.min.css?ver=4.0.6 HTTP/1.1" 304 - "https://nipponiacaribe.com/wp-admin/plugins.php" "Mozilla/5.0 (Windows NT 10.0; Win64; x64) AppleWebKit/537.36 (KHTML, like Gecko) Chrome/147.0.0.0 Safari/537.36"
79.107.27.66 - - [05/May/2026:14:44:03 +0000] "GET /wp-content/plugins/elementor/assets/css/theme-light.min.css?ver=4.0.6 HTTP/1.1" 304 - "https://nipponiacaribe.com/wp-admin/plugins.php" "Mozilla/5.0 (Windows NT 10.0; Win64; x64) AppleWebKit/537.36 (KHTML, like Gecko) Chrome/147.0.0.0 Safari/537.36"
79.107.27.66 - - [05/May/2026:14:44:03 +0000] "GET /wp-content/plugins/elementor/assets/css/admin.min.css?ver=4.0.6 HTTP/1.1" 304 - "https://nipponiacaribe.com/wp-admin/plugins.php" "Mozilla/5.0 (Windows NT 10.0; Win64; x64) AppleWebKit/537.36 (KHTML, like Gecko) Chrome/147.0.0.0 Safari/537.36"
79.107.27.66 - - [05/May/2026:14:44:03 +0000] "GET /wp-content/plugins/wordpress-seo/css/dist/adminbar-2750.css HTTP/1.1" 304 - "https://nipponiacaribe.com/wp-admin/plugins.php" "Mozilla/5.0 (Windows NT 10.0; Win64; x64) AppleWebKit/537.36 (KHTML, like Gecko) Chrome/147.0.0.0 Safari/537.36"
79.107.27.66 - - [05/May/2026:14:44:03 +0000] "GET /wp-content/plugins/wordfence/js/wfi18n.1777414075.js?ver=8.2.0 HTTP/1.1" 304 - "https://nipponiacaribe.com/wp-admin/plugins.php" "Mozilla/5.0 (Windows NT 10.0; Win64; x64) AppleWebKit/537.36 (KHTML, like Gecko) Chrome/147.0.0.0 Safari/537.36"
79.107.27.66 - - [05/May/2026:14:44:03 +0000] "GET /wp-content/plugins/wordfence/js/wfglobal.1777414075.js?ver=8.2.0 HTTP/1.1" 304 - "https://nipponiacaribe.com/wp-admin/plugins.php" "Mozilla/5.0 (Windows NT 10.0; Win64; x64) AppleWebKit/537.36 (KHTML, like Gecko) Chrome/147.0.0.0 Safari/537.36"
79.107.27.66 - - [05/May/2026:14:44:03 +0000] "GET /wp-content/plugins/wordfence/js/wfdashboard.1777414075.js?ver=8.2.0 HTTP/1.1" 304 - "https://nipponiacaribe.com/wp-admin/plugins.php" "Mozilla/5.0 (Windows NT 10.0; Win64; x64) AppleWebKit/537.36 (KHTML, like Gecko) Chrome/147.0.0.0 Safari/537.36"
79.107.27.66 - - [05/May/2026:14:44:03 +0000] "GET /wp-content/plugins/wordfence/js/admin.ajaxWatcher.1777414075.js?ver=8.2.0 HTTP/1.1" 304 - "https://nipponiacaribe.com/wp-admin/plugins.php" "Mozilla/5.0 (Windows NT 10.0; Win64; x64) AppleWebKit/537.36 (KHTML, like Gecko) Chrome/147.0.0.0 Safari/537.36"
79.107.27.66 - - [05/May/2026:14:44:03 +0000] "GET /wp-content/plugins/wordfence/js/wfpopover.1777414075.js?ver=8.2.0 HTTP/1.1" 304 - "https://nipponiacaribe.com/wp-admin/plugins.php" "Mozilla/5.0 (Windows NT 10.0; Win64; x64) AppleWebKit/537.36 (KHTML, like Gecko) Chrome/147.0.0.0 Safari/537.36"
79.107.27.66 - - [05/May/2026:14:44:03 +0000] "GET /wp-content/plugins/wordpress-seo/js/dist/admin-global.js?ver=7c731bd4028df6f69f28 HTTP/1.1" 304 - "https://nipponiacaribe.com/wp-admin/plugins.php" "Mozilla/5.0 (Windows NT 10.0; Win64; x64) AppleWebKit/537.36 (KHTML, like Gecko) Chrome/147.0.0.0 Safari/537.36"
79.107.27.66 - - [05/May/2026:14:44:03 +0000] "GET /wp-content/plugins/optimole-wp/assets/img/logo.svg HTTP/1.1" 304 - "https://nipponiacaribe.com/wp-admin/plugins.php" "Mozilla/5.0 (Windows NT 10.0; Win64; x64) AppleWebKit/537.36 (KHTML, like Gecko) Chrome/147.0.0.0 Safari/537.36"
79.107.27.66 - - [05/May/2026:14:44:03 +0000] "GET /wp-content/plugins/ninja-forms/assets/css/admin-notices.css?nf_ver=3.14.3&ver=6.9.4 HTTP/1.1" 304 - "https://nipponiacaribe.com/wp-admin/plugins.php" "Mozilla/5.0 (Windows NT 10.0; Win64; x64) AppleWebKit/537.36 (KHTML, like Gecko) Chrome/147.0.0.0 Safari/537.36"
79.107.27.66 - - [05/May/2026:14:44:03 +0000] "GET /wp-content/plugins/insert-headers-and-footers/build/admin-bar.js?ver=c95624a69c80301272a0 HTTP/1.1" 304 - "https://nipponiacaribe.com/wp-admin/plugins.php" "Mozilla/5.0 (Windows NT 10.0; Win64; x64) AppleWebKit/537.36 (KHTML, like Gecko) Chrome/147.0.0.0 Safari/537.36"
79.107.27.66 - - [05/May/2026:14:44:03 +0000] "GET /wp-content/plugins/tablepress/libraries/freemius/assets/css/admin/optout.css?ver=6.9.4 HTTP/1.1" 304 - "https://nipponiacaribe.com/wp-admin/plugins.php" "Mozilla/5.0 (Windows NT 10.0; Win64; x64) AppleWebKit/537.36 (KHTML, like Gecko) Chrome/147.0.0.0 Safari/537.36"
79.107.27.66 - - [05/May/2026:14:44:03 +0000] "GET /wp-content/plugins/tablepress/libraries/freemius/assets/css/admin/dialog-boxes.css?ver=6.9.4 HTTP/1.1" 304 - "https://nipponiacaribe.com/wp-admin/plugins.php" "Mozilla/5.0 (Windows NT 10.0; Win64; x64) AppleWebKit/537.36 (KHTML, like Gecko) Chrome/147.0.0.0 Safari/537.36"
79.107.27.66 - - [05/May/2026:14:44:03 +0000] "GET /wp-content/plugins/elementor/assets/js/web-cli.min.js?ver=4.0.6 HTTP/1.1" 304 - "https://nipponiacaribe.com/wp-admin/plugins.php" "Mozilla/5.0 (Windows NT 10.0; Win64; x64) AppleWebKit/537.36 (KHTML, like Gecko) Chrome/147.0.0.0 Safari/537.36"
79.107.27.66 - - [05/May/2026:14:44:03 +0000] "GET /wp-content/plugins/elementor/assets/js/common-modules.min.js?ver=4.0.6 HTTP/1.1" 304 - "https://nipponiacaribe.com/wp-admin/plugins.php" "Mozilla/5.0 (Windows NT 10.0; Win64; x64) AppleWebKit/537.36 (KHTML, like Gecko) Chrome/147.0.0.0 Safari/537.36"
79.107.27.66 - - [05/May/2026:14:44:03 +0000] "GET /wp-content/plugins/elementor/assets/js/dev-tools.min.js?ver=4.0.6 HTTP/1.1" 304 - "https://nipponiacaribe.com/wp-admin/plugins.php" "Mozilla/5.0 (Windows NT 10.0; Win64; x64) AppleWebKit/537.36 (KHTML, like Gecko) Chrome/147.0.0.0 Safari/537.36"
79.107.27.66 - - [05/May/2026:14:44:03 +0000] "GET /wp-content/plugins/kirki/assets/images/kirki-20X20.svg HTTP/1.1" 304 - "https://nipponiacaribe.com/wp-admin/plugins.php" "Mozilla/5.0 (Windows NT 10.0; Win64; x64) AppleWebKit/537.36 (KHTML, like Gecko) Chrome/147.0.0.0 Safari/537.36"
79.107.27.66 - - [05/May/2026:14:44:03 +0000] "GET /wp-content/plugins/elementor/assets/js/app-loader.min.js?ver=4.0.6 HTTP/1.1" 304 - "https://nipponiacaribe.com/wp-admin/plugins.php" "Mozilla/5.0 (Windows NT 10.0; Win64; x64) AppleWebKit/537.36 (KHTML, like Gecko) Chrome/147.0.0.0 Safari/537.36"
79.107.27.66 - - [05/May/2026:14:44:03 +0000] "GET /wp-content/plugins/elementor/assets/js/common.min.js?ver=4.0.6 HTTP/1.1" 304 - "https://nipponiacaribe.com/wp-admin/plugins.php" "Mozilla/5.0 (Windows NT 10.0; Win64; x64) AppleWebKit/537.36 (KHTML, like Gecko) Chrome/147.0.0.0 Safari/537.36"
79.107.27.66 - - [05/May/2026:14:44:03 +0000] "GET /wp-content/plugins/wp-store-locator/admin/js/micromodal.min.js?ver=0.4.10 HTTP/1.1" 304 - "https://nipponiacaribe.com/wp-admin/plugins.php" "Mozilla/5.0 (Windows NT 10.0; Win64; x64) AppleWebKit/537.36 (KHTML, like Gecko) Chrome/147.0.0.0 Safari/537.36"
79.107.27.66 - - [05/May/2026:14:44:03 +0000] "GET /wp-content/plugins/wp-store-locator/admin/js/wpsl-exit-survey.min.js?ver=2.3.0 HTTP/1.1" 304 - "https://nipponiacaribe.com/wp-admin/plugins.php" "Mozilla/5.0 (Windows NT 10.0; Win64; x64) AppleWebKit/537.36 (KHTML, like Gecko) Chrome/147.0.0.0 Safari/537.36"
79.107.27.66 - - [05/May/2026:14:44:03 +0000] "GET /wp-content/plugins/wp-store-locator/admin/js/wpsl-admin.min.js?ver=2.3.0 HTTP/1.1" 304 - "https://nipponiacaribe.com/wp-admin/plugins.php" "Mozilla/5.0 (Windows NT 10.0; Win64; x64) AppleWebKit/537.36 (KHTML, like Gecko) Chrome/147.0.0.0 Safari/537.36"
79.107.27.66 - - [05/May/2026:14:44:03 +0000] "GET /wp-content/plugins/elementor/vendor/elementor/wp-one-package/assets/build/common.js?ver=71fc09ea1a9e23155639 HTTP/1.1" 304 - "https://nipponiacaribe.com/wp-admin/plugins.php" "Mozilla/5.0 (Windows NT 10.0; Win64; x64) AppleWebKit/537.36 (KHTML, like Gecko) Chrome/147.0.0.0 Safari/537.36"
79.107.27.66 - - [05/May/2026:14:44:03 +0000] "GET /wp-content/plugins/elementor/assets/js/admin.min.js?ver=4.0.6 HTTP/1.1" 304 - "https://nipponiacaribe.com/wp-admin/plugins.php" "Mozilla/5.0 (Windows NT 10.0; Win64; x64) AppleWebKit/537.36 (KHTML, like Gecko) Chrome/147.0.0.0 Safari/537.36"
79.107.27.66 - - [05/May/2026:14:44:03 +0000] "GET /wp-content/plugins/elementor/assets/js/admin-modules.min.js?ver=4.0.6 HTTP/1.1" 304 - "https://nipponiacaribe.com/wp-admin/plugins.php" "Mozilla/5.0 (Windows NT 10.0; Win64; x64) AppleWebKit/537.36 (KHTML, like Gecko) Chrome/147.0.0.0 Safari/537.36"
79.107.27.66 - - [05/May/2026:14:44:03 +0000] "GET /wp-content/plugins/elementor-pro/assets/js/admin.min.js?ver=4.0.4 HTTP/1.1" 304 - "https://nipponiacaribe.com/wp-admin/plugins.php" "Mozilla/5.0 (Windows NT 10.0; Win64; x64) AppleWebKit/537.36 (KHTML, like Gecko) Chrome/147.0.0.0 Safari/537.36"
79.107.27.66 - - [05/May/2026:14:44:03 +0000] "GET /wp-content/plugins/elementor/assets/js/import-export-admin.min.js?ver=4.0.6 HTTP/1.1" 304 - "https://nipponiacaribe.com/wp-admin/plugins.php" "Mozilla/5.0 (Windows NT 10.0; Win64; x64) AppleWebKit/537.36 (KHTML, like Gecko) Chrome/147.0.0.0 Safari/537.36"
79.107.27.66 - - [05/May/2026:14:44:03 +0000] "GET /wp-content/plugins/elementor/assets/js/editor-one-menu.min.js?ver=4.0.6 HTTP/1.1" 304 - "https://nipponiacaribe.com/wp-admin/plugins.php" "Mozilla/5.0 (Windows NT 10.0; Win64; x64) AppleWebKit/537.36 (KHTML, like Gecko) Chrome/147.0.0.0 Safari/537.36"
79.107.27.66 - - [05/May/2026:14:44:03 +0000] "GET /wp-content/plugins/elementor/assets/js/import-export-customization-admin.min.js?ver=4.0.6 HTTP/1.1" 304 - "https://nipponiacaribe.com/wp-admin/plugins.php" "Mozilla/5.0 (Windows NT 10.0; Win64; x64) AppleWebKit/537.36 (KHTML, like Gecko) Chrome/147.0.0.0 Safari/537.36"
79.107.27.66 - - [05/May/2026:14:44:03 +0000] "GET /wp-content/plugins/elementor/assets/js/media-hints.min.js?ver=4.0.6 HTTP/1.1" 304 - "https://nipponiacaribe.com/wp-admin/plugins.php" "Mozilla/5.0 (Windows NT 10.0; Win64; x64) AppleWebKit/537.36 (KHTML, like Gecko) Chrome/147.0.0.0 Safari/537.36"
79.107.27.66 - - [05/May/2026:14:44:03 +0000] "GET /wp-content/plugins/kirki/customizer/packages/modules/webfonts/src/assets/scripts/vendor-typekit/webfontloader.js?ver=3.0.28 HTTP/1.1" 304 - "https://nipponiacaribe.com/wp-admin/plugins.php" "Mozilla/5.0 (Windows NT 10.0; Win64; x64) AppleWebKit/537.36 (KHTML, like Gecko) Chrome/147.0.0.0 Safari/537.36"
79.107.27.66 - - [05/May/2026:14:44:03 +0000] "GET /wp-content/plugins/elementor/assets/js/admin-feedback.min.js?ver=4.0.6 HTTP/1.1" 304 - "https://nipponiacaribe.com/wp-admin/plugins.php" "Mozilla/5.0 (Windows NT 10.0; Win64; x64) AppleWebKit/537.36 (KHTML, like Gecko) Chrome/147.0.0.0 Safari/537.36"
79.107.27.66 - - [05/May/2026:14:44:03 +0000] "GET /wp-content/plugins/insert-headers-and-footers/build/notices.js?ver=2.3.5 HTTP/1.1" 304 - "https://nipponiacaribe.com/wp-admin/plugins.php" "Mozilla/5.0 (Windows NT 10.0; Win64; x64) AppleWebKit/537.36 (KHTML, like Gecko) Chrome/147.0.0.0 Safari/537.36"
79.107.27.66 - - [05/May/2026:14:44:10 +0000] "POST /wp-admin/admin-ajax.php HTTP/1.1" 200 36 "https://nipponiacaribe.com/wp-admin/plugins.php" "Mozilla/5.0 (Windows NT 10.0; Win64; x64) AppleWebKit/537.36 (KHTML, like Gecko) Chrome/147.0.0.0 Safari/537.36"
36.79.10.208 - - [05/May/2026:14:44:13 +0000] "POST /xmlrpc.php HTTP/1.1" 503 18036 "-" "Jetpack by WordPress.com"
20.123.172.228 - - [05/May/2026:14:44:12 +0000] "POST /?wordfence_syncAttackData=1777992252.0027 HTTP/1.1" 200 - "-" "WordPress/6.9.4; https://nipponiacaribe.com"
79.107.27.66 - - [05/May/2026:14:44:11 +0000] "POST /wp-admin/admin-ajax.php HTTP/1.1" 200 36 "https://nipponiacaribe.com/wp-admin/plugins.php" "Mozilla/5.0 (Windows NT 10.0; Win64; x64) AppleWebKit/537.36 (KHTML, like Gecko) Chrome/147.0.0.0 Safari/537.36"
79.107.27.66 - - [05/May/2026:14:44:12 +0000] "POST /wp-admin/admin-ajax.php HTTP/1.1" 200 36 "https://nipponiacaribe.com/wp-admin/plugins.php" "Mozilla/5.0 (Windows NT 10.0; Win64; x64) AppleWebKit/537.36 (KHTML, like Gecko) Chrome/147.0.0.0 Safari/537.36"
79.107.27.66 - - [05/May/2026:14:44:13 +0000] "POST /wp-admin/admin-ajax.php HTTP/1.1" 200 36 "https://nipponiacaribe.com/wp-admin/plugins.php" "Mozilla/5.0 (Windows NT 10.0; Win64; x64) AppleWebKit/537.36 (KHTML, like Gecko) Chrome/147.0.0.0 Safari/537.36"
20.123.172.228 - - [05/May/2026:14:44:17 +0000] "POST /wp-cron.php?doing_wp_cron=1777992257.0946819782257080078125 HTTP/1.1" 200 - "-" "WordPress/6.9.4; https://nipponiacaribe.com"
20.123.172.228 - - [05/May/2026:14:44:13 +0000] "POST /?wordfence_syncAttackData=1777992253.2377 HTTP/1.1" 200 20831 "-" "WordPress/6.9.4; https://nipponiacaribe.com"
79.107.27.66 - - [05/May/2026:14:44:17 +0000] "POST /wp-admin/admin-ajax.php HTTP/1.1" 200 36 "https://nipponiacaribe.com/wp-admin/plugins.php" "Mozilla/5.0 (Windows NT 10.0; Win64; x64) AppleWebKit/537.36 (KHTML, like Gecko) Chrome/147.0.0.0 Safari/537.36"
36.79.10.208 - - [05/May/2026:14:44:24 +0000] "POST /xmlrpc.php HTTP/1.1" 503 18036 "-" "WordPress.com; https://wordpress.com"
20.123.172.228 - - [05/May/2026:14:44:27 +0000] "POST /?wordfence_syncAttackData=1777992267.0688 HTTP/1.1" 200 - "-" "WordPress/6.9.4; https://nipponiacaribe.com"
79.107.27.66 - - [05/May/2026:14:44:25 +0000] "POST /wp-admin/admin-ajax.php HTTP/1.1" 200 109 "https://nipponiacaribe.com/wp-admin/plugins.php" "Mozilla/5.0 (Windows NT 10.0; Win64; x64) AppleWebKit/537.36 (KHTML, like Gecko) Chrome/147.0.0.0 Safari/537.36"
36.79.10.208 - - [05/May/2026:14:44:34 +0000] "POST /xmlrpc.php HTTP/1.1" 503 18036 "-" "WordPress.com; https://wordpress.com"
20.123.172.228 - - [05/May/2026:14:44:38 +0000] "POST /?wordfence_syncAttackData=1777992278.6464 HTTP/1.1" 200 - "-" "WordPress/6.9.4; https://nipponiacaribe.com"
79.107.27.66 - - [05/May/2026:14:44:37 +0000] "POST /wp-admin/admin-ajax.php HTTP/1.1" 200 136 "https://nipponiacaribe.com/wp-admin/plugins.php" "Mozilla/5.0 (Windows NT 10.0; Win64; x64) AppleWebKit/537.36 (KHTML, like Gecko) Chrome/147.0.0.0 Safari/537.36"
36.79.10.208 - - [05/May/2026:14:44:44 +0000] "POST /xmlrpc.php HTTP/1.1" 503 18036 "-" "Jetpack/12.5; WordPress/6.3; http://site36605146.com"
36.79.10.208 - - [05/May/2026:14:44:55 +0000] "POST /xmlrpc.php HTTP/1.1" 503 18036 "-" "WordPress.com; https://wordpress.com"
36.79.10.208 - - [05/May/2026:14:45:06 +0000] "POST /xmlrpc.php HTTP/1.1" 503 18036 "-" "Jetpack by WordPress.com (Jetpack 12.5; WordPress 6.4)"
20.123.172.228 - - [05/May/2026:14:45:07 +0000] "POST /wp-cron.php?doing_wp_cron=1777992307.8840110301971435546875 HTTP/1.1" 200 - "-" "WordPress/6.9.4; https://nipponiacaribe.com"
79.107.27.66 - - [05/May/2026:14:45:03 +0000] "POST /wp-admin/admin-ajax.php HTTP/1.1" 200 67 "https://nipponiacaribe.com/wp-admin/plugins.php" "Mozilla/5.0 (Windows NT 10.0; Win64; x64) AppleWebKit/537.36 (KHTML, like Gecko) Chrome/147.0.0.0 Safari/537.36"
20.123.172.228 - - [05/May/2026:14:45:05 +0000] "POST /?wordfence_syncAttackData=1777992305.6371 HTTP/1.1" 200 - "-" "WordPress/6.9.4; https://nipponiacaribe.com"
79.107.27.66 - - [05/May/2026:14:45:12 +0000] "POST /wp-admin/admin-ajax.php HTTP/1.1" 200 36 "https://nipponiacaribe.com/wp-admin/plugins.php" "Mozilla/5.0 (Windows NT 10.0; Win64; x64) AppleWebKit/537.36 (KHTML, like Gecko) Chrome/147.0.0.0 Safari/537.36"
79.107.27.66 - - [05/May/2026:14:45:13 +0000] "POST /wp-admin/admin-ajax.php HTTP/1.1" 200 36 "https://nipponiacaribe.com/wp-admin/plugins.php" "Mozilla/5.0 (Windows NT 10.0; Win64; x64) AppleWebKit/537.36 (KHTML, like Gecko) Chrome/147.0.0.0 Safari/537.36"
36.79.10.208 - - [05/May/2026:14:45:16 +0000] "POST /xmlrpc.php HTTP/1.1" 503 18036 "-" "Jetpack by WordPress.com (Jetpack 12.1; WordPress 6.4)"
79.107.27.66 - - [05/May/2026:14:45:14 +0000] "POST /wp-admin/admin-ajax.php HTTP/1.1" 200 36 "https://nipponiacaribe.com/wp-admin/plugins.php" "Mozilla/5.0 (Windows NT 10.0; Win64; x64) AppleWebKit/537.36 (KHTML, like Gecko) Chrome/147.0.0.0 Safari/537.36"
79.107.27.66 - - [05/May/2026:14:45:15 +0000] "POST /wp-admin/admin-ajax.php HTTP/1.1" 200 36 "https://nipponiacaribe.com/wp-admin/plugins.php" "Mozilla/5.0 (Windows NT 10.0; Win64; x64) AppleWebKit/537.36 (KHTML, like Gecko) Chrome/147.0.0.0 Safari/537.36"
20.123.172.228 - - [05/May/2026:14:45:24 +0000] "POST /?wordfence_syncAttackData=1777992324.1291 HTTP/1.1" 200 - "-" "WordPress/6.9.4; https://nipponiacaribe.com"
36.79.10.208 - - [05/May/2026:14:45:26 +0000] "POST /xmlrpc.php HTTP/1.1" 503 18036 "-" "Jetpack by WordPress.com (Jetpack 12.0; WordPress 6.4)"
79.107.27.66 - - [05/May/2026:14:45:22 +0000] "GET /wp-admin/admin.php?page=Wordfence HTTP/1.1" 200 94232 "https://nipponiacaribe.com/wp-admin/plugins.php" "Mozilla/5.0 (Windows NT 10.0; Win64; x64) AppleWebKit/537.36 (KHTML, like Gecko) Chrome/147.0.0.0 Safari/537.36"
79.107.27.66 - - [05/May/2026:14:45:27 +0000] "GET /wp-content/plugins/insert-headers-and-footers/build/admin-bar.css?ver=c95624a69c80301272a0 HTTP/1.1" 304 - "https://nipponiacaribe.com/wp-admin/admin.php?page=Wordfence" "Mozilla/5.0 (Windows NT 10.0; Win64; x64) AppleWebKit/537.36 (KHTML, like Gecko) Chrome/147.0.0.0 Safari/537.36"
79.107.27.66 - - [05/May/2026:14:45:27 +0000] "GET /wp-content/plugins/wordfence/css/wf-roboto-font.1777414075.css?ver=8.2.0 HTTP/1.1" 304 - "https://nipponiacaribe.com/wp-admin/admin.php?page=Wordfence" "Mozilla/5.0 (Windows NT 10.0; Win64; x64) AppleWebKit/537.36 (KHTML, like Gecko) Chrome/147.0.0.0 Safari/537.36"
79.107.27.66 - - [05/May/2026:14:45:27 +0000] "GET /wp-content/plugins/wordfence/css/main.1777414075.css?ver=8.2.0 HTTP/1.1" 304 - "https://nipponiacaribe.com/wp-admin/admin.php?page=Wordfence" "Mozilla/5.0 (Windows NT 10.0; Win64; x64) AppleWebKit/537.36 (KHTML, like Gecko) Chrome/147.0.0.0 Safari/537.36"
79.107.27.66 - - [05/May/2026:14:45:27 +0000] "GET /wp-content/plugins/wordfence/css/wf-font-awesome.1777414075.css?ver=8.2.0 HTTP/1.1" 304 - "https://nipponiacaribe.com/wp-admin/admin.php?page=Wordfence" "Mozilla/5.0 (Windows NT 10.0; Win64; x64) AppleWebKit/537.36 (KHTML, like Gecko) Chrome/147.0.0.0 Safari/537.36"
79.107.27.66 - - [05/May/2026:14:45:27 +0000] "GET /wp-content/plugins/wordfence/css/wf-ionicons.1777414075.css?ver=8.2.0 HTTP/1.1" 304 - "https://nipponiacaribe.com/wp-admin/admin.php?page=Wordfence" "Mozilla/5.0 (Windows NT 10.0; Win64; x64) AppleWebKit/537.36 (KHTML, like Gecko) Chrome/147.0.0.0 Safari/537.36"
79.107.27.66 - - [05/May/2026:14:45:27 +0000] "GET /wp-content/plugins/wordfence/css/license/free.1777414075.css?ver=6.9.4 HTTP/1.1" 304 - "https://nipponiacaribe.com/wp-admin/admin.php?page=Wordfence" "Mozilla/5.0 (Windows NT 10.0; Win64; x64) AppleWebKit/537.36 (KHTML, like Gecko) Chrome/147.0.0.0 Safari/537.36"
79.107.27.66 - - [05/May/2026:14:45:27 +0000] "GET /wp-content/plugins/wordfence/css/wf-adminbar.1777414075.css?ver=8.2.0 HTTP/1.1" 304 - "https://nipponiacaribe.com/wp-admin/admin.php?page=Wordfence" "Mozilla/5.0 (Windows NT 10.0; Win64; x64) AppleWebKit/537.36 (KHTML, like Gecko) Chrome/147.0.0.0 Safari/537.36"
79.107.27.66 - - [05/May/2026:14:45:27 +0000] "GET /wp-content/plugins/wordfence/css/license/free-global.1777414075.css?ver=8.2.0 HTTP/1.1" 304 - "https://nipponiacaribe.com/wp-admin/admin.php?page=Wordfence" "Mozilla/5.0 (Windows NT 10.0; Win64; x64) AppleWebKit/537.36 (KHTML, like Gecko) Chrome/147.0.0.0 Safari/537.36"
79.107.27.66 - - [05/May/2026:14:45:27 +0000] "GET /wp-content/plugins/wp-store-locator/admin/css/style-3.8.min.css?ver=2.3.0 HTTP/1.1" 304 - "https://nipponiacaribe.com/wp-admin/admin.php?page=Wordfence" "Mozilla/5.0 (Windows NT 10.0; Win64; x64) AppleWebKit/537.36 (KHTML, like Gecko) Chrome/147.0.0.0 Safari/537.36"
79.107.27.66 - - [05/May/2026:14:45:27 +0000] "GET /wp-content/plugins/wordfence/css/wordfenceBox.1777414075.css?ver=8.2.0 HTTP/1.1" 304 - "https://nipponiacaribe.com/wp-admin/admin.php?page=Wordfence" "Mozilla/5.0 (Windows NT 10.0; Win64; x64) AppleWebKit/537.36 (KHTML, like Gecko) Chrome/147.0.0.0 Safari/537.36"
79.107.27.66 - - [05/May/2026:14:45:27 +0000] "GET /wp-content/plugins/wordfence/modules/login-security/css/admin-global.1777414075.css?ver=1.1.16 HTTP/1.1" 304 - "https://nipponiacaribe.com/wp-admin/admin.php?page=Wordfence" "Mozilla/5.0 (Windows NT 10.0; Win64; x64) AppleWebKit/537.36 (KHTML, like Gecko) Chrome/147.0.0.0 Safari/537.36"
79.107.27.66 - - [05/May/2026:14:45:27 +0000] "GET /wp-content/plugins/elementor/vendor/elementor/wp-one-package/assets/build/common.css?ver=1.0.60 HTTP/1.1" 304 - "https://nipponiacaribe.com/wp-admin/admin.php?page=Wordfence" "Mozilla/5.0 (Windows NT 10.0; Win64; x64) AppleWebKit/537.36 (KHTML, like Gecko) Chrome/147.0.0.0 Safari/537.36"
79.107.27.66 - - [05/May/2026:14:45:27 +0000] "GET /wp-content/plugins/elementor-pro/assets/css/admin.min.css?ver=4.0.4 HTTP/1.1" 200 3744 "https://nipponiacaribe.com/wp-admin/admin.php?page=Wordfence" "Mozilla/5.0 (Windows NT 10.0; Win64; x64) AppleWebKit/537.36 (KHTML, like Gecko) Chrome/147.0.0.0 Safari/537.36"
79.107.27.66 - - [05/May/2026:14:45:27 +0000] "GET /wp-content/plugins/wordpress-seo/css/dist/wpseo-dismissible-2750.css HTTP/1.1" 304 - "https://nipponiacaribe.com/wp-admin/admin.php?page=Wordfence" "Mozilla/5.0 (Windows NT 10.0; Win64; x64) AppleWebKit/537.36 (KHTML, like Gecko) Chrome/147.0.0.0 Safari/537.36"
79.107.27.66 - - [05/May/2026:14:45:27 +0000] "GET /wp-content/plugins/wordpress-seo/css/dist/tailwind-2750.css HTTP/1.1" 304 - "https://nipponiacaribe.com/wp-admin/admin.php?page=Wordfence" "Mozilla/5.0 (Windows NT 10.0; Win64; x64) AppleWebKit/537.36 (KHTML, like Gecko) Chrome/147.0.0.0 Safari/537.36"
79.107.27.66 - - [05/May/2026:14:45:27 +0000] "GET /wp-content/plugins/wordpress-seo/css/dist/admin-global-2750.css HTTP/1.1" 304 - "https://nipponiacaribe.com/wp-admin/admin.php?page=Wordfence" "Mozilla/5.0 (Windows NT 10.0; Win64; x64) AppleWebKit/537.36 (KHTML, like Gecko) Chrome/147.0.0.0 Safari/537.36"
79.107.27.66 - - [05/May/2026:14:45:27 +0000] "GET /wp-content/plugins/elementor/assets/css/modules/editor-one/admin-menu.min.css?ver=4.0.6 HTTP/1.1" 304 - "https://nipponiacaribe.com/wp-admin/admin.php?page=Wordfence" "Mozilla/5.0 (Windows NT 10.0; Win64; x64) AppleWebKit/537.36 (KHTML, like Gecko) Chrome/147.0.0.0 Safari/537.36"
79.107.27.66 - - [05/May/2026:14:45:27 +0000] "GET /wp-content/plugins/elementor/assets/lib/eicons/css/elementor-icons.min.css?ver=5.48.0 HTTP/1.1" 304 - "https://nipponiacaribe.com/wp-admin/admin.php?page=Wordfence" "Mozilla/5.0 (Windows NT 10.0; Win64; x64) AppleWebKit/537.36 (KHTML, like Gecko) Chrome/147.0.0.0 Safari/537.36"
79.107.27.66 - - [05/May/2026:14:45:27 +0000] "GET /wp-content/plugins/elementor/assets/css/common.min.css?ver=4.0.6 HTTP/1.1" 304 - "https://nipponiacaribe.com/wp-admin/admin.php?page=Wordfence" "Mozilla/5.0 (Windows NT 10.0; Win64; x64) AppleWebKit/537.36 (KHTML, like Gecko) Chrome/147.0.0.0 Safari/537.36"
79.107.27.66 - - [05/May/2026:14:45:27 +0000] "GET /wp-content/plugins/elementor/assets/css/theme-light.min.css?ver=4.0.6 HTTP/1.1" 304 - "https://nipponiacaribe.com/wp-admin/admin.php?page=Wordfence" "Mozilla/5.0 (Windows NT 10.0; Win64; x64) AppleWebKit/537.36 (KHTML, like Gecko) Chrome/147.0.0.0 Safari/537.36"
79.107.27.66 - - [05/May/2026:14:45:27 +0000] "GET /wp-content/plugins/elementor/assets/css/admin.min.css?ver=4.0.6 HTTP/1.1" 304 - "https://nipponiacaribe.com/wp-admin/admin.php?page=Wordfence" "Mozilla/5.0 (Windows NT 10.0; Win64; x64) AppleWebKit/537.36 (KHTML, like Gecko) Chrome/147.0.0.0 Safari/537.36"
79.107.27.66 - - [05/May/2026:14:45:27 +0000] "GET /wp-content/plugins/wordpress-seo/css/dist/adminbar-2750.css HTTP/1.1" 304 - "https://nipponiacaribe.com/wp-admin/admin.php?page=Wordfence" "Mozilla/5.0 (Windows NT 10.0; Win64; x64) AppleWebKit/537.36 (KHTML, like Gecko) Chrome/147.0.0.0 Safari/537.36"
79.107.27.66 - - [05/May/2026:14:45:27 +0000] "GET /wp-content/plugins/wordfence/css/wf-onboarding.1777414075.css?ver=8.2.0 HTTP/1.1" 304 - "https://nipponiacaribe.com/wp-admin/admin.php?page=Wordfence" "Mozilla/5.0 (Windows NT 10.0; Win64; x64) AppleWebKit/537.36 (KHTML, like Gecko) Chrome/147.0.0.0 Safari/537.36"
79.107.27.66 - - [05/May/2026:14:45:23 +0000] "GET /wp-admin/admin.php?page=Wordfence HTTP/1.1" 200 94229 "https://nipponiacaribe.com/wp-admin/plugins.php" "Mozilla/5.0 (Windows NT 10.0; Win64; x64) AppleWebKit/537.36 (KHTML, like Gecko) Chrome/147.0.0.0 Safari/537.36"
79.107.27.66 - - [05/May/2026:14:45:28 +0000] "GET /wp-content/plugins/wordfence/js/jquery.qrcode.min.1777414075.js?ver=8.2.0 HTTP/1.1" 304 - "https://nipponiacaribe.com/wp-admin/admin.php?page=Wordfence" "Mozilla/5.0 (Windows NT 10.0; Win64; x64) AppleWebKit/537.36 (KHTML, like Gecko) Chrome/147.0.0.0 Safari/537.36"
79.107.27.66 - - [05/May/2026:14:45:28 +0000] "GET /wp-content/plugins/wordfence/js/wfi18n.1777414075.js?ver=8.2.0 HTTP/1.1" 304 - "https://nipponiacaribe.com/wp-admin/admin.php?page=Wordfence" "Mozilla/5.0 (Windows NT 10.0; Win64; x64) AppleWebKit/537.36 (KHTML, like Gecko) Chrome/147.0.0.0 Safari/537.36"
79.107.27.66 - - [05/May/2026:14:45:28 +0000] "GET /wp-content/plugins/wordfence/js/wordfence.1777414075.js?ver=8.2.0 HTTP/1.1" 304 - "https://nipponiacaribe.com/wp-admin/admin.php?page=Wordfence" "Mozilla/5.0 (Windows NT 10.0; Win64; x64) AppleWebKit/537.36 (KHTML, like Gecko) Chrome/147.0.0.0 Safari/537.36"
79.107.27.66 - - [05/May/2026:14:45:28 +0000] "GET /wp-content/plugins/wordfence/js/wfglobal.1777414075.js?ver=8.2.0 HTTP/1.1" 304 - "https://nipponiacaribe.com/wp-admin/admin.php?page=Wordfence" "Mozilla/5.0 (Windows NT 10.0; Win64; x64) AppleWebKit/537.36 (KHTML, like Gecko) Chrome/147.0.0.0 Safari/537.36"
79.107.27.66 - - [05/May/2026:14:45:28 +0000] "GET /wp-content/plugins/wordfence/js/wfdropdown.1777414075.js?ver=8.2.0 HTTP/1.1" 304 - "https://nipponiacaribe.com/wp-admin/admin.php?page=Wordfence" "Mozilla/5.0 (Windows NT 10.0; Win64; x64) AppleWebKit/537.36 (KHTML, like Gecko) Chrome/147.0.0.0 Safari/537.36"
79.107.27.66 - - [05/May/2026:14:45:28 +0000] "GET /wp-content/plugins/wordfence/js/admin.1777414075.js?ver=8.2.0 HTTP/1.1" 304 - "https://nipponiacaribe.com/wp-admin/admin.php?page=Wordfence" "Mozilla/5.0 (Windows NT 10.0; Win64; x64) AppleWebKit/537.36 (KHTML, like Gecko) Chrome/147.0.0.0 Safari/537.36"
79.107.27.66 - - [05/May/2026:14:45:28 +0000] "GET /wp-content/plugins/wordfence/js/wfpopover.1777414075.js?ver=8.2.0 HTTP/1.1" 304 - "https://nipponiacaribe.com/wp-admin/admin.php?page=Wordfence" "Mozilla/5.0 (Windows NT 10.0; Win64; x64) AppleWebKit/537.36 (KHTML, like Gecko) Chrome/147.0.0.0 Safari/537.36"
79.107.27.66 - - [05/May/2026:14:45:28 +0000] "GET /wp-content/plugins/wordfence/js/admin.ajaxWatcher.1777414075.js?ver=8.2.0 HTTP/1.1" 304 - "https://nipponiacaribe.com/wp-admin/admin.php?page=Wordfence" "Mozilla/5.0 (Windows NT 10.0; Win64; x64) AppleWebKit/537.36 (KHTML, like Gecko) Chrome/147.0.0.0 Safari/537.36"
79.107.27.66 - - [05/May/2026:14:45:28 +0000] "GET /wp-content/plugins/wordfence/js/wfdashboard.1777414075.js?ver=8.2.0 HTTP/1.1" 304 - "https://nipponiacaribe.com/wp-admin/admin.php?page=Wordfence" "Mozilla/5.0 (Windows NT 10.0; Win64; x64) AppleWebKit/537.36 (KHTML, like Gecko) Chrome/147.0.0.0 Safari/537.36"
79.107.27.66 - - [05/May/2026:14:45:28 +0000] "GET /wp-content/plugins/wordpress-seo/js/dist/admin-global.js?ver=7c731bd4028df6f69f28 HTTP/1.1" 304 - "https://nipponiacaribe.com/wp-admin/admin.php?page=Wordfence" "Mozilla/5.0 (Windows NT 10.0; Win64; x64) AppleWebKit/537.36 (KHTML, like Gecko) Chrome/147.0.0.0 Safari/537.36"
79.107.27.66 - - [05/May/2026:14:45:28 +0000] "GET /wp-content/plugins/optimole-wp/assets/img/logo.svg HTTP/1.1" 304 - "https://nipponiacaribe.com/wp-admin/admin.php?page=Wordfence" "Mozilla/5.0 (Windows NT 10.0; Win64; x64) AppleWebKit/537.36 (KHTML, like Gecko) Chrome/147.0.0.0 Safari/537.36"
79.107.27.66 - - [05/May/2026:14:45:28 +0000] "GET /wp-content/plugins/ninja-forms/assets/css/admin-notices.css?nf_ver=3.14.3&ver=6.9.4 HTTP/1.1" 304 - "https://nipponiacaribe.com/wp-admin/admin.php?page=Wordfence" "Mozilla/5.0 (Windows NT 10.0; Win64; x64) AppleWebKit/537.36 (KHTML, like Gecko) Chrome/147.0.0.0 Safari/537.36"
79.107.27.66 - - [05/May/2026:14:45:28 +0000] "GET /wp-content/plugins/wordfence/js/vue.esm-browser.prod.1777414075.js HTTP/1.1" 304 - "https://nipponiacaribe.com/wp-content/plugins/wordfence/js/wordfence.1777414075.js?ver=8.2.0" "Mozilla/5.0 (Windows NT 10.0; Win64; x64) AppleWebKit/537.36 (KHTML, like Gecko) Chrome/147.0.0.0 Safari/537.36"
79.107.27.66 - - [05/May/2026:14:45:28 +0000] "GET /wp-content/plugins/insert-headers-and-footers/build/admin-bar.js?ver=c95624a69c80301272a0 HTTP/1.1" 304 - "https://nipponiacaribe.com/wp-admin/admin.php?page=Wordfence" "Mozilla/5.0 (Windows NT 10.0; Win64; x64) AppleWebKit/537.36 (KHTML, like Gecko) Chrome/147.0.0.0 Safari/537.36"
79.107.27.66 - - [05/May/2026:14:45:28 +0000] "GET /wp-content/plugins/elementor/assets/js/web-cli.min.js?ver=4.0.6 HTTP/1.1" 304 - "https://nipponiacaribe.com/wp-admin/admin.php?page=Wordfence" "Mozilla/5.0 (Windows NT 10.0; Win64; x64) AppleWebKit/537.36 (KHTML, like Gecko) Chrome/147.0.0.0 Safari/537.36"
79.107.27.66 - - [05/May/2026:14:45:28 +0000] "GET /wp-content/plugins/elementor/assets/js/common-modules.min.js?ver=4.0.6 HTTP/1.1" 304 - "https://nipponiacaribe.com/wp-admin/admin.php?page=Wordfence" "Mozilla/5.0 (Windows NT 10.0; Win64; x64) AppleWebKit/537.36 (KHTML, like Gecko) Chrome/147.0.0.0 Safari/537.36"
79.107.27.66 - - [05/May/2026:14:45:28 +0000] "GET /wp-content/plugins/elementor/assets/js/common.min.js?ver=4.0.6 HTTP/1.1" 304 - "https://nipponiacaribe.com/wp-admin/admin.php?page=Wordfence" "Mozilla/5.0 (Windows NT 10.0; Win64; x64) AppleWebKit/537.36 (KHTML, like Gecko) Chrome/147.0.0.0 Safari/537.36"
79.107.27.66 - - [05/May/2026:14:45:28 +0000] "GET /wp-content/plugins/elementor/assets/js/dev-tools.min.js?ver=4.0.6 HTTP/1.1" 304 - "https://nipponiacaribe.com/wp-admin/admin.php?page=Wordfence" "Mozilla/5.0 (Windows NT 10.0; Win64; x64) AppleWebKit/537.36 (KHTML, like Gecko) Chrome/147.0.0.0 Safari/537.36"
79.107.27.66 - - [05/May/2026:14:45:28 +0000] "GET /wp-content/plugins/elementor/assets/lib/eicons/fonts/eicons.woff2?5.48.0 HTTP/1.1" 304 - "https://nipponiacaribe.com/wp-content/plugins/elementor/assets/lib/eicons/css/elementor-icons.min.css?ver=5.48.0" "Mozilla/5.0 (Windows NT 10.0; Win64; x64) AppleWebKit/537.36 (KHTML, like Gecko) Chrome/147.0.0.0 Safari/537.36"
79.107.27.66 - - [05/May/2026:14:45:28 +0000] "GET /wp-content/plugins/wordfence/fonts/roboto-KFOkCnqEu92Fr1Mu51xIIzQXKMny.woff HTTP/1.1" 304 - "https://nipponiacaribe.com/wp-content/plugins/wordfence/css/wf-roboto-font.1777414075.css?ver=8.2.0" "Mozilla/5.0 (Windows NT 10.0; Win64; x64) AppleWebKit/537.36 (KHTML, like Gecko) Chrome/147.0.0.0 Safari/537.36"
79.107.27.66 - - [05/May/2026:14:45:28 +0000] "GET /wp-content/plugins/kirki/assets/images/kirki-20X20.svg HTTP/1.1" 304 - "https://nipponiacaribe.com/wp-admin/admin.php?page=Wordfence" "Mozilla/5.0 (Windows NT 10.0; Win64; x64) AppleWebKit/537.36 (KHTML, like Gecko) Chrome/147.0.0.0 Safari/537.36"
79.107.27.66 - - [05/May/2026:14:45:28 +0000] "GET /wp-content/plugins/elementor/assets/js/app-loader.min.js?ver=4.0.6 HTTP/1.1" 304 - "https://nipponiacaribe.com/wp-admin/admin.php?page=Wordfence" "Mozilla/5.0 (Windows NT 10.0; Win64; x64) AppleWebKit/537.36 (KHTML, like Gecko) Chrome/147.0.0.0 Safari/537.36"
79.107.27.66 - - [05/May/2026:14:45:28 +0000] "GET /wp-content/plugins/wp-store-locator/admin/js/wpsl-admin.min.js?ver=2.3.0 HTTP/1.1" 304 - "https://nipponiacaribe.com/wp-admin/admin.php?page=Wordfence" "Mozilla/5.0 (Windows NT 10.0; Win64; x64) AppleWebKit/537.36 (KHTML, like Gecko) Chrome/147.0.0.0 Safari/537.36"
79.107.27.66 - - [05/May/2026:14:45:28 +0000] "GET /wp-content/plugins/elementor/vendor/elementor/wp-one-package/assets/build/common.js?ver=71fc09ea1a9e23155639 HTTP/1.1" 304 - "https://nipponiacaribe.com/wp-admin/admin.php?page=Wordfence" "Mozilla/5.0 (Windows NT 10.0; Win64; x64) AppleWebKit/537.36 (KHTML, like Gecko) Chrome/147.0.0.0 Safari/537.36"
79.107.27.66 - - [05/May/2026:14:45:28 +0000] "GET /wp-content/plugins/elementor/assets/js/admin-modules.min.js?ver=4.0.6 HTTP/1.1" 304 - "https://nipponiacaribe.com/wp-admin/admin.php?page=Wordfence" "Mozilla/5.0 (Windows NT 10.0; Win64; x64) AppleWebKit/537.36 (KHTML, like Gecko) Chrome/147.0.0.0 Safari/537.36"
79.107.27.66 - - [05/May/2026:14:45:28 +0000] "GET /wp-content/plugins/elementor/assets/js/admin.min.js?ver=4.0.6 HTTP/1.1" 304 - "https://nipponiacaribe.com/wp-admin/admin.php?page=Wordfence" "Mozilla/5.0 (Windows NT 10.0; Win64; x64) AppleWebKit/537.36 (KHTML, like Gecko) Chrome/147.0.0.0 Safari/537.36"
79.107.27.66 - - [05/May/2026:14:45:28 +0000] "GET /wp-content/plugins/elementor/assets/js/editor-one-menu.min.js?ver=4.0.6 HTTP/1.1" 304 - "https://nipponiacaribe.com/wp-admin/admin.php?page=Wordfence" "Mozilla/5.0 (Windows NT 10.0; Win64; x64) AppleWebKit/537.36 (KHTML, like Gecko) Chrome/147.0.0.0 Safari/537.36"
79.107.27.66 - - [05/May/2026:14:45:28 +0000] "GET /wp-content/plugins/elementor-pro/assets/js/admin.min.js?ver=4.0.4 HTTP/1.1" 200 17299 "https://nipponiacaribe.com/wp-admin/admin.php?page=Wordfence" "Mozilla/5.0 (Windows NT 10.0; Win64; x64) AppleWebKit/537.36 (KHTML, like Gecko) Chrome/147.0.0.0 Safari/537.36"
79.107.27.66 - - [05/May/2026:14:45:28 +0000] "GET /wp-content/plugins/elementor/assets/js/import-export-admin.min.js?ver=4.0.6 HTTP/1.1" 304 - "https://nipponiacaribe.com/wp-admin/admin.php?page=Wordfence" "Mozilla/5.0 (Windows NT 10.0; Win64; x64) AppleWebKit/537.36 (KHTML, like Gecko) Chrome/147.0.0.0 Safari/537.36"
79.107.27.66 - - [05/May/2026:14:45:28 +0000] "GET /wp-content/plugins/elementor/assets/js/import-export-customization-admin.min.js?ver=4.0.6 HTTP/1.1" 304 - "https://nipponiacaribe.com/wp-admin/admin.php?page=Wordfence" "Mozilla/5.0 (Windows NT 10.0; Win64; x64) AppleWebKit/537.36 (KHTML, like Gecko) Chrome/147.0.0.0 Safari/537.36"
79.107.27.66 - - [05/May/2026:14:45:28 +0000] "GET /wp-content/plugins/elementor/assets/js/media-hints.min.js?ver=4.0.6 HTTP/1.1" 304 - "https://nipponiacaribe.com/wp-admin/admin.php?page=Wordfence" "Mozilla/5.0 (Windows NT 10.0; Win64; x64) AppleWebKit/537.36 (KHTML, like Gecko) Chrome/147.0.0.0 Safari/537.36"
79.107.27.66 - - [05/May/2026:14:45:28 +0000] "GET /wp-content/plugins/insert-headers-and-footers/build/notices.js?ver=2.3.5 HTTP/1.1" 304 - "https://nipponiacaribe.com/wp-admin/admin.php?page=Wordfence" "Mozilla/5.0 (Windows NT 10.0; Win64; x64) AppleWebKit/537.36 (KHTML, like Gecko) Chrome/147.0.0.0 Safari/537.36"
79.107.27.66 - - [05/May/2026:14:45:28 +0000] "GET /wp-content/plugins/kirki/customizer/packages/modules/webfonts/src/assets/scripts/vendor-typekit/webfontloader.js?ver=3.0.28 HTTP/1.1" 304 - "https://nipponiacaribe.com/wp-admin/admin.php?page=Wordfence" "Mozilla/5.0 (Windows NT 10.0; Win64; x64) AppleWebKit/537.36 (KHTML, like Gecko) Chrome/147.0.0.0 Safari/537.36"
79.107.27.66 - - [05/May/2026:14:45:28 +0000] "GET /wp-content/plugins/wordfence/js/chart.umd.1777414075.js?ver=4.2.1 HTTP/1.1" 304 - "https://nipponiacaribe.com/wp-admin/admin.php?page=Wordfence" "Mozilla/5.0 (Windows NT 10.0; Win64; x64) AppleWebKit/537.36 (KHTML, like Gecko) Chrome/147.0.0.0 Safari/537.36"
79.107.27.66 - - [05/May/2026:14:45:28 +0000] "GET /wp-content/plugins/wordfence/fonts/roboto-KFOlCnqEu92Fr1MmSU5fBBc-AMP6lQ.woff HTTP/1.1" 304 - "https://nipponiacaribe.com/wp-content/plugins/wordfence/css/wf-roboto-font.1777414075.css?ver=8.2.0" "Mozilla/5.0 (Windows NT 10.0; Win64; x64) AppleWebKit/537.36 (KHTML, like Gecko) Chrome/147.0.0.0 Safari/537.36"
79.107.27.66 - - [05/May/2026:14:45:28 +0000] "GET /wp-content/plugins/wordfence/images/wf-central-logo.svg HTTP/1.1" 304 - "https://nipponiacaribe.com/wp-admin/admin.php?page=Wordfence" "Mozilla/5.0 (Windows NT 10.0; Win64; x64) AppleWebKit/537.36 (KHTML, like Gecko) Chrome/147.0.0.0 Safari/537.36"
20.123.172.228 - - [05/May/2026:14:45:24 +0000] "POST /?wordfence_syncAttackData=1777992324.9686 HTTP/1.1" 200 20830 "-" "WordPress/6.9.4; https://nipponiacaribe.com"
36.79.10.208 - - [05/May/2026:14:45:37 +0000] "POST /xmlrpc.php HTTP/1.1" 503 18036 "-" "Jetpack/12.1; WordPress/6.2; http://site19151669.com"
20.123.172.228 - - [05/May/2026:14:45:37 +0000] "POST /?wordfence_syncAttackData=1777992337.8379 HTTP/1.1" 200 - "-" "WordPress/6.9.4; https://nipponiacaribe.com"
79.107.27.66 - - [05/May/2026:14:45:36 +0000] "GET /wp-admin/admin.php?page=Wordfence&nf_admin_notice_ignore=one_week_support&_wpnonce=006e01f556 HTTP/1.1" 302 - "https://nipponiacaribe.com/wp-admin/admin.php?page=Wordfence" "Mozilla/5.0 (Windows NT 10.0; Win64; x64) AppleWebKit/537.36 (KHTML, like Gecko) Chrome/147.0.0.0 Safari/537.36"
120.240.178.168 - - [05/May/2026:14:45:37 +0000] "GET /robots.txt HTTP/1.1" 301 - "-" "Mozilla/5.0 (Windows NT 10.0; WOW64) AppleWebKit/537.36 (KHTML, like Gecko) Chrome/83.0.2674.138 Safari/537.36 LBBROWSER"
79.107.27.66 - - [05/May/2026:14:45:43 +0000] "GET /wp-content/plugins/elementor-pro/assets/css/admin.min.css?ver=4.0.4 HTTP/1.1" 304 - "https://nipponiacaribe.com/wp-admin/admin.php?page=Wordfence" "Mozilla/5.0 (Windows NT 10.0; Win64; x64) AppleWebKit/537.36 (KHTML, like Gecko) Chrome/147.0.0.0 Safari/537.36"
79.107.27.66 - - [05/May/2026:14:45:40 +0000] "GET /wp-admin/admin.php?page=Wordfence HTTP/1.1" 200 93828 "https://nipponiacaribe.com/wp-admin/admin.php?page=Wordfence" "Mozilla/5.0 (Windows NT 10.0; Win64; x64) AppleWebKit/537.36 (KHTML, like Gecko) Chrome/147.0.0.0 Safari/537.36"
79.107.27.66 - - [05/May/2026:14:45:44 +0000] "GET /wp-content/plugins/elementor-pro/assets/js/admin.min.js?ver=4.0.4 HTTP/1.1" 304 - "https://nipponiacaribe.com/wp-admin/admin.php?page=Wordfence" "Mozilla/5.0 (Windows NT 10.0; Win64; x64) AppleWebKit/537.36 (KHTML, like Gecko) Chrome/147.0.0.0 Safari/537.36"
120.240.178.236 - - [05/May/2026:14:45:43 +0000] "GET /robots.txt HTTP/1.1" 200 129 "-" "Mozilla/5.0 (Windows NT 10.0; WOW64) AppleWebKit/537.36 (KHTML, like Gecko) Chrome/83.0.2674.138 Safari/537.36 LBBROWSER"
36.79.10.208 - - [05/May/2026:14:45:48 +0000] "POST /xmlrpc.php HTTP/1.1" 503 18036 "-" "Jetpack/13.0; WordPress/6.4; http://site81327121.com"
79.107.27.66 - - [05/May/2026:14:45:47 +0000] "POST /wp-admin/admin-ajax.php HTTP/1.1" 200 - "https://nipponiacaribe.com/wp-admin/admin.php?page=Wordfence" "Mozilla/5.0 (Windows NT 10.0; Win64; x64) AppleWebKit/537.36 (KHTML, like Gecko) Chrome/147.0.0.0 Safari/537.36"
20.123.172.228 - - [05/May/2026:14:45:49 +0000] "POST /?wordfence_syncAttackData=1777992349.4477 HTTP/1.1" 200 - "-" "WordPress/6.9.4; https://nipponiacaribe.com"
79.107.27.66 - - [05/May/2026:14:45:50 +0000] "POST /wp-admin/admin-ajax.php HTTP/1.1" 200 36 "https://nipponiacaribe.com/wp-admin/admin.php?page=Wordfence" "Mozilla/5.0 (Windows NT 10.0; Win64; x64) AppleWebKit/537.36 (KHTML, like Gecko) Chrome/147.0.0.0 Safari/537.36"
79.107.27.66 - - [05/May/2026:14:45:51 +0000] "GET /wp-admin/admin.php?nag_airi_disable_retirement_notice=0 HTTP/1.1" 200 - "https://nipponiacaribe.com/wp-admin/admin.php?page=Wordfence" "Mozilla/5.0 (Windows NT 10.0; Win64; x64) AppleWebKit/537.36 (KHTML, like Gecko) Chrome/147.0.0.0 Safari/537.36"
36.79.10.208 - - [05/May/2026:14:45:58 +0000] "POST /xmlrpc.php HTTP/1.1" 503 18036 "-" "Jetpack/13.0; WordPress/6.3; http://site62183182.com"
20.123.172.228 - - [05/May/2026:14:46:06 +0000] "POST /wp-cron.php?doing_wp_cron=1777992366.8633489608764648437500 HTTP/1.1" 200 - "-" "WordPress/6.9.4; https://nipponiacaribe.com"
20.123.172.228 - - [05/May/2026:14:46:04 +0000] "POST /?wordfence_syncAttackData=1777992364.606 HTTP/1.1" 200 - "-" "WordPress/6.9.4; https://nipponiacaribe.com"
79.107.27.66 - - [05/May/2026:14:46:03 +0000] "GET /wp-admin/admin.php?page=Wordfence HTTP/1.1" 200 92416 "https://nipponiacaribe.com/wp-admin/admin.php?page=Wordfence" "Mozilla/5.0 (Windows NT 10.0; Win64; x64) AppleWebKit/537.36 (KHTML, like Gecko) Chrome/147.0.0.0 Safari/537.36"
36.79.10.208 - - [05/May/2026:14:46:09 +0000] "POST /xmlrpc.php HTTP/1.1" 503 18036 "-" "Jetpack by WordPress.com"
36.79.10.208 - - [05/May/2026:14:46:20 +0000] "POST /xmlrpc.php HTTP/1.1" 503 18036 "-" "Jetpack by WordPress.com (Jetpack 12.0; WordPress 6.4)"
20.123.172.228 - - [05/May/2026:14:46:19 +0000] "POST /?wordfence_syncAttackData=1777992379.2328 HTTP/1.1" 200 - "-" "WordPress/6.9.4; https://nipponiacaribe.com"
79.107.27.66 - - [05/May/2026:14:46:21 +0000] "GET /wp-content/plugins/insert-headers-and-footers/build/admin-bar.css?ver=c95624a69c80301272a0 HTTP/1.1" 304 - "https://nipponiacaribe.com/wp-admin/admin.php?page=WordfenceScan" "Mozilla/5.0 (Windows NT 10.0; Win64; x64) AppleWebKit/537.36 (KHTML, like Gecko) Chrome/147.0.0.0 Safari/537.36"
79.107.27.66 - - [05/May/2026:14:46:21 +0000] "GET /wp-content/plugins/wordfence/css/wf-roboto-font.1777414075.css?ver=8.2.0 HTTP/1.1" 304 - "https://nipponiacaribe.com/wp-admin/admin.php?page=WordfenceScan" "Mozilla/5.0 (Windows NT 10.0; Win64; x64) AppleWebKit/537.36 (KHTML, like Gecko) Chrome/147.0.0.0 Safari/537.36"
79.107.27.66 - - [05/May/2026:14:46:21 +0000] "GET /wp-content/plugins/wordfence/css/wf-font-awesome.1777414075.css?ver=8.2.0 HTTP/1.1" 304 - "https://nipponiacaribe.com/wp-admin/admin.php?page=WordfenceScan" "Mozilla/5.0 (Windows NT 10.0; Win64; x64) AppleWebKit/537.36 (KHTML, like Gecko) Chrome/147.0.0.0 Safari/537.36"
79.107.27.66 - - [05/May/2026:14:46:22 +0000] "GET /wp-content/plugins/wordfence/css/main.1777414075.css?ver=8.2.0 HTTP/1.1" 304 - "https://nipponiacaribe.com/wp-admin/admin.php?page=WordfenceScan" "Mozilla/5.0 (Windows NT 10.0; Win64; x64) AppleWebKit/537.36 (KHTML, like Gecko) Chrome/147.0.0.0 Safari/537.36"
79.107.27.66 - - [05/May/2026:14:46:22 +0000] "GET /wp-content/plugins/wordfence/css/wordfenceBox.1777414075.css?ver=8.2.0 HTTP/1.1" 304 - "https://nipponiacaribe.com/wp-admin/admin.php?page=WordfenceScan" "Mozilla/5.0 (Windows NT 10.0; Win64; x64) AppleWebKit/537.36 (KHTML, like Gecko) Chrome/147.0.0.0 Safari/537.36"
79.107.27.66 - - [05/May/2026:14:46:22 +0000] "GET /wp-content/plugins/wordfence/css/wf-ionicons.1777414075.css?ver=8.2.0 HTTP/1.1" 304 - "https://nipponiacaribe.com/wp-admin/admin.php?page=WordfenceScan" "Mozilla/5.0 (Windows NT 10.0; Win64; x64) AppleWebKit/537.36 (KHTML, like Gecko) Chrome/147.0.0.0 Safari/537.36"
