103.150.218.178 - - [05/May/2026:15:19:25 +0000] "POST /xmlrpc.php HTTP/1.1" 503 18030 "-" "Jetpack/13.0; WordPress/6.2; http://site13327336.com"
86.241.130.110 - - [05/May/2026:15:19:30 +0000] "POST /xmlrpc.php HTTP/1.1" 503 18030 "-" "Jetpack by WordPress.com"
157.230.39.14 - - [05/May/2026:15:19:29 +0000] "GET /wp-admin/index.php HTTP/1.1" 503 7312 "https://nipponia.com/wp-login.php" "Mozilla/5.0 (Macintosh; Intel Mac OS X 10_15_7; rv:119.0) Gecko/20100101 Firefox/119.0"
20.123.172.228 - - [05/May/2026:15:19:32 +0000] "POST /wp-cron.php?doing_wp_cron=1777994372.5252699851989746093750 HTTP/1.1" 200 - "-" "WordPress/6.9.4; https://nipponia.com"
20.123.172.228 - - [05/May/2026:15:19:30 +0000] "POST /?wordfence_syncAttackData=1777994370.9742 HTTP/1.1" 200 - "-" "WordPress/6.9.4; https://nipponia.com"
103.150.218.178 - - [05/May/2026:15:19:35 +0000] "POST /xmlrpc.php HTTP/1.1" 503 18030 "-" "Jetpack by WordPress.com"
157.230.39.14 - - [05/May/2026:15:19:38 +0000] "GET /wp-admin/profile.php HTTP/1.1" 503 7312 "https://nipponia.com/wp-login.php" "Mozilla/5.0 (Macintosh; Intel Mac OS X 10_15_7; rv:119.0) Gecko/20100101 Firefox/119.0"
86.241.130.110 - - [05/May/2026:15:19:40 +0000] "POST /xmlrpc.php HTTP/1.1" 503 18030 "-" "WordPress.com; https://wordpress.com"
103.150.218.178 - - [05/May/2026:15:19:46 +0000] "POST /xmlrpc.php HTTP/1.1" 503 18030 "-" "Jetpack/12.5; WordPress/6.4; http://site70712456.com"
157.230.39.14 - - [05/May/2026:15:19:45 +0000] "GET /wp-admin/edit.php HTTP/1.1" 503 7311 "https://nipponia.com/wp-login.php" "Mozilla/5.0 (Macintosh; Intel Mac OS X 10_15_7; rv:119.0) Gecko/20100101 Firefox/119.0"
20.123.172.228 - - [05/May/2026:15:19:48 +0000] "POST /wp-cron.php?doing_wp_cron=1777994388.4624719619750976562500 HTTP/1.1" 200 - "-" "WordPress/6.9.4; https://nipponia.com"
20.123.172.228 - - [05/May/2026:15:19:47 +0000] "POST /?wordfence_syncAttackData=1777994386.9939 HTTP/1.1" 200 - "-" "WordPress/6.9.4; https://nipponia.com"
103.216.117.42 - - [05/May/2026:15:19:47 +0000] "GET /wp-login.php HTTP/1.1" 200 1970 "-" "Mozilla/5.0 (Windows NT 6.1; WOW64) AppleWebKit/537.36 (KHTML, like Gecko) Chrome/67.0.3396.87 Safari/537.36"
103.216.117.42 - - [05/May/2026:15:19:49 +0000] "POST /wp-login.php HTTP/1.1" 503 7312 "https://nipponia.com/wp-login.php" "Mozilla/5.0 (Windows NT 6.1; WOW64) AppleWebKit/537.36 (KHTML, like Gecko) Chrome/67.0.3396.87 Safari/537.36"
86.241.130.110 - - [05/May/2026:15:19:52 +0000] "POST /xmlrpc.php HTTP/1.1" 503 18030 "-" "WordPress.com; https://wordpress.com"
103.150.218.178 - - [05/May/2026:15:19:56 +0000] "POST /xmlrpc.php HTTP/1.1" 503 18029 "-" "Jetpack by WordPress.com"
157.230.39.14 - - [05/May/2026:15:19:56 +0000] "GET /wp-admin/plugins.php HTTP/1.1" 503 7312 "https://nipponia.com/wp-login.php" "Mozilla/5.0 (Macintosh; Intel Mac OS X 10_15_7; rv:119.0) Gecko/20100101 Firefox/119.0"
20.123.172.228 - - [05/May/2026:15:19:59 +0000] "POST /wp-cron.php?doing_wp_cron=1777994399.1740610599517822265625 HTTP/1.1" 200 - "-" "WordPress/6.9.4; https://nipponia.com"
20.123.172.228 - - [05/May/2026:15:19:57 +0000] "POST /?wordfence_syncAttackData=1777994397.6439 HTTP/1.1" 200 - "-" "WordPress/6.9.4; https://nipponia.com"
86.241.130.110 - - [05/May/2026:15:20:05 +0000] "POST /xmlrpc.php HTTP/1.1" 503 18030 "-" "WordPress.com; https://wordpress.com"
103.150.218.178 - - [05/May/2026:15:20:07 +0000] "POST /xmlrpc.php HTTP/1.1" 503 18030 "-" "Jetpack by WordPress.com"
86.241.130.110 - - [05/May/2026:15:20:12 +0000] "POST /xmlrpc.php HTTP/1.1" 503 18029 "-" "Jetpack/12.1; WordPress/6.1; http://site19409185.com"
157.230.39.14 - - [05/May/2026:15:20:13 +0000] "POST /wp-login.php HTTP/1.1" 503 7112 "https://nipponia.com/wp-login.php" "Mozilla/5.0 (Macintosh; Intel Mac OS X 13_6_1) AppleWebKit/605.1.15 (KHTML, like Gecko) Version/17.2 Safari/605.1.15"
103.150.218.178 - - [05/May/2026:15:20:18 +0000] "POST /xmlrpc.php HTTP/1.1" 503 18029 "-" "Jetpack/12.1; WordPress/6.4; http://site13141691.com"
86.241.130.110 - - [05/May/2026:15:20:25 +0000] "POST /xmlrpc.php HTTP/1.1" 503 18029 "-" "Jetpack by WordPress.com"
103.150.218.178 - - [05/May/2026:15:20:28 +0000] "POST /xmlrpc.php HTTP/1.1" 503 18029 "-" "Jetpack by WordPress.com"
157.230.39.14 - - [05/May/2026:15:20:27 +0000] "GET /wp-admin/index.php HTTP/1.1" 503 7312 "https://nipponia.com/wp-login.php" "Mozilla/5.0 (Macintosh; Intel Mac OS X 13_6_1) AppleWebKit/605.1.15 (KHTML, like Gecko) Version/17.2 Safari/605.1.15"
86.241.130.110 - - [05/May/2026:15:20:35 +0000] "POST /xmlrpc.php HTTP/1.1" 503 18029 "-" "Jetpack by WordPress.com"
157.230.39.14 - - [05/May/2026:15:20:34 +0000] "GET /wp-admin/profile.php HTTP/1.1" 503 7312 "https://nipponia.com/wp-login.php" "Mozilla/5.0 (Macintosh; Intel Mac OS X 13_6_1) AppleWebKit/605.1.15 (KHTML, like Gecko) Version/17.2 Safari/605.1.15"
103.150.218.178 - - [05/May/2026:15:20:39 +0000] "POST /xmlrpc.php HTTP/1.1" 503 18029 "-" "Jetpack by WordPress.com"
157.230.39.14 - - [05/May/2026:15:20:41 +0000] "GET /wp-admin/edit.php HTTP/1.1" 503 7312 "https://nipponia.com/wp-login.php" "Mozilla/5.0 (Macintosh; Intel Mac OS X 13_6_1) AppleWebKit/605.1.15 (KHTML, like Gecko) Version/17.2 Safari/605.1.15"
86.241.130.110 - - [05/May/2026:15:20:46 +0000] "POST /xmlrpc.php HTTP/1.1" 503 18030 "-" "Jetpack by WordPress.com (Jetpack 13.0; WordPress 6.3)"
103.150.218.178 - - [05/May/2026:15:20:49 +0000] "POST /xmlrpc.php HTTP/1.1" 503 18030 "-" "Jetpack by WordPress.com"
157.230.39.14 - - [05/May/2026:15:20:50 +0000] "GET /wp-admin/plugins.php HTTP/1.1" 503 7312 "https://nipponia.com/wp-login.php" "Mozilla/5.0 (Macintosh; Intel Mac OS X 13_6_1) AppleWebKit/605.1.15 (KHTML, like Gecko) Version/17.2 Safari/605.1.15"
86.241.130.110 - - [05/May/2026:15:20:56 +0000] "POST /xmlrpc.php HTTP/1.1" 503 18029 "-" "Jetpack/12.0; WordPress/6.2; http://site17651041.com"
157.230.39.14 - - [05/May/2026:15:20:57 +0000] "POST /wp-login.php HTTP/1.1" 503 7112 "https://nipponia.com/wp-login.php" "Mozilla/5.0 (Macintosh; Intel Mac OS X 13_6_1) AppleWebKit/605.1.15 (KHTML, like Gecko) Version/17.0 Safari/605.1.15"
103.150.218.178 - - [05/May/2026:15:21:00 +0000] "POST /xmlrpc.php HTTP/1.1" 503 18029 "-" "Jetpack by WordPress.com (Jetpack 12.1; WordPress 6.4)"
86.241.130.110 - - [05/May/2026:15:21:06 +0000] "POST /xmlrpc.php HTTP/1.1" 503 18029 "-" "WordPress.com; https://wordpress.com"
157.230.39.14 - - [05/May/2026:15:21:04 +0000] "GET /wp-admin/index.php HTTP/1.1" 503 7312 "https://nipponia.com/wp-login.php" "Mozilla/5.0 (Macintosh; Intel Mac OS X 13_6_1) AppleWebKit/537.36 (KHTML, like Gecko) Chrome/121.0.0.0 Safari/537.36"
20.123.172.228 - - [05/May/2026:15:21:05 +0000] "POST /?wordfence_syncAttackData=1777994465.8941 HTTP/1.1" 200 14709 "-" "WordPress/6.9.4; https://nipponia.com"
103.150.218.178 - - [05/May/2026:15:21:10 +0000] "POST /xmlrpc.php HTTP/1.1" 503 18029 "-" "Jetpack by WordPress.com (Jetpack 12.1; WordPress 6.4)"
157.230.39.14 - - [05/May/2026:15:21:14 +0000] "GET /wp-admin/profile.php HTTP/1.1" 503 7312 "https://nipponia.com/wp-login.php" "Mozilla/5.0 (Macintosh; Intel Mac OS X 13_6_1) AppleWebKit/537.36 (KHTML, like Gecko) Chrome/121.0.0.0 Safari/537.36"
20.123.172.228 - - [05/May/2026:15:21:15 +0000] "POST /?wordfence_syncAttackData=1777994475.9336 HTTP/1.1" 200 - "-" "WordPress/6.9.4; https://nipponia.com"
86.241.130.110 - - [05/May/2026:15:21:18 +0000] "POST /xmlrpc.php HTTP/1.1" 503 18030 "-" "Jetpack by WordPress.com (Jetpack 12.5; WordPress 6.1)"
103.150.218.178 - - [05/May/2026:15:21:21 +0000] "POST /xmlrpc.php HTTP/1.1" 503 18030 "-" "Jetpack by WordPress.com"
157.230.39.14 - - [05/May/2026:15:21:22 +0000] "GET /wp-admin/edit.php HTTP/1.1" 503 7312 "https://nipponia.com/wp-login.php" "Mozilla/5.0 (Macintosh; Intel Mac OS X 13_6_1) AppleWebKit/537.36 (KHTML, like Gecko) Chrome/121.0.0.0 Safari/537.36"
86.241.130.110 - - [05/May/2026:15:21:28 +0000] "POST /xmlrpc.php HTTP/1.1" 503 18029 "-" "WordPress.com; https://wordpress.com"
103.150.218.178 - - [05/May/2026:15:21:31 +0000] "POST /xmlrpc.php HTTP/1.1" 503 18029 "-" "Jetpack by WordPress.com"
20.123.172.228 - - [05/May/2026:15:21:31 +0000] "POST /?wordfence_syncAttackData=1777994491.0466 HTTP/1.1" 200 - "-" "WordPress/6.9.4; https://nipponia.com"
157.230.39.14 - - [05/May/2026:15:21:29 +0000] "GET /wp-admin/plugins.php HTTP/1.1" 302 - "https://nipponia.com/wp-login.php" "Mozilla/5.0 (Macintosh; Intel Mac OS X 13_6_1) AppleWebKit/537.36 (KHTML, like Gecko) Chrome/121.0.0.0 Safari/537.36"
86.241.130.110 - - [05/May/2026:15:21:38 +0000] "POST /xmlrpc.php HTTP/1.1" 503 18030 "-" "Jetpack/12.1; WordPress/6.1; http://site79006243.com"
157.230.39.14 - - [05/May/2026:15:21:39 +0000] "GET /wp-login.php?redirect_to=https%3A%2F%2Fnipponia.com%2Fwp-admin%2Fplugins.php&reauth=1 HTTP/1.1" 200 1976 "https://nipponia.com/wp-login.php" "Mozilla/5.0 (Macintosh; Intel Mac OS X 13_6_1) AppleWebKit/537.36 (KHTML, like Gecko) Chrome/121.0.0.0 Safari/537.36"
103.150.218.178 - - [05/May/2026:15:21:42 +0000] "POST /xmlrpc.php HTTP/1.1" 503 18030 "-" "Jetpack/12.1; WordPress/6.4; http://site99409133.com"
86.241.130.110 - - [05/May/2026:15:21:49 +0000] "POST /xmlrpc.php HTTP/1.1" 503 18029 "-" "WordPress.com; https://wordpress.com"
103.150.218.178 - - [05/May/2026:15:21:52 +0000] "POST /xmlrpc.php HTTP/1.1" 503 18029 "-" "Jetpack by WordPress.com (Jetpack 12.5; WordPress 6.3)"
20.123.172.228 - - [05/May/2026:15:21:52 +0000] "POST /wp-cron.php?doing_wp_cron=1777994512.9284210205078125000000 HTTP/1.1" 200 - "-" "WordPress/6.9.4; https://nipponia.com"
157.230.39.14 - - [05/May/2026:15:21:50 +0000] "POST /wp-login.php HTTP/1.1" 503 7312 "https://nipponia.com/wp-login.php" "Mozilla/5.0 (Windows NT 11.0; Win64; x64; rv:118.0) Gecko/20100101 Firefox/118.0"
20.123.172.228 - - [05/May/2026:15:21:54 +0000] "POST /?wordfence_syncAttackData=1777994514.0642 HTTP/1.1" 200 - "-" "WordPress/6.9.4; https://nipponia.com"
86.241.130.110 - - [05/May/2026:15:22:01 +0000] "POST /xmlrpc.php HTTP/1.1" 503 18029 "-" "Jetpack/13.0; WordPress/6.3; http://site92980586.com"
157.230.39.14 - - [05/May/2026:15:22:00 +0000] "GET /wp-admin/index.php HTTP/1.1" 503 7312 "https://nipponia.com/wp-login.php" "Mozilla/5.0 (X11; Linux x86_64) AppleWebKit/537.36 (KHTML, like Gecko) Chrome/120.0.0.0 Safari/537.36"
103.150.218.178 - - [05/May/2026:15:22:03 +0000] "POST /xmlrpc.php HTTP/1.1" 503 18030 "-" "WordPress.com; https://wordpress.com"
157.230.39.14 - - [05/May/2026:15:22:07 +0000] "GET /wp-admin/profile.php HTTP/1.1" 503 7312 "https://nipponia.com/wp-login.php" "Mozilla/5.0 (X11; Linux x86_64) AppleWebKit/537.36 (KHTML, like Gecko) Chrome/120.0.0.0 Safari/537.36"
20.123.172.228 - - [05/May/2026:15:22:08 +0000] "POST /?wordfence_syncAttackData=1777994528.7045 HTTP/1.1" 200 - "-" "WordPress/6.9.4; https://nipponia.com"
86.241.130.110 - - [05/May/2026:15:22:10 +0000] "POST /xmlrpc.php HTTP/1.1" 503 18030 "-" "Jetpack by WordPress.com"
103.150.218.178 - - [05/May/2026:15:22:13 +0000] "POST /xmlrpc.php HTTP/1.1" 503 18030 "-" "WordPress.com; https://wordpress.com"
157.230.39.14 - - [05/May/2026:15:22:15 +0000] "GET /wp-admin/edit.php HTTP/1.1" 503 7312 "https://nipponia.com/wp-login.php" "Mozilla/5.0 (X11; Linux x86_64) AppleWebKit/537.36 (KHTML, like Gecko) Chrome/120.0.0.0 Safari/537.36"
86.241.130.110 - - [05/May/2026:15:22:22 +0000] "POST /xmlrpc.php HTTP/1.1" 503 18030 "-" "Jetpack by WordPress.com"
103.150.218.178 - - [05/May/2026:15:22:24 +0000] "POST /xmlrpc.php HTTP/1.1" 503 18030 "-" "Jetpack/12.1; WordPress/6.3; http://site64985902.com"
157.230.39.14 - - [05/May/2026:15:22:22 +0000] "GET /wp-admin/plugins.php HTTP/1.1" 503 7312 "https://nipponia.com/wp-login.php" "Mozilla/5.0 (X11; Linux x86_64) AppleWebKit/537.36 (KHTML, like Gecko) Chrome/120.0.0.0 Safari/537.36"
20.123.172.228 - - [05/May/2026:15:22:25 +0000] "POST /wp-cron.php?doing_wp_cron=1777994545.4283390045166015625000 HTTP/1.1" 200 - "-" "WordPress/6.9.4; https://nipponia.com"
20.123.172.228 - - [05/May/2026:15:22:23 +0000] "POST /?wordfence_syncAttackData=1777994543.809 HTTP/1.1" 200 - "-" "WordPress/6.9.4; https://nipponia.com"
157.230.39.14 - - [05/May/2026:15:22:30 +0000] "POST /wp-login.php HTTP/1.1" 503 7109 "https://nipponia.com/wp-login.php" "Mozilla/5.0 (Macintosh; Intel Mac OS X 10_15_7) AppleWebKit/537.36 (KHTML, like Gecko) Chrome/120.0.0.0 Safari/537.36"
86.241.130.110 - - [05/May/2026:15:22:32 +0000] "POST /xmlrpc.php HTTP/1.1" 503 18030 "-" "Jetpack by WordPress.com"
103.150.218.178 - - [05/May/2026:15:22:34 +0000] "POST /xmlrpc.php HTTP/1.1" 503 18030 "-" "WordPress.com; https://wordpress.com"
157.230.39.14 - - [05/May/2026:15:22:35 +0000] "GET /wp-admin/index.php HTTP/1.1" 503 7312 "https://nipponia.com/wp-login.php" "Mozilla/5.0 (Windows NT 10.0; Win64; x64; rv:120.0) Gecko/20100101 Firefox/120.0"
20.123.172.228 - - [05/May/2026:15:22:36 +0000] "POST /?wordfence_syncAttackData=1777994556.1647 HTTP/1.1" 200 - "-" "WordPress/6.9.4; https://nipponia.com"
86.241.130.110 - - [05/May/2026:15:22:43 +0000] "POST /xmlrpc.php HTTP/1.1" 503 18030 "-" "Jetpack by WordPress.com"
157.230.39.14 - - [05/May/2026:15:22:43 +0000] "GET /wp-admin/profile.php HTTP/1.1" 503 7312 "https://nipponia.com/wp-login.php" "Mozilla/5.0 (Windows NT 10.0; Win64; x64; rv:120.0) Gecko/20100101 Firefox/120.0"
103.150.218.178 - - [05/May/2026:15:22:45 +0000] "POST /xmlrpc.php HTTP/1.1" 503 18030 "-" "Jetpack by WordPress.com"
157.230.39.14 - - [05/May/2026:15:22:51 +0000] "GET /wp-admin/edit.php HTTP/1.1" 503 7312 "https://nipponia.com/wp-login.php" "Mozilla/5.0 (Windows NT 10.0; Win64; x64; rv:120.0) Gecko/20100101 Firefox/120.0"
20.123.172.228 - - [05/May/2026:15:22:54 +0000] "POST /wp-cron.php?doing_wp_cron=1777994574.3839349746704101562500 HTTP/1.1" 200 - "-" "WordPress/6.9.4; https://nipponia.com"
20.123.172.228 - - [05/May/2026:15:22:52 +0000] "POST /?wordfence_syncAttackData=1777994572.8626 HTTP/1.1" 200 - "-" "WordPress/6.9.4; https://nipponia.com"
103.150.218.178 - - [05/May/2026:15:22:55 +0000] "POST /xmlrpc.php HTTP/1.1" 503 18030 "-" "Jetpack/12.1; WordPress/6.1; http://site16654229.com"
157.230.39.14 - - [05/May/2026:15:23:00 +0000] "GET /wp-admin/plugins.php HTTP/1.1" 503 7312 "https://nipponia.com/wp-login.php" "Mozilla/5.0 (Windows NT 10.0; Win64; x64; rv:120.0) Gecko/20100101 Firefox/120.0"
103.150.218.178 - - [05/May/2026:15:23:06 +0000] "POST /xmlrpc.php HTTP/1.1" 503 18030 "-" "Jetpack by WordPress.com"
86.241.130.110 - - [05/May/2026:15:23:06 +0000] "POST /xmlrpc.php HTTP/1.1" 503 18030 "-" "Jetpack by WordPress.com"
157.230.39.14 - - [05/May/2026:15:23:08 +0000] "POST /wp-login.php HTTP/1.1" 503 7109 "https://nipponia.com/wp-login.php" "Mozilla/5.0 (Macintosh; Intel Mac OS X 10_15_7) AppleWebKit/605.1.15 (KHTML, like Gecko) Version/17.2 Safari/605.1.15"
86.241.130.110 - - [05/May/2026:15:23:15 +0000] "POST /xmlrpc.php HTTP/1.1" 503 18030 "-" "WordPress.com; https://wordpress.com"
103.150.218.178 - - [05/May/2026:15:23:16 +0000] "POST /xmlrpc.php HTTP/1.1" 503 18030 "-" "WordPress.com; https://wordpress.com"
157.230.39.14 - - [05/May/2026:15:23:15 +0000] "GET /wp-admin/index.php HTTP/1.1" 503 7312 "https://nipponia.com/wp-login.php" "Mozilla/5.0 (Windows NT 10.0; Win64; x64; rv:119.0) Gecko/20100101 Firefox/119.0"
20.123.172.228 - - [05/May/2026:15:23:16 +0000] "POST /?wordfence_syncAttackData=1777994596.151 HTTP/1.1" 200 - "-" "WordPress/6.9.4; https://nipponia.com"
157.230.39.14 - - [05/May/2026:15:23:23 +0000] "GET /wp-admin/profile.php HTTP/1.1" 503 7312 "https://nipponia.com/wp-login.php" "Mozilla/5.0 (Windows NT 10.0; Win64; x64; rv:119.0) Gecko/20100101 Firefox/119.0"
86.241.130.110 - - [05/May/2026:15:23:25 +0000] "POST /xmlrpc.php HTTP/1.1" 503 18030 "-" "Jetpack by WordPress.com"
103.150.218.178 - - [05/May/2026:15:23:27 +0000] "POST /xmlrpc.php HTTP/1.1" 503 18030 "-" "Jetpack/12.0; WordPress/6.2; http://site44684651.com"
157.230.39.14 - - [05/May/2026:15:23:30 +0000] "GET /wp-admin/edit.php HTTP/1.1" 503 7312 "https://nipponia.com/wp-login.php" "Mozilla/5.0 (Windows NT 10.0; Win64; x64; rv:119.0) Gecko/20100101 Firefox/119.0"
20.123.172.228 - - [05/May/2026:15:23:31 +0000] "POST /?wordfence_syncAttackData=1777994611.8683 HTTP/1.1" 200 - "-" "WordPress/6.9.4; https://nipponia.com"
86.241.130.110 - - [05/May/2026:15:23:37 +0000] "POST /xmlrpc.php HTTP/1.1" 503 18030 "-" "Jetpack by WordPress.com (Jetpack 12.5; WordPress 6.1)"
103.150.218.178 - - [05/May/2026:15:23:37 +0000] "POST /xmlrpc.php HTTP/1.1" 503 18030 "-" "Jetpack by WordPress.com (Jetpack 12.5; WordPress 6.3)"
157.230.39.14 - - [05/May/2026:15:23:39 +0000] "GET /wp-admin/plugins.php HTTP/1.1" 503 7312 "https://nipponia.com/wp-login.php" "Mozilla/5.0 (Windows NT 10.0; Win64; x64; rv:119.0) Gecko/20100101 Firefox/119.0"
51.68.247.199 - - [05/May/2026:15:23:39 +0000] "GET /china-2/ HTTP/1.1" 200 11690 "-" "Mozilla/5.0 (compatible; AhrefsBot/7.0; +http://ahrefs.com/robot/)"
157.230.39.14 - - [05/May/2026:15:23:47 +0000] "POST /wp-login.php HTTP/1.1" 503 7109 "https://nipponia.com/wp-login.php" "Mozilla/5.0 (X11; Linux x86_64) AppleWebKit/537.36 (KHTML, like Gecko) Chrome/120.0.0.0 Safari/537.36"
86.241.130.110 - - [05/May/2026:15:23:48 +0000] "POST /xmlrpc.php HTTP/1.1" 503 18030 "-" "WordPress.com; https://wordpress.com"
103.150.218.178 - - [05/May/2026:15:23:48 +0000] "POST /xmlrpc.php HTTP/1.1" 503 18030 "-" "Jetpack by WordPress.com (Jetpack 12.0; WordPress 6.1)"
157.230.39.14 - - [05/May/2026:15:23:53 +0000] "GET /wp-admin/index.php HTTP/1.1" 503 7312 "https://nipponia.com/wp-login.php" "Mozilla/5.0 (Windows NT 11.0; Win64; x64) AppleWebKit/537.36 (KHTML, like Gecko) Chrome/119.0.0.0 Safari/537.36"
20.123.172.228 - - [05/May/2026:15:23:55 +0000] "POST /wp-cron.php?doing_wp_cron=1777994635.7191169261932373046875 HTTP/1.1" 200 - "-" "WordPress/6.9.4; https://nipponia.com"
20.123.172.228 - - [05/May/2026:15:23:54 +0000] "POST /?wordfence_syncAttackData=1777994634.2178 HTTP/1.1" 200 - "-" "WordPress/6.9.4; https://nipponia.com"
86.241.130.110 - - [05/May/2026:15:23:58 +0000] "POST /xmlrpc.php HTTP/1.1" 503 18030 "-" "Jetpack by WordPress.com"
103.150.218.178 - - [05/May/2026:15:23:58 +0000] "POST /xmlrpc.php HTTP/1.1" 503 18030 "-" "Jetpack/12.1; WordPress/6.2; http://site12557391.com"
157.230.39.14 - - [05/May/2026:15:24:01 +0000] "GET /wp-admin/profile.php HTTP/1.1" 503 7312 "https://nipponia.com/wp-login.php" "Mozilla/5.0 (Windows NT 11.0; Win64; x64) AppleWebKit/537.36 (KHTML, like Gecko) Chrome/119.0.0.0 Safari/537.36"
86.241.130.110 - - [05/May/2026:15:24:09 +0000] "POST /xmlrpc.php HTTP/1.1" 503 18030 "-" "Jetpack by WordPress.com (Jetpack 12.0; WordPress 6.3)"
103.150.218.178 - - [05/May/2026:15:24:09 +0000] "POST /xmlrpc.php HTTP/1.1" 503 18030 "-" "Jetpack by WordPress.com (Jetpack 12.0; WordPress 6.4)"
157.230.39.14 - - [05/May/2026:15:24:08 +0000] "GET /wp-admin/edit.php HTTP/1.1" 503 7312 "https://nipponia.com/wp-login.php" "Mozilla/5.0 (Windows NT 11.0; Win64; x64) AppleWebKit/537.36 (KHTML, like Gecko) Chrome/119.0.0.0 Safari/537.36"
20.123.172.228 - - [05/May/2026:15:24:09 +0000] "POST /?wordfence_syncAttackData=1777994649.6986 HTTP/1.1" 200 - "-" "WordPress/6.9.4; https://nipponia.com"
157.230.39.14 - - [05/May/2026:15:24:18 +0000] "GET /wp-admin/plugins.php HTTP/1.1" 503 7312 "https://nipponia.com/wp-login.php" "Mozilla/5.0 (Windows NT 11.0; Win64; x64) AppleWebKit/537.36 (KHTML, like Gecko) Chrome/119.0.0.0 Safari/537.36"
103.150.218.178 - - [05/May/2026:15:24:20 +0000] "POST /xmlrpc.php HTTP/1.1" 503 18030 "-" "WordPress.com; https://wordpress.com"
86.241.130.110 - - [05/May/2026:15:24:20 +0000] "POST /xmlrpc.php HTTP/1.1" 503 18030 "-" "Jetpack by WordPress.com (Jetpack 12.1; WordPress 6.4)"
157.230.39.14 - - [05/May/2026:15:24:25 +0000] "POST /wp-login.php HTTP/1.1" 503 7109 "https://nipponia.com/wp-login.php" "Mozilla/5.0 (Windows NT 11.0; Win64; x64) AppleWebKit/537.36 (KHTML, like Gecko) Chrome/120.0.0.0 Safari/537.36"
86.241.130.110 - - [05/May/2026:15:24:31 +0000] "POST /xmlrpc.php HTTP/1.1" 503 18030 "-" "Jetpack by WordPress.com (Jetpack 12.5; WordPress 6.3)"
157.230.39.14 - - [05/May/2026:15:24:30 +0000] "GET /wp-admin/index.php HTTP/1.1" 503 7312 "https://nipponia.com/wp-login.php" "Mozilla/5.0 (Macintosh; Intel Mac OS X 13_6_1; rv:120.0) Gecko/20100101 Firefox/120.0"
20.123.172.228 - - [05/May/2026:15:24:31 +0000] "POST /?wordfence_syncAttackData=1777994671.7065 HTTP/1.1" 200 - "-" "WordPress/6.9.4; https://nipponia.com"
157.230.39.14 - - [05/May/2026:15:24:37 +0000] "GET /wp-admin/profile.php HTTP/1.1" 503 7313 "https://nipponia.com/wp-login.php" "Mozilla/5.0 (Macintosh; Intel Mac OS X 13_6_1; rv:120.0) Gecko/20100101 Firefox/120.0"
86.241.130.110 - - [05/May/2026:15:24:41 +0000] "POST /xmlrpc.php HTTP/1.1" 503 18030 "-" "Jetpack by WordPress.com (Jetpack 12.5; WordPress 6.2)"
176.31.139.27 - - [05/May/2026:15:24:42 +0000] "GET /wp-content/uploads/elementor/css/post-391.css?ver=1675421346 HTTP/1.1" 200 549 "-" "Mozilla/5.0 (compatible; AhrefsBot/7.0; +http://ahrefs.com/robot/)"
157.230.39.14 - - [05/May/2026:15:24:43 +0000] "GET /wp-admin/edit.php HTTP/1.1" 503 7312 "https://nipponia.com/wp-login.php" "Mozilla/5.0 (Macintosh; Intel Mac OS X 13_6_1; rv:120.0) Gecko/20100101 Firefox/120.0"
20.123.172.228 - - [05/May/2026:15:24:45 +0000] "POST /wp-cron.php?doing_wp_cron=1777994685.6997890472412109375000 HTTP/1.1" 200 - "-" "WordPress/6.9.4; https://nipponia.com"
20.123.172.228 - - [05/May/2026:15:24:44 +0000] "POST /?wordfence_syncAttackData=1777994684.3016 HTTP/1.1" 200 - "-" "WordPress/6.9.4; https://nipponia.com"
157.230.39.14 - - [05/May/2026:15:24:49 +0000] "GET /wp-admin/plugins.php HTTP/1.1" 503 7312 "https://nipponia.com/wp-login.php" "Mozilla/5.0 (Macintosh; Intel Mac OS X 13_6_1; rv:120.0) Gecko/20100101 Firefox/120.0"
86.241.130.110 - - [05/May/2026:15:24:51 +0000] "POST /xmlrpc.php HTTP/1.1" 503 18030 "-" "WordPress.com; https://wordpress.com"
157.230.39.14 - - [05/May/2026:15:24:55 +0000] "POST /wp-login.php HTTP/1.1" 503 7109 "https://nipponia.com/wp-login.php" "Mozilla/5.0 (Windows NT 11.0; Win64; x64) AppleWebKit/537.36 (KHTML, like Gecko) Chrome/118.0.0.0 Safari/537.36"
157.230.39.14 - - [05/May/2026:15:24:59 +0000] "GET /wp-admin/index.php HTTP/1.1" 503 7312 "https://nipponia.com/wp-login.php" "Mozilla/5.0 (Macintosh; Intel Mac OS X 10_15_7) AppleWebKit/537.36 (KHTML, like Gecko) Chrome/120.0.0.0 Safari/537.36"
20.123.172.228 - - [05/May/2026:15:25:01 +0000] "POST /?wordfence_syncAttackData=1777994701.0714 HTTP/1.1" 200 - "-" "WordPress/6.9.4; https://nipponia.com"
86.241.130.110 - - [05/May/2026:15:25:03 +0000] "POST /xmlrpc.php HTTP/1.1" 503 18030 "-" "WordPress.com; https://wordpress.com"
157.230.39.14 - - [05/May/2026:15:25:11 +0000] "GET /wp-admin/profile.php HTTP/1.1" 503 7312 "https://nipponia.com/wp-login.php" "Mozilla/5.0 (Macintosh; Intel Mac OS X 10_15_7) AppleWebKit/537.36 (KHTML, like Gecko) Chrome/120.0.0.0 Safari/537.36"
20.123.172.228 - - [05/May/2026:15:25:12 +0000] "POST /?wordfence_syncAttackData=1777994712.1842 HTTP/1.1" 200 - "-" "WordPress/6.9.4; https://nipponia.com"
86.241.130.110 - - [05/May/2026:15:25:13 +0000] "POST /xmlrpc.php HTTP/1.1" 503 18944 "-" "Jetpack by WordPress.com (Jetpack 13.0; WordPress 6.1)"
157.230.39.14 - - [05/May/2026:15:25:20 +0000] "GET /wp-admin/edit.php HTTP/1.1" 503 7312 "https://nipponia.com/wp-login.php" "Mozilla/5.0 (Macintosh; Intel Mac OS X 10_15_7) AppleWebKit/537.36 (KHTML, like Gecko) Chrome/120.0.0.0 Safari/537.36"
86.241.130.110 - - [05/May/2026:15:25:24 +0000] "POST /xmlrpc.php HTTP/1.1" 503 18030 "-" "WordPress.com; https://wordpress.com"
157.230.39.14 - - [05/May/2026:15:25:31 +0000] "GET /wp-admin/plugins.php HTTP/1.1" 503 7313 "https://nipponia.com/wp-login.php" "Mozilla/5.0 (Macintosh; Intel Mac OS X 10_15_7) AppleWebKit/537.36 (KHTML, like Gecko) Chrome/120.0.0.0 Safari/537.36"
20.123.172.228 - - [05/May/2026:15:25:34 +0000] "POST /wp-cron.php?doing_wp_cron=1777994733.9987699985504150390625 HTTP/1.1" 200 - "-" "WordPress/6.9.4; https://nipponia.com"
20.123.172.228 - - [05/May/2026:15:25:32 +0000] "POST /?wordfence_syncAttackData=1777994732.606 HTTP/1.1" 200 - "-" "WordPress/6.9.4; https://nipponia.com"
86.241.130.110 - - [05/May/2026:15:25:34 +0000] "POST /xmlrpc.php HTTP/1.1" 503 18030 "-" "Jetpack/12.0; WordPress/6.1; http://site41880683.com"
157.230.39.14 - - [05/May/2026:15:25:45 +0000] "POST /wp-login.php HTTP/1.1" 503 7109 "https://nipponia.com/wp-login.php" "Mozilla/5.0 (Macintosh; Intel Mac OS X 13_6_1; rv:121.0) Gecko/20100101 Firefox/121.0"
86.241.130.110 - - [05/May/2026:15:25:45 +0000] "POST /xmlrpc.php HTTP/1.1" 503 18030 "-" "Jetpack by WordPress.com (Jetpack 12.1; WordPress 6.3)"
157.230.39.14 - - [05/May/2026:15:25:51 +0000] "GET /wp-admin/index.php HTTP/1.1" 503 7312 "https://nipponia.com/wp-login.php" "Mozilla/5.0 (X11; Ubuntu; Linux x86_64) AppleWebKit/537.36 (KHTML, like Gecko) Chrome/119.0.0.0 Safari/537.36"
20.123.172.228 - - [05/May/2026:15:25:53 +0000] "POST /wp-cron.php?doing_wp_cron=1777994753.8129611015319824218750 HTTP/1.1" 200 - "-" "WordPress/6.9.4; https://nipponia.com"
20.123.172.228 - - [05/May/2026:15:25:52 +0000] "POST /?wordfence_syncAttackData=1777994752.3664 HTTP/1.1" 200 - "-" "WordPress/6.9.4; https://nipponia.com"
86.241.130.110 - - [05/May/2026:15:25:56 +0000] "POST /xmlrpc.php HTTP/1.1" 503 18030 "-" "Jetpack by WordPress.com"
157.230.39.14 - - [05/May/2026:15:25:59 +0000] "GET /wp-admin/profile.php HTTP/1.1" 503 7312 "https://nipponia.com/wp-login.php" "Mozilla/5.0 (X11; Ubuntu; Linux x86_64) AppleWebKit/537.36 (KHTML, like Gecko) Chrome/119.0.0.0 Safari/537.36"
86.241.130.110 - - [05/May/2026:15:26:07 +0000] "POST /xmlrpc.php HTTP/1.1" 503 18030 "-" "Jetpack by WordPress.com (Jetpack 12.0; WordPress 6.3)"
157.230.39.14 - - [05/May/2026:15:26:06 +0000] "GET /wp-admin/edit.php HTTP/1.1" 503 7312 "https://nipponia.com/wp-login.php" "Mozilla/5.0 (X11; Ubuntu; Linux x86_64) AppleWebKit/537.36 (KHTML, like Gecko) Chrome/119.0.0.0 Safari/537.36"
20.123.172.228 - - [05/May/2026:15:26:07 +0000] "POST /?wordfence_syncAttackData=1777994767.669 HTTP/1.1" 200 - "-" "WordPress/6.9.4; https://nipponia.com"
157.230.39.14 - - [05/May/2026:15:26:15 +0000] "GET /wp-admin/plugins.php HTTP/1.1" 503 7312 "https://nipponia.com/wp-login.php" "Mozilla/5.0 (X11; Ubuntu; Linux x86_64) AppleWebKit/537.36 (KHTML, like Gecko) Chrome/119.0.0.0 Safari/537.36"
86.241.130.110 - - [05/May/2026:15:26:17 +0000] "POST /xmlrpc.php HTTP/1.1" 503 18030 "-" "Jetpack/12.5; WordPress/6.1; http://site77084028.com"
157.230.39.14 - - [05/May/2026:15:26:21 +0000] "POST /wp-login.php HTTP/1.1" 503 7110 "https://nipponia.com/wp-login.php" "Mozilla/5.0 (X11; Linux x86_64) AppleWebKit/537.36 (KHTML, like Gecko) Chrome/121.0.0.0 Safari/537.36"
86.241.130.110 - - [05/May/2026:15:26:28 +0000] "POST /xmlrpc.php HTTP/1.1" 503 18030 "-" "WordPress.com; https://wordpress.com"
157.230.39.14 - - [05/May/2026:15:26:26 +0000] "GET /wp-admin/index.php HTTP/1.1" 503 7312 "https://nipponia.com/wp-login.php" "Mozilla/5.0 (Windows NT 10.0; Win64; x64) AppleWebKit/537.36 (KHTML, like Gecko) Chrome/120.0.0.0 Safari/537.36"
20.123.172.228 - - [05/May/2026:15:26:28 +0000] "POST /?wordfence_syncAttackData=1777994788.1219 HTTP/1.1" 200 14709 "-" "WordPress/6.9.4; https://nipponia.com"
157.230.39.14 - - [05/May/2026:15:26:36 +0000] "GET /wp-admin/profile.php HTTP/1.1" 503 7313 "https://nipponia.com/wp-login.php" "Mozilla/5.0 (Windows NT 10.0; Win64; x64) AppleWebKit/537.36 (KHTML, like Gecko) Chrome/120.0.0.0 Safari/537.36"
86.241.130.110 - - [05/May/2026:15:26:39 +0000] "POST /xmlrpc.php HTTP/1.1" 503 18030 "-" "Jetpack by WordPress.com (Jetpack 12.0; WordPress 6.1)"
157.230.39.14 - - [05/May/2026:15:26:42 +0000] "GET /wp-admin/edit.php HTTP/1.1" 503 7312 "https://nipponia.com/wp-login.php" "Mozilla/5.0 (Windows NT 10.0; Win64; x64) AppleWebKit/537.36 (KHTML, like Gecko) Chrome/120.0.0.0 Safari/537.36"
20.123.172.228 - - [05/May/2026:15:26:44 +0000] "POST /?wordfence_syncAttackData=1777994804.1714 HTTP/1.1" 200 - "-" "WordPress/6.9.4; https://nipponia.com"
86.241.130.110 - - [05/May/2026:15:26:50 +0000] "POST /xmlrpc.php HTTP/1.1" 503 18030 "-" "Jetpack by WordPress.com (Jetpack 12.1; WordPress 6.1)"
157.230.39.14 - - [05/May/2026:15:26:50 +0000] "GET /wp-admin/plugins.php HTTP/1.1" 503 7312 "https://nipponia.com/wp-login.php" "Mozilla/5.0 (Windows NT 10.0; Win64; x64) AppleWebKit/537.36 (KHTML, like Gecko) Chrome/120.0.0.0 Safari/537.36"
157.230.39.14 - - [05/May/2026:15:26:56 +0000] "POST /wp-login.php HTTP/1.1" 503 7109 "https://nipponia.com/wp-login.php" "Mozilla/5.0 (X11; Linux x86_64) AppleWebKit/537.36 (KHTML, like Gecko) Chrome/118.0.0.0 Safari/537.36"
86.241.130.110 - - [05/May/2026:15:27:01 +0000] "POST /xmlrpc.php HTTP/1.1" 503 18030 "-" "WordPress.com; https://wordpress.com"
157.230.39.14 - - [05/May/2026:15:27:00 +0000] "GET /wp-admin/index.php HTTP/1.1" 503 7312 "https://nipponia.com/wp-login.php" "Mozilla/5.0 (Macintosh; Intel Mac OS X 10_15_7) AppleWebKit/605.1.15 (KHTML, like Gecko) Version/17.0 Safari/605.1.15"
20.123.172.228 - - [05/May/2026:15:27:03 +0000] "POST /wp-cron.php?doing_wp_cron=1777994823.4231688976287841796875 HTTP/1.1" 200 - "-" "WordPress/6.9.4; https://nipponia.com"
20.123.172.228 - - [05/May/2026:15:27:01 +0000] "POST /?wordfence_syncAttackData=1777994821.8498 HTTP/1.1" 200 - "-" "WordPress/6.9.4; https://nipponia.com"
157.230.39.14 - - [05/May/2026:15:27:07 +0000] "GET /wp-admin/profile.php HTTP/1.1" 503 7312 "https://nipponia.com/wp-login.php" "Mozilla/5.0 (Macintosh; Intel Mac OS X 10_15_7) AppleWebKit/605.1.15 (KHTML, like Gecko) Version/17.0 Safari/605.1.15"
86.241.130.110 - - [05/May/2026:15:27:11 +0000] "POST /xmlrpc.php HTTP/1.1" 503 18030 "-" "WordPress.com; https://wordpress.com"
20.123.172.228 - - [05/May/2026:15:27:12 +0000] "POST /?wordfence_syncAttackData=1777994832.1022 HTTP/1.1" 200 - "-" "WordPress/6.9.4; https://nipponia.com"
49.13.78.50 - - [05/May/2026:15:27:10 +0000] "POST /xmlrpc.php HTTP/1.1" 503 7313 "-" "Mozilla/5.0 (Windows NT 10.0; Win64; x64) AppleWebKit/537.36 (KHTML, like Gecko) Chrome/67.0.3396.79 Safari/537.36"
157.230.39.14 - - [05/May/2026:15:27:13 +0000] "GET /wp-admin/edit.php HTTP/1.1" 503 7313 "https://nipponia.com/wp-login.php" "Mozilla/5.0 (Macintosh; Intel Mac OS X 10_15_7) AppleWebKit/605.1.15 (KHTML, like Gecko) Version/17.0 Safari/605.1.15"
157.230.39.14 - - [05/May/2026:15:27:19 +0000] "GET /wp-admin/plugins.php HTTP/1.1" 503 7312 "https://nipponia.com/wp-login.php" "Mozilla/5.0 (Macintosh; Intel Mac OS X 10_15_7) AppleWebKit/605.1.15 (KHTML, like Gecko) Version/17.0 Safari/605.1.15"
86.241.130.110 - - [05/May/2026:15:27:23 +0000] "POST /xmlrpc.php HTTP/1.1" 503 18030 "-" "Jetpack by WordPress.com (Jetpack 12.5; WordPress 6.3)"
157.230.39.14 - - [05/May/2026:15:27:24 +0000] "POST /wp-login.php HTTP/1.1" 503 7109 "https://nipponia.com/wp-login.php" "Mozilla/5.0 (X11; Ubuntu; Linux x86_64) AppleWebKit/537.36 (KHTML, like Gecko) Chrome/120.0.0.0 Safari/537.36"
157.230.39.14 - - [05/May/2026:15:27:29 +0000] "GET /wp-admin/index.php HTTP/1.1" 503 7313 "https://nipponia.com/wp-login.php" "Mozilla/5.0 (Windows NT 11.0; Win64; x64; rv:120.0) Gecko/20100101 Firefox/120.0"
20.123.172.228 - - [05/May/2026:15:27:31 +0000] "POST /wp-cron.php?doing_wp_cron=1777994851.7517271041870117187500 HTTP/1.1" 200 - "-" "WordPress/6.9.4; https://nipponia.com"
20.123.172.228 - - [05/May/2026:15:27:30 +0000] "POST /?wordfence_syncAttackData=1777994850.2851 HTTP/1.1" 200 - "-" "WordPress/6.9.4; https://nipponia.com"
86.241.130.110 - - [05/May/2026:15:27:33 +0000] "POST /xmlrpc.php HTTP/1.1" 503 18030 "-" "WordPress.com; https://wordpress.com"
157.230.39.14 - - [05/May/2026:15:27:35 +0000] "GET /wp-admin/profile.php HTTP/1.1" 503 7312 "https://nipponia.com/wp-login.php" "Mozilla/5.0 (Windows NT 11.0; Win64; x64; rv:120.0) Gecko/20100101 Firefox/120.0"
86.241.130.110 - - [05/May/2026:15:27:44 +0000] "POST /xmlrpc.php HTTP/1.1" 503 18030 "-" "Jetpack by WordPress.com (Jetpack 13.0; WordPress 6.3)"
157.230.39.14 - - [05/May/2026:15:27:42 +0000] "GET /wp-admin/edit.php HTTP/1.1" 503 7312 "https://nipponia.com/wp-login.php" "Mozilla/5.0 (Windows NT 11.0; Win64; x64; rv:120.0) Gecko/20100101 Firefox/120.0"
20.123.172.228 - - [05/May/2026:15:27:45 +0000] "POST /wp-cron.php?doing_wp_cron=1777994865.0818009376525878906250 HTTP/1.1" 200 - "-" "WordPress/6.9.4; https://nipponia.com"
20.123.172.228 - - [05/May/2026:15:27:43 +0000] "POST /?wordfence_syncAttackData=1777994863.6035 HTTP/1.1" 200 - "-" "WordPress/6.9.4; https://nipponia.com"
157.230.39.14 - - [05/May/2026:15:27:49 +0000] "GET /wp-admin/plugins.php HTTP/1.1" 503 7312 "https://nipponia.com/wp-login.php" "Mozilla/5.0 (Windows NT 11.0; Win64; x64; rv:120.0) Gecko/20100101 Firefox/120.0"
86.241.130.110 - - [05/May/2026:15:27:54 +0000] "POST /xmlrpc.php HTTP/1.1" 503 18030 "-" "Jetpack by WordPress.com (Jetpack 13.0; WordPress 6.1)"
157.230.39.14 - - [05/May/2026:15:27:54 +0000] "POST /wp-login.php HTTP/1.1" 503 7109 "https://nipponia.com/wp-login.php" "Mozilla/5.0 (Windows NT 11.0; Win64; x64) AppleWebKit/537.36 (KHTML, like Gecko) Chrome/120.0.0.0 Safari/537.36"
157.230.39.14 - - [05/May/2026:15:27:59 +0000] "GET /wp-admin/index.php HTTP/1.1" 503 7312 "https://nipponia.com/wp-login.php" "Mozilla/5.0 (X11; Ubuntu; Linux x86_64) AppleWebKit/537.36 (KHTML, like Gecko) Chrome/121.0.0.0 Safari/537.36"
20.123.172.228 - - [05/May/2026:15:28:00 +0000] "POST /?wordfence_syncAttackData=1777994880.9265 HTTP/1.1" 200 - "-" "WordPress/6.9.4; https://nipponia.com"
86.241.130.110 - - [05/May/2026:15:28:04 +0000] "POST /xmlrpc.php HTTP/1.1" 503 18030 "-" "Jetpack by WordPress.com"
157.230.39.14 - - [05/May/2026:15:28:06 +0000] "GET /wp-admin/profile.php HTTP/1.1" 503 7312 "https://nipponia.com/wp-login.php" "Mozilla/5.0 (X11; Ubuntu; Linux x86_64) AppleWebKit/537.36 (KHTML, like Gecko) Chrome/121.0.0.0 Safari/537.36"
86.241.130.110 - - [05/May/2026:15:28:15 +0000] "POST /xmlrpc.php HTTP/1.1" 503 18030 "-" "WordPress.com; https://wordpress.com"
157.230.39.14 - - [05/May/2026:15:28:19 +0000] "GET /wp-admin/edit.php HTTP/1.1" 503 7313 "https://nipponia.com/wp-login.php" "Mozilla/5.0 (X11; Ubuntu; Linux x86_64) AppleWebKit/537.36 (KHTML, like Gecko) Chrome/121.0.0.0 Safari/537.36"
20.123.172.228 - - [05/May/2026:15:28:21 +0000] "POST /wp-cron.php?doing_wp_cron=1777994901.8585379123687744140625 HTTP/1.1" 200 - "-" "WordPress/6.9.4; https://nipponia.com"
20.123.172.228 - - [05/May/2026:15:28:20 +0000] "POST /?wordfence_syncAttackData=1777994900.24 HTTP/1.1" 200 - "-" "WordPress/6.9.4; https://nipponia.com"
86.241.130.110 - - [05/May/2026:15:28:25 +0000] "POST /xmlrpc.php HTTP/1.1" 503 18030 "-" "Jetpack by WordPress.com"
157.230.39.14 - - [05/May/2026:15:28:26 +0000] "GET /wp-admin/plugins.php HTTP/1.1" 503 7312 "https://nipponia.com/wp-login.php" "Mozilla/5.0 (X11; Ubuntu; Linux x86_64) AppleWebKit/537.36 (KHTML, like Gecko) Chrome/121.0.0.0 Safari/537.36"
157.230.39.14 - - [05/May/2026:15:28:32 +0000] "POST /wp-login.php HTTP/1.1" 503 7109 "https://nipponia.com/wp-login.php" "Mozilla/5.0 (Macintosh; Intel Mac OS X 13_6_1) AppleWebKit/605.1.15 (KHTML, like Gecko) Version/16.6 Safari/605.1.15"
86.241.130.110 - - [05/May/2026:15:28:36 +0000] "POST /xmlrpc.php HTTP/1.1" 503 18030 "-" "Jetpack by WordPress.com"
157.230.39.14 - - [05/May/2026:15:28:36 +0000] "GET /wp-admin/index.php HTTP/1.1" 503 7313 "https://nipponia.com/wp-login.php" "Mozilla/5.0 (Windows NT 10.0; Win64; x64; rv:120.0) Gecko/20100101 Firefox/120.0"
20.123.172.228 - - [05/May/2026:15:28:37 +0000] "POST /?wordfence_syncAttackData=1777994917.8494 HTTP/1.1" 200 - "-" "WordPress/6.9.4; https://nipponia.com"
86.241.130.110 - - [05/May/2026:15:28:47 +0000] "POST /xmlrpc.php HTTP/1.1" 503 18030 "-" "Jetpack by WordPress.com"
157.230.39.14 - - [05/May/2026:15:28:50 +0000] "GET /wp-admin/profile.php HTTP/1.1" 503 7312 "https://nipponia.com/wp-login.php" "Mozilla/5.0 (Windows NT 10.0; Win64; x64; rv:120.0) Gecko/20100101 Firefox/120.0"
20.123.172.228 - - [05/May/2026:15:28:52 +0000] "POST /wp-cron.php?doing_wp_cron=1777994932.8543679714202880859375 HTTP/1.1" 200 - "-" "WordPress/6.9.4; https://nipponia.com"
20.123.172.228 - - [05/May/2026:15:28:51 +0000] "POST /?wordfence_syncAttackData=1777994931.3968 HTTP/1.1" 200 - "-" "WordPress/6.9.4; https://nipponia.com"
157.230.39.14 - - [05/May/2026:15:28:56 +0000] "GET /wp-admin/edit.php HTTP/1.1" 503 7312 "https://nipponia.com/wp-login.php" "Mozilla/5.0 (Windows NT 10.0; Win64; x64; rv:120.0) Gecko/20100101 Firefox/120.0"
86.241.130.110 - - [05/May/2026:15:28:58 +0000] "POST /xmlrpc.php HTTP/1.1" 503 18030 "-" "Jetpack by WordPress.com (Jetpack 12.1; WordPress 6.2)"
157.230.39.14 - - [05/May/2026:15:29:02 +0000] "GET /wp-admin/plugins.php HTTP/1.1" 503 7313 "https://nipponia.com/wp-login.php" "Mozilla/5.0 (Windows NT 10.0; Win64; x64; rv:120.0) Gecko/20100101 Firefox/120.0"
20.123.172.228 - - [05/May/2026:15:29:03 +0000] "POST /?wordfence_syncAttackData=1777994943.7543 HTTP/1.1" 200 - "-" "WordPress/6.9.4; https://nipponia.com"
86.241.130.110 - - [05/May/2026:15:29:08 +0000] "POST /xmlrpc.php HTTP/1.1" 503 18030 "-" "Jetpack by WordPress.com (Jetpack 13.0; WordPress 6.2)"
157.230.39.14 - - [05/May/2026:15:29:09 +0000] "POST /wp-login.php HTTP/1.1" 503 7109 "https://nipponia.com/wp-login.php" "Mozilla/5.0 (Macintosh; Intel Mac OS X 13_6_1) AppleWebKit/605.1.15 (KHTML, like Gecko) Version/17.2 Safari/605.1.15"
157.230.39.14 - - [05/May/2026:15:29:15 +0000] "GET /wp-admin/index.php HTTP/1.1" 503 7312 "https://nipponia.com/wp-login.php" "Mozilla/5.0 (Windows NT 11.0; Win64; x64; rv:120.0) Gecko/20100101 Firefox/120.0"
20.123.172.228 - - [05/May/2026:15:29:18 +0000] "POST /wp-cron.php?doing_wp_cron=1777994958.2550189495086669921875 HTTP/1.1" 200 - "-" "WordPress/6.9.4; https://nipponia.com"
20.123.172.228 - - [05/May/2026:15:29:16 +0000] "POST /?wordfence_syncAttackData=1777994956.7144 HTTP/1.1" 200 - "-" "WordPress/6.9.4; https://nipponia.com"
86.241.130.110 - - [05/May/2026:15:29:19 +0000] "POST /xmlrpc.php HTTP/1.1" 503 18030 "-" "WordPress.com; https://wordpress.com"
157.230.39.14 - - [05/May/2026:15:29:23 +0000] "GET /wp-admin/profile.php HTTP/1.1" 503 7312 "https://nipponia.com/wp-login.php" "Mozilla/5.0 (Windows NT 11.0; Win64; x64; rv:120.0) Gecko/20100101 Firefox/120.0"
86.241.130.110 - - [05/May/2026:15:29:29 +0000] "POST /xmlrpc.php HTTP/1.1" 503 18030 "-" "Jetpack by WordPress.com (Jetpack 12.0; WordPress 6.2)"
157.230.39.14 - - [05/May/2026:15:29:31 +0000] "GET /wp-admin/edit.php HTTP/1.1" 503 7313 "https://nipponia.com/wp-login.php" "Mozilla/5.0 (Windows NT 11.0; Win64; x64; rv:120.0) Gecko/20100101 Firefox/120.0"
20.123.172.228 - - [05/May/2026:15:29:32 +0000] "POST /?wordfence_syncAttackData=1777994972.6034 HTTP/1.1" 200 - "-" "WordPress/6.9.4; https://nipponia.com"
86.241.130.110 - - [05/May/2026:15:29:40 +0000] "POST /xmlrpc.php HTTP/1.1" 503 18030 "-" "Jetpack by WordPress.com (Jetpack 12.0; WordPress 6.3)"
157.230.39.14 - - [05/May/2026:15:29:39 +0000] "GET /wp-admin/plugins.php HTTP/1.1" 503 7312 "https://nipponia.com/wp-login.php" "Mozilla/5.0 (Windows NT 11.0; Win64; x64; rv:120.0) Gecko/20100101 Firefox/120.0"
157.230.39.14 - - [05/May/2026:15:29:47 +0000] "POST /wp-login.php HTTP/1.1" 503 7110 "https://nipponia.com/wp-login.php" "Mozilla/5.0 (Macintosh; Intel Mac OS X 13_6_1; rv:118.0) Gecko/20100101 Firefox/118.0"
86.241.130.110 - - [05/May/2026:15:29:51 +0000] "POST /xmlrpc.php HTTP/1.1" 503 18030 "-" "Jetpack/12.0; WordPress/6.2; http://site23479764.com"
157.230.39.14 - - [05/May/2026:15:29:53 +0000] "GET /wp-admin/index.php HTTP/1.1" 503 7312 "https://nipponia.com/wp-login.php" "Mozilla/5.0 (Windows NT 11.0; Win64; x64; rv:119.0) Gecko/20100101 Firefox/119.0"
20.123.172.228 - - [05/May/2026:15:29:56 +0000] "POST /wp-cron.php?doing_wp_cron=1777994996.2093610763549804687500 HTTP/1.1" 200 - "-" "WordPress/6.9.4; https://nipponia.com"
20.123.172.228 - - [05/May/2026:15:29:54 +0000] "POST /?wordfence_syncAttackData=1777994994.65 HTTP/1.1" 200 - "-" "WordPress/6.9.4; https://nipponia.com"
86.241.130.110 - - [05/May/2026:15:30:01 +0000] "POST /xmlrpc.php HTTP/1.1" 503 18030 "-" "WordPress.com; https://wordpress.com"
157.230.39.14 - - [05/May/2026:15:30:02 +0000] "GET /wp-admin/profile.php HTTP/1.1" 503 7313 "https://nipponia.com/wp-login.php" "Mozilla/5.0 (Windows NT 11.0; Win64; x64; rv:119.0) Gecko/20100101 Firefox/119.0"
157.230.39.14 - - [05/May/2026:15:30:11 +0000] "GET /wp-admin/edit.php HTTP/1.1" 503 7312 "https://nipponia.com/wp-login.php" "Mozilla/5.0 (Windows NT 11.0; Win64; x64; rv:119.0) Gecko/20100101 Firefox/119.0"
20.123.172.228 - - [05/May/2026:15:30:14 +0000] "POST /wp-cron.php?doing_wp_cron=1777995014.2260000705718994140625 HTTP/1.1" 200 - "-" "WordPress/6.9.4; https://nipponia.com"
20.123.172.228 - - [05/May/2026:15:30:12 +0000] "POST /?wordfence_syncAttackData=1777995012.8178 HTTP/1.1" 200 - "-" "WordPress/6.9.4; https://nipponia.com"
86.241.130.110 - - [05/May/2026:15:30:14 +0000] "POST /xmlrpc.php HTTP/1.1" 503 18030 "-" "WordPress.com; https://wordpress.com"
157.230.39.14 - - [05/May/2026:15:30:19 +0000] "GET /wp-admin/plugins.php HTTP/1.1" 503 7313 "https://nipponia.com/wp-login.php" "Mozilla/5.0 (Windows NT 11.0; Win64; x64; rv:119.0) Gecko/20100101 Firefox/119.0"
86.241.130.110 - - [05/May/2026:15:30:24 +0000] "POST /xmlrpc.php HTTP/1.1" 503 18030 "-" "Jetpack by WordPress.com (Jetpack 12.0; WordPress 6.2)"
86.241.130.110 - - [05/May/2026:15:30:34 +0000] "POST /xmlrpc.php HTTP/1.1" 503 18030 "-" "Jetpack by WordPress.com (Jetpack 12.5; WordPress 6.4)"
157.230.39.14 - - [05/May/2026:15:30:38 +0000] "POST /wp-login.php HTTP/1.1" 503 7110 "https://nipponia.com/wp-login.php" "Mozilla/5.0 (Macintosh; Intel Mac OS X 13_6_1; rv:118.0) Gecko/20100101 Firefox/118.0"
86.241.130.110 - - [05/May/2026:15:30:45 +0000] "POST /xmlrpc.php HTTP/1.1" 503 18030 "-" "Jetpack by WordPress.com (Jetpack 12.1; WordPress 6.3)"
157.230.39.14 - - [05/May/2026:15:30:45 +0000] "GET /wp-admin/index.php HTTP/1.1" 503 7312 "https://nipponia.com/wp-login.php" "Mozilla/5.0 (Macintosh; Intel Mac OS X 10_15_7) AppleWebKit/605.1.15 (KHTML, like Gecko) Version/17.1 Safari/605.1.15"
20.123.172.228 - - [05/May/2026:15:30:48 +0000] "POST /wp-cron.php?doing_wp_cron=1777995047.9836020469665527343750 HTTP/1.1" 200 - "-" "WordPress/6.9.4; https://nipponia.com"
20.123.172.228 - - [05/May/2026:15:30:46 +0000] "POST /?wordfence_syncAttackData=1777995046.4095 HTTP/1.1" 200 - "-" "WordPress/6.9.4; https://nipponia.com"
157.230.39.14 - - [05/May/2026:15:30:53 +0000] "GET /wp-admin/profile.php HTTP/1.1" 503 7312 "https://nipponia.com/wp-login.php" "Mozilla/5.0 (Macintosh; Intel Mac OS X 10_15_7) AppleWebKit/605.1.15 (KHTML, like Gecko) Version/17.1 Safari/605.1.15"
86.241.130.110 - - [05/May/2026:15:30:55 +0000] "POST /xmlrpc.php HTTP/1.1" 503 18030 "-" "Jetpack/13.0; WordPress/6.3; http://site71700131.com"
157.230.39.14 - - [05/May/2026:15:31:03 +0000] "GET /wp-admin/edit.php HTTP/1.1" 503 7312 "https://nipponia.com/wp-login.php" "Mozilla/5.0 (Macintosh; Intel Mac OS X 10_15_7) AppleWebKit/605.1.15 (KHTML, like Gecko) Version/17.1 Safari/605.1.15"
20.123.172.228 - - [05/May/2026:15:31:06 +0000] "POST /wp-cron.php?doing_wp_cron=1777995066.4234390258789062500000 HTTP/1.1" 200 - "-" "WordPress/6.9.4; https://nipponia.com"
20.123.172.228 - - [05/May/2026:15:31:04 +0000] "POST /?wordfence_syncAttackData=1777995064.9234 HTTP/1.1" 200 - "-" "WordPress/6.9.4; https://nipponia.com"
86.241.130.110 - - [05/May/2026:15:31:06 +0000] "POST /xmlrpc.php HTTP/1.1" 503 18030 "-" "WordPress.com; https://wordpress.com"
157.230.39.14 - - [05/May/2026:15:31:12 +0000] "GET /wp-admin/plugins.php HTTP/1.1" 503 7312 "https://nipponia.com/wp-login.php" "Mozilla/5.0 (Macintosh; Intel Mac OS X 10_15_7) AppleWebKit/605.1.15 (KHTML, like Gecko) Version/17.1 Safari/605.1.15"
86.241.130.110 - - [05/May/2026:15:31:18 +0000] "POST /xmlrpc.php HTTP/1.1" 503 18030 "-" "WordPress.com; https://wordpress.com"
157.230.39.14 - - [05/May/2026:15:31:22 +0000] "POST /wp-login.php HTTP/1.1" 503 7110 "https://nipponia.com/wp-login.php" "Mozilla/5.0 (Macintosh; Intel Mac OS X 10_15_7) AppleWebKit/537.36 (KHTML, like Gecko) Chrome/121.0.0.0 Safari/537.36"
157.230.39.14 - - [05/May/2026:15:31:26 +0000] "GET /wp-admin/index.php HTTP/1.1" 503 7312 "https://nipponia.com/wp-login.php" "Mozilla/5.0 (Macintosh; Intel Mac OS X 10_15_7; rv:119.0) Gecko/20100101 Firefox/119.0"
20.123.172.228 - - [05/May/2026:15:31:29 +0000] "POST /wp-cron.php?doing_wp_cron=1777995089.2414019107818603515625 HTTP/1.1" 200 - "-" "WordPress/6.9.4; https://nipponia.com"
20.123.172.228 - - [05/May/2026:15:31:27 +0000] "POST /?wordfence_syncAttackData=1777995087.6325 HTTP/1.1" 200 - "-" "WordPress/6.9.4; https://nipponia.com"
86.241.130.110 - - [05/May/2026:15:31:29 +0000] "POST /xmlrpc.php HTTP/1.1" 503 18030 "-" "Jetpack by WordPress.com"
157.230.39.14 - - [05/May/2026:15:31:33 +0000] "GET /wp-admin/profile.php HTTP/1.1" 503 7313 "https://nipponia.com/wp-login.php" "Mozilla/5.0 (Macintosh; Intel Mac OS X 10_15_7; rv:119.0) Gecko/20100101 Firefox/119.0"
86.241.130.110 - - [05/May/2026:15:31:40 +0000] "POST /xmlrpc.php HTTP/1.1" 503 18030 "-" "Jetpack by WordPress.com"
157.230.39.14 - - [05/May/2026:15:31:39 +0000] "GET /wp-admin/edit.php HTTP/1.1" 503 7312 "https://nipponia.com/wp-login.php" "Mozilla/5.0 (Macintosh; Intel Mac OS X 10_15_7; rv:119.0) Gecko/20100101 Firefox/119.0"
20.123.172.228 - - [05/May/2026:15:31:40 +0000] "POST /?wordfence_syncAttackData=1777995100.6082 HTTP/1.1" 200 - "-" "WordPress/6.9.4; https://nipponia.com"
157.230.39.14 - - [05/May/2026:15:31:45 +0000] "GET /wp-admin/plugins.php HTTP/1.1" 503 7312 "https://nipponia.com/wp-login.php" "Mozilla/5.0 (Macintosh; Intel Mac OS X 10_15_7; rv:119.0) Gecko/20100101 Firefox/119.0"
86.241.130.110 - - [05/May/2026:15:31:48 +0000] "POST /xmlrpc.php HTTP/1.1" 503 18030 "-" "Jetpack by WordPress.com (Jetpack 12.1; WordPress 6.3)"
157.230.39.14 - - [05/May/2026:15:31:51 +0000] "POST /wp-login.php HTTP/1.1" 503 7109 "https://nipponia.com/wp-login.php" "Mozilla/5.0 (Windows NT 10.0; Win64; x64) AppleWebKit/537.36 (KHTML, like Gecko) Chrome/120.0.0.0 Safari/537.36"
157.230.39.14 - - [05/May/2026:15:31:55 +0000] "GET /wp-admin/index.php HTTP/1.1" 302 - "https://nipponia.com/wp-login.php" "Mozilla/5.0 (Macintosh; Intel Mac OS X 13_6_1; rv:119.0) Gecko/20100101 Firefox/119.0"
20.123.172.228 - - [05/May/2026:15:31:58 +0000] "POST /wp-cron.php?doing_wp_cron=1777995118.5276110172271728515625 HTTP/1.1" 200 - "-" "WordPress/6.9.4; https://nipponia.com"
20.123.172.228 - - [05/May/2026:15:31:57 +0000] "POST /?wordfence_syncAttackData=1777995117.0546 HTTP/1.1" 200 - "-" "WordPress/6.9.4; https://nipponia.com"
86.241.130.110 - - [05/May/2026:15:32:02 +0000] "POST /xmlrpc.php HTTP/1.1" 503 18030 "-" "Jetpack/13.0; WordPress/6.1; http://site60277727.com"
157.230.39.14 - - [05/May/2026:15:32:02 +0000] "GET /wp-login.php?redirect_to=https%3A%2F%2Fnipponia.com%2Fwp-admin%2Findex.php&reauth=1 HTTP/1.1" 200 1974 "https://nipponia.com/wp-login.php" "Mozilla/5.0 (Macintosh; Intel Mac OS X 13_6_1; rv:119.0) Gecko/20100101 Firefox/119.0"
86.241.130.110 - - [05/May/2026:15:32:09 +0000] "POST /xmlrpc.php HTTP/1.1" 503 18030 "-" "Jetpack by WordPress.com (Jetpack 12.5; WordPress 6.1)"
20.123.172.228 - - [05/May/2026:15:32:09 +0000] "POST /?wordfence_syncAttackData=1777995129.5017 HTTP/1.1" 200 - "-" "WordPress/6.9.4; https://nipponia.com"
157.230.39.14 - - [05/May/2026:15:32:08 +0000] "POST /wp-login.php HTTP/1.1" 503 7312 "https://nipponia.com/wp-login.php" "Mozilla/5.0 (Macintosh; Intel Mac OS X 13_6_1) AppleWebKit/605.1.15 (KHTML, like Gecko) Version/17.1 Safari/605.1.15"
157.230.39.14 - - [05/May/2026:15:32:16 +0000] "GET /wp-admin/index.php HTTP/1.1" 503 7312 "https://nipponia.com/wp-login.php" "Mozilla/5.0 (X11; Linux x86_64) AppleWebKit/537.36 (KHTML, like Gecko) Chrome/119.0.0.0 Safari/537.36"
86.241.130.110 - - [05/May/2026:15:32:23 +0000] "POST /xmlrpc.php HTTP/1.1" 503 18030 "-" "Jetpack by WordPress.com (Jetpack 12.0; WordPress 6.4)"
157.230.39.14 - - [05/May/2026:15:32:23 +0000] "GET /wp-admin/profile.php HTTP/1.1" 503 7312 "https://nipponia.com/wp-login.php" "Mozilla/5.0 (X11; Linux x86_64) AppleWebKit/537.36 (KHTML, like Gecko) Chrome/119.0.0.0 Safari/537.36"
20.123.172.228 - - [05/May/2026:15:32:25 +0000] "POST /wp-cron.php?doing_wp_cron=1777995145.8108270168304443359375 HTTP/1.1" 200 - "-" "WordPress/6.9.4; https://nipponia.com"
20.123.172.228 - - [05/May/2026:15:32:24 +0000] "POST /?wordfence_syncAttackData=1777995144.1727 HTTP/1.1" 200 - "-" "WordPress/6.9.4; https://nipponia.com"
157.230.39.14 - - [05/May/2026:15:32:29 +0000] "GET /wp-admin/edit.php HTTP/1.1" 503 7312 "https://nipponia.com/wp-login.php" "Mozilla/5.0 (X11; Linux x86_64) AppleWebKit/537.36 (KHTML, like Gecko) Chrome/119.0.0.0 Safari/537.36"
86.241.130.110 - - [05/May/2026:15:32:31 +0000] "POST /xmlrpc.php HTTP/1.1" 503 18030 "-" "Jetpack by WordPress.com (Jetpack 12.1; WordPress 6.3)"
157.230.39.14 - - [05/May/2026:15:32:35 +0000] "GET /wp-admin/plugins.php HTTP/1.1" 503 7312 "https://nipponia.com/wp-login.php" "Mozilla/5.0 (X11; Linux x86_64) AppleWebKit/537.36 (KHTML, like Gecko) Chrome/119.0.0.0 Safari/537.36"
20.123.172.228 - - [05/May/2026:15:32:36 +0000] "POST /?wordfence_syncAttackData=1777995156.4505 HTTP/1.1" 200 - "-" "WordPress/6.9.4; https://nipponia.com"
86.241.130.110 - - [05/May/2026:15:32:42 +0000] "POST /xmlrpc.php HTTP/1.1" 503 18030 "-" "WordPress.com; https://wordpress.com"
157.230.39.14 - - [05/May/2026:15:32:42 +0000] "POST /wp-login.php HTTP/1.1" 503 7109 "https://nipponia.com/wp-login.php" "Mozilla/5.0 (X11; Linux x86_64) AppleWebKit/537.36 (KHTML, like Gecko) Chrome/119.0.0.0 Safari/537.36"
