103.38.37.25 - - [06/May/2026:10:16:10 +0000] "POST /xmlrpc.php HTTP/1.1" 503 18029 "-" "WordPress.com; https://wordpress.com"
202.89.74.10 - - [06/May/2026:10:16:12 +0000] "POST /xmlrpc.php HTTP/1.1" 503 18029 "-" "Jetpack/13.0; WordPress/6.2; http://site80268605.com"
103.38.37.25 - - [06/May/2026:10:16:21 +0000] "POST /xmlrpc.php HTTP/1.1" 503 18029 "-" "Jetpack/13.0; WordPress/6.4; http://site61906944.com"
202.89.74.10 - - [06/May/2026:10:16:22 +0000] "POST /xmlrpc.php HTTP/1.1" 503 18029 "-" "Jetpack by WordPress.com (Jetpack 13.0; WordPress 6.1)"
103.38.37.25 - - [06/May/2026:10:16:31 +0000] "POST /xmlrpc.php HTTP/1.1" 503 18029 "-" "Jetpack by WordPress.com (Jetpack 12.1; WordPress 6.4)"
202.89.74.10 - - [06/May/2026:10:16:33 +0000] "POST /xmlrpc.php HTTP/1.1" 503 18029 "-" "Jetpack by WordPress.com"
103.38.37.25 - - [06/May/2026:10:16:42 +0000] "POST /xmlrpc.php HTTP/1.1" 503 18029 "-" "Jetpack/12.1; WordPress/6.1; http://site72332452.com"
202.89.74.10 - - [06/May/2026:10:16:44 +0000] "POST /xmlrpc.php HTTP/1.1" 503 18029 "-" "Jetpack by WordPress.com"
103.38.37.25 - - [06/May/2026:10:16:53 +0000] "POST /xmlrpc.php HTTP/1.1" 503 18029 "-" "Jetpack by WordPress.com"
202.89.74.10 - - [06/May/2026:10:16:54 +0000] "POST /xmlrpc.php HTTP/1.1" 503 18029 "-" "Jetpack by WordPress.com (Jetpack 12.1; WordPress 6.2)"
103.38.37.25 - - [06/May/2026:10:17:03 +0000] "POST /xmlrpc.php HTTP/1.1" 503 18029 "-" "WordPress.com; https://wordpress.com"
202.89.74.10 - - [06/May/2026:10:17:05 +0000] "POST /xmlrpc.php HTTP/1.1" 503 7928 "-" "Jetpack by WordPress.com (Jetpack 12.1; WordPress 6.3)"
20.123.172.228 - - [06/May/2026:10:17:18 +0000] "POST /wp-cron.php?doing_wp_cron=1778062638.1951730251312255859375 HTTP/1.1" 200 - "-" "WordPress/6.9.4; https://nipponia.com"
20.123.172.228 - - [06/May/2026:10:17:12 +0000] "POST /?wordfence_syncAttackData=1778062632.7483 HTTP/1.1" 200 - "-" "WordPress/6.9.4; https://nipponia.com"
202.89.74.10 - - [06/May/2026:10:17:16 +0000] "POST /xmlrpc.php HTTP/1.1" 503 7959 "-" "Jetpack by WordPress.com (Jetpack 12.0; WordPress 6.2)"
103.38.37.25 - - [06/May/2026:10:17:24 +0000] "POST /xmlrpc.php HTTP/1.1" 503 18030 "-" "Jetpack by WordPress.com (Jetpack 13.0; WordPress 6.1)"
202.89.74.10 - - [06/May/2026:10:17:26 +0000] "POST /xmlrpc.php HTTP/1.1" 503 7959 "-" "Jetpack by WordPress.com"
103.38.37.25 - - [06/May/2026:10:17:35 +0000] "POST /xmlrpc.php HTTP/1.1" 503 18030 "-" "Jetpack by WordPress.com"
202.89.74.10 - - [06/May/2026:10:17:37 +0000] "POST /xmlrpc.php HTTP/1.1" 503 18030 "-" "WordPress.com; https://wordpress.com"
20.123.172.228 - - [06/May/2026:10:17:33 +0000] "POST /?wordfence_syncAttackData=1778062653.8938 HTTP/1.1" 200 - "-" "WordPress/6.9.4; https://nipponia.com"
103.38.37.25 - - [06/May/2026:10:17:46 +0000] "POST /xmlrpc.php HTTP/1.1" 503 18030 "-" "Jetpack by WordPress.com (Jetpack 12.0; WordPress 6.4)"
202.89.74.10 - - [06/May/2026:10:17:48 +0000] "POST /xmlrpc.php HTTP/1.1" 503 18030 "-" "WordPress.com; https://wordpress.com"
103.38.37.25 - - [06/May/2026:10:17:56 +0000] "POST /xmlrpc.php HTTP/1.1" 503 18030 "-" "Jetpack by WordPress.com (Jetpack 13.0; WordPress 6.3)"
202.89.74.10 - - [06/May/2026:10:17:58 +0000] "POST /xmlrpc.php HTTP/1.1" 503 18030 "-" "Jetpack by WordPress.com"
103.38.37.25 - - [06/May/2026:10:18:07 +0000] "POST /xmlrpc.php HTTP/1.1" 503 18030 "-" "Jetpack by WordPress.com (Jetpack 13.0; WordPress 6.4)"
202.89.74.10 - - [06/May/2026:10:18:09 +0000] "POST /xmlrpc.php HTTP/1.1" 503 18030 "-" "Jetpack/12.5; WordPress/6.3; http://site29649836.com"
103.38.37.25 - - [06/May/2026:10:18:17 +0000] "POST /xmlrpc.php HTTP/1.1" 503 18030 "-" "Jetpack by WordPress.com"
202.89.74.10 - - [06/May/2026:10:18:20 +0000] "POST /xmlrpc.php HTTP/1.1" 503 18030 "-" "WordPress.com; https://wordpress.com"
103.38.37.25 - - [06/May/2026:10:18:28 +0000] "POST /xmlrpc.php HTTP/1.1" 503 18030 "-" "Jetpack by WordPress.com"
202.89.74.10 - - [06/May/2026:10:18:30 +0000] "POST /xmlrpc.php HTTP/1.1" 503 18030 "-" "Jetpack by WordPress.com"
103.38.37.25 - - [06/May/2026:10:18:39 +0000] "POST /xmlrpc.php HTTP/1.1" 503 18030 "-" "Jetpack/12.0; WordPress/6.4; http://site35955807.com"
202.89.74.10 - - [06/May/2026:10:18:41 +0000] "POST /xmlrpc.php HTTP/1.1" 503 18030 "-" "Jetpack/13.0; WordPress/6.2; http://site67661822.com"
103.38.37.25 - - [06/May/2026:10:18:49 +0000] "POST /xmlrpc.php HTTP/1.1" 503 18030 "-" "Jetpack by WordPress.com (Jetpack 13.0; WordPress 6.3)"
202.89.74.10 - - [06/May/2026:10:18:52 +0000] "POST /xmlrpc.php HTTP/1.1" 503 18030 "-" "Jetpack by WordPress.com"
103.38.37.25 - - [06/May/2026:10:19:00 +0000] "POST /xmlrpc.php HTTP/1.1" 503 18030 "-" "Jetpack by WordPress.com (Jetpack 13.0; WordPress 6.2)"
202.89.74.10 - - [06/May/2026:10:19:02 +0000] "POST /xmlrpc.php HTTP/1.1" 503 18030 "-" "Jetpack/12.0; WordPress/6.1; http://site50186626.com"
103.38.37.25 - - [06/May/2026:10:19:11 +0000] "POST /xmlrpc.php HTTP/1.1" 503 18030 "-" "WordPress.com; https://wordpress.com"
202.89.74.10 - - [06/May/2026:10:19:13 +0000] "POST /xmlrpc.php HTTP/1.1" 503 18030 "-" "Jetpack by WordPress.com"
103.38.37.25 - - [06/May/2026:10:19:21 +0000] "POST /xmlrpc.php HTTP/1.1" 503 18030 "-" "Jetpack by WordPress.com (Jetpack 12.0; WordPress 6.3)"
202.89.74.10 - - [06/May/2026:10:19:24 +0000] "POST /xmlrpc.php HTTP/1.1" 503 18030 "-" "WordPress.com; https://wordpress.com"
103.38.37.25 - - [06/May/2026:10:19:32 +0000] "POST /xmlrpc.php HTTP/1.1" 503 18030 "-" "Jetpack/12.0; WordPress/6.3; http://site77016544.com"
202.89.74.10 - - [06/May/2026:10:19:34 +0000] "POST /xmlrpc.php HTTP/1.1" 503 18030 "-" "Jetpack by WordPress.com (Jetpack 13.0; WordPress 6.3)"
103.38.37.25 - - [06/May/2026:10:19:43 +0000] "POST /xmlrpc.php HTTP/1.1" 503 18030 "-" "Jetpack by WordPress.com"
202.89.74.10 - - [06/May/2026:10:19:45 +0000] "POST /xmlrpc.php HTTP/1.1" 503 18030 "-" "Jetpack/12.5; WordPress/6.1; http://site20233397.com"
103.38.37.25 - - [06/May/2026:10:19:53 +0000] "POST /xmlrpc.php HTTP/1.1" 503 18030 "-" "Jetpack/12.5; WordPress/6.4; http://site11198759.com"
202.89.74.10 - - [06/May/2026:10:19:56 +0000] "POST /xmlrpc.php HTTP/1.1" 503 18030 "-" "Jetpack by WordPress.com (Jetpack 12.0; WordPress 6.4)"
103.38.37.25 - - [06/May/2026:10:20:04 +0000] "POST /xmlrpc.php HTTP/1.1" 503 18030 "-" "WordPress.com; https://wordpress.com"
202.89.74.10 - - [06/May/2026:10:20:06 +0000] "POST /xmlrpc.php HTTP/1.1" 503 18030 "-" "Jetpack by WordPress.com"
103.38.37.25 - - [06/May/2026:10:20:15 +0000] "POST /xmlrpc.php HTTP/1.1" 503 18030 "-" "Jetpack/12.5; WordPress/6.3; http://site70067760.com"
202.89.74.10 - - [06/May/2026:10:20:17 +0000] "POST /xmlrpc.php HTTP/1.1" 503 18030 "-" "Jetpack by WordPress.com"
103.38.37.25 - - [06/May/2026:10:20:25 +0000] "POST /xmlrpc.php HTTP/1.1" 503 18030 "-" "Jetpack by WordPress.com (Jetpack 12.5; WordPress 6.3)"
202.89.74.10 - - [06/May/2026:10:20:28 +0000] "POST /xmlrpc.php HTTP/1.1" 503 18030 "-" "Jetpack by WordPress.com (Jetpack 13.0; WordPress 6.2)"
202.89.74.10 - - [06/May/2026:10:20:38 +0000] "POST /xmlrpc.php HTTP/1.1" 503 18030 "-" "WordPress.com; https://wordpress.com"
103.38.37.25 - - [06/May/2026:10:20:36 +0000] "POST /xmlrpc.php HTTP/1.1" 503 18944 "-" "Jetpack by WordPress.com (Jetpack 12.5; WordPress 6.2)"
20.123.172.228 - - [06/May/2026:10:20:48 +0000] "POST /wp-cron.php?doing_wp_cron=1778062848.0600070953369140625000 HTTP/1.1" 200 - "-" "WordPress/6.9.4; https://nipponia.com"
202.89.74.10 - - [06/May/2026:10:20:49 +0000] "POST /xmlrpc.php HTTP/1.1" 503 18030 "-" "Jetpack/12.1; WordPress/6.3; http://site98327243.com"
103.38.37.25 - - [06/May/2026:10:20:46 +0000] "POST /xmlrpc.php HTTP/1.1" 503 18944 "-" "Jetpack by WordPress.com (Jetpack 13.0; WordPress 6.4)"
20.123.172.228 - - [06/May/2026:10:20:42 +0000] "POST /?wordfence_syncAttackData=1778062842.8986 HTTP/1.1" 200 - "-" "WordPress/6.9.4; https://nipponia.com"
103.38.37.25 - - [06/May/2026:10:20:57 +0000] "POST /xmlrpc.php HTTP/1.1" 503 18030 "-" "Jetpack by WordPress.com"
202.89.74.10 - - [06/May/2026:10:21:00 +0000] "POST /xmlrpc.php HTTP/1.1" 503 18030 "-" "Jetpack by WordPress.com"
103.38.37.25 - - [06/May/2026:10:21:08 +0000] "POST /xmlrpc.php HTTP/1.1" 503 18030 "-" "WordPress.com; https://wordpress.com"
202.89.74.10 - - [06/May/2026:10:21:10 +0000] "POST /xmlrpc.php HTTP/1.1" 503 18030 "-" "Jetpack by WordPress.com"
103.38.37.25 - - [06/May/2026:10:21:18 +0000] "POST /xmlrpc.php HTTP/1.1" 503 18030 "-" "WordPress.com; https://wordpress.com"
202.89.74.10 - - [06/May/2026:10:21:21 +0000] "POST /xmlrpc.php HTTP/1.1" 503 18030 "-" "Jetpack by WordPress.com"
103.38.37.25 - - [06/May/2026:10:21:29 +0000] "POST /xmlrpc.php HTTP/1.1" 503 18030 "-" "Jetpack/12.0; WordPress/6.4; http://site35558049.com"
202.89.74.10 - - [06/May/2026:10:21:32 +0000] "POST /xmlrpc.php HTTP/1.1" 503 18030 "-" "Jetpack by WordPress.com (Jetpack 12.1; WordPress 6.4)"
103.38.37.25 - - [06/May/2026:10:21:39 +0000] "POST /xmlrpc.php HTTP/1.1" 503 18030 "-" "Jetpack/12.0; WordPress/6.3; http://site53269252.com"
202.89.74.10 - - [06/May/2026:10:21:42 +0000] "POST /xmlrpc.php HTTP/1.1" 503 18030 "-" "Jetpack by WordPress.com"
103.38.37.25 - - [06/May/2026:10:21:50 +0000] "POST /xmlrpc.php HTTP/1.1" 503 18030 "-" "WordPress.com; https://wordpress.com"
202.89.74.10 - - [06/May/2026:10:21:53 +0000] "POST /xmlrpc.php HTTP/1.1" 503 18030 "-" "WordPress.com; https://wordpress.com"
103.38.37.25 - - [06/May/2026:10:22:01 +0000] "POST /xmlrpc.php HTTP/1.1" 503 18030 "-" "Jetpack/12.5; WordPress/6.2; http://site23560801.com"
202.89.74.10 - - [06/May/2026:10:22:04 +0000] "POST /xmlrpc.php HTTP/1.1" 503 18030 "-" "WordPress.com; https://wordpress.com"
103.38.37.25 - - [06/May/2026:10:22:11 +0000] "POST /xmlrpc.php HTTP/1.1" 503 18030 "-" "WordPress.com; https://wordpress.com"
202.89.74.10 - - [06/May/2026:10:22:15 +0000] "POST /xmlrpc.php HTTP/1.1" 503 18030 "-" "Jetpack by WordPress.com"
103.38.37.25 - - [06/May/2026:10:22:22 +0000] "POST /xmlrpc.php HTTP/1.1" 503 18030 "-" "Jetpack by WordPress.com"
202.89.74.10 - - [06/May/2026:10:22:25 +0000] "POST /xmlrpc.php HTTP/1.1" 503 18030 "-" "Jetpack by WordPress.com (Jetpack 13.0; WordPress 6.2)"
103.38.37.25 - - [06/May/2026:10:22:33 +0000] "POST /xmlrpc.php HTTP/1.1" 503 18030 "-" "WordPress.com; https://wordpress.com"
202.89.74.10 - - [06/May/2026:10:22:36 +0000] "POST /xmlrpc.php HTTP/1.1" 503 18030 "-" "WordPress.com; https://wordpress.com"
103.38.37.25 - - [06/May/2026:10:22:43 +0000] "POST /xmlrpc.php HTTP/1.1" 503 18030 "-" "WordPress.com; https://wordpress.com"
202.89.74.10 - - [06/May/2026:10:22:47 +0000] "POST /xmlrpc.php HTTP/1.1" 503 18030 "-" "WordPress.com; https://wordpress.com"
103.38.37.25 - - [06/May/2026:10:22:54 +0000] "POST /xmlrpc.php HTTP/1.1" 503 18030 "-" "Jetpack by WordPress.com"
202.89.74.10 - - [06/May/2026:10:22:57 +0000] "POST /xmlrpc.php HTTP/1.1" 503 18030 "-" "Jetpack by WordPress.com"
103.38.37.25 - - [06/May/2026:10:23:04 +0000] "POST /xmlrpc.php HTTP/1.1" 503 18030 "-" "Jetpack/12.5; WordPress/6.3; http://site58644685.com"
202.89.74.10 - - [06/May/2026:10:23:08 +0000] "POST /xmlrpc.php HTTP/1.1" 503 18030 "-" "WordPress.com; https://wordpress.com"
103.38.37.25 - - [06/May/2026:10:23:15 +0000] "POST /xmlrpc.php HTTP/1.1" 503 18030 "-" "Jetpack by WordPress.com (Jetpack 13.0; WordPress 6.1)"
202.89.74.10 - - [06/May/2026:10:23:19 +0000] "POST /xmlrpc.php HTTP/1.1" 503 18030 "-" "Jetpack by WordPress.com (Jetpack 13.0; WordPress 6.4)"
103.38.37.25 - - [06/May/2026:10:23:26 +0000] "POST /xmlrpc.php HTTP/1.1" 503 18030 "-" "Jetpack/12.0; WordPress/6.1; http://site47926040.com"
202.89.74.10 - - [06/May/2026:10:23:29 +0000] "POST /xmlrpc.php HTTP/1.1" 503 18030 "-" "Jetpack by WordPress.com"
103.38.37.25 - - [06/May/2026:10:23:36 +0000] "POST /xmlrpc.php HTTP/1.1" 503 18030 "-" "WordPress.com; https://wordpress.com"
202.89.74.10 - - [06/May/2026:10:23:40 +0000] "POST /xmlrpc.php HTTP/1.1" 503 18030 "-" "WordPress.com; https://wordpress.com"
103.38.37.25 - - [06/May/2026:10:23:47 +0000] "POST /xmlrpc.php HTTP/1.1" 503 18030 "-" "Jetpack/12.1; WordPress/6.3; http://site48709443.com"
202.89.74.10 - - [06/May/2026:10:23:51 +0000] "POST /xmlrpc.php HTTP/1.1" 503 18030 "-" "Jetpack by WordPress.com"
103.38.37.25 - - [06/May/2026:10:23:58 +0000] "POST /xmlrpc.php HTTP/1.1" 503 18030 "-" "WordPress.com; https://wordpress.com"
202.89.74.10 - - [06/May/2026:10:24:02 +0000] "POST /xmlrpc.php HTTP/1.1" 503 18029 "-" "Jetpack by WordPress.com"
103.38.37.25 - - [06/May/2026:10:24:08 +0000] "POST /xmlrpc.php HTTP/1.1" 503 18029 "-" "Jetpack by WordPress.com"
202.89.74.10 - - [06/May/2026:10:24:12 +0000] "POST /xmlrpc.php HTTP/1.1" 503 18029 "-" "Jetpack by WordPress.com (Jetpack 12.5; WordPress 6.3)"
103.38.37.25 - - [06/May/2026:10:24:19 +0000] "POST /xmlrpc.php HTTP/1.1" 503 18029 "-" "Jetpack by WordPress.com"
202.89.74.10 - - [06/May/2026:10:24:23 +0000] "POST /xmlrpc.php HTTP/1.1" 503 18029 "-" "Jetpack by WordPress.com (Jetpack 12.0; WordPress 6.3)"
103.38.37.25 - - [06/May/2026:10:24:30 +0000] "POST /xmlrpc.php HTTP/1.1" 503 18029 "-" "Jetpack by WordPress.com (Jetpack 12.5; WordPress 6.3)"
202.89.74.10 - - [06/May/2026:10:24:34 +0000] "POST /xmlrpc.php HTTP/1.1" 503 18029 "-" "Jetpack by WordPress.com"
103.38.37.25 - - [06/May/2026:10:24:40 +0000] "POST /xmlrpc.php HTTP/1.1" 503 18029 "-" "Jetpack by WordPress.com"
202.89.74.10 - - [06/May/2026:10:24:45 +0000] "POST /xmlrpc.php HTTP/1.1" 503 18029 "-" "Jetpack by WordPress.com"
103.38.37.25 - - [06/May/2026:10:24:51 +0000] "POST /xmlrpc.php HTTP/1.1" 503 18029 "-" "Jetpack by WordPress.com (Jetpack 12.5; WordPress 6.3)"
202.89.74.10 - - [06/May/2026:10:24:55 +0000] "POST /xmlrpc.php HTTP/1.1" 503 18029 "-" "Jetpack by WordPress.com (Jetpack 13.0; WordPress 6.2)"
103.38.37.25 - - [06/May/2026:10:25:02 +0000] "POST /xmlrpc.php HTTP/1.1" 503 18029 "-" "WordPress.com; https://wordpress.com"
202.89.74.10 - - [06/May/2026:10:25:06 +0000] "POST /xmlrpc.php HTTP/1.1" 503 18029 "-" "Jetpack/12.0; WordPress/6.3; http://site16195160.com"
103.38.37.25 - - [06/May/2026:10:25:12 +0000] "POST /xmlrpc.php HTTP/1.1" 503 18029 "-" "WordPress.com; https://wordpress.com"
202.89.74.10 - - [06/May/2026:10:25:17 +0000] "POST /xmlrpc.php HTTP/1.1" 503 18029 "-" "Jetpack by WordPress.com"
103.38.37.25 - - [06/May/2026:10:25:23 +0000] "POST /xmlrpc.php HTTP/1.1" 503 18029 "-" "Jetpack/12.5; WordPress/6.3; http://site66931932.com"
202.89.74.10 - - [06/May/2026:10:25:27 +0000] "POST /xmlrpc.php HTTP/1.1" 503 18029 "-" "WordPress.com; https://wordpress.com"
103.38.37.25 - - [06/May/2026:10:25:34 +0000] "POST /xmlrpc.php HTTP/1.1" 503 18029 "-" "Jetpack/12.5; WordPress/6.1; http://site29488951.com"
202.89.74.10 - - [06/May/2026:10:25:38 +0000] "POST /xmlrpc.php HTTP/1.1" 503 18029 "-" "Jetpack/12.0; WordPress/6.2; http://site59643448.com"
103.38.37.25 - - [06/May/2026:10:25:44 +0000] "POST /xmlrpc.php HTTP/1.1" 503 18029 "-" "Jetpack by WordPress.com (Jetpack 13.0; WordPress 6.4)"
202.89.74.10 - - [06/May/2026:10:25:48 +0000] "POST /xmlrpc.php HTTP/1.1" 503 18029 "-" "Jetpack/13.0; WordPress/6.4; http://site35143870.com"
103.38.37.25 - - [06/May/2026:10:25:55 +0000] "POST /xmlrpc.php HTTP/1.1" 503 18029 "-" "Jetpack by WordPress.com (Jetpack 13.0; WordPress 6.4)"
202.89.74.10 - - [06/May/2026:10:25:59 +0000] "POST /xmlrpc.php HTTP/1.1" 503 18029 "-" "Jetpack by WordPress.com (Jetpack 12.5; WordPress 6.3)"
103.38.37.25 - - [06/May/2026:10:26:06 +0000] "POST /xmlrpc.php HTTP/1.1" 503 18029 "-" "Jetpack/13.0; WordPress/6.2; http://site54816451.com"
202.89.74.10 - - [06/May/2026:10:26:10 +0000] "POST /xmlrpc.php HTTP/1.1" 503 18029 "-" "Jetpack/12.0; WordPress/6.3; http://site35707306.com"
103.38.37.25 - - [06/May/2026:10:26:16 +0000] "POST /xmlrpc.php HTTP/1.1" 503 18029 "-" "Jetpack by WordPress.com (Jetpack 12.5; WordPress 6.3)"
202.89.74.10 - - [06/May/2026:10:26:20 +0000] "POST /xmlrpc.php HTTP/1.1" 503 18029 "-" "Jetpack by WordPress.com"
103.38.37.25 - - [06/May/2026:10:26:27 +0000] "POST /xmlrpc.php HTTP/1.1" 503 18029 "-" "Jetpack/13.0; WordPress/6.1; http://site24476306.com"
202.89.74.10 - - [06/May/2026:10:26:31 +0000] "POST /xmlrpc.php HTTP/1.1" 503 18029 "-" "WordPress.com; https://wordpress.com"
103.38.37.25 - - [06/May/2026:10:26:37 +0000] "POST /xmlrpc.php HTTP/1.1" 503 18029 "-" "Jetpack by WordPress.com (Jetpack 12.0; WordPress 6.2)"
202.89.74.10 - - [06/May/2026:10:26:42 +0000] "POST /xmlrpc.php HTTP/1.1" 503 18029 "-" "Jetpack by WordPress.com (Jetpack 12.0; WordPress 6.2)"
103.38.37.25 - - [06/May/2026:10:26:48 +0000] "POST /xmlrpc.php HTTP/1.1" 503 18029 "-" "Jetpack by WordPress.com"
202.89.74.10 - - [06/May/2026:10:26:52 +0000] "POST /xmlrpc.php HTTP/1.1" 503 18029 "-" "Jetpack by WordPress.com"
103.38.37.25 - - [06/May/2026:10:26:59 +0000] "POST /xmlrpc.php HTTP/1.1" 503 18029 "-" "WordPress.com; https://wordpress.com"
202.89.74.10 - - [06/May/2026:10:27:03 +0000] "POST /xmlrpc.php HTTP/1.1" 503 18029 "-" "Jetpack by WordPress.com (Jetpack 13.0; WordPress 6.1)"
103.38.37.25 - - [06/May/2026:10:27:09 +0000] "POST /xmlrpc.php HTTP/1.1" 503 18029 "-" "Jetpack by WordPress.com (Jetpack 13.0; WordPress 6.3)"
202.89.74.10 - - [06/May/2026:10:27:14 +0000] "POST /xmlrpc.php HTTP/1.1" 503 18029 "-" "Jetpack by WordPress.com (Jetpack 12.1; WordPress 6.1)"
103.38.37.25 - - [06/May/2026:10:27:20 +0000] "POST /xmlrpc.php HTTP/1.1" 503 18029 "-" "Jetpack by WordPress.com"
103.38.37.25 - - [06/May/2026:10:27:30 +0000] "POST /xmlrpc.php HTTP/1.1" 503 18029 "-" "WordPress.com; https://wordpress.com"
202.89.74.10 - - [06/May/2026:10:27:24 +0000] "POST /xmlrpc.php HTTP/1.1" 503 7928 "-" "Jetpack/13.0; WordPress/6.3; http://site89433939.com"
20.123.172.228 - - [06/May/2026:10:27:38 +0000] "POST /wp-cron.php?doing_wp_cron=1778063258.0087060928344726562500 HTTP/1.1" 200 - "-" "WordPress/6.9.4; https://nipponia.com"
103.38.37.25 - - [06/May/2026:10:27:41 +0000] "POST /xmlrpc.php HTTP/1.1" 503 18030 "-" "Jetpack by WordPress.com (Jetpack 13.0; WordPress 6.2)"
202.89.74.10 - - [06/May/2026:10:27:35 +0000] "POST /xmlrpc.php HTTP/1.1" 503 18944 "-" "WordPress.com; https://wordpress.com"
20.123.172.228 - - [06/May/2026:10:27:31 +0000] "POST /?wordfence_syncAttackData=1778063251.4669 HTTP/1.1" 200 - "-" "WordPress/6.9.4; https://nipponia.com"
202.89.74.10 - - [06/May/2026:10:27:46 +0000] "POST /xmlrpc.php HTTP/1.1" 503 7959 "-" "Jetpack by WordPress.com"
103.38.37.25 - - [06/May/2026:10:27:52 +0000] "POST /xmlrpc.php HTTP/1.1" 503 18030 "-" "Jetpack by WordPress.com"
202.89.74.10 - - [06/May/2026:10:27:57 +0000] "POST /xmlrpc.php HTTP/1.1" 503 18030 "-" "WordPress.com; https://wordpress.com"
103.38.37.25 - - [06/May/2026:10:28:02 +0000] "POST /xmlrpc.php HTTP/1.1" 503 18030 "-" "Jetpack by WordPress.com"
202.89.74.10 - - [06/May/2026:10:28:07 +0000] "POST /xmlrpc.php HTTP/1.1" 503 18030 "-" "Jetpack/12.0; WordPress/6.4; http://site79894121.com"
103.38.37.25 - - [06/May/2026:10:28:13 +0000] "POST /xmlrpc.php HTTP/1.1" 503 18030 "-" "Jetpack/12.5; WordPress/6.3; http://site66248498.com"
202.89.74.10 - - [06/May/2026:10:28:18 +0000] "POST /xmlrpc.php HTTP/1.1" 503 18030 "-" "Jetpack by WordPress.com (Jetpack 13.0; WordPress 6.3)"
103.38.37.25 - - [06/May/2026:10:28:24 +0000] "POST /xmlrpc.php HTTP/1.1" 503 18030 "-" "Jetpack/12.1; WordPress/6.4; http://site19059904.com"
202.89.74.10 - - [06/May/2026:10:28:29 +0000] "POST /xmlrpc.php HTTP/1.1" 503 18030 "-" "Jetpack by WordPress.com"
103.38.37.25 - - [06/May/2026:10:28:34 +0000] "POST /xmlrpc.php HTTP/1.1" 503 18030 "-" "Jetpack by WordPress.com"
202.89.74.10 - - [06/May/2026:10:28:39 +0000] "POST /xmlrpc.php HTTP/1.1" 503 18030 "-" "WordPress.com; https://wordpress.com"
103.38.37.25 - - [06/May/2026:10:28:45 +0000] "POST /xmlrpc.php HTTP/1.1" 503 18030 "-" "Jetpack by WordPress.com (Jetpack 12.1; WordPress 6.1)"
202.89.74.10 - - [06/May/2026:10:28:50 +0000] "POST /xmlrpc.php HTTP/1.1" 503 18030 "-" "Jetpack by WordPress.com"
103.38.37.25 - - [06/May/2026:10:28:56 +0000] "POST /xmlrpc.php HTTP/1.1" 503 18030 "-" "Jetpack by WordPress.com"
202.89.74.10 - - [06/May/2026:10:29:01 +0000] "POST /xmlrpc.php HTTP/1.1" 503 18030 "-" "Jetpack by WordPress.com (Jetpack 13.0; WordPress 6.3)"
103.38.37.25 - - [06/May/2026:10:29:06 +0000] "POST /xmlrpc.php HTTP/1.1" 503 18030 "-" "WordPress.com; https://wordpress.com"
202.89.74.10 - - [06/May/2026:10:29:12 +0000] "POST /xmlrpc.php HTTP/1.1" 503 18030 "-" "Jetpack/12.1; WordPress/6.3; http://site99771559.com"
103.38.37.25 - - [06/May/2026:10:29:17 +0000] "POST /xmlrpc.php HTTP/1.1" 503 18030 "-" "Jetpack/13.0; WordPress/6.1; http://site29829977.com"
202.89.74.10 - - [06/May/2026:10:29:22 +0000] "POST /xmlrpc.php HTTP/1.1" 503 18030 "-" "Jetpack by WordPress.com (Jetpack 12.0; WordPress 6.2)"
103.38.37.25 - - [06/May/2026:10:29:27 +0000] "POST /xmlrpc.php HTTP/1.1" 503 18030 "-" "Jetpack by WordPress.com (Jetpack 13.0; WordPress 6.3)"
202.89.74.10 - - [06/May/2026:10:29:33 +0000] "POST /xmlrpc.php HTTP/1.1" 503 18030 "-" "Jetpack/13.0; WordPress/6.2; http://site26415963.com"
103.38.37.25 - - [06/May/2026:10:29:38 +0000] "POST /xmlrpc.php HTTP/1.1" 503 18030 "-" "Jetpack by WordPress.com (Jetpack 12.1; WordPress 6.3)"
202.89.74.10 - - [06/May/2026:10:29:44 +0000] "POST /xmlrpc.php HTTP/1.1" 503 18030 "-" "WordPress.com; https://wordpress.com"
103.38.37.25 - - [06/May/2026:10:29:49 +0000] "POST /xmlrpc.php HTTP/1.1" 503 18030 "-" "Jetpack/12.0; WordPress/6.4; http://site18266550.com"
202.89.74.10 - - [06/May/2026:10:29:54 +0000] "POST /xmlrpc.php HTTP/1.1" 503 18030 "-" "Jetpack by WordPress.com (Jetpack 12.5; WordPress 6.1)"
103.38.37.25 - - [06/May/2026:10:29:59 +0000] "POST /xmlrpc.php HTTP/1.1" 503 18030 "-" "Jetpack by WordPress.com"
202.89.74.10 - - [06/May/2026:10:30:05 +0000] "POST /xmlrpc.php HTTP/1.1" 503 18030 "-" "WordPress.com; https://wordpress.com"
103.38.37.25 - - [06/May/2026:10:30:10 +0000] "POST /xmlrpc.php HTTP/1.1" 503 18030 "-" "Jetpack by WordPress.com"
202.89.74.10 - - [06/May/2026:10:30:16 +0000] "POST /xmlrpc.php HTTP/1.1" 503 18030 "-" "Jetpack/12.0; WordPress/6.4; http://site60359839.com"
103.38.37.25 - - [06/May/2026:10:30:21 +0000] "POST /xmlrpc.php HTTP/1.1" 503 18030 "-" "WordPress.com; https://wordpress.com"
20.123.172.228 - - [06/May/2026:10:30:23 +0000] "POST /wp-cron.php?doing_wp_cron=1778063423.7442080974578857421875 HTTP/1.1" 200 - "-" "WordPress/6.9.4; https://nipponia.com"
222.165.190.235 - - [06/May/2026:10:30:12 +0000] "POST /xmlrpc.php HTTP/1.1" 503 7314 "-" "Mozilla/4.0 (compatible; MSIE 7.0; Windows NT 10.0; WOW64; Trident/7.0; .NET4.0C; .NET4.0E; .NET CLR 2.0.50727; .NET CLR 3.0.30729; .NET CLR 3.5.30729; ms-office)"
202.89.74.10 - - [06/May/2026:10:30:27 +0000] "POST /xmlrpc.php HTTP/1.1" 503 18030 "-" "Jetpack by WordPress.com (Jetpack 12.1; WordPress 6.3)"
20.123.172.228 - - [06/May/2026:10:30:18 +0000] "POST /?wordfence_syncAttackData=1778063418.7075 HTTP/1.1" 200 - "-" "WordPress/6.9.4; https://nipponia.com"
103.38.37.25 - - [06/May/2026:10:30:31 +0000] "POST /xmlrpc.php HTTP/1.1" 503 18030 "-" "Jetpack by WordPress.com"
202.89.74.10 - - [06/May/2026:10:30:37 +0000] "POST /xmlrpc.php HTTP/1.1" 503 18030 "-" "Jetpack by WordPress.com (Jetpack 12.0; WordPress 6.1)"
103.38.37.25 - - [06/May/2026:10:30:42 +0000] "POST /xmlrpc.php HTTP/1.1" 503 18030 "-" "WordPress.com; https://wordpress.com"
202.89.74.10 - - [06/May/2026:10:30:48 +0000] "POST /xmlrpc.php HTTP/1.1" 503 18030 "-" "WordPress.com; https://wordpress.com"
202.89.74.10 - - [06/May/2026:10:30:59 +0000] "POST /xmlrpc.php HTTP/1.1" 503 18030 "-" "Jetpack/12.1; WordPress/6.4; http://site90306617.com"
103.38.37.25 - - [06/May/2026:10:30:52 +0000] "POST /xmlrpc.php HTTP/1.1" 503 18944 "-" "WordPress.com; https://wordpress.com"
20.123.172.228 - - [06/May/2026:10:31:03 +0000] "POST /wp-cron.php?doing_wp_cron=1778063463.9195559024810791015625 HTTP/1.1" 200 - "-" "WordPress/6.9.4; https://nipponia.com"
20.123.172.228 - - [06/May/2026:10:30:58 +0000] "POST /?wordfence_syncAttackData=1778063458.7737 HTTP/1.1" 200 - "-" "WordPress/6.9.4; https://nipponia.com"
103.38.37.25 - - [06/May/2026:10:31:03 +0000] "POST /xmlrpc.php HTTP/1.1" 503 18944 "-" "Jetpack by WordPress.com (Jetpack 12.0; WordPress 6.1)"
202.89.74.10 - - [06/May/2026:10:31:10 +0000] "POST /xmlrpc.php HTTP/1.1" 503 18030 "-" "Jetpack/12.5; WordPress/6.2; http://site72363119.com"
104.152.49.21 - - [06/May/2026:10:31:04 +0000] "GET /wp-login.php HTTP/1.1" 200 1968 "-" "Mozilla/5.0 (Windows NT 10.0) AppleWebKit/537.36 (KHTML, like Gecko) Chrome/67.0.3396.79 Safari/537.36"
103.38.37.25 - - [06/May/2026:10:31:14 +0000] "POST /xmlrpc.php HTTP/1.1" 503 18030 "-" "WordPress.com; https://wordpress.com"
202.89.74.10 - - [06/May/2026:10:31:20 +0000] "POST /xmlrpc.php HTTP/1.1" 503 18030 "-" "WordPress.com; https://wordpress.com"
104.152.49.21 - - [06/May/2026:10:31:14 +0000] "POST /wp-login.php HTTP/1.1" 503 7314 "https://nipponia.com/wp-login.php" "Mozilla/5.0 (Windows NT 10.0) AppleWebKit/537.36 (KHTML, like Gecko) Chrome/67.0.3396.79 Safari/537.36"
103.38.37.25 - - [06/May/2026:10:31:24 +0000] "POST /xmlrpc.php HTTP/1.1" 503 18030 "-" "Jetpack by WordPress.com"
20.123.172.228 - - [06/May/2026:10:31:21 +0000] "POST /?wordfence_syncAttackData=1778063481.1064 HTTP/1.1" 200 - "-" "WordPress/6.9.4; https://nipponia.com"
202.89.74.10 - - [06/May/2026:10:31:31 +0000] "POST /xmlrpc.php HTTP/1.1" 503 18030 "-" "Jetpack by WordPress.com"
103.38.37.25 - - [06/May/2026:10:31:35 +0000] "POST /xmlrpc.php HTTP/1.1" 503 18030 "-" "Jetpack by WordPress.com (Jetpack 12.0; WordPress 6.2)"
202.89.74.10 - - [06/May/2026:10:31:41 +0000] "POST /xmlrpc.php HTTP/1.1" 503 18030 "-" "Jetpack by WordPress.com"
103.38.37.25 - - [06/May/2026:10:31:46 +0000] "POST /xmlrpc.php HTTP/1.1" 503 18030 "-" "Jetpack by WordPress.com (Jetpack 12.5; WordPress 6.3)"
202.89.74.10 - - [06/May/2026:10:31:52 +0000] "POST /xmlrpc.php HTTP/1.1" 503 18030 "-" "WordPress.com; https://wordpress.com"
103.38.37.25 - - [06/May/2026:10:31:56 +0000] "POST /xmlrpc.php HTTP/1.1" 503 18030 "-" "Jetpack by WordPress.com"
202.89.74.10 - - [06/May/2026:10:32:03 +0000] "POST /xmlrpc.php HTTP/1.1" 503 18030 "-" "Jetpack/12.0; WordPress/6.1; http://site62726148.com"
103.38.37.25 - - [06/May/2026:10:32:07 +0000] "POST /xmlrpc.php HTTP/1.1" 503 18030 "-" "Jetpack by WordPress.com"
202.89.74.10 - - [06/May/2026:10:32:13 +0000] "POST /xmlrpc.php HTTP/1.1" 503 18030 "-" "Jetpack by WordPress.com (Jetpack 12.5; WordPress 6.2)"
202.89.74.10 - - [06/May/2026:10:32:24 +0000] "POST /xmlrpc.php HTTP/1.1" 503 18030 "-" "WordPress.com; https://wordpress.com"
103.38.37.25 - - [06/May/2026:10:32:28 +0000] "POST /xmlrpc.php HTTP/1.1" 503 18030 "-" "Jetpack by WordPress.com (Jetpack 12.1; WordPress 6.3)"
202.89.74.10 - - [06/May/2026:10:32:35 +0000] "POST /xmlrpc.php HTTP/1.1" 503 18030 "-" "Jetpack/12.5; WordPress/6.4; http://site80477531.com"
103.38.37.25 - - [06/May/2026:10:32:39 +0000] "POST /xmlrpc.php HTTP/1.1" 503 18030 "-" "Jetpack/13.0; WordPress/6.3; http://site71550830.com"
202.89.74.10 - - [06/May/2026:10:32:45 +0000] "POST /xmlrpc.php HTTP/1.1" 503 18030 "-" "Jetpack/13.0; WordPress/6.2; http://site50231038.com"
103.38.37.25 - - [06/May/2026:10:32:50 +0000] "POST /xmlrpc.php HTTP/1.1" 503 18030 "-" "WordPress.com; https://wordpress.com"
202.89.74.10 - - [06/May/2026:10:32:56 +0000] "POST /xmlrpc.php HTTP/1.1" 503 18030 "-" "Jetpack/12.0; WordPress/6.1; http://site41580977.com"
103.38.37.25 - - [06/May/2026:10:33:00 +0000] "POST /xmlrpc.php HTTP/1.1" 503 18030 "-" "WordPress.com; https://wordpress.com"
202.89.74.10 - - [06/May/2026:10:33:07 +0000] "POST /xmlrpc.php HTTP/1.1" 503 18030 "-" "Jetpack by WordPress.com (Jetpack 13.0; WordPress 6.3)"
103.38.37.25 - - [06/May/2026:10:33:11 +0000] "POST /xmlrpc.php HTTP/1.1" 503 18030 "-" "Jetpack by WordPress.com (Jetpack 12.0; WordPress 6.2)"
202.89.74.10 - - [06/May/2026:10:33:17 +0000] "POST /xmlrpc.php HTTP/1.1" 503 18030 "-" "Jetpack by WordPress.com (Jetpack 12.1; WordPress 6.4)"
103.38.37.25 - - [06/May/2026:10:33:22 +0000] "POST /xmlrpc.php HTTP/1.1" 503 18030 "-" "WordPress.com; https://wordpress.com"
103.38.37.25 - - [06/May/2026:10:33:33 +0000] "POST /xmlrpc.php HTTP/1.1" 503 18030 "-" "WordPress.com; https://wordpress.com"
103.38.37.25 - - [06/May/2026:10:33:44 +0000] "POST /xmlrpc.php HTTP/1.1" 503 18030 "-" "Jetpack by WordPress.com"
103.38.37.25 - - [06/May/2026:10:33:55 +0000] "POST /xmlrpc.php HTTP/1.1" 503 18030 "-" "Jetpack by WordPress.com"
103.38.37.25 - - [06/May/2026:10:34:05 +0000] "POST /xmlrpc.php HTTP/1.1" 503 18030 "-" "WordPress.com; https://wordpress.com"
103.38.37.25 - - [06/May/2026:10:34:16 +0000] "POST /xmlrpc.php HTTP/1.1" 503 18030 "-" "Jetpack by WordPress.com"
103.38.37.25 - - [06/May/2026:10:34:26 +0000] "POST /xmlrpc.php HTTP/1.1" 503 18030 "-" "Jetpack by WordPress.com (Jetpack 12.0; WordPress 6.3)"
103.38.37.25 - - [06/May/2026:10:34:40 +0000] "POST /xmlrpc.php HTTP/1.1" 503 18030 "-" "Jetpack/12.0; WordPress/6.4; http://site87660863.com"
103.38.37.25 - - [06/May/2026:10:34:48 +0000] "POST /xmlrpc.php HTTP/1.1" 503 18030 "-" "Jetpack by WordPress.com (Jetpack 12.0; WordPress 6.1)"
103.38.37.25 - - [06/May/2026:10:34:59 +0000] "POST /xmlrpc.php HTTP/1.1" 503 18030 "-" "Jetpack/12.1; WordPress/6.4; http://site76220053.com"
103.38.37.25 - - [06/May/2026:10:35:09 +0000] "POST /xmlrpc.php HTTP/1.1" 503 18030 "-" "Jetpack/12.5; WordPress/6.4; http://site72779461.com"
103.38.37.25 - - [06/May/2026:10:35:20 +0000] "POST /xmlrpc.php HTTP/1.1" 503 18030 "-" "WordPress.com; https://wordpress.com"
103.38.37.25 - - [06/May/2026:10:35:31 +0000] "POST /xmlrpc.php HTTP/1.1" 503 18030 "-" "Jetpack by WordPress.com (Jetpack 13.0; WordPress 6.1)"
103.38.37.25 - - [06/May/2026:10:35:41 +0000] "POST /xmlrpc.php HTTP/1.1" 503 18030 "-" "Jetpack/12.5; WordPress/6.2; http://site30434213.com"
111.225.149.65 - - [06/May/2026:10:35:29 +0000] "GET /company-profile/ HTTP/1.1" 200 11421 "-" "Mozilla/5.0 (Linux; Android 5.0) AppleWebKit/537.36 (KHTML, like Gecko) Mobile Safari/537.36 (compatible; Bytespider; https://zhanzhang.toutiao.com/)"
20.123.172.228 - - [06/May/2026:10:35:45 +0000] "POST /wp-cron.php?doing_wp_cron=1778063745.3219959735870361328125 HTTP/1.1" 200 - "-" "WordPress/6.9.4; https://nipponia.com"
111.225.149.65 - - [06/May/2026:10:35:47 +0000] "GET /wp-content/uploads/elementor/css/post-175.css?ver=1674635264 HTTP/1.1" 200 439 "https://nipponia.com/company-profile/" "Mozilla/5.0 (Linux; Android 5.0) AppleWebKit/537.36 (KHTML, like Gecko) Mobile Safari/537.36 (compatible; Bytespider; https://zhanzhang.toutiao.com/)"
111.225.149.65 - - [06/May/2026:10:35:47 +0000] "GET /wp-content/plugins/elementor-pro/assets/js/nav-menu.c8d112707fd7172d2a9d.bundle.min.js HTTP/1.1" 200 1529 "https://nipponia.com/company-profile/" "Mozilla/5.0 (Linux; Android 5.0) AppleWebKit/537.36 (KHTML, like Gecko) Mobile Safari/537.36 (compatible; Bytespider; https://zhanzhang.toutiao.com/)"
20.123.172.228 - - [06/May/2026:10:35:36 +0000] "POST /?wordfence_syncAttackData=1778063736.1653 HTTP/1.1" 200 - "-" "WordPress/6.9.4; https://nipponia.com"
103.38.37.25 - - [06/May/2026:10:35:52 +0000] "POST /xmlrpc.php HTTP/1.1" 503 18030 "-" "Jetpack by WordPress.com"
103.38.37.25 - - [06/May/2026:10:36:02 +0000] "POST /xmlrpc.php HTTP/1.1" 503 18030 "-" "Jetpack by WordPress.com (Jetpack 12.5; WordPress 6.4)"
103.38.37.25 - - [06/May/2026:10:36:13 +0000] "POST /xmlrpc.php HTTP/1.1" 503 18030 "-" "WordPress.com; https://wordpress.com"
103.38.37.25 - - [06/May/2026:10:36:24 +0000] "POST /xmlrpc.php HTTP/1.1" 503 18030 "-" "Jetpack by WordPress.com (Jetpack 12.5; WordPress 6.3)"
111.225.148.178 - - [06/May/2026:10:36:18 +0000] "GET / HTTP/1.1" 200 14709 "-" "Mozilla/5.0 (Linux; Android 5.0) AppleWebKit/537.36 (KHTML, like Gecko) Mobile Safari/537.36 (compatible; Bytespider; https://zhanzhang.toutiao.com/)"
20.123.172.228 - - [06/May/2026:10:36:24 +0000] "POST /?wordfence_syncAttackData=1778063784.1335 HTTP/1.1" 200 - "-" "WordPress/6.9.4; https://nipponia.com"
103.38.37.25 - - [06/May/2026:10:36:34 +0000] "POST /xmlrpc.php HTTP/1.1" 503 18030 "-" "Jetpack by WordPress.com"
111.225.148.178 - - [06/May/2026:10:36:36 +0000] "GET /wp-content/uploads/elementor/css/post-175.css?ver=1674635264 HTTP/1.1" 200 439 "https://nipponia.com/" "Mozilla/5.0 (Linux; Android 5.0) AppleWebKit/537.36 (KHTML, like Gecko) Mobile Safari/537.36 (compatible; Bytespider; https://zhanzhang.toutiao.com/)"
111.225.148.178 - - [06/May/2026:10:36:36 +0000] "GET /wp-content/plugins/elementor-pro/assets/js/webpack-pro.runtime.min.js?ver=3.10.2 HTTP/1.1" 200 2439 "https://nipponia.com/" "Mozilla/5.0 (Linux; Android 5.0) AppleWebKit/537.36 (KHTML, like Gecko) Mobile Safari/537.36 (compatible; Bytespider; https://zhanzhang.toutiao.com/)"
20.123.172.228 - - [06/May/2026:10:36:35 +0000] "POST /wp-cron.php?doing_wp_cron=1778063794.9552810192108154296875 HTTP/1.1" 200 - "-" "WordPress/6.9.4; https://nipponia.com"
103.38.37.25 - - [06/May/2026:10:36:45 +0000] "POST /xmlrpc.php HTTP/1.1" 503 18030 "-" "Jetpack by WordPress.com (Jetpack 12.1; WordPress 6.4)"
20.123.172.228 - - [06/May/2026:10:36:47 +0000] "POST /?wordfence_syncAttackData=1778063807.4383 HTTP/1.1" 200 - "-" "WordPress/6.9.4; https://nipponia.com"
111.225.149.35 - - [06/May/2026:10:38:39 +0000] "GET /wp-content/plugins/elementor-pro/assets/css/widget-nav-menu.min.css HTTP/1.1" 200 3332 "http://nipponia.com/" "Mozilla/5.0 (Linux; Android 5.0) AppleWebKit/537.36 (KHTML, like Gecko) Mobile Safari/537.36 (compatible; Bytespider; https://zhanzhang.toutiao.com/)"
94.130.219.13 - - [06/May/2026:10:38:37 +0000] "POST /xmlrpc.php HTTP/1.1" 503 7314 "-" "Mozilla/5.0 (Windows NT 6.3; WOW64; Trident/7.0; ASJB; rv:11.0) like Gecko"
110.249.202.110 - - [06/May/2026:10:38:45 +0000] "GET /nipponia-global-footprint/ HTTP/1.1" 200 11260 "-" "Mozilla/5.0 (Linux; Android 5.0) AppleWebKit/537.36 (KHTML, like Gecko) Mobile Safari/537.36 (compatible; Bytespider; https://zhanzhang.toutiao.com/)"
110.249.202.110 - - [06/May/2026:10:38:57 +0000] "GET /wp-content/uploads/elementor/css/post-367.css?ver=1747053666 HTTP/1.1" 200 388 "https://nipponia.com/nipponia-global-footprint/" "Mozilla/5.0 (Linux; Android 5.0) AppleWebKit/537.36 (KHTML, like Gecko) Mobile Safari/537.36 (compatible; Bytespider; https://zhanzhang.toutiao.com/)"
110.249.202.110 - - [06/May/2026:10:38:57 +0000] "GET /wp-includes/js/jquery/jquery-migrate.min.js?ver=3.4.1 HTTP/1.1" 200 4872 "https://nipponia.com/nipponia-global-footprint/" "Mozilla/5.0 (Linux; Android 5.0) AppleWebKit/537.36 (KHTML, like Gecko) Mobile Safari/537.36 (compatible; Bytespider; https://zhanzhang.toutiao.com/)"
62.232.51.140 - - [06/May/2026:10:39:41 +0000] "GET /wp-login.php HTTP/1.1" 200 1968 "-" "Mozilla/5.0 (Windows NT 10.0) AppleWebKit/537.36 (KHTML, like Gecko) Chrome/65.0.3325.146 Safari/537.36"
20.123.172.228 - - [06/May/2026:10:39:50 +0000] "POST /wp-cron.php?doing_wp_cron=1778063990.7098209857940673828125 HTTP/1.1" 200 - "-" "WordPress/6.9.4; https://nipponia.com"
62.232.51.140 - - [06/May/2026:10:39:51 +0000] "POST /wp-login.php HTTP/1.1" 503 7314 "https://nipponia.com/wp-login.php" "Mozilla/5.0 (Windows NT 10.0) AppleWebKit/537.36 (KHTML, like Gecko) Chrome/65.0.3325.146 Safari/537.36"
148.113.1.176 - - [06/May/2026:10:48:15 +0000] "GET /wp-login.php HTTP/1.1" 200 1968 "-" "Mozilla/5.0 (Macintosh; Intel Mac OS X 10_12_6) AppleWebKit/537.36 (KHTML, like Gecko) Chrome/66.0.3359.139 Safari/537.36"
20.123.172.228 - - [06/May/2026:10:48:24 +0000] "POST /wp-cron.php?doing_wp_cron=1778064504.8338019847869873046875 HTTP/1.1" 200 - "-" "WordPress/6.9.4; https://nipponia.com"
148.113.1.176 - - [06/May/2026:10:48:26 +0000] "POST /wp-login.php HTTP/1.1" 503 7314 "https://nipponia.com/wp-login.php" "Mozilla/5.0 (Macintosh; Intel Mac OS X 10_12_6) AppleWebKit/537.36 (KHTML, like Gecko) Chrome/66.0.3359.139 Safari/537.36"
20.239.192.136 - - [06/May/2026:10:50:23 +0000] "GET /epinyins.php HTTP/1.1" 404 10742 "-" "Mozilla/5.0 (Windows NT 10.0; Win64; x64) AppleWebKit/537.36 (KHTML, like Gecko) Chrome/120.0.0.0 Safari/537.36"
20.123.172.228 - - [06/May/2026:10:50:36 +0000] "POST /wp-cron.php?doing_wp_cron=1778064636.7569870948791503906250 HTTP/1.1" 200 - "-" "WordPress/6.9.4; https://nipponia.com"
20.123.172.228 - - [06/May/2026:10:50:50 +0000] "POST /wp-admin/admin-ajax.php?action=wordfence_testAjax HTTP/1.1" 200 32 "-" "WordPress/6.9.4; https://nipponia.com"
20.123.172.228 - - [06/May/2026:10:51:10 +0000] "POST /wp-cron.php?doing_wp_cron=1778064670.0424358844757080078125 HTTP/1.1" 200 - "-" "WordPress/6.9.4; https://nipponia.com"
20.123.172.228 - - [06/May/2026:10:51:00 +0000] "GET /wp-admin/admin-ajax.php?action=wordfence_doScan&isFork=0&scanMode=quick&cronKey=9e04870f019726905ca954b308cb1027&signature=a3c080887927661a9a9d9220537f109ac306acd85f30a40d1758ecffa1c49e50 HTTP/1.1" 200 - "-" "WordPress/6.9.4; https://nipponia.com"
212.205.99.65 - - [06/May/2026:11:02:36 +0000] "POST /AutoDiscover/autodiscover.xml HTTP/1.1" 404 10161 "-" "Microsoft Office/16.0 (Windows NT 10.0; Microsoft Word 16.0.17328; Pro)"
20.123.172.228 - - [06/May/2026:11:02:48 +0000] "POST /wp-cron.php?doing_wp_cron=1778065368.4983630180358886718750 HTTP/1.1" 200 - "-" "WordPress/6.9.4; https://nipponia.com"
51.68.236.68 - - [06/May/2026:11:05:43 +0000] "GET /robots.txt HTTP/1.1" 200 122 "-" "Mozilla/5.0 (compatible; MJ12bot/v2.0.5; http://mj12bot.com/)"
51.68.236.68 - - [06/May/2026:11:05:53 +0000] "GET / HTTP/1.1" 200 14709 "-" "Mozilla/5.0 (compatible; MJ12bot/v2.0.5; http://mj12bot.com/)"
94.131.117.131 - - [06/May/2026:11:07:12 +0000] "POST / HTTP/1.1" 200 15314 "-" "Mozilla/5.0 (Windows NT 10.0; Win64; x64) AppleWebKit/537.36"
212.205.99.65 - - [06/May/2026:11:23:26 +0000] "GET /favicon.ico HTTP/1.1" 302 - "-" "com.apple.WebKit.Networking/21624.1.16.11.4 Network/5812.101.2 macOS/26.4.1"
212.205.99.65 - - [06/May/2026:11:23:37 +0000] "GET /wp-content/uploads/2023/01/cropped-cropped-1c_v_logo_hr_b-32x32.png HTTP/1.1" 200 1115 "-" "com.apple.WebKit.Networking/21624.1.16.11.4 Network/5812.101.2 macOS/26.4.1"
212.205.99.65 - - [06/May/2026:11:23:26 +0000] "GET /apple-touch-icon-precomposed.png HTTP/1.1" 404 10742 "-" "com.apple.WebKit.Networking/21624.1.16.11.4 Network/5812.101.2 macOS/26.4.1"
212.205.99.65 - - [06/May/2026:11:23:26 +0000] "GET /apple-touch-icon.png HTTP/1.1" 404 10742 "-" "com.apple.WebKit.Networking/21624.1.16.11.4 Network/5812.101.2 macOS/26.4.1"
212.205.99.65 - - [06/May/2026:11:23:26 +0000] "GET / HTTP/1.1" 200 14709 "-" "Mozilla/5.0 (Macintosh; Intel Mac OS X 10_11_1) AppleWebKit/601.2.4 (KHTML, like Gecko) Version/9.0.1 Safari/601.2.4 facebookexternalhit/1.1 Facebot Twitterbot/1.0"
143.198.216.73 - - [06/May/2026:11:42:56 +0000] "GET /images/News/TREMOR_Left.JPG HTTP/1.1" 404 10742 "https://nipponia.com/" "Mozilla/5.0 (Windows NT 10.0; Win64; x64) AppleWebKit/537.36 (KHTML, like Gecko) Chrome/131.0.0.0 Safari/537.36"
143.198.216.73 - - [06/May/2026:11:42:56 +0000] "GET /images/News/Duel%20125_left.JPG HTTP/1.1" 404 10742 "https://nipponia.com/" "Mozilla/5.0 (Windows NT 10.0; Win64; x64) AppleWebKit/537.36 (KHTML, like Gecko) Chrome/131.0.0.0 Safari/537.36"
126.209.84.2 - - [06/May/2026:11:43:26 +0000] "GET /images/News/TREMOR_Left.JPG HTTP/1.1" 404 10742 "https://nipponia.com/" "Mozilla/5.0 (Windows NT 10.0; Win64; x64) AppleWebKit/537.36 (KHTML, like Gecko) Chrome/131.0.0.0 Safari/537.36"
205.254.166.192 - - [06/May/2026:11:46:52 +0000] "POST /xmlrpc.php HTTP/1.1" 503 7928 "-" "Jetpack by WordPress.com (Jetpack 12.5; WordPress 6.1)"
205.254.166.192 - - [06/May/2026:11:47:02 +0000] "POST /xmlrpc.php HTTP/1.1" 503 7959 "-" "Jetpack by WordPress.com (Jetpack 12.0; WordPress 6.4)"
205.254.166.192 - - [06/May/2026:11:47:14 +0000] "POST /xmlrpc.php HTTP/1.1" 503 7959 "-" "Jetpack by WordPress.com (Jetpack 12.5; WordPress 6.3)"
205.254.166.192 - - [06/May/2026:11:47:24 +0000] "POST /xmlrpc.php HTTP/1.1" 503 18030 "-" "Jetpack/12.1; WordPress/6.3; http://site10921607.com"
205.254.166.192 - - [06/May/2026:11:47:35 +0000] "POST /xmlrpc.php HTTP/1.1" 503 18030 "-" "Jetpack by WordPress.com (Jetpack 12.5; WordPress 6.2)"
205.254.166.192 - - [06/May/2026:11:47:45 +0000] "POST /xmlrpc.php HTTP/1.1" 503 18030 "-" "WordPress.com; https://wordpress.com"
205.254.166.192 - - [06/May/2026:11:47:56 +0000] "POST /xmlrpc.php HTTP/1.1" 503 18030 "-" "Jetpack/13.0; WordPress/6.3; http://site84510543.com"
205.254.166.192 - - [06/May/2026:11:48:06 +0000] "POST /xmlrpc.php HTTP/1.1" 503 18030 "-" "Jetpack by WordPress.com (Jetpack 12.5; WordPress 6.1)"
205.254.166.192 - - [06/May/2026:11:48:17 +0000] "POST /xmlrpc.php HTTP/1.1" 503 18030 "-" "Jetpack by WordPress.com"
205.254.166.192 - - [06/May/2026:11:48:28 +0000] "POST /xmlrpc.php HTTP/1.1" 503 18030 "-" "Jetpack by WordPress.com (Jetpack 12.5; WordPress 6.1)"
205.254.166.192 - - [06/May/2026:11:48:38 +0000] "POST /xmlrpc.php HTTP/1.1" 503 18030 "-" "Jetpack by WordPress.com (Jetpack 12.0; WordPress 6.2)"
205.254.166.192 - - [06/May/2026:11:48:49 +0000] "POST /xmlrpc.php HTTP/1.1" 503 18030 "-" "Jetpack by WordPress.com (Jetpack 12.1; WordPress 6.1)"
205.254.166.192 - - [06/May/2026:11:48:59 +0000] "POST /xmlrpc.php HTTP/1.1" 503 18030 "-" "Jetpack/12.5; WordPress/6.4; http://site62063179.com"
205.254.166.192 - - [06/May/2026:11:49:10 +0000] "POST /xmlrpc.php HTTP/1.1" 503 18030 "-" "Jetpack by WordPress.com"
205.254.166.192 - - [06/May/2026:11:49:19 +0000] "POST /xmlrpc.php HTTP/1.1" 503 18030 "-" "Jetpack/12.5; WordPress/6.4; http://site48147843.com"
205.254.166.192 - - [06/May/2026:11:49:30 +0000] "POST /xmlrpc.php HTTP/1.1" 503 18030 "-" "Jetpack by WordPress.com (Jetpack 12.1; WordPress 6.2)"
205.254.166.192 - - [06/May/2026:11:49:40 +0000] "POST /xmlrpc.php HTTP/1.1" 503 18030 "-" "Jetpack/12.0; WordPress/6.3; http://site86137613.com"
205.254.166.192 - - [06/May/2026:11:49:50 +0000] "POST /xmlrpc.php HTTP/1.1" 503 18030 "-" "Jetpack by WordPress.com (Jetpack 12.5; WordPress 6.4)"
205.254.166.192 - - [06/May/2026:11:50:01 +0000] "POST /xmlrpc.php HTTP/1.1" 503 18030 "-" "WordPress.com; https://wordpress.com"
205.254.166.192 - - [06/May/2026:11:50:11 +0000] "POST /xmlrpc.php HTTP/1.1" 503 18030 "-" "Jetpack/13.0; WordPress/6.2; http://site73196414.com"
205.254.166.192 - - [06/May/2026:11:50:21 +0000] "POST /xmlrpc.php HTTP/1.1" 503 18030 "-" "Jetpack/12.1; WordPress/6.4; http://site17472474.com"
205.254.166.192 - - [06/May/2026:11:50:32 +0000] "POST /xmlrpc.php HTTP/1.1" 503 18030 "-" "WordPress.com; https://wordpress.com"
205.254.166.192 - - [06/May/2026:11:50:42 +0000] "POST /xmlrpc.php HTTP/1.1" 503 18030 "-" "WordPress.com; https://wordpress.com"
205.254.166.192 - - [06/May/2026:11:50:53 +0000] "POST /xmlrpc.php HTTP/1.1" 503 18030 "-" "Jetpack by WordPress.com (Jetpack 12.0; WordPress 6.1)"
205.254.166.192 - - [06/May/2026:11:51:03 +0000] "POST /xmlrpc.php HTTP/1.1" 503 18030 "-" "Jetpack by WordPress.com"
205.254.166.192 - - [06/May/2026:11:51:13 +0000] "POST /xmlrpc.php HTTP/1.1" 503 18030 "-" "WordPress.com; https://wordpress.com"
205.254.166.192 - - [06/May/2026:11:51:24 +0000] "POST /xmlrpc.php HTTP/1.1" 503 18030 "-" "WordPress.com; https://wordpress.com"
205.254.166.192 - - [06/May/2026:11:51:34 +0000] "POST /xmlrpc.php HTTP/1.1" 503 18030 "-" "WordPress.com; https://wordpress.com"
205.254.166.192 - - [06/May/2026:11:51:45 +0000] "POST /xmlrpc.php HTTP/1.1" 503 18030 "-" "Jetpack/13.0; WordPress/6.1; http://site52316491.com"
205.254.166.192 - - [06/May/2026:11:51:55 +0000] "POST /xmlrpc.php HTTP/1.1" 503 18030 "-" "Jetpack/12.1; WordPress/6.4; http://site37412688.com"
205.254.166.192 - - [06/May/2026:11:52:06 +0000] "POST /xmlrpc.php HTTP/1.1" 503 18030 "-" "WordPress.com; https://wordpress.com"
205.254.166.192 - - [06/May/2026:11:52:16 +0000] "POST /xmlrpc.php HTTP/1.1" 503 18030 "-" "Jetpack by WordPress.com"
205.254.166.192 - - [06/May/2026:11:52:26 +0000] "POST /xmlrpc.php HTTP/1.1" 503 18030 "-" "Jetpack by WordPress.com"
205.254.166.192 - - [06/May/2026:11:52:37 +0000] "POST /xmlrpc.php HTTP/1.1" 503 18030 "-" "Jetpack by WordPress.com (Jetpack 12.5; WordPress 6.2)"
205.254.166.192 - - [06/May/2026:11:52:47 +0000] "POST /xmlrpc.php HTTP/1.1" 503 18030 "-" "Jetpack by WordPress.com (Jetpack 13.0; WordPress 6.4)"
205.254.166.192 - - [06/May/2026:11:52:58 +0000] "POST /xmlrpc.php HTTP/1.1" 503 18030 "-" "Jetpack/12.1; WordPress/6.4; http://site32368532.com"
205.254.166.192 - - [06/May/2026:11:53:08 +0000] "POST /xmlrpc.php HTTP/1.1" 503 18030 "-" "Jetpack/12.0; WordPress/6.1; http://site89182237.com"
205.254.166.192 - - [06/May/2026:11:53:18 +0000] "POST /xmlrpc.php HTTP/1.1" 503 18030 "-" "Jetpack/12.0; WordPress/6.2; http://site12145559.com"
205.254.166.192 - - [06/May/2026:11:53:29 +0000] "POST /xmlrpc.php HTTP/1.1" 503 18030 "-" "WordPress.com; https://wordpress.com"
205.254.166.192 - - [06/May/2026:11:53:39 +0000] "POST /xmlrpc.php HTTP/1.1" 503 18030 "-" "Jetpack by WordPress.com"
205.254.166.192 - - [06/May/2026:11:53:50 +0000] "POST /xmlrpc.php HTTP/1.1" 503 18030 "-" "Jetpack by WordPress.com (Jetpack 12.1; WordPress 6.1)"
205.254.166.192 - - [06/May/2026:11:54:00 +0000] "POST /xmlrpc.php HTTP/1.1" 503 18030 "-" "WordPress.com; https://wordpress.com"
205.254.166.192 - - [06/May/2026:11:54:10 +0000] "POST /xmlrpc.php HTTP/1.1" 503 18030 "-" "Jetpack by WordPress.com (Jetpack 13.0; WordPress 6.3)"
205.254.166.192 - - [06/May/2026:11:54:21 +0000] "POST /xmlrpc.php HTTP/1.1" 503 18030 "-" "Jetpack by WordPress.com (Jetpack 13.0; WordPress 6.4)"
205.254.166.192 - - [06/May/2026:11:54:31 +0000] "POST /xmlrpc.php HTTP/1.1" 503 18030 "-" "Jetpack by WordPress.com (Jetpack 12.0; WordPress 6.2)"
205.254.166.192 - - [06/May/2026:11:54:41 +0000] "POST /xmlrpc.php HTTP/1.1" 503 18030 "-" "WordPress.com; https://wordpress.com"
205.254.166.192 - - [06/May/2026:11:54:52 +0000] "POST /xmlrpc.php HTTP/1.1" 503 18030 "-" "Jetpack by WordPress.com"
205.254.166.192 - - [06/May/2026:11:55:02 +0000] "POST /xmlrpc.php HTTP/1.1" 503 18030 "-" "Jetpack by WordPress.com"
205.254.166.192 - - [06/May/2026:11:55:13 +0000] "POST /xmlrpc.php HTTP/1.1" 503 18030 "-" "Jetpack/12.5; WordPress/6.2; http://site28959220.com"
205.254.166.192 - - [06/May/2026:11:55:23 +0000] "POST /xmlrpc.php HTTP/1.1" 503 18030 "-" "WordPress.com; https://wordpress.com"
205.254.166.192 - - [06/May/2026:11:55:33 +0000] "POST /xmlrpc.php HTTP/1.1" 503 18030 "-" "Jetpack/13.0; WordPress/6.2; http://site23223766.com"
205.254.166.192 - - [06/May/2026:11:55:44 +0000] "POST /xmlrpc.php HTTP/1.1" 503 18030 "-" "WordPress.com; https://wordpress.com"
205.254.166.192 - - [06/May/2026:11:55:54 +0000] "POST /xmlrpc.php HTTP/1.1" 503 18030 "-" "Jetpack by WordPress.com (Jetpack 12.1; WordPress 6.2)"
205.254.166.192 - - [06/May/2026:11:56:05 +0000] "POST /xmlrpc.php HTTP/1.1" 503 18030 "-" "WordPress.com; https://wordpress.com"
205.254.166.192 - - [06/May/2026:11:56:15 +0000] "POST /xmlrpc.php HTTP/1.1" 503 18030 "-" "Jetpack by WordPress.com"
205.254.166.192 - - [06/May/2026:11:56:25 +0000] "POST /xmlrpc.php HTTP/1.1" 503 18030 "-" "Jetpack by WordPress.com (Jetpack 13.0; WordPress 6.2)"
205.254.166.192 - - [06/May/2026:11:56:36 +0000] "POST /xmlrpc.php HTTP/1.1" 503 18030 "-" "WordPress.com; https://wordpress.com"
205.254.166.192 - - [06/May/2026:11:56:46 +0000] "POST /xmlrpc.php HTTP/1.1" 503 18030 "-" "Jetpack by WordPress.com (Jetpack 12.0; WordPress 6.3)"
27.112.79.157 - - [06/May/2026:11:56:37 +0000] "POST /xmlrpc.php HTTP/1.1" 503 7314 "-" "Mozilla/5.0 (Windows NT 6.1) AppleWebKit/537.36 (KHTML, like Gecko) Chrome/67.0.3396.62 Safari/537.36"
20.123.172.228 - - [06/May/2026:11:56:50 +0000] "POST /wp-cron.php?doing_wp_cron=1778068610.0026960372924804687500 HTTP/1.1" 200 - "-" "WordPress/6.9.4; https://nipponia.com"
20.123.172.228 - - [06/May/2026:11:56:44 +0000] "POST /?wordfence_syncAttackData=1778068604.21 HTTP/1.1" 200 - "-" "WordPress/6.9.4; https://nipponia.com"
205.254.166.192 - - [06/May/2026:11:56:56 +0000] "POST /xmlrpc.php HTTP/1.1" 503 18030 "-" "WordPress.com; https://wordpress.com"
205.254.166.192 - - [06/May/2026:11:57:07 +0000] "POST /xmlrpc.php HTTP/1.1" 503 7928 "-" "Jetpack/13.0; WordPress/6.2; http://site29311248.com"
20.123.172.228 - - [06/May/2026:11:57:14 +0000] "POST /?wordfence_syncAttackData=1778068634.0684 HTTP/1.1" 200 - "-" "WordPress/6.9.4; https://nipponia.com"
205.254.166.192 - - [06/May/2026:11:57:17 +0000] "POST /xmlrpc.php HTTP/1.1" 503 7959 "-" "WordPress.com; https://wordpress.com"
205.254.166.192 - - [06/May/2026:11:57:27 +0000] "POST /xmlrpc.php HTTP/1.1" 503 18030 "-" "WordPress.com; https://wordpress.com"
205.254.166.192 - - [06/May/2026:11:57:38 +0000] "POST /xmlrpc.php HTTP/1.1" 503 18030 "-" "Jetpack by WordPress.com (Jetpack 13.0; WordPress 6.1)"
205.254.166.192 - - [06/May/2026:11:57:48 +0000] "POST /xmlrpc.php HTTP/1.1" 503 18030 "-" "WordPress.com; https://wordpress.com"
205.254.166.192 - - [06/May/2026:11:57:59 +0000] "POST /xmlrpc.php HTTP/1.1" 503 18030 "-" "Jetpack by WordPress.com (Jetpack 12.1; WordPress 6.4)"
205.254.166.192 - - [06/May/2026:11:58:09 +0000] "POST /xmlrpc.php HTTP/1.1" 503 18030 "-" "Jetpack by WordPress.com"
205.254.166.192 - - [06/May/2026:11:58:19 +0000] "POST /xmlrpc.php HTTP/1.1" 503 18030 "-" "Jetpack/12.5; WordPress/6.4; http://site23132407.com"
205.254.166.192 - - [06/May/2026:11:58:30 +0000] "POST /xmlrpc.php HTTP/1.1" 503 18030 "-" "Jetpack/12.0; WordPress/6.1; http://site98836354.com"
205.254.166.192 - - [06/May/2026:11:58:40 +0000] "POST /xmlrpc.php HTTP/1.1" 503 18030 "-" "Jetpack by WordPress.com (Jetpack 12.5; WordPress 6.4)"
205.254.166.192 - - [06/May/2026:11:58:51 +0000] "POST /xmlrpc.php HTTP/1.1" 503 18030 "-" "Jetpack by WordPress.com"
205.254.166.192 - - [06/May/2026:11:59:01 +0000] "POST /xmlrpc.php HTTP/1.1" 503 18030 "-" "WordPress.com; https://wordpress.com"
