103.168.66.237 - - [06/May/2026:03:40:25 +0000] "GET /%70%68%70.%70%68%70 HTTP/1.1" 404 48582 "-" "Mozilla/5.0 (X11; Linux x86_64) AppleWebKit/537.36 (KHTML, like Gecko) Chrome/120.0.0.0 Safari/537.36"
103.168.66.237 - - [06/May/2026:03:40:25 +0000] "GET /.%65%6Ev HTTP/1.1" 404 48582 "-" "Mozilla/5.0 (Windows NT 10.0; Win64; x64; rv:121.0) Gecko/20100101 Firefox/121.0"
103.168.66.237 - - [06/May/2026:03:40:26 +0000] "GET /.%2567%2569%2574/%2563%256F%256E%2566%2569%2567 HTTP/1.1" 404 48582 "-" "Mozilla/5.0 (X11; Linux x86_64) AppleWebKit/537.36 (KHTML, like Gecko) Chrome/120.0.0.0 Safari/537.36"
103.168.66.237 - - [06/May/2026:03:40:26 +0000] "GET /.git/logs/HEAD HTTP/1.1" 404 48582 "-" "Mozilla/5.0 (X11; Linux x86_64) AppleWebKit/537.36 (KHTML, like Gecko) Chrome/120.0.0.0 Safari/537.36"
103.168.66.237 - - [06/May/2026:03:40:26 +0000] "GET /.%67%69%74/%63%6F%6E%66%69%67 HTTP/1.1" 404 48582 "-" "Mozilla/5.0 (Windows NT 10.0; Win64; x64) AppleWebKit/537.36 (KHTML, like Gecko) Chrome/120.0.0.0 Safari/537.36"
103.168.66.237 - - [06/May/2026:03:40:26 +0000] "GET /.git/config HTTP/1.1" 404 48582 "-" "Mozilla/5.0 (Windows NT 10.0; Win64; x64) AppleWebKit/537.36 (KHTML, like Gecko) Chrome/120.0.0.0 Safari/537.36"
103.168.66.237 - - [06/May/2026:03:40:26 +0000] "GET /.%65%6Ev.%73%74%61%67%69%6E%67 HTTP/1.1" 404 48582 "-" "Mozilla/5.0 (Macintosh; Intel Mac OS X 10_15_7) AppleWebKit/537.36 (KHTML, like Gecko) Chrome/120.0.0.0 Safari/537.36"
103.168.66.237 - - [06/May/2026:03:40:26 +0000] "GET /.git/refs/heads/main HTTP/1.1" 404 48582 "-" "Mozilla/5.0 (Windows NT 10.0; Win64; x64) AppleWebKit/537.36 (KHTML, like Gecko) Chrome/120.0.0.0 Safari/537.36"
103.168.66.237 - - [06/May/2026:03:40:26 +0000] "GET /.git/HEAD HTTP/1.1" 404 48582 "-" "Mozilla/5.0 (Windows NT 10.0; Win64; x64; rv:121.0) Gecko/20100101 Firefox/121.0"
103.168.66.237 - - [06/May/2026:03:40:26 +0000] "GET /.git/index HTTP/1.1" 404 48582 "-" "Mozilla/5.0 (Windows NT 10.0; Win64; x64) AppleWebKit/537.36 (KHTML, like Gecko) Chrome/120.0.0.0 Safari/537.36"
20.123.172.228 - - [06/May/2026:03:40:29 +0000] "POST /wp-cron.php?doing_wp_cron=1778038829.0315389633178710937500 HTTP/1.1" 200 - "-" "WordPress/6.9.4; https://nipponia.com"
103.168.66.237 - - [06/May/2026:03:40:27 +0000] "GET /.%68%74%70%61%73%73%77%64 HTTP/1.1" 404 48582 "-" "Mozilla/5.0 (Macintosh; Intel Mac OS X 10_15_7) AppleWebKit/537.36 (KHTML, like Gecko) Chrome/120.0.0.0 Safari/537.36"
103.168.66.237 - - [06/May/2026:03:40:27 +0000] "GET /.git/refs/heads/master HTTP/1.1" 404 48582 "-" "Mozilla/5.0 (Windows NT 10.0; Win64; x64; rv:121.0) Gecko/20100101 Firefox/121.0"
103.168.66.237 - - [06/May/2026:03:40:28 +0000] "GET /.%65%6Ev.%64%65%76 HTTP/1.1" 404 8192 "-" "Mozilla/5.0 (compatible; SecurityScanner/1.0)"
103.168.66.237 - - [06/May/2026:03:40:30 +0000] "GET /.env;.jpg HTTP/1.1" 404 48582 "-" "Mozilla/5.0 (X11; Linux x86_64) AppleWebKit/537.36 (KHTML, like Gecko) Chrome/120.0.0.0 Safari/537.36"
103.168.66.237 - - [06/May/2026:03:40:31 +0000] "GET /.env.backup HTTP/1.1" 404 48582 "-" "Mozilla/5.0 (compatible; SecurityScanner/1.0)"
103.168.66.237 - - [06/May/2026:03:40:31 +0000] "GET /.env.old HTTP/1.1" 404 48582 "-" "Mozilla/5.0 (Windows NT 10.0; Win64; x64; rv:121.0) Gecko/20100101 Firefox/121.0"
103.168.66.237 - - [06/May/2026:03:40:34 +0000] "GET /.env.development.local HTTP/1.1" 404 48582 "-" "Mozilla/5.0 (Macintosh; Intel Mac OS X 10_15_7) AppleWebKit/537.36 (KHTML, like Gecko) Chrome/120.0.0.0 Safari/537.36"
103.168.66.237 - - [06/May/2026:03:40:34 +0000] "GET /.env.production.local HTTP/1.1" 404 48582 "-" "Mozilla/5.0 (Windows NT 10.0; Win64; x64; rv:121.0) Gecko/20100101 Firefox/121.0"
103.168.66.237 - - [06/May/2026:03:40:34 +0000] "GET /.%65%6Ev.%62%61%6B HTTP/1.1" 404 48582 "-" "Mozilla/5.0 (compatible; SecurityScanner/1.0)"
103.168.66.237 - - [06/May/2026:03:40:35 +0000] "GET /.%65%6Ev.%62%61%63%6B%75%70 HTTP/1.1" 404 48582 "-" "Mozilla/5.0 (Windows NT 10.0; Win64; x64; rv:121.0) Gecko/20100101 Firefox/121.0"
103.168.66.237 - - [06/May/2026:03:40:35 +0000] "GET /wp-config.php.orig HTTP/1.1" 404 48582 "-" "Mozilla/5.0 (compatible; SecurityScanner/1.0)"
103.168.66.237 - - [06/May/2026:03:40:35 +0000] "GET /old-wp-config.php HTTP/1.1" 404 48582 "-" "Mozilla/5.0 (Windows NT 10.0; Win64; x64; rv:121.0) Gecko/20100101 Firefox/121.0"
103.168.66.237 - - [06/May/2026:03:40:35 +0000] "GET /wp-config-backup.php HTTP/1.1" 404 48582 "-" "Mozilla/5.0 (Macintosh; Intel Mac OS X 10_15_7) AppleWebKit/537.36 (KHTML, like Gecko) Chrome/120.0.0.0 Safari/537.36"
103.168.66.237 - - [06/May/2026:03:40:35 +0000] "GET /wp-config_old.php HTTP/1.1" 404 48582 "-" "Mozilla/5.0 (Macintosh; Intel Mac OS X 10_15_7) AppleWebKit/537.36 (KHTML, like Gecko) Chrome/120.0.0.0 Safari/537.36"
103.168.66.237 - - [06/May/2026:03:40:35 +0000] "GET /wp-config-old.php HTTP/1.1" 404 48582 "-" "Mozilla/5.0 (X11; Linux x86_64) AppleWebKit/537.36 (KHTML, like Gecko) Chrome/120.0.0.0 Safari/537.36"
103.168.66.237 - - [06/May/2026:03:40:37 +0000] "GET /server-status?auto HTTP/1.1" 404 48582 "-" "Mozilla/5.0 (compatible; SecurityScanner/1.0)"
103.168.66.237 - - [06/May/2026:03:40:37 +0000] "GET /api/v1/.env HTTP/1.1" 404 48582 "-" "Mozilla/5.0 (Macintosh; Intel Mac OS X 10_15_7) AppleWebKit/537.36 (KHTML, like Gecko) Chrome/120.0.0.0 Safari/537.36"
103.168.66.237 - - [06/May/2026:03:40:37 +0000] "GET /wp-config.php::$DATA HTTP/1.1" 404 48691 "-" "Mozilla/5.0 (Windows NT 10.0; Win64; x64) AppleWebKit/537.36 (KHTML, like Gecko) Chrome/120.0.0.0 Safari/537.36"
103.168.66.237 - - [06/May/2026:03:40:37 +0000] "GET /server-status HTTP/1.1" 404 48582 "-" "Mozilla/5.0 (Windows NT 10.0; Win64; x64) AppleWebKit/537.36 (KHTML, like Gecko) Chrome/120.0.0.0 Safari/537.36"
103.168.66.237 - - [06/May/2026:03:40:37 +0000] "GET /api/.env HTTP/1.1" 404 48691 "-" "Mozilla/5.0 (Macintosh; Intel Mac OS X 10_15_7) AppleWebKit/537.36 (KHTML, like Gecko) Chrome/120.0.0.0 Safari/537.36"
103.168.66.237 - - [06/May/2026:03:40:38 +0000] "GET /wp-content/debug.log HTTP/1.1" 404 48691 "-" "Mozilla/5.0 (Windows NT 10.0; Win64; x64; rv:121.0) Gecko/20100101 Firefox/121.0"
103.168.66.237 - - [06/May/2026:03:40:38 +0000] "GET /app/.env HTTP/1.1" 404 48691 "-" "Mozilla/5.0 (Macintosh; Intel Mac OS X 10_15_7) AppleWebKit/537.36 (KHTML, like Gecko) Chrome/120.0.0.0 Safari/537.36"
103.168.66.237 - - [06/May/2026:03:40:38 +0000] "GET /backend/.env HTTP/1.1" 404 48690 "-" "Mozilla/5.0 (X11; Linux x86_64) AppleWebKit/537.36 (KHTML, like Gecko) Chrome/120.0.0.0 Safari/537.36"
103.168.66.237 - - [06/May/2026:03:40:38 +0000] "GET /.%65%6Ev.%73%61%76%65 HTTP/1.1" 404 48691 "-" "Mozilla/5.0 (Windows NT 10.0; Win64; x64) AppleWebKit/537.36 (KHTML, like Gecko) Chrome/120.0.0.0 Safari/537.36"
103.168.66.237 - - [06/May/2026:03:40:40 +0000] "GET /composer.json HTTP/1.1" 404 48691 "-" "Mozilla/5.0 (Windows NT 10.0; Win64; x64; rv:121.0) Gecko/20100101 Firefox/121.0"
103.168.66.237 - - [06/May/2026:03:40:40 +0000] "GET /server-info HTTP/1.1" 404 48691 "-" "Mozilla/5.0 (Windows NT 10.0; Win64; x64) AppleWebKit/537.36 (KHTML, like Gecko) Chrome/120.0.0.0 Safari/537.36"
103.168.66.237 - - [06/May/2026:03:40:40 +0000] "GET /public/.env HTTP/1.1" 404 48691 "-" "Mozilla/5.0 (X11; Linux x86_64) AppleWebKit/537.36 (KHTML, like Gecko) Chrome/120.0.0.0 Safari/537.36"
103.168.66.237 - - [06/May/2026:03:40:40 +0000] "GET /config/.env HTTP/1.1" 404 48691 "-" "Mozilla/5.0 (compatible; SecurityScanner/1.0)"
103.168.66.237 - - [06/May/2026:03:40:41 +0000] "GET /admin/.env HTTP/1.1" 404 48691 "-" "Mozilla/5.0 (compatible; SecurityScanner/1.0)"
103.168.66.237 - - [06/May/2026:03:40:40 +0000] "GET /?-s HTTP/1.1" 200 76527 "-" "Mozilla/5.0 (Windows NT 10.0; Win64; x64) AppleWebKit/537.36 (KHTML, like Gecko) Chrome/120.0.0.0 Safari/537.36"
103.168.66.237 - - [06/May/2026:03:40:41 +0000] "GET /web/.env HTTP/1.1" 404 48691 "-" "Mozilla/5.0 (X11; Linux x86_64) AppleWebKit/537.36 (KHTML, like Gecko) Chrome/120.0.0.0 Safari/537.36"
103.168.66.237 - - [06/May/2026:03:40:44 +0000] "GET /actuator/health HTTP/1.1" 404 48691 "-" "Mozilla/5.0 (compatible; SecurityScanner/1.0)"
103.168.66.237 - - [06/May/2026:03:40:44 +0000] "GET /%61%70%70/.%65%6Ev HTTP/1.1" 404 48691 "-" "Mozilla/5.0 (Windows NT 10.0; Win64; x64) AppleWebKit/537.36 (KHTML, like Gecko) Chrome/120.0.0.0 Safari/537.36"
103.168.66.237 - - [06/May/2026:03:40:44 +0000] "GET /%70%75%62%6C%69%63/.%65%6Ev HTTP/1.1" 404 48691 "-" "Mozilla/5.0 (compatible; SecurityScanner/1.0)"
103.168.66.237 - - [06/May/2026:03:40:45 +0000] "GET /%61%63%74%75%61%74%6F%72/%63%6F%6E%66%69%67%70%72%6F%70%73 HTTP/1.1" 404 48691 "-" "Mozilla/5.0 (Windows NT 10.0; Win64; x64; rv:121.0) Gecko/20100101 Firefox/121.0"
103.168.66.237 - - [06/May/2026:03:40:45 +0000] "GET /%63%6F%6E%66%69%67/.%65%6Ev HTTP/1.1" 404 48691 "-" "Mozilla/5.0 (X11; Linux x86_64) AppleWebKit/537.36 (KHTML, like Gecko) Chrome/120.0.0.0 Safari/537.36"
103.168.66.237 - - [06/May/2026:03:40:45 +0000] "GET /%6C%61%72%61%76%65%6C/.%65%6Ev HTTP/1.1" 404 48691 "-" "Mozilla/5.0 (X11; Linux x86_64) AppleWebKit/537.36 (KHTML, like Gecko) Chrome/120.0.0.0 Safari/537.36"
103.168.66.237 - - [06/May/2026:03:40:46 +0000] "GET /%61%63%74%75%61%74%6F%72/%65%6E%76 HTTP/1.1" 404 48691 "-" "Mozilla/5.0 (X11; Linux x86_64) AppleWebKit/537.36 (KHTML, like Gecko) Chrome/120.0.0.0 Safari/537.36"
103.168.66.237 - - [06/May/2026:03:40:48 +0000] "GET /%61%63%74%75%61%74%6F%72/%62%65%61%6E%73 HTTP/1.1" 404 48691 "-" "Mozilla/5.0 (Windows NT 10.0; Win64; x64) AppleWebKit/537.36 (KHTML, like Gecko) Chrome/120.0.0.0 Safari/537.36"
103.168.66.237 - - [06/May/2026:03:40:48 +0000] "GET /actuator/trace HTTP/1.1" 404 48691 "-" "Mozilla/5.0 (Windows NT 10.0; Win64; x64) AppleWebKit/537.36 (KHTML, like Gecko) Chrome/120.0.0.0 Safari/537.36"
103.168.66.237 - - [06/May/2026:03:40:47 +0000] "GET /actuator/loggers HTTP/1.1" 404 48691 "-" "Mozilla/5.0 (compatible; SecurityScanner/1.0)"
103.168.66.237 - - [06/May/2026:03:40:48 +0000] "GET /actuator/threaddump HTTP/1.1" 404 48691 "-" "Mozilla/5.0 (X11; Linux x86_64) AppleWebKit/537.36 (KHTML, like Gecko) Chrome/120.0.0.0 Safari/537.36"
103.168.66.237 - - [06/May/2026:03:40:48 +0000] "GET /env HTTP/1.1" 404 48691 "-" "Mozilla/5.0 (Windows NT 10.0; Win64; x64) AppleWebKit/537.36 (KHTML, like Gecko) Chrome/120.0.0.0 Safari/537.36"
103.168.66.237 - - [06/May/2026:03:40:48 +0000] "GET /actuator/beans HTTP/1.1" 404 48691 "-" "Mozilla/5.0 (Windows NT 10.0; Win64; x64) AppleWebKit/537.36 (KHTML, like Gecko) Chrome/120.0.0.0 Safari/537.36"
103.168.66.237 - - [06/May/2026:03:40:48 +0000] "GET /env.json HTTP/1.1" 404 48691 "-" "Mozilla/5.0 (Windows NT 10.0; Win64; x64; rv:121.0) Gecko/20100101 Firefox/121.0"
103.168.66.237 - - [06/May/2026:03:40:48 +0000] "GET /env.txt HTTP/1.1" 404 48691 "-" "Mozilla/5.0 (Windows NT 10.0; Win64; x64; rv:121.0) Gecko/20100101 Firefox/121.0"
103.168.66.237 - - [06/May/2026:03:40:51 +0000] "GET /export.sql HTTP/1.1" 404 48691 "-" "Mozilla/5.0 (compatible; SecurityScanner/1.0)"
103.168.66.237 - - [06/May/2026:03:40:51 +0000] "GET /all-databases.sql HTTP/1.1" 404 48691 "-" "Mozilla/5.0 (compatible; SecurityScanner/1.0)"
103.168.66.237 - - [06/May/2026:03:40:51 +0000] "GET /data.sql HTTP/1.1" 404 48691 "-" "Mozilla/5.0 (Windows NT 10.0; Win64; x64) AppleWebKit/537.36 (KHTML, like Gecko) Chrome/120.0.0.0 Safari/537.36"
103.168.66.237 - - [06/May/2026:03:40:52 +0000] "GET /pg_dump.sql HTTP/1.1" 404 48691 "-" "Mozilla/5.0 (compatible; SecurityScanner/1.0)"
103.168.66.237 - - [06/May/2026:03:40:52 +0000] "GET /full_backup.sql HTTP/1.1" 404 48691 "-" "Mozilla/5.0 (Macintosh; Intel Mac OS X 10_15_7) AppleWebKit/537.36 (KHTML, like Gecko) Chrome/120.0.0.0 Safari/537.36"
103.168.66.237 - - [06/May/2026:03:40:53 +0000] "GET /wp.sql HTTP/1.1" 404 48691 "-" "Mozilla/5.0 (Windows NT 10.0; Win64; x64) AppleWebKit/537.36 (KHTML, like Gecko) Chrome/120.0.0.0 Safari/537.36"
103.168.66.237 - - [06/May/2026:03:40:54 +0000] "GET /config/credentials.yml.enc HTTP/1.1" 404 48691 "-" "Mozilla/5.0 (Windows NT 10.0; Win64; x64; rv:121.0) Gecko/20100101 Firefox/121.0"
103.168.66.237 - - [06/May/2026:03:40:55 +0000] "GET /config/credentials/development.key HTTP/1.1" 404 48691 "-" "Mozilla/5.0 (compatible; SecurityScanner/1.0)"
103.168.66.237 - - [06/May/2026:03:40:55 +0000] "GET /config/credentials/production.key HTTP/1.1" 404 48691 "-" "Mozilla/5.0 (Windows NT 10.0; Win64; x64; rv:121.0) Gecko/20100101 Firefox/121.0"
103.168.66.237 - - [06/May/2026:03:40:55 +0000] "GET /config/credentials/production.yml.enc HTTP/1.1" 404 48691 "-" "Mozilla/5.0 (X11; Linux x86_64) AppleWebKit/537.36 (KHTML, like Gecko) Chrome/120.0.0.0 Safari/537.36"
103.168.66.237 - - [06/May/2026:03:40:59 +0000] "GET /appsettings.Production.json HTTP/1.1" 404 48691 "-" "Mozilla/5.0 (compatible; SecurityScanner/1.0)"
103.168.66.237 - - [06/May/2026:03:40:59 +0000] "GET /appsettings.Development.json HTTP/1.1" 404 48691 "-" "Mozilla/5.0 (X11; Linux x86_64) AppleWebKit/537.36 (KHTML, like Gecko) Chrome/120.0.0.0 Safari/537.36"
103.168.66.237 - - [06/May/2026:03:40:59 +0000] "GET /config/secrets.yml HTTP/1.1" 404 48691 "-" "Mozilla/5.0 (Windows NT 10.0; Win64; x64; rv:121.0) Gecko/20100101 Firefox/121.0"
103.168.66.237 - - [06/May/2026:03:40:59 +0000] "GET /appsettings.local.json HTTP/1.1" 404 48691 "-" "Mozilla/5.0 (X11; Linux x86_64) AppleWebKit/537.36 (KHTML, like Gecko) Chrome/120.0.0.0 Safari/537.36"
103.168.66.237 - - [06/May/2026:03:40:59 +0000] "GET /appsettings.json.bak HTTP/1.1" 404 48691 "-" "Mozilla/5.0 (Macintosh; Intel Mac OS X 10_15_7) AppleWebKit/537.36 (KHTML, like Gecko) Chrome/120.0.0.0 Safari/537.36"
103.168.66.237 - - [06/May/2026:03:40:59 +0000] "GET /web.config HTTP/1.1" 404 48691 "-" "Mozilla/5.0 (compatible; SecurityScanner/1.0)"
103.168.66.237 - - [06/May/2026:03:40:59 +0000] "GET /appsettings.Staging.json HTTP/1.1" 404 48691 "-" "Mozilla/5.0 (Macintosh; Intel Mac OS X 10_15_7) AppleWebKit/537.36 (KHTML, like Gecko) Chrome/120.0.0.0 Safari/537.36"
103.168.66.237 - - [06/May/2026:03:41:00 +0000] "GET /web.config~ HTTP/1.1" 404 48691 "-" "Mozilla/5.0 (Windows NT 10.0; Win64; x64; rv:121.0) Gecko/20100101 Firefox/121.0"
103.168.66.237 - - [06/May/2026:03:41:00 +0000] "GET /web.config.bak HTTP/1.1" 404 48691 "-" "Mozilla/5.0 (Windows NT 10.0; Win64; x64) AppleWebKit/537.36 (KHTML, like Gecko) Chrome/120.0.0.0 Safari/537.36"
103.168.66.237 - - [06/May/2026:03:41:00 +0000] "GET /web.config.old HTTP/1.1" 404 48691 "-" "Mozilla/5.0 (Windows NT 10.0; Win64; x64) AppleWebKit/537.36 (KHTML, like Gecko) Chrome/120.0.0.0 Safari/537.36"
103.168.66.237 - - [06/May/2026:03:41:01 +0000] "GET /Web.Debug.config HTTP/1.1" 404 48691 "-" "Mozilla/5.0 (X11; Linux x86_64) AppleWebKit/537.36 (KHTML, like Gecko) Chrome/120.0.0.0 Safari/537.36"
103.168.66.237 - - [06/May/2026:03:41:07 +0000] "GET /swagger.yaml HTTP/1.1" 404 48691 "-" "Mozilla/5.0 (compatible; SecurityScanner/1.0)"
103.168.66.237 - - [06/May/2026:03:41:09 +0000] "GET /openapi.yaml HTTP/1.1" 404 8192 "-" "Mozilla/5.0 (X11; Linux x86_64) AppleWebKit/537.36 (KHTML, like Gecko) Chrome/120.0.0.0 Safari/537.36"
103.168.66.237 - - [06/May/2026:03:41:10 +0000] "GET /v3/api-docs HTTP/1.1" 404 48691 "-" "Mozilla/5.0 (X11; Linux x86_64) AppleWebKit/537.36 (KHTML, like Gecko) Chrome/120.0.0.0 Safari/537.36"
103.168.66.237 - - [06/May/2026:03:41:10 +0000] "GET /v2/api-docs HTTP/1.1" 404 48691 "-" "Mozilla/5.0 (Windows NT 10.0; Win64; x64) AppleWebKit/537.36 (KHTML, like Gecko) Chrome/120.0.0.0 Safari/537.36"
103.168.66.237 - - [06/May/2026:03:41:10 +0000] "GET /config/settings.inc.php HTTP/1.1" 404 48691 "-" "Mozilla/5.0 (Windows NT 10.0; Win64; x64) AppleWebKit/537.36 (KHTML, like Gecko) Chrome/120.0.0.0 Safari/537.36"
103.168.66.237 - - [06/May/2026:03:41:10 +0000] "GET /ecosystem.config.js HTTP/1.1" 404 48691 "-" "Mozilla/5.0 (Windows NT 10.0; Win64; x64; rv:121.0) Gecko/20100101 Firefox/121.0"
103.168.66.237 - - [06/May/2026:03:41:10 +0000] "GET /swagger-ui/index.html HTTP/1.1" 404 48691 "-" "Mozilla/5.0 (Windows NT 10.0; Win64; x64; rv:121.0) Gecko/20100101 Firefox/121.0"
103.168.66.237 - - [06/May/2026:03:41:11 +0000] "GET /config/default.json HTTP/1.1" 404 48690 "-" "Mozilla/5.0 (Macintosh; Intel Mac OS X 10_15_7) AppleWebKit/537.36 (KHTML, like Gecko) Chrome/120.0.0.0 Safari/537.36"
103.168.66.237 - - [06/May/2026:03:41:12 +0000] "GET /config/server.js HTTP/1.1" 404 48691 "-" "Mozilla/5.0 (Windows NT 10.0; Win64; x64; rv:121.0) Gecko/20100101 Firefox/121.0"
103.168.66.237 - - [06/May/2026:03:41:12 +0000] "GET /config/database.js HTTP/1.1" 404 48691 "-" "Mozilla/5.0 (Windows NT 10.0; Win64; x64) AppleWebKit/537.36 (KHTML, like Gecko) Chrome/120.0.0.0 Safari/537.36"
103.168.66.237 - - [06/May/2026:03:41:13 +0000] "GET /terraform.tfstate HTTP/1.1" 404 48691 "-" "Mozilla/5.0 (Windows NT 10.0; Win64; x64) AppleWebKit/537.36 (KHTML, like Gecko) Chrome/120.0.0.0 Safari/537.36"
103.168.66.237 - - [06/May/2026:03:41:13 +0000] "GET /parameters.yml HTTP/1.1" 404 48690 "-" "Mozilla/5.0 (Windows NT 10.0; Win64; x64) AppleWebKit/537.36 (KHTML, like Gecko) Chrome/120.0.0.0 Safari/537.36"
103.168.66.237 - - [06/May/2026:03:41:13 +0000] "GET /app/config/parameters.yml HTTP/1.1" 404 48691 "-" "Mozilla/5.0 (Windows NT 10.0; Win64; x64; rv:121.0) Gecko/20100101 Firefox/121.0"
103.168.66.237 - - [06/May/2026:03:41:13 +0000] "GET /terraform.tfstate.backup HTTP/1.1" 404 48691 "-" "Mozilla/5.0 (Windows NT 10.0; Win64; x64) AppleWebKit/537.36 (KHTML, like Gecko) Chrome/120.0.0.0 Safari/537.36"
103.168.66.237 - - [06/May/2026:03:41:13 +0000] "GET /%74%65%72%72%61%66%6F%72%6D.%74%66%73%74%61%74%65 HTTP/1.1" 404 48691 "-" "Mozilla/5.0 (Macintosh; Intel Mac OS X 10_15_7) AppleWebKit/537.36 (KHTML, like Gecko) Chrome/120.0.0.0 Safari/537.36"
103.168.66.237 - - [06/May/2026:03:41:14 +0000] "GET /secrets.json HTTP/1.1" 404 48691 "-" "Mozilla/5.0 (Windows NT 10.0; Win64; x64) AppleWebKit/537.36 (KHTML, like Gecko) Chrome/120.0.0.0 Safari/537.36"
103.168.66.237 - - [06/May/2026:03:41:15 +0000] "GET /%73%65%63%72%65%74%73.%6A%73%6F%6E HTTP/1.1" 404 48691 "-" "Mozilla/5.0 (Windows NT 10.0; Win64; x64; rv:121.0) Gecko/20100101 Firefox/121.0"
103.168.66.237 - - [06/May/2026:03:41:15 +0000] "GET /terraform.tfvars HTTP/1.1" 404 48690 "-" "Mozilla/5.0 (Windows NT 10.0; Win64; x64) AppleWebKit/537.36 (KHTML, like Gecko) Chrome/120.0.0.0 Safari/537.36"
103.168.66.237 - - [06/May/2026:03:41:15 +0000] "GET /%74%65%72%72%61%66%6F%72%6D.%74%66%76%61%72%73 HTTP/1.1" 404 48691 "-" "Mozilla/5.0 (Windows NT 10.0; Win64; x64) AppleWebKit/537.36 (KHTML, like Gecko) Chrome/120.0.0.0 Safari/537.36"
20.123.172.228 - - [06/May/2026:03:41:17 +0000] "POST /?wordfence_syncAttackData=1778038877.9268 HTTP/1.1" 200 - "-" "WordPress/6.9.4; https://nipponia.com"
103.168.66.237 - - [06/May/2026:03:41:15 +0000] "GET /secrets.yml HTTP/1.1" 404 48691 "-" "Mozilla/5.0 (Windows NT 10.0; Win64; x64) AppleWebKit/537.36 (KHTML, like Gecko) Chrome/120.0.0.0 Safari/537.36"
103.168.66.237 - - [06/May/2026:03:41:15 +0000] "GET /secrets.yaml HTTP/1.1" 404 48691 "-" "Mozilla/5.0 (Macintosh; Intel Mac OS X 10_15_7) AppleWebKit/537.36 (KHTML, like Gecko) Chrome/120.0.0.0 Safari/537.36"
20.123.172.228 - - [06/May/2026:03:41:16 +0000] "POST /?wordfence_syncAttackData=1778038876.3699 HTTP/1.1" 200 14709 "-" "WordPress/6.9.4; https://nipponia.com"
20.123.172.228 - - [06/May/2026:03:41:18 +0000] "POST /?wordfence_syncAttackData=1778038878.8213 HTTP/1.1" 200 14709 "-" "WordPress/6.9.4; https://nipponia.com"
20.123.172.228 - - [06/May/2026:03:41:18 +0000] "POST /?wordfence_syncAttackData=1778038878.8089 HTTP/1.1" 200 14709 "-" "WordPress/6.9.4; https://nipponia.com"
20.123.172.228 - - [06/May/2026:03:41:27 +0000] "POST /?wordfence_syncAttackData=1778038887.1616 HTTP/1.1" 200 - "-" "WordPress/6.9.4; https://nipponia.com"
20.123.172.228 - - [06/May/2026:03:41:23 +0000] "POST /?wordfence_syncAttackData=1778038883.1644 HTTP/1.1" 200 14709 "-" "WordPress/6.9.4; https://nipponia.com"
20.123.172.228 - - [06/May/2026:03:41:25 +0000] "POST /?wordfence_syncAttackData=1778038885.3347 HTTP/1.1" 200 14709 "-" "WordPress/6.9.4; https://nipponia.com"
20.123.172.228 - - [06/May/2026:03:41:46 +0000] "POST /wp-cron.php?doing_wp_cron=1778038906.6434528827667236328125 HTTP/1.1" 200 - "-" "WordPress/6.9.4; https://nipponia.com"
20.123.172.228 - - [06/May/2026:03:41:26 +0000] "POST /?wordfence_syncAttackData=1778038886.7777 HTTP/1.1" 200 14709 "-" "WordPress/6.9.4; https://nipponia.com"
20.123.172.228 - - [06/May/2026:03:42:47 +0000] "POST /wp-cron.php?doing_wp_cron=1778038967.6663670539855957031250 HTTP/1.1" 200 - "-" "WordPress/6.9.4; https://nipponia.com"
20.123.172.228 - - [06/May/2026:03:42:49 +0000] "POST /wp-cron.php?doing_wp_cron=1778038968.9718379974365234375000 HTTP/1.1" 200 - "-" "WordPress/6.9.4; https://nipponia.com"
20.123.172.228 - - [06/May/2026:03:41:28 +0000] "POST /?wordfence_syncAttackData=1778038888.3617 HTTP/1.1" 200 14709 "-" "WordPress/6.9.4; https://nipponia.com"
20.123.172.228 - - [06/May/2026:03:42:49 +0000] "POST /wp-cron.php?doing_wp_cron=1778038969.8760759830474853515625 HTTP/1.1" 200 - "-" "WordPress/6.9.4; https://nipponia.com"
20.123.172.228 - - [06/May/2026:03:41:32 +0000] "POST /?wordfence_syncAttackData=1778038892.5106 HTTP/1.1" 200 14709 "-" "WordPress/6.9.4; https://nipponia.com"
20.123.172.228 - - [06/May/2026:03:42:50 +0000] "POST /wp-cron.php?doing_wp_cron=1778038970.4563879966735839843750 HTTP/1.1" 200 - "-" "WordPress/6.9.4; https://nipponia.com"
20.123.172.228 - - [06/May/2026:03:41:34 +0000] "POST /?wordfence_syncAttackData=1778038894.8481 HTTP/1.1" 200 14709 "-" "WordPress/6.9.4; https://nipponia.com"
20.123.172.228 - - [06/May/2026:03:42:50 +0000] "POST /wp-cron.php?doing_wp_cron=1778038970.6063230037689208984375 HTTP/1.1" 200 - "-" "WordPress/6.9.4; https://nipponia.com"
20.123.172.228 - - [06/May/2026:03:43:51 +0000] "POST /wp-cron.php?doing_wp_cron=1778039030.9157969951629638671875 HTTP/1.1" 200 - "-" "WordPress/6.9.4; https://nipponia.com"
20.123.172.228 - - [06/May/2026:03:43:51 +0000] "POST /wp-cron.php?doing_wp_cron=1778039031.5455839633941650390625 HTTP/1.1" 200 - "-" "WordPress/6.9.4; https://nipponia.com"
20.123.172.228 - - [06/May/2026:03:43:53 +0000] "POST /wp-cron.php?doing_wp_cron=1778039033.3530669212341308593750 HTTP/1.1" 200 - "-" "WordPress/6.9.4; https://nipponia.com"
20.123.172.228 - - [06/May/2026:03:43:58 +0000] "POST /wp-cron.php?doing_wp_cron=1778039038.3454699516296386718750 HTTP/1.1" 200 - "-" "WordPress/6.9.4; https://nipponia.com"
47.128.18.93 - - [06/May/2026:03:43:27 +0000] "GET / HTTP/1.1" 200 14709 "-" "Mozilla/5.0 (Linux; Android 5.0) AppleWebKit/537.36 (KHTML, like Gecko) Mobile Safari/537.36 (compatible; Bytespider; spider-feedback@bytedance.com)"
47.128.18.93 - - [06/May/2026:03:44:11 +0000] "GET /wp-content/uploads/elementor/css/post-175.css?ver=1674635264 HTTP/1.1" 200 439 "https://nipponia.com/" "Mozilla/5.0 (Linux; Android 5.0) AppleWebKit/537.36 (KHTML, like Gecko) Mobile Safari/537.36 (compatible; Bytespider; spider-feedback@bytedance.com)"
47.128.18.93 - - [06/May/2026:03:44:11 +0000] "GET /wp-content/plugins/elementor/assets/css/widget-icon-list.min.css HTTP/1.1" 200 941 "https://nipponia.com/" "Mozilla/5.0 (Linux; Android 5.0) AppleWebKit/537.36 (KHTML, like Gecko) Mobile Safari/537.36 (compatible; Bytespider; spider-feedback@bytedance.com)"
20.123.172.228 - - [06/May/2026:03:43:59 +0000] "POST /wp-cron.php?doing_wp_cron=1778039039.5098919868469238281250 HTTP/1.1" 200 - "-" "WordPress/6.9.4; https://nipponia.com"
154.26.179.7 - - [06/May/2026:03:44:08 +0000] "GET / HTTP/1.1" 200 15314 "https://www.google.com/" "Mozilla/5.0 (Windows NT 10.0; Win64; x64) AppleWebKit/537.36 (KHTML, like Gecko) Chrome/147.0.0.0 Safari/537.36"
154.26.179.7 - - [06/May/2026:03:44:19 +0000] "GET /wp-includes/css/dist/block-library/style.min.css?ver=6.9.4 HTTP/1.1" 200 15916 "https://nipponia.com/" "Mozilla/5.0 (Windows NT 10.0; Win64; x64) AppleWebKit/537.36 (KHTML, like Gecko) Chrome/147.0.0.0 Safari/537.36"
154.26.179.7 - - [06/May/2026:03:44:20 +0000] "GET /wp-content/themes/hello-elementor/theme.min.css?ver=2.6.1 HTTP/1.1" 200 2664 "https://nipponia.com/" "Mozilla/5.0 (Windows NT 10.0; Win64; x64) AppleWebKit/537.36 (KHTML, like Gecko) Chrome/147.0.0.0 Safari/537.36"
154.26.179.7 - - [06/May/2026:03:44:20 +0000] "GET /wp-content/themes/hello-elementor/style.min.css?ver=2.6.1 HTTP/1.1" 200 1940 "https://nipponia.com/" "Mozilla/5.0 (Windows NT 10.0; Win64; x64) AppleWebKit/537.36 (KHTML, like Gecko) Chrome/147.0.0.0 Safari/537.36"
154.26.179.7 - - [06/May/2026:03:44:20 +0000] "GET /wp-content/plugins/elementor/assets/css/frontend-lite.min.css?ver=3.10.1 HTTP/1.1" 200 13541 "https://nipponia.com/" "Mozilla/5.0 (Windows NT 10.0; Win64; x64) AppleWebKit/537.36 (KHTML, like Gecko) Chrome/147.0.0.0 Safari/537.36"
154.26.179.7 - - [06/May/2026:03:44:20 +0000] "GET /wp-content/uploads/elementor/css/post-175.css?ver=1674635264 HTTP/1.1" 200 439 "https://nipponia.com/" "Mozilla/5.0 (Windows NT 10.0; Win64; x64) AppleWebKit/537.36 (KHTML, like Gecko) Chrome/147.0.0.0 Safari/537.36"
154.26.179.7 - - [06/May/2026:03:44:20 +0000] "GET /wp-content/plugins/elementor/assets/lib/eicons/css/elementor-icons.min.css?ver=5.17.0 HTTP/1.1" 200 3969 "https://nipponia.com/" "Mozilla/5.0 (Windows NT 10.0; Win64; x64) AppleWebKit/537.36 (KHTML, like Gecko) Chrome/147.0.0.0 Safari/537.36"
154.26.179.7 - - [06/May/2026:03:44:20 +0000] "GET /wp-content/plugins/elementor-pro/assets/css/frontend-lite.min.css?ver=3.10.2 HTTP/1.1" 200 1448 "https://nipponia.com/" "Mozilla/5.0 (Windows NT 10.0; Win64; x64) AppleWebKit/537.36 (KHTML, like Gecko) Chrome/147.0.0.0 Safari/537.36"
154.26.179.7 - - [06/May/2026:03:44:21 +0000] "GET /wp-content/uploads/elementor/css/post-81.css?ver=1747053258 HTTP/1.1" 200 1878 "https://nipponia.com/" "Mozilla/5.0 (Windows NT 10.0; Win64; x64) AppleWebKit/537.36 (KHTML, like Gecko) Chrome/147.0.0.0 Safari/537.36"
154.26.179.7 - - [06/May/2026:03:44:21 +0000] "GET /wp-content/uploads/elementor/css/post-167.css?ver=1674635265 HTTP/1.1" 200 576 "https://nipponia.com/" "Mozilla/5.0 (Windows NT 10.0; Win64; x64) AppleWebKit/537.36 (KHTML, like Gecko) Chrome/147.0.0.0 Safari/537.36"
154.26.179.7 - - [06/May/2026:03:44:21 +0000] "GET /wp-content/uploads/elementor/css/post-283.css?ver=1675771772 HTTP/1.1" 200 1491 "https://nipponia.com/" "Mozilla/5.0 (Windows NT 10.0; Win64; x64) AppleWebKit/537.36 (KHTML, like Gecko) Chrome/147.0.0.0 Safari/537.36"
154.26.179.7 - - [06/May/2026:03:44:21 +0000] "GET /wp-content/plugins/cookie-notice/css/front.min.css?ver=6.9.4 HTTP/1.1" 200 1108 "https://nipponia.com/" "Mozilla/5.0 (Windows NT 10.0; Win64; x64) AppleWebKit/537.36 (KHTML, like Gecko) Chrome/147.0.0.0 Safari/537.36"
154.26.179.7 - - [06/May/2026:03:44:21 +0000] "GET /wp-content/plugins/elementor/assets/lib/font-awesome/css/fontawesome.min.css?ver=5.15.3 HTTP/1.1" 200 12582 "https://nipponia.com/" "Mozilla/5.0 (Windows NT 10.0; Win64; x64) AppleWebKit/537.36 (KHTML, like Gecko) Chrome/147.0.0.0 Safari/537.36"
154.26.179.7 - - [06/May/2026:03:44:21 +0000] "GET /wp-content/plugins/elementor/assets/lib/font-awesome/css/solid.min.css?ver=5.15.3 HTTP/1.1" 200 309 "https://nipponia.com/" "Mozilla/5.0 (Windows NT 10.0; Win64; x64) AppleWebKit/537.36 (KHTML, like Gecko) Chrome/147.0.0.0 Safari/537.36"
154.26.179.7 - - [06/May/2026:03:44:21 +0000] "GET /wp-content/plugins/elementor/assets/lib/font-awesome/css/brands.min.css?ver=5.15.3 HTTP/1.1" 200 308 "https://nipponia.com/" "Mozilla/5.0 (Windows NT 10.0; Win64; x64) AppleWebKit/537.36 (KHTML, like Gecko) Chrome/147.0.0.0 Safari/537.36"
154.26.179.7 - - [06/May/2026:03:44:22 +0000] "GET /wp-content/plugins/elementor/assets/lib/animations/animations.min.css?ver=3.10.1 HTTP/1.1" 200 2592 "https://nipponia.com/" "Mozilla/5.0 (Windows NT 10.0; Win64; x64) AppleWebKit/537.36 (KHTML, like Gecko) Chrome/147.0.0.0 Safari/537.36"
154.26.179.7 - - [06/May/2026:03:44:22 +0000] "GET /wp-includes/js/jquery/jquery.min.js?ver=3.7.1 HTTP/1.1" 200 30368 "https://nipponia.com/" "Mozilla/5.0 (Windows NT 10.0; Win64; x64) AppleWebKit/537.36 (KHTML, like Gecko) Chrome/147.0.0.0 Safari/537.36"
154.26.179.7 - - [06/May/2026:03:44:22 +0000] "GET /wp-includes/js/jquery/jquery-migrate.min.js?ver=3.4.1 HTTP/1.1" 200 4872 "https://nipponia.com/" "Mozilla/5.0 (Windows NT 10.0; Win64; x64) AppleWebKit/537.36 (KHTML, like Gecko) Chrome/147.0.0.0 Safari/537.36"
154.26.179.7 - - [06/May/2026:03:44:23 +0000] "GET /wp-content/plugins/elementor-pro/assets/css/widget-nav-menu.min.css HTTP/1.1" 200 3332 "https://nipponia.com/" "Mozilla/5.0 (Windows NT 10.0; Win64; x64) AppleWebKit/537.36 (KHTML, like Gecko) Chrome/147.0.0.0 Safari/537.36"
154.26.179.7 - - [06/May/2026:03:44:23 +0000] "GET /wp-content/plugins/elementor/assets/css/widget-icon-list.min.css HTTP/1.1" 200 941 "https://nipponia.com/" "Mozilla/5.0 (Windows NT 10.0; Win64; x64) AppleWebKit/537.36 (KHTML, like Gecko) Chrome/147.0.0.0 Safari/537.36"
154.26.179.7 - - [06/May/2026:03:44:23 +0000] "GET /wp-content/themes/hello-elementor/assets/js/hello-frontend.min.js?ver=1.0.0 HTTP/1.1" 200 1024 "https://nipponia.com/" "Mozilla/5.0 (Windows NT 10.0; Win64; x64) AppleWebKit/537.36 (KHTML, like Gecko) Chrome/147.0.0.0 Safari/537.36"
154.26.179.7 - - [06/May/2026:03:44:23 +0000] "GET /wp-content/plugins/elementor-pro/assets/lib/smartmenus/jquery.smartmenus.min.js?ver=1.0.1 HTTP/1.1" 200 7157 "https://nipponia.com/" "Mozilla/5.0 (Windows NT 10.0; Win64; x64) AppleWebKit/537.36 (KHTML, like Gecko) Chrome/147.0.0.0 Safari/537.36"
154.26.179.7 - - [06/May/2026:03:44:23 +0000] "GET /wp-content/plugins/elementor/assets/lib/jquery-numerator/jquery-numerator.min.js?ver=0.2.1 HTTP/1.1" 200 740 "https://nipponia.com/" "Mozilla/5.0 (Windows NT 10.0; Win64; x64) AppleWebKit/537.36 (KHTML, like Gecko) Chrome/147.0.0.0 Safari/537.36"
154.26.179.7 - - [06/May/2026:03:44:23 +0000] "GET /wp-content/plugins/elementor-pro/assets/js/webpack-pro.runtime.min.js?ver=3.10.2 HTTP/1.1" 200 2439 "https://nipponia.com/" "Mozilla/5.0 (Windows NT 10.0; Win64; x64) AppleWebKit/537.36 (KHTML, like Gecko) Chrome/147.0.0.0 Safari/537.36"
154.26.179.7 - - [06/May/2026:03:44:23 +0000] "GET /wp-content/plugins/elementor/assets/js/webpack.runtime.min.js?ver=3.10.1 HTTP/1.1" 200 2225 "https://nipponia.com/" "Mozilla/5.0 (Windows NT 10.0; Win64; x64) AppleWebKit/537.36 (KHTML, like Gecko) Chrome/147.0.0.0 Safari/537.36"
154.26.179.7 - - [06/May/2026:03:44:24 +0000] "GET /wp-content/plugins/elementor/assets/js/frontend-modules.min.js?ver=3.10.1 HTTP/1.1" 200 11399 "https://nipponia.com/" "Mozilla/5.0 (Windows NT 10.0; Win64; x64) AppleWebKit/537.36 (KHTML, like Gecko) Chrome/147.0.0.0 Safari/537.36"
154.26.179.7 - - [06/May/2026:03:44:24 +0000] "GET /wp-includes/js/dist/hooks.min.js?ver=dd5603f07f9220ed27f1 HTTP/1.1" 200 1941 "https://nipponia.com/" "Mozilla/5.0 (Windows NT 10.0; Win64; x64) AppleWebKit/537.36 (KHTML, like Gecko) Chrome/147.0.0.0 Safari/537.36"
154.26.179.7 - - [06/May/2026:03:44:24 +0000] "GET /wp-includes/js/dist/i18n.min.js?ver=c26c3dc7bed366793375 HTTP/1.1" 200 2229 "https://nipponia.com/" "Mozilla/5.0 (Windows NT 10.0; Win64; x64) AppleWebKit/537.36 (KHTML, like Gecko) Chrome/147.0.0.0 Safari/537.36"
154.26.179.7 - - [06/May/2026:03:44:24 +0000] "GET /wp-content/plugins/elementor-pro/assets/js/frontend.min.js?ver=3.10.2 HTTP/1.1" 200 5743 "https://nipponia.com/" "Mozilla/5.0 (Windows NT 10.0; Win64; x64) AppleWebKit/537.36 (KHTML, like Gecko) Chrome/147.0.0.0 Safari/537.36"
154.26.179.7 - - [06/May/2026:03:44:24 +0000] "GET /wp-content/plugins/elementor/assets/lib/waypoints/waypoints.min.js?ver=4.0.2 HTTP/1.1" 200 2993 "https://nipponia.com/" "Mozilla/5.0 (Windows NT 10.0; Win64; x64) AppleWebKit/537.36 (KHTML, like Gecko) Chrome/147.0.0.0 Safari/537.36"
154.26.179.7 - - [06/May/2026:03:44:24 +0000] "GET /wp-includes/js/jquery/ui/core.min.js?ver=1.13.3 HTTP/1.1" 200 7106 "https://nipponia.com/" "Mozilla/5.0 (Windows NT 10.0; Win64; x64) AppleWebKit/537.36 (KHTML, like Gecko) Chrome/147.0.0.0 Safari/537.36"
154.26.179.7 - - [06/May/2026:03:44:24 +0000] "GET /wp-content/plugins/elementor/assets/js/frontend.min.js?ver=3.10.1 HTTP/1.1" 200 12124 "https://nipponia.com/" "Mozilla/5.0 (Windows NT 10.0; Win64; x64) AppleWebKit/537.36 (KHTML, like Gecko) Chrome/147.0.0.0 Safari/537.36"
154.26.179.7 - - [06/May/2026:03:44:25 +0000] "GET /wp-content/plugins/elementor-pro/assets/js/elements-handlers.min.js?ver=3.10.2 HTTP/1.1" 200 6374 "https://nipponia.com/" "Mozilla/5.0 (Windows NT 10.0; Win64; x64) AppleWebKit/537.36 (KHTML, like Gecko) Chrome/147.0.0.0 Safari/537.36"
154.26.179.7 - - [06/May/2026:03:44:25 +0000] "GET /wp-content/plugins/cookie-notice/js/front.min.js?ver=2.4.6 HTTP/1.1" 200 2128 "https://nipponia.com/" "Mozilla/5.0 (Windows NT 10.0; Win64; x64) AppleWebKit/537.36 (KHTML, like Gecko) Chrome/147.0.0.0 Safari/537.36"
154.26.179.7 - - [06/May/2026:03:44:25 +0000] "GET /wp-content/plugins/elementor/assets/lib/eicons/fonts/eicons.woff2?5.17.0 HTTP/1.1" 200 93477 "https://nipponia.com/wp-content/plugins/elementor/assets/lib/eicons/css/elementor-icons.min.css?ver=5.17.0" "Mozilla/5.0 (Windows NT 10.0; Win64; x64) AppleWebKit/537.36 (KHTML, like Gecko) Chrome/147.0.0.0 Safari/537.36"
154.26.179.7 - - [06/May/2026:03:44:26 +0000] "GET /wp-content/plugins/elementor-pro/assets/js/nav-menu.c8d112707fd7172d2a9d.bundle.min.js HTTP/1.1" 200 1529 "https://nipponia.com/" "Mozilla/5.0 (Windows NT 10.0; Win64; x64) AppleWebKit/537.36 (KHTML, like Gecko) Chrome/147.0.0.0 Safari/537.36"
154.26.179.7 - - [06/May/2026:03:44:26 +0000] "GET /wp-content/plugins/elementor/assets/lib/font-awesome/webfonts/fa-brands-400.woff2 HTTP/1.1" 200 76797 "https://nipponia.com/wp-content/plugins/elementor/assets/lib/font-awesome/css/brands.min.css?ver=5.15.3" "Mozilla/5.0 (Windows NT 10.0; Win64; x64) AppleWebKit/537.36 (KHTML, like Gecko) Chrome/147.0.0.0 Safari/537.36"
154.26.179.7 - - [06/May/2026:03:44:26 +0000] "GET /wp-content/plugins/elementor/assets/js/text-editor.2c35aafbe5bf0e127950.bundle.min.js HTTP/1.1" 200 665 "https://nipponia.com/" "Mozilla/5.0 (Windows NT 10.0; Win64; x64) AppleWebKit/537.36 (KHTML, like Gecko) Chrome/147.0.0.0 Safari/537.36"
154.26.179.7 - - [06/May/2026:03:44:26 +0000] "GET /wp-content/plugins/elementor/assets/js/counter.02cef29c589e742d4c8c.bundle.min.js HTTP/1.1" 200 487 "https://nipponia.com/" "Mozilla/5.0 (Windows NT 10.0; Win64; x64) AppleWebKit/537.36 (KHTML, like Gecko) Chrome/147.0.0.0 Safari/537.36"
154.26.179.7 - - [06/May/2026:03:44:27 +0000] "GET /wp-content/plugins/elementor-pro/assets/js/form.72b77b99d67b130634d2.bundle.min.js HTTP/1.1" 200 5000 "https://nipponia.com/" "Mozilla/5.0 (Windows NT 10.0; Win64; x64) AppleWebKit/537.36 (KHTML, like Gecko) Chrome/147.0.0.0 Safari/537.36"
154.26.179.7 - - [06/May/2026:03:44:27 +0000] "GET /wp-content/plugins/elementor-pro/assets/js/popup.483b906ddaa1af17ff14.bundle.min.js HTTP/1.1" 200 451 "https://nipponia.com/" "Mozilla/5.0 (Windows NT 10.0; Win64; x64) AppleWebKit/537.36 (KHTML, like Gecko) Chrome/147.0.0.0 Safari/537.36"
154.26.179.7 - - [06/May/2026:03:44:26 +0000] "GET /wp-content/plugins/elementor/assets/lib/font-awesome/webfonts/fa-solid-900.woff2 HTTP/1.1" 200 78099 "https://nipponia.com/wp-content/plugins/elementor/assets/lib/font-awesome/css/solid.min.css?ver=5.15.3" "Mozilla/5.0 (Windows NT 10.0; Win64; x64) AppleWebKit/537.36 (KHTML, like Gecko) Chrome/147.0.0.0 Safari/537.36"
154.26.179.7 - - [06/May/2026:03:44:27 +0000] "GET /wp-includes/js/wp-emoji-release.min.js?ver=6.9.4 HTTP/1.1" 200 5375 "https://nipponia.com/" "Mozilla/5.0 (Windows NT 10.0; Win64; x64) AppleWebKit/537.36 (KHTML, like Gecko) Chrome/147.0.0.0 Safari/537.36"
154.26.179.7 - - [06/May/2026:03:45:08 +0000] "GET /wp-content/uploads/2023/01/eccitymp4.mp4 HTTP/1.1" 206 2044189 "https://nipponia.com/" "Mozilla/5.0 (Windows NT 10.0; Win64; x64) AppleWebKit/537.36 (KHTML, like Gecko) Chrome/147.0.0.0 Safari/537.36"
154.26.179.7 - - [06/May/2026:03:45:09 +0000] "GET /wp-content/uploads/2023/01/eccitymp4.mp4 HTTP/1.1" 206 12573 "https://nipponia.com/" "Mozilla/5.0 (Windows NT 10.0; Win64; x64) AppleWebKit/537.36 (KHTML, like Gecko) Chrome/147.0.0.0 Safari/537.36"
154.26.179.7 - - [06/May/2026:03:45:09 +0000] "GET /wp-content/uploads/2023/01/eccitymp4.mp4 HTTP/1.1" 206 2044189 "https://nipponia.com/" "Mozilla/5.0 (Windows NT 10.0; Win64; x64) AppleWebKit/537.36 (KHTML, like Gecko) Chrome/147.0.0.0 Safari/537.36"
154.26.179.7 - - [06/May/2026:03:45:10 +0000] "GET /wp-content/uploads/2023/01/eccitymp4.mp4 HTTP/1.1" 206 1998848 "https://nipponia.com/" "Mozilla/5.0 (Windows NT 10.0; Win64; x64) AppleWebKit/537.36 (KHTML, like Gecko) Chrome/147.0.0.0 Safari/537.36"
20.123.172.228 - - [06/May/2026:03:45:14 +0000] "POST /wp-cron.php?doing_wp_cron=1778039114.7216820716857910156250 HTTP/1.1" 200 - "-" "WordPress/6.9.4; https://nipponia.com"
160.250.204.105 - - [06/May/2026:03:45:09 +0000] "POST /xmlrpc.php HTTP/1.1" 503 7314 "-" "Mozilla/5.0 (Windows NT 10.0; WOW64) AppleWebKit/537.36 (KHTML, like Gecko) Chrome/66.0.3359.117 Safari/537.36"
50.6.229.148 - - [06/May/2026:03:45:22 +0000] "GET /wp-login.php HTTP/1.1" 200 1968 "-" "Mozilla/5.0 (Macintosh; Intel Mac OS X 10_13_4) AppleWebKit/537.36 (KHTML, like Gecko) Chrome/66.0.3359.117 Safari/537.36"
50.6.229.148 - - [06/May/2026:03:45:27 +0000] "POST /wp-login.php HTTP/1.1" 503 7314 "https://nipponia.com/wp-login.php" "Mozilla/5.0 (Macintosh; Intel Mac OS X 10_13_4) AppleWebKit/537.36 (KHTML, like Gecko) Chrome/66.0.3359.117 Safari/537.36"
154.26.179.7 - - [06/May/2026:03:46:05 +0000] "GET /wp-content/uploads/2023/01/eccitymp4.mp4 HTTP/1.1" 206 32768 "https://nipponia.com/" "Mozilla/5.0 (Windows NT 10.0; Win64; x64) AppleWebKit/537.36 (KHTML, like Gecko) Chrome/147.0.0.0 Safari/537.36"
154.26.179.7 - - [06/May/2026:03:46:05 +0000] "GET /wp-content/uploads/2023/01/eccitymp4.mp4 HTTP/1.1" 206 285 "https://nipponia.com/" "Mozilla/5.0 (Windows NT 10.0; Win64; x64) AppleWebKit/537.36 (KHTML, like Gecko) Chrome/147.0.0.0 Safari/537.36"
154.26.179.7 - - [06/May/2026:03:46:15 +0000] "GET /wp-content/uploads/2023/01/Footer-BG.png HTTP/1.1" 200 20270 "https://nipponia.com/wp-content/uploads/elementor/css/post-283.css?ver=1675771772" "Mozilla/5.0 (Windows NT 10.0; Win64; x64) AppleWebKit/537.36 (KHTML, like Gecko) Chrome/147.0.0.0 Safari/537.36"
20.123.172.228 - - [06/May/2026:03:46:34 +0000] "POST /wp-cron.php?doing_wp_cron=1778039193.9607419967651367187500 HTTP/1.1" 200 - "-" "WordPress/6.9.4; https://nipponia.com"
154.26.179.7 - - [06/May/2026:03:46:24 +0000] "GET /company-profile/ HTTP/1.1" 200 12011 "-" "Mozilla/5.0 (Windows NT 10.0; Win64; x64) AppleWebKit/537.36 (KHTML, like Gecko) Chrome/147.0.0.0 Safari/537.36"
154.26.179.7 - - [06/May/2026:03:46:30 +0000] "GET /china-2/ HTTP/1.1" 200 12442 "https://nipponia.com/" "Mozilla/5.0 (Windows NT 10.0; Win64; x64) AppleWebKit/537.36 (KHTML, like Gecko) Chrome/147.0.0.0 Safari/537.36"
154.26.179.7 - - [06/May/2026:03:46:34 +0000] "GET /china-2/ HTTP/1.1" 200 12442 "https://nipponia.com/" "Mozilla/5.0 (Windows NT 10.0; Win64; x64) AppleWebKit/537.36 (KHTML, like Gecko) Chrome/147.0.0.0 Safari/537.36"
154.26.179.7 - - [06/May/2026:03:46:43 +0000] "GET /wp-content/uploads/elementor/css/post-391.css?ver=1675421346 HTTP/1.1" 200 549 "https://nipponia.com/china-2/" "Mozilla/5.0 (Windows NT 10.0; Win64; x64) AppleWebKit/537.36 (KHTML, like Gecko) Chrome/147.0.0.0 Safari/537.36"
20.123.172.228 - - [06/May/2026:03:48:43 +0000] "POST /wp-cron.php?doing_wp_cron=1778039323.3292241096496582031250 HTTP/1.1" 200 - "-" "WordPress/6.9.4; https://nipponia.com"
157.230.39.14 - - [06/May/2026:03:48:38 +0000] "GET /wp-admin/index.php HTTP/1.1" 302 - "https://nipponia.com/wp-login.php" "Mozilla/5.0 (Windows NT 10.0; Win64; x64) AppleWebKit/537.36 (KHTML, like Gecko) Chrome/118.0.5993.88 Safari/537.36"
157.230.39.14 - - [06/May/2026:03:48:44 +0000] "GET /wp-login.php?redirect_to=https%3A%2F%2Fnipponia.com%2Fwp-admin%2Findex.php&reauth=1 HTTP/1.1" 200 1972 "https://nipponia.com/wp-login.php" "Mozilla/5.0 (Windows NT 10.0; Win64; x64) AppleWebKit/537.36 (KHTML, like Gecko) Chrome/118.0.5993.88 Safari/537.36"
157.230.39.14 - - [06/May/2026:03:48:50 +0000] "POST /wp-login.php HTTP/1.1" 503 7314 "https://nipponia.com/wp-login.php" "Mozilla/5.0 (Windows NT 11.0; Win64; x64) AppleWebKit/537.36 (KHTML, like Gecko) Chrome/119.0.6045.159 Safari/537.36"
157.230.39.14 - - [06/May/2026:03:48:56 +0000] "GET /wp-admin/index.php HTTP/1.1" 503 7313 "https://nipponia.com/wp-login.php" "Mozilla/5.0 (Windows NT 11.0; Win64; x64) AppleWebKit/537.36 (KHTML, like Gecko) Chrome/119.0.6045.159 Safari/537.36"
85.112.201.196 - - [06/May/2026:03:51:03 +0000] "GET /wp-login.php HTTP/1.1" 200 1968 "" "Mozilla/5.0 (Windows NT 10.0; Win64; x64; rv:149.0) Gecko/20100101 Firefox/149.0"
85.112.201.196 - - [06/May/2026:03:51:03 +0000] "GET /wp-login.php HTTP/1.1" 200 1968 "" "Mozilla/5.0 (Windows NT 10.0; Win64; x64; rv:149.0) Gecko/20100101 Firefox/149.0"
85.112.201.196 - - [06/May/2026:03:51:03 +0000] "GET /wp-login.php HTTP/1.1" 200 1968 "" "Mozilla/5.0 (Windows NT 10.0; Win64; x64; rv:149.0) Gecko/20100101 Firefox/149.0"
154.26.179.7 - - [06/May/2026:03:51:05 +0000] "GET /company-profile-2/ HTTP/1.1" 200 11204 "https://nipponia.com/china-2/" "Mozilla/5.0 (Windows NT 10.0; Win64; x64) AppleWebKit/537.36 (KHTML, like Gecko) Chrome/147.0.0.0 Safari/537.36"
154.26.179.7 - - [06/May/2026:03:51:15 +0000] "GET /nipponia-global-footprint/ HTTP/1.1" 200 11867 "https://nipponia.com/china-2/" "Mozilla/5.0 (Windows NT 10.0; Win64; x64) AppleWebKit/537.36 (KHTML, like Gecko) Chrome/147.0.0.0 Safari/537.36"
154.26.179.7 - - [06/May/2026:03:51:23 +0000] "GET /wp-content/uploads/elementor/css/post-367.css?ver=1747053666 HTTP/1.1" 200 388 "https://nipponia.com/nipponia-global-footprint/" "Mozilla/5.0 (Windows NT 10.0; Win64; x64) AppleWebKit/537.36 (KHTML, like Gecko) Chrome/147.0.0.0 Safari/537.36"
103.218.122.61 - - [06/May/2026:03:53:18 +0000] "POST /xmlrpc.php HTTP/1.1" 503 7313 "-" "Mozilla/5.0 (X11; Linux x86_64; rv:61.0) Gecko/20100101 Firefox/61.0"
20.123.172.228 - - [06/May/2026:03:54:43 +0000] "POST /wp-cron.php?doing_wp_cron=1778039683.3515748977661132812500 HTTP/1.1" 200 - "-" "WordPress/6.9.4; https://nipponia.com"
88.198.64.173 - - [06/May/2026:03:54:36 +0000] "GET /wp-login.php HTTP/1.1" 200 1968 "-" "Mozilla/5.0 (Macintosh; Intel Mac OS X 10_13_1) AppleWebKit/537.36 (KHTML, like Gecko) Chrome/65.0.3325.181 Safari/537.36"
88.198.64.173 - - [06/May/2026:03:54:44 +0000] "POST /wp-login.php HTTP/1.1" 503 7313 "https://nipponia.com/wp-login.php" "Mozilla/5.0 (Macintosh; Intel Mac OS X 10_13_1) AppleWebKit/537.36 (KHTML, like Gecko) Chrome/65.0.3325.181 Safari/537.36"
157.230.39.14 - - [06/May/2026:03:59:02 +0000] "GET /wp-admin/index.php HTTP/1.1" 302 - "https://nipponia.com/wp-login.php" "Mozilla/5.0 (Windows NT 11.0; Win64; x64) AppleWebKit/537.36 (KHTML, like Gecko) Chrome/119.0.6045.159 Safari/537.36"
157.230.39.14 - - [06/May/2026:03:59:10 +0000] "GET /wp-login.php?redirect_to=https%3A%2F%2Fnipponia.com%2Fwp-admin%2Findex.php&reauth=1 HTTP/1.1" 200 1972 "https://nipponia.com/wp-login.php" "Mozilla/5.0 (Windows NT 11.0; Win64; x64) AppleWebKit/537.36 (KHTML, like Gecko) Chrome/119.0.6045.159 Safari/537.36"
157.230.39.14 - - [06/May/2026:03:59:17 +0000] "POST /wp-login.php HTTP/1.1" 503 7313 "https://nipponia.com/wp-login.php" "Mozilla/5.0 (Windows NT 11.0; Win64; x64) AppleWebKit/537.36 (KHTML, like Gecko) Chrome/121.0.6167.85 Safari/537.36"
157.230.39.14 - - [06/May/2026:03:59:33 +0000] "GET /wp-admin/index.php HTTP/1.1" 503 7313 "https://nipponia.com/wp-login.php" "Mozilla/5.0 (Windows NT 11.0; Win64; x64) AppleWebKit/537.36 (KHTML, like Gecko) Chrome/121.0.6167.85 Safari/537.36"
20.123.172.228 - - [06/May/2026:04:01:40 +0000] "POST /wp-cron.php?doing_wp_cron=1778040100.0570108890533447265625 HTTP/1.1" 200 - "-" "WordPress/6.9.4; https://nipponia.com"
63.247.93.90 - - [06/May/2026:04:01:32 +0000] "POST /xmlrpc.php HTTP/1.1" 503 7314 "-" "Mozilla/5.0 (IE 11.0; Windows NT 6.3; Trident/7.0; .NET4.0E; .NET4.0C; rv:11.0) like Gecko"
82.200.235.138 - - [06/May/2026:04:01:55 +0000] "GET /wp-login.php HTTP/1.1" 200 1968 "" "Mozilla/5.0 (Windows NT 10.0; Win64; x64; rv:149.0) Gecko/20100101 Firefox/149.0"
82.200.235.138 - - [06/May/2026:04:01:56 +0000] "GET /wp-login.php HTTP/1.1" 200 1968 "" "Mozilla/5.0 (Windows NT 10.0; Win64; x64; rv:149.0) Gecko/20100101 Firefox/149.0"
82.200.235.138 - - [06/May/2026:04:01:56 +0000] "GET /wp-login.php HTTP/1.1" 200 1968 "" "Mozilla/5.0 (Windows NT 10.0; Win64; x64; rv:149.0) Gecko/20100101 Firefox/149.0"
82.200.235.138 - - [06/May/2026:04:02:03 +0000] "GET /wp-json/wp/v2/users HTTP/1.1" 401 110 "" "Mozilla/5.0 (Windows NT 10.0; Win64; x64; rv:149.0) Gecko/20100101 Firefox/149.0"
20.123.172.228 - - [06/May/2026:04:02:18 +0000] "POST /wp-cron.php?doing_wp_cron=1778040138.9352200031280517578125 HTTP/1.1" 200 - "-" "WordPress/6.9.4; https://nipponia.com"
82.200.235.138 - - [06/May/2026:04:02:10 +0000] "POST /wp-login.php HTTP/1.1" 503 7314 "https://nipponia.com/wp-login.php?redirect_to=https%3A%2F%2Fnipponia.com%2Fwp-admin%2F" "Mozilla/5.0 (Windows NT 10.0; Win64; x64; rv:149.0) Gecko/20100101 Firefox/149.0"
20.123.172.228 - - [06/May/2026:04:03:51 +0000] "POST /wp-cron.php?doing_wp_cron=1778040231.8653259277343750000000 HTTP/1.1" 200 - "-" "WordPress/6.9.4; https://nipponia.com"
121.200.217.27 - - [06/May/2026:04:03:45 +0000] "GET /wp-login.php HTTP/1.1" 200 1968 "-" "Mozilla/5.0 (Windows NT 6.1; Win64; x64) AppleWebKit/537.36 (KHTML, like Gecko) Chrome/66.0.3359.117 Safari/537.36"
121.200.217.27 - - [06/May/2026:04:03:53 +0000] "POST /wp-login.php HTTP/1.1" 503 7313 "https://nipponia.com/wp-login.php" "Mozilla/5.0 (Windows NT 6.1; Win64; x64) AppleWebKit/537.36 (KHTML, like Gecko) Chrome/66.0.3359.117 Safari/537.36"
157.230.39.14 - - [06/May/2026:04:09:49 +0000] "GET /wp-admin/index.php HTTP/1.1" 302 - "https://nipponia.com/wp-login.php" "Mozilla/5.0 (Windows NT 11.0; Win64; x64) AppleWebKit/537.36 (KHTML, like Gecko) Chrome/121.0.6167.85 Safari/537.36"
20.123.172.228 - - [06/May/2026:04:09:56 +0000] "POST /wp-cron.php?doing_wp_cron=1778040596.3256680965423583984375 HTTP/1.1" 200 - "-" "WordPress/6.9.4; https://nipponia.com"
157.230.39.14 - - [06/May/2026:04:09:57 +0000] "GET /wp-login.php?redirect_to=https%3A%2F%2Fnipponia.com%2Fwp-admin%2Findex.php&reauth=1 HTTP/1.1" 200 1972 "https://nipponia.com/wp-login.php" "Mozilla/5.0 (Windows NT 11.0; Win64; x64) AppleWebKit/537.36 (KHTML, like Gecko) Chrome/121.0.6167.85 Safari/537.36"
157.230.39.14 - - [06/May/2026:04:10:05 +0000] "POST /wp-login.php HTTP/1.1" 503 7313 "https://nipponia.com/wp-login.php" "Mozilla/5.0 (Macintosh; Intel Mac OS X 10_15_7) AppleWebKit/537.36 (KHTML, like Gecko) Chrome/121.0.6167.85 Safari/537.36"
157.230.39.14 - - [06/May/2026:04:10:18 +0000] "GET /wp-admin/index.php HTTP/1.1" 503 7314 "https://nipponia.com/wp-login.php" "Mozilla/5.0 (Macintosh; Intel Mac OS X 10_15_7) AppleWebKit/537.36 (KHTML, like Gecko) Chrome/121.0.6167.85 Safari/537.36"
63.247.93.90 - - [06/May/2026:04:11:01 +0000] "POST /xmlrpc.php HTTP/1.1" 503 7111 "-" "Mozilla/5.0 (MSIE 9.0; Windows NT 10.0; WOW64; Trident/7.0; rv:11.0) like Gecko"
20.123.172.228 - - [06/May/2026:04:12:36 +0000] "POST /wp-cron.php?doing_wp_cron=1778040755.9785490036010742187500 HTTP/1.1" 200 - "-" "WordPress/6.9.4; https://nipponia.com"
167.71.132.111 - - [06/May/2026:04:12:29 +0000] "GET /wp-login.php HTTP/1.1" 200 1968 "-" "Mozilla/5.0 (Windows NT 10.0) AppleWebKit/537.36 (KHTML, like Gecko) Chrome/67.0.3396.79 Safari/537.36"
20.123.172.228 - - [06/May/2026:04:12:33 +0000] "POST /?wordfence_syncAttackData=1778040753.1741 HTTP/1.1" 200 - "-" "WordPress/6.9.4; https://nipponia.com"
167.71.132.111 - - [06/May/2026:04:12:37 +0000] "POST /wp-login.php HTTP/1.1" 503 7313 "https://nipponia.com/wp-login.php" "Mozilla/5.0 (Windows NT 10.0) AppleWebKit/537.36 (KHTML, like Gecko) Chrome/67.0.3396.79 Safari/537.36"
20.123.172.228 - - [06/May/2026:04:16:58 +0000] "POST /wp-cron.php?doing_wp_cron=1778041018.0958480834960937500000 HTTP/1.1" 200 - "-" "WordPress/6.9.4; https://nipponia.com"
57.141.20.68 - - [06/May/2026:04:16:49 +0000] "GET /news_sitemap.xml HTTP/1.1" 404 46882 "-" "meta-externalagent/1.1 (+https://developers.facebook.com/docs/sharing/webmasters/crawler)"
20.123.172.228 - - [06/May/2026:04:20:28 +0000] "POST /wp-cron.php?doing_wp_cron=1778041228.2733209133148193359375 HTTP/1.1" 200 - "-" "WordPress/6.9.4; https://nipponia.com"
157.230.39.14 - - [06/May/2026:04:20:22 +0000] "GET /wp-admin/index.php HTTP/1.1" 302 - "https://nipponia.com/wp-login.php" "Mozilla/5.0 (Macintosh; Intel Mac OS X 10_15_7) AppleWebKit/537.36 (KHTML, like Gecko) Chrome/121.0.6167.85 Safari/537.36"
157.230.39.14 - - [06/May/2026:04:20:29 +0000] "GET /wp-login.php?redirect_to=https%3A%2F%2Fnipponia.com%2Fwp-admin%2Findex.php&reauth=1 HTTP/1.1" 200 1972 "https://nipponia.com/wp-login.php" "Mozilla/5.0 (Macintosh; Intel Mac OS X 10_15_7) AppleWebKit/537.36 (KHTML, like Gecko) Chrome/121.0.6167.85 Safari/537.36"
24.199.108.111 - - [06/May/2026:04:20:35 +0000] "GET /wp-login.php HTTP/1.1" 200 1968 "-" "Mozilla/5.0 (Windows NT 10.0) AppleWebKit/537.36 (KHTML, like Gecko) Chrome/65.0.3325.146 Safari/537.36"
157.230.39.14 - - [06/May/2026:04:20:36 +0000] "POST /wp-login.php HTTP/1.1" 503 7314 "https://nipponia.com/wp-login.php" "Mozilla/5.0 (X11; Linux x86_64) Gecko/20100101 Firefox/119.0.1"
20.123.172.228 - - [06/May/2026:04:20:47 +0000] "POST /wp-cron.php?doing_wp_cron=1778041247.7980198860168457031250 HTTP/1.1" 200 - "-" "WordPress/6.9.4; https://nipponia.com"
