141.98.140.58 - - [05/May/2026:16:07:38 +0000] "GET /wp-includes/js/dist/hooks.min.js?ver=dd5603f07f9220ed27f1 HTTP/1.1" 200 1941 "https://nipponia.com/?utm_source=chatgpt.com" "Mozilla/5.0 (iPhone; CPU iPhone OS 18_7 like Mac OS X) AppleWebKit/605.1.15 (KHTML, like Gecko) Version/26.2 Mobile/15E148 Safari/604.1"
141.98.140.58 - - [05/May/2026:16:07:38 +0000] "GET /wp-includes/js/dist/i18n.min.js?ver=c26c3dc7bed366793375 HTTP/1.1" 200 2229 "https://nipponia.com/?utm_source=chatgpt.com" "Mozilla/5.0 (iPhone; CPU iPhone OS 18_7 like Mac OS X) AppleWebKit/605.1.15 (KHTML, like Gecko) Version/26.2 Mobile/15E148 Safari/604.1"
141.98.140.58 - - [05/May/2026:16:07:39 +0000] "GET /wp-content/plugins/elementor/assets/lib/waypoints/waypoints.min.js?ver=4.0.2 HTTP/1.1" 200 2993 "https://nipponia.com/?utm_source=chatgpt.com" "Mozilla/5.0 (iPhone; CPU iPhone OS 18_7 like Mac OS X) AppleWebKit/605.1.15 (KHTML, like Gecko) Version/26.2 Mobile/15E148 Safari/604.1"
141.98.140.58 - - [05/May/2026:16:07:39 +0000] "GET /wp-content/plugins/elementor-pro/assets/js/frontend.min.js?ver=3.10.2 HTTP/1.1" 200 5743 "https://nipponia.com/?utm_source=chatgpt.com" "Mozilla/5.0 (iPhone; CPU iPhone OS 18_7 like Mac OS X) AppleWebKit/605.1.15 (KHTML, like Gecko) Version/26.2 Mobile/15E148 Safari/604.1"
141.98.140.58 - - [05/May/2026:16:07:39 +0000] "GET /wp-includes/js/jquery/ui/core.min.js?ver=1.13.3 HTTP/1.1" 200 7106 "https://nipponia.com/?utm_source=chatgpt.com" "Mozilla/5.0 (iPhone; CPU iPhone OS 18_7 like Mac OS X) AppleWebKit/605.1.15 (KHTML, like Gecko) Version/26.2 Mobile/15E148 Safari/604.1"
141.98.140.58 - - [05/May/2026:16:07:39 +0000] "GET /wp-content/plugins/elementor/assets/js/frontend.min.js?ver=3.10.1 HTTP/1.1" 200 12124 "https://nipponia.com/?utm_source=chatgpt.com" "Mozilla/5.0 (iPhone; CPU iPhone OS 18_7 like Mac OS X) AppleWebKit/605.1.15 (KHTML, like Gecko) Version/26.2 Mobile/15E148 Safari/604.1"
141.98.140.58 - - [05/May/2026:16:07:39 +0000] "GET /wp-content/plugins/elementor-pro/assets/js/elements-handlers.min.js?ver=3.10.2 HTTP/1.1" 200 6374 "https://nipponia.com/?utm_source=chatgpt.com" "Mozilla/5.0 (iPhone; CPU iPhone OS 18_7 like Mac OS X) AppleWebKit/605.1.15 (KHTML, like Gecko) Version/26.2 Mobile/15E148 Safari/604.1"
141.98.140.58 - - [05/May/2026:16:07:39 +0000] "GET /wp-content/plugins/elementor/assets/lib/font-awesome/webfonts/fa-brands-400.woff2 HTTP/1.1" 200 76797 "https://nipponia.com/?utm_source=chatgpt.com" "Mozilla/5.0 (iPhone; CPU iPhone OS 18_7 like Mac OS X) AppleWebKit/605.1.15 (KHTML, like Gecko) Version/26.2 Mobile/15E148 Safari/604.1"
141.98.140.58 - - [05/May/2026:16:07:39 +0000] "GET /wp-content/plugins/elementor-pro/assets/js/nav-menu.c8d112707fd7172d2a9d.bundle.min.js HTTP/1.1" 200 1529 "https://nipponia.com/?utm_source=chatgpt.com" "Mozilla/5.0 (iPhone; CPU iPhone OS 18_7 like Mac OS X) AppleWebKit/605.1.15 (KHTML, like Gecko) Version/26.2 Mobile/15E148 Safari/604.1"
141.98.140.58 - - [05/May/2026:16:07:39 +0000] "GET /wp-content/plugins/elementor-pro/assets/js/form.72b77b99d67b130634d2.bundle.min.js HTTP/1.1" 200 5000 "https://nipponia.com/?utm_source=chatgpt.com" "Mozilla/5.0 (iPhone; CPU iPhone OS 18_7 like Mac OS X) AppleWebKit/605.1.15 (KHTML, like Gecko) Version/26.2 Mobile/15E148 Safari/604.1"
141.98.140.58 - - [05/May/2026:16:07:39 +0000] "GET /wp-content/plugins/elementor/assets/js/counter.02cef29c589e742d4c8c.bundle.min.js HTTP/1.1" 200 487 "https://nipponia.com/?utm_source=chatgpt.com" "Mozilla/5.0 (iPhone; CPU iPhone OS 18_7 like Mac OS X) AppleWebKit/605.1.15 (KHTML, like Gecko) Version/26.2 Mobile/15E148 Safari/604.1"
141.98.140.58 - - [05/May/2026:16:07:39 +0000] "GET /wp-content/plugins/elementor/assets/js/text-editor.2c35aafbe5bf0e127950.bundle.min.js HTTP/1.1" 200 665 "https://nipponia.com/?utm_source=chatgpt.com" "Mozilla/5.0 (iPhone; CPU iPhone OS 18_7 like Mac OS X) AppleWebKit/605.1.15 (KHTML, like Gecko) Version/26.2 Mobile/15E148 Safari/604.1"
141.98.140.58 - - [05/May/2026:16:07:39 +0000] "GET /wp-content/plugins/elementor/assets/lib/eicons/fonts/eicons.woff2?5.17.0 HTTP/1.1" 200 93477 "https://nipponia.com/?utm_source=chatgpt.com" "Mozilla/5.0 (iPhone; CPU iPhone OS 18_7 like Mac OS X) AppleWebKit/605.1.15 (KHTML, like Gecko) Version/26.2 Mobile/15E148 Safari/604.1"
141.98.140.58 - - [05/May/2026:16:07:39 +0000] "GET /wp-content/uploads/2023/01/eccitymp4.mp4 HTTP/1.1" 206 2 "https://nipponia.com/?utm_source=chatgpt.com" "Mozilla/5.0 (iPhone; CPU iPhone OS 18_7 like Mac OS X) AppleWebKit/605.1.15 (KHTML, like Gecko) Version/26.2 Mobile/15E148 Safari/604.1"
20.123.172.228 - - [05/May/2026:16:07:39 +0000] "POST /wp-cron.php?doing_wp_cron=1777997259.1850469112396240234375 HTTP/1.1" 200 - "-" "WordPress/6.9.4; https://nipponia.com"
121.200.216.56 - - [05/May/2026:16:07:37 +0000] "POST /wp-login.php HTTP/1.1" 503 7313 "https://nipponia.com/wp-login.php" "Mozilla/5.0 (X11; Linux x86_64) AppleWebKit/537.36 (KHTML, like Gecko) Chrome/66.0.3359.139 Safari/537.36"
141.98.140.58 - - [05/May/2026:16:07:39 +0000] "GET /wp-content/plugins/elementor/assets/lib/font-awesome/webfonts/fa-solid-900.woff2 HTTP/1.1" 200 78099 "https://nipponia.com/?utm_source=chatgpt.com" "Mozilla/5.0 (iPhone; CPU iPhone OS 18_7 like Mac OS X) AppleWebKit/605.1.15 (KHTML, like Gecko) Version/26.2 Mobile/15E148 Safari/604.1"
141.98.140.58 - - [05/May/2026:16:07:39 +0000] "GET /wp-content/plugins/elementor-pro/assets/js/popup.483b906ddaa1af17ff14.bundle.min.js HTTP/1.1" 200 451 "https://nipponia.com/?utm_source=chatgpt.com" "Mozilla/5.0 (iPhone; CPU iPhone OS 18_7 like Mac OS X) AppleWebKit/605.1.15 (KHTML, like Gecko) Version/26.2 Mobile/15E148 Safari/604.1"
141.98.140.58 - - [05/May/2026:16:07:39 +0000] "GET /wp-includes/js/wp-emoji-release.min.js?ver=6.9.4 HTTP/1.1" 200 5375 "https://nipponia.com/?utm_source=chatgpt.com" "Mozilla/5.0 (iPhone; CPU iPhone OS 18_7 like Mac OS X) AppleWebKit/605.1.15 (KHTML, like Gecko) Version/26.2 Mobile/15E148 Safari/604.1"
141.98.140.58 - - [05/May/2026:16:07:39 +0000] "GET /wp-content/uploads/2023/01/eccitymp4.mp4 HTTP/1.1" 206 2 "https://nipponia.com/?utm_source=chatgpt.com" "Mozilla/5.0 (iPhone; CPU iPhone OS 18_7 like Mac OS X) AppleWebKit/605.1.15 (KHTML, like Gecko) Version/26.2 Mobile/15E148 Safari/604.1"
141.98.140.58 - - [05/May/2026:16:07:39 +0000] "GET /wp-content/uploads/2023/01/eccitymp4.mp4 HTTP/1.1" 206 12573 "https://nipponia.com/?utm_source=chatgpt.com" "Mozilla/5.0 (iPhone; CPU iPhone OS 18_7 like Mac OS X) AppleWebKit/605.1.15 (KHTML, like Gecko) Version/26.2 Mobile/15E148 Safari/604.1"
141.98.140.58 - - [05/May/2026:16:07:39 +0000] "GET /wp-content/uploads/2023/01/eccitymp4.mp4 HTTP/1.1" 206 2044189 "https://nipponia.com/?utm_source=chatgpt.com" "Mozilla/5.0 (iPhone; CPU iPhone OS 18_7 like Mac OS X) AppleWebKit/605.1.15 (KHTML, like Gecko) Version/26.2 Mobile/15E148 Safari/604.1"
141.98.140.58 - - [05/May/2026:16:07:39 +0000] "GET /wp-content/uploads/2023/01/eccitymp4.mp4 HTTP/1.1" 206 12573 "https://nipponia.com/?utm_source=chatgpt.com" "Mozilla/5.0 (iPhone; CPU iPhone OS 18_7 like Mac OS X) AppleWebKit/605.1.15 (KHTML, like Gecko) Version/26.2 Mobile/15E148 Safari/604.1"
141.98.140.58 - - [05/May/2026:16:07:39 +0000] "GET /wp-content/uploads/2023/01/eccitymp4.mp4 HTTP/1.1" 206 2044189 "https://nipponia.com/?utm_source=chatgpt.com" "Mozilla/5.0 (iPhone; CPU iPhone OS 18_7 like Mac OS X) AppleWebKit/605.1.15 (KHTML, like Gecko) Version/26.2 Mobile/15E148 Safari/604.1"
141.98.140.58 - - [05/May/2026:16:07:39 +0000] "GET /wp-content/uploads/2023/01/eccitymp4.mp4 HTTP/1.1" 206 1999756 "https://nipponia.com/?utm_source=chatgpt.com" "Mozilla/5.0 (iPhone; CPU iPhone OS 18_7 like Mac OS X) AppleWebKit/605.1.15 (KHTML, like Gecko) Version/26.2 Mobile/15E148 Safari/604.1"
141.98.140.58 - - [05/May/2026:16:07:40 +0000] "GET /wp-content/uploads/2023/01/Footer-BG.png HTTP/1.1" 200 20270 "https://nipponia.com/?utm_source=chatgpt.com" "Mozilla/5.0 (iPhone; CPU iPhone OS 18_7 like Mac OS X) AppleWebKit/605.1.15 (KHTML, like Gecko) Version/26.2 Mobile/15E148 Safari/604.1"
141.98.140.58 - - [05/May/2026:16:07:39 +0000] "GET /wp-content/uploads/2023/01/eccitymp4.mp4 HTTP/1.1" 206 2023756 "https://nipponia.com/?utm_source=chatgpt.com" "Mozilla/5.0 (iPhone; CPU iPhone OS 18_7 like Mac OS X) AppleWebKit/605.1.15 (KHTML, like Gecko) Version/26.2 Mobile/15E148 Safari/604.1"
157.230.39.14 - - [05/May/2026:16:07:43 +0000] "GET /wp-admin/profile.php HTTP/1.1" 503 7312 "https://nipponia.com/wp-login.php" "Mozilla/5.0 (Windows NT 10.0; Win64; x64) AppleWebKit/537.36 (KHTML, like Gecko) Chrome/119.0.0.0 Safari/537.36"
157.230.39.14 - - [05/May/2026:16:07:48 +0000] "GET /wp-admin/edit.php HTTP/1.1" 503 7311 "https://nipponia.com/wp-login.php" "Mozilla/5.0 (Windows NT 10.0; Win64; x64) AppleWebKit/537.36 (KHTML, like Gecko) Chrome/119.0.0.0 Safari/537.36"
157.230.39.14 - - [05/May/2026:16:07:53 +0000] "GET /wp-admin/plugins.php HTTP/1.1" 503 7312 "https://nipponia.com/wp-login.php" "Mozilla/5.0 (Windows NT 10.0; Win64; x64) AppleWebKit/537.36 (KHTML, like Gecko) Chrome/119.0.0.0 Safari/537.36"
157.230.39.14 - - [05/May/2026:16:07:59 +0000] "POST /wp-login.php HTTP/1.1" 503 7109 "https://nipponia.com/wp-login.php" "Mozilla/5.0 (Windows NT 11.0; Win64; x64) AppleWebKit/537.36 (KHTML, like Gecko) Chrome/121.0.0.0 Safari/537.36"
157.230.39.14 - - [05/May/2026:16:08:03 +0000] "GET /wp-admin/index.php HTTP/1.1" 503 7313 "https://nipponia.com/wp-login.php" "Mozilla/5.0 (X11; Linux x86_64) AppleWebKit/537.36 (KHTML, like Gecko) Chrome/120.0.0.0 Safari/537.36"
20.123.172.228 - - [05/May/2026:16:08:05 +0000] "POST /wp-cron.php?doing_wp_cron=1777997285.7069370746612548828125 HTTP/1.1" 200 - "-" "WordPress/6.9.4; https://nipponia.com"
20.123.172.228 - - [05/May/2026:16:08:04 +0000] "POST /?wordfence_syncAttackData=1777997284.2613 HTTP/1.1" 200 - "-" "WordPress/6.9.4; https://nipponia.com"
157.230.39.14 - - [05/May/2026:16:08:09 +0000] "GET /wp-admin/profile.php HTTP/1.1" 503 7312 "https://nipponia.com/wp-login.php" "Mozilla/5.0 (X11; Linux x86_64) AppleWebKit/537.36 (KHTML, like Gecko) Chrome/120.0.0.0 Safari/537.36"
20.123.172.228 - - [05/May/2026:16:08:11 +0000] "POST /wp-cron.php?doing_wp_cron=1777997291.0088610649108886718750 HTTP/1.1" 200 - "-" "WordPress/6.9.4; https://nipponia.com"
141.98.140.58 - - [05/May/2026:16:08:08 +0000] "GET / HTTP/1.1" 200 15315 "https://facebook.com/" "Mozilla/5.0 (iPhone; CPU iPhone OS 26_2_1 like Mac OS X) AppleWebKit/605.1.15 (KHTML, like Gecko) Mobile/23C71 Safari/604.1 [FBAN/FBIOS;FBAV/559.0.0.56.80;FBBV/955347213;FBDV/iPhone16,2;FBMD/iPhone;FBSN/iOS;FBSV/26.2.1;FBSS/3;FBID/phone;FBLC/en_GB;FBOP/5;FBRV/0;IABMV/1]"
141.98.140.58 - - [05/May/2026:16:08:11 +0000] "GET /wp-content/plugins/elementor/assets/lib/eicons/css/elementor-icons.min.css?ver=5.17.0 HTTP/1.1" 200 3969 "https://nipponia.com/" "Mozilla/5.0 (iPhone; CPU iPhone OS 26_2_1 like Mac OS X) AppleWebKit/605.1.15 (KHTML, like Gecko) Mobile/23C71 Safari/604.1 [FBAN/FBIOS;FBAV/559.0.0.56.80;FBBV/955347213;FBDV/iPhone16,2;FBMD/iPhone;FBSN/iOS;FBSV/26.2.1;FBSS/3;FBID/phone;FBLC/en_GB;FBOP/5;FBRV/0;IABMV/1]"
141.98.140.58 - - [05/May/2026:16:08:11 +0000] "GET /wp-includes/css/dist/block-library/style.min.css?ver=6.9.4 HTTP/1.1" 200 15916 "https://nipponia.com/" "Mozilla/5.0 (iPhone; CPU iPhone OS 26_2_1 like Mac OS X) AppleWebKit/605.1.15 (KHTML, like Gecko) Mobile/23C71 Safari/604.1 [FBAN/FBIOS;FBAV/559.0.0.56.80;FBBV/955347213;FBDV/iPhone16,2;FBMD/iPhone;FBSN/iOS;FBSV/26.2.1;FBSS/3;FBID/phone;FBLC/en_GB;FBOP/5;FBRV/0;IABMV/1]"
141.98.140.58 - - [05/May/2026:16:08:11 +0000] "GET /wp-content/themes/hello-elementor/style.min.css?ver=2.6.1 HTTP/1.1" 200 1940 "https://nipponia.com/" "Mozilla/5.0 (iPhone; CPU iPhone OS 26_2_1 like Mac OS X) AppleWebKit/605.1.15 (KHTML, like Gecko) Mobile/23C71 Safari/604.1 [FBAN/FBIOS;FBAV/559.0.0.56.80;FBBV/955347213;FBDV/iPhone16,2;FBMD/iPhone;FBSN/iOS;FBSV/26.2.1;FBSS/3;FBID/phone;FBLC/en_GB;FBOP/5;FBRV/0;IABMV/1]"
141.98.140.58 - - [05/May/2026:16:08:11 +0000] "GET /wp-content/themes/hello-elementor/theme.min.css?ver=2.6.1 HTTP/1.1" 200 2664 "https://nipponia.com/" "Mozilla/5.0 (iPhone; CPU iPhone OS 26_2_1 like Mac OS X) AppleWebKit/605.1.15 (KHTML, like Gecko) Mobile/23C71 Safari/604.1 [FBAN/FBIOS;FBAV/559.0.0.56.80;FBBV/955347213;FBDV/iPhone16,2;FBMD/iPhone;FBSN/iOS;FBSV/26.2.1;FBSS/3;FBID/phone;FBLC/en_GB;FBOP/5;FBRV/0;IABMV/1]"
141.98.140.58 - - [05/May/2026:16:08:11 +0000] "GET /wp-content/plugins/elementor-pro/assets/css/frontend-lite.min.css?ver=3.10.2 HTTP/1.1" 200 1448 "https://nipponia.com/" "Mozilla/5.0 (iPhone; CPU iPhone OS 26_2_1 like Mac OS X) AppleWebKit/605.1.15 (KHTML, like Gecko) Mobile/23C71 Safari/604.1 [FBAN/FBIOS;FBAV/559.0.0.56.80;FBBV/955347213;FBDV/iPhone16,2;FBMD/iPhone;FBSN/iOS;FBSV/26.2.1;FBSS/3;FBID/phone;FBLC/en_GB;FBOP/5;FBRV/0;IABMV/1]"
141.98.140.58 - - [05/May/2026:16:08:11 +0000] "GET /wp-content/plugins/elementor/assets/css/frontend-lite.min.css?ver=3.10.1 HTTP/1.1" 200 13541 "https://nipponia.com/" "Mozilla/5.0 (iPhone; CPU iPhone OS 26_2_1 like Mac OS X) AppleWebKit/605.1.15 (KHTML, like Gecko) Mobile/23C71 Safari/604.1 [FBAN/FBIOS;FBAV/559.0.0.56.80;FBBV/955347213;FBDV/iPhone16,2;FBMD/iPhone;FBSN/iOS;FBSV/26.2.1;FBSS/3;FBID/phone;FBLC/en_GB;FBOP/5;FBRV/0;IABMV/1]"
141.98.140.58 - - [05/May/2026:16:08:11 +0000] "GET /wp-content/uploads/elementor/css/post-81.css?ver=1747053258 HTTP/1.1" 200 1878 "https://nipponia.com/" "Mozilla/5.0 (iPhone; CPU iPhone OS 26_2_1 like Mac OS X) AppleWebKit/605.1.15 (KHTML, like Gecko) Mobile/23C71 Safari/604.1 [FBAN/FBIOS;FBAV/559.0.0.56.80;FBBV/955347213;FBDV/iPhone16,2;FBMD/iPhone;FBSN/iOS;FBSV/26.2.1;FBSS/3;FBID/phone;FBLC/en_GB;FBOP/5;FBRV/0;IABMV/1]"
141.98.140.58 - - [05/May/2026:16:08:11 +0000] "GET /wp-content/uploads/elementor/css/post-167.css?ver=1674635265 HTTP/1.1" 200 576 "https://nipponia.com/" "Mozilla/5.0 (iPhone; CPU iPhone OS 26_2_1 like Mac OS X) AppleWebKit/605.1.15 (KHTML, like Gecko) Mobile/23C71 Safari/604.1 [FBAN/FBIOS;FBAV/559.0.0.56.80;FBBV/955347213;FBDV/iPhone16,2;FBMD/iPhone;FBSN/iOS;FBSV/26.2.1;FBSS/3;FBID/phone;FBLC/en_GB;FBOP/5;FBRV/0;IABMV/1]"
141.98.140.58 - - [05/May/2026:16:08:11 +0000] "GET /wp-content/uploads/elementor/css/post-283.css?ver=1675771772 HTTP/1.1" 200 1491 "https://nipponia.com/" "Mozilla/5.0 (iPhone; CPU iPhone OS 26_2_1 like Mac OS X) AppleWebKit/605.1.15 (KHTML, like Gecko) Mobile/23C71 Safari/604.1 [FBAN/FBIOS;FBAV/559.0.0.56.80;FBBV/955347213;FBDV/iPhone16,2;FBMD/iPhone;FBSN/iOS;FBSV/26.2.1;FBSS/3;FBID/phone;FBLC/en_GB;FBOP/5;FBRV/0;IABMV/1]"
141.98.140.58 - - [05/May/2026:16:08:11 +0000] "GET /wp-content/plugins/cookie-notice/css/front.min.css?ver=6.9.4 HTTP/1.1" 200 1108 "https://nipponia.com/" "Mozilla/5.0 (iPhone; CPU iPhone OS 26_2_1 like Mac OS X) AppleWebKit/605.1.15 (KHTML, like Gecko) Mobile/23C71 Safari/604.1 [FBAN/FBIOS;FBAV/559.0.0.56.80;FBBV/955347213;FBDV/iPhone16,2;FBMD/iPhone;FBSN/iOS;FBSV/26.2.1;FBSS/3;FBID/phone;FBLC/en_GB;FBOP/5;FBRV/0;IABMV/1]"
141.98.140.58 - - [05/May/2026:16:08:11 +0000] "GET /wp-content/plugins/elementor/assets/lib/font-awesome/css/fontawesome.min.css?ver=5.15.3 HTTP/1.1" 200 12582 "https://nipponia.com/" "Mozilla/5.0 (iPhone; CPU iPhone OS 26_2_1 like Mac OS X) AppleWebKit/605.1.15 (KHTML, like Gecko) Mobile/23C71 Safari/604.1 [FBAN/FBIOS;FBAV/559.0.0.56.80;FBBV/955347213;FBDV/iPhone16,2;FBMD/iPhone;FBSN/iOS;FBSV/26.2.1;FBSS/3;FBID/phone;FBLC/en_GB;FBOP/5;FBRV/0;IABMV/1]"
141.98.140.58 - - [05/May/2026:16:08:11 +0000] "GET /wp-content/plugins/elementor/assets/lib/font-awesome/css/solid.min.css?ver=5.15.3 HTTP/1.1" 200 309 "https://nipponia.com/" "Mozilla/5.0 (iPhone; CPU iPhone OS 26_2_1 like Mac OS X) AppleWebKit/605.1.15 (KHTML, like Gecko) Mobile/23C71 Safari/604.1 [FBAN/FBIOS;FBAV/559.0.0.56.80;FBBV/955347213;FBDV/iPhone16,2;FBMD/iPhone;FBSN/iOS;FBSV/26.2.1;FBSS/3;FBID/phone;FBLC/en_GB;FBOP/5;FBRV/0;IABMV/1]"
141.98.140.58 - - [05/May/2026:16:08:11 +0000] "GET /wp-content/plugins/elementor/assets/lib/font-awesome/css/brands.min.css?ver=5.15.3 HTTP/1.1" 200 308 "https://nipponia.com/" "Mozilla/5.0 (iPhone; CPU iPhone OS 26_2_1 like Mac OS X) AppleWebKit/605.1.15 (KHTML, like Gecko) Mobile/23C71 Safari/604.1 [FBAN/FBIOS;FBAV/559.0.0.56.80;FBBV/955347213;FBDV/iPhone16,2;FBMD/iPhone;FBSN/iOS;FBSV/26.2.1;FBSS/3;FBID/phone;FBLC/en_GB;FBOP/5;FBRV/0;IABMV/1]"
141.98.140.58 - - [05/May/2026:16:08:11 +0000] "GET /wp-includes/js/jquery/jquery.min.js?ver=3.7.1 HTTP/1.1" 200 30368 "https://nipponia.com/" "Mozilla/5.0 (iPhone; CPU iPhone OS 26_2_1 like Mac OS X) AppleWebKit/605.1.15 (KHTML, like Gecko) Mobile/23C71 Safari/604.1 [FBAN/FBIOS;FBAV/559.0.0.56.80;FBBV/955347213;FBDV/iPhone16,2;FBMD/iPhone;FBSN/iOS;FBSV/26.2.1;FBSS/3;FBID/phone;FBLC/en_GB;FBOP/5;FBRV/0;IABMV/1]"
141.98.140.58 - - [05/May/2026:16:08:11 +0000] "GET /wp-includes/js/jquery/jquery-migrate.min.js?ver=3.4.1 HTTP/1.1" 200 4872 "https://nipponia.com/" "Mozilla/5.0 (iPhone; CPU iPhone OS 26_2_1 like Mac OS X) AppleWebKit/605.1.15 (KHTML, like Gecko) Mobile/23C71 Safari/604.1 [FBAN/FBIOS;FBAV/559.0.0.56.80;FBBV/955347213;FBDV/iPhone16,2;FBMD/iPhone;FBSN/iOS;FBSV/26.2.1;FBSS/3;FBID/phone;FBLC/en_GB;FBOP/5;FBRV/0;IABMV/1]"
141.98.140.58 - - [05/May/2026:16:08:11 +0000] "GET /wp-content/plugins/elementor/assets/lib/animations/animations.min.css?ver=3.10.1 HTTP/1.1" 200 2592 "https://nipponia.com/" "Mozilla/5.0 (iPhone; CPU iPhone OS 26_2_1 like Mac OS X) AppleWebKit/605.1.15 (KHTML, like Gecko) Mobile/23C71 Safari/604.1 [FBAN/FBIOS;FBAV/559.0.0.56.80;FBBV/955347213;FBDV/iPhone16,2;FBMD/iPhone;FBSN/iOS;FBSV/26.2.1;FBSS/3;FBID/phone;FBLC/en_GB;FBOP/5;FBRV/0;IABMV/1]"
141.98.140.58 - - [05/May/2026:16:08:11 +0000] "GET /wp-content/plugins/elementor-pro/assets/css/widget-nav-menu.min.css HTTP/1.1" 200 3332 "https://nipponia.com/" "Mozilla/5.0 (iPhone; CPU iPhone OS 26_2_1 like Mac OS X) AppleWebKit/605.1.15 (KHTML, like Gecko) Mobile/23C71 Safari/604.1 [FBAN/FBIOS;FBAV/559.0.0.56.80;FBBV/955347213;FBDV/iPhone16,2;FBMD/iPhone;FBSN/iOS;FBSV/26.2.1;FBSS/3;FBID/phone;FBLC/en_GB;FBOP/5;FBRV/0;IABMV/1]"
141.98.140.58 - - [05/May/2026:16:08:11 +0000] "GET /wp-content/plugins/elementor/assets/css/widget-icon-list.min.css HTTP/1.1" 200 941 "https://nipponia.com/" "Mozilla/5.0 (iPhone; CPU iPhone OS 26_2_1 like Mac OS X) AppleWebKit/605.1.15 (KHTML, like Gecko) Mobile/23C71 Safari/604.1 [FBAN/FBIOS;FBAV/559.0.0.56.80;FBBV/955347213;FBDV/iPhone16,2;FBMD/iPhone;FBSN/iOS;FBSV/26.2.1;FBSS/3;FBID/phone;FBLC/en_GB;FBOP/5;FBRV/0;IABMV/1]"
141.98.140.58 - - [05/May/2026:16:08:11 +0000] "GET /wp-content/themes/hello-elementor/assets/js/hello-frontend.min.js?ver=1.0.0 HTTP/1.1" 200 1024 "https://nipponia.com/" "Mozilla/5.0 (iPhone; CPU iPhone OS 26_2_1 like Mac OS X) AppleWebKit/605.1.15 (KHTML, like Gecko) Mobile/23C71 Safari/604.1 [FBAN/FBIOS;FBAV/559.0.0.56.80;FBBV/955347213;FBDV/iPhone16,2;FBMD/iPhone;FBSN/iOS;FBSV/26.2.1;FBSS/3;FBID/phone;FBLC/en_GB;FBOP/5;FBRV/0;IABMV/1]"
141.98.140.58 - - [05/May/2026:16:08:11 +0000] "GET /wp-content/plugins/elementor-pro/assets/lib/smartmenus/jquery.smartmenus.min.js?ver=1.0.1 HTTP/1.1" 200 7157 "https://nipponia.com/" "Mozilla/5.0 (iPhone; CPU iPhone OS 26_2_1 like Mac OS X) AppleWebKit/605.1.15 (KHTML, like Gecko) Mobile/23C71 Safari/604.1 [FBAN/FBIOS;FBAV/559.0.0.56.80;FBBV/955347213;FBDV/iPhone16,2;FBMD/iPhone;FBSN/iOS;FBSV/26.2.1;FBSS/3;FBID/phone;FBLC/en_GB;FBOP/5;FBRV/0;IABMV/1]"
141.98.140.58 - - [05/May/2026:16:08:11 +0000] "GET /wp-content/plugins/elementor/assets/lib/jquery-numerator/jquery-numerator.min.js?ver=0.2.1 HTTP/1.1" 200 740 "https://nipponia.com/" "Mozilla/5.0 (iPhone; CPU iPhone OS 26_2_1 like Mac OS X) AppleWebKit/605.1.15 (KHTML, like Gecko) Mobile/23C71 Safari/604.1 [FBAN/FBIOS;FBAV/559.0.0.56.80;FBBV/955347213;FBDV/iPhone16,2;FBMD/iPhone;FBSN/iOS;FBSV/26.2.1;FBSS/3;FBID/phone;FBLC/en_GB;FBOP/5;FBRV/0;IABMV/1]"
141.98.140.58 - - [05/May/2026:16:08:11 +0000] "GET /wp-content/plugins/elementor-pro/assets/js/webpack-pro.runtime.min.js?ver=3.10.2 HTTP/1.1" 200 2439 "https://nipponia.com/" "Mozilla/5.0 (iPhone; CPU iPhone OS 26_2_1 like Mac OS X) AppleWebKit/605.1.15 (KHTML, like Gecko) Mobile/23C71 Safari/604.1 [FBAN/FBIOS;FBAV/559.0.0.56.80;FBBV/955347213;FBDV/iPhone16,2;FBMD/iPhone;FBSN/iOS;FBSV/26.2.1;FBSS/3;FBID/phone;FBLC/en_GB;FBOP/5;FBRV/0;IABMV/1]"
141.98.140.58 - - [05/May/2026:16:08:11 +0000] "GET /wp-content/plugins/elementor/assets/js/frontend-modules.min.js?ver=3.10.1 HTTP/1.1" 200 11399 "https://nipponia.com/" "Mozilla/5.0 (iPhone; CPU iPhone OS 26_2_1 like Mac OS X) AppleWebKit/605.1.15 (KHTML, like Gecko) Mobile/23C71 Safari/604.1 [FBAN/FBIOS;FBAV/559.0.0.56.80;FBBV/955347213;FBDV/iPhone16,2;FBMD/iPhone;FBSN/iOS;FBSV/26.2.1;FBSS/3;FBID/phone;FBLC/en_GB;FBOP/5;FBRV/0;IABMV/1]"
141.98.140.58 - - [05/May/2026:16:08:11 +0000] "GET /wp-content/plugins/elementor/assets/js/webpack.runtime.min.js?ver=3.10.1 HTTP/1.1" 200 2225 "https://nipponia.com/" "Mozilla/5.0 (iPhone; CPU iPhone OS 26_2_1 like Mac OS X) AppleWebKit/605.1.15 (KHTML, like Gecko) Mobile/23C71 Safari/604.1 [FBAN/FBIOS;FBAV/559.0.0.56.80;FBBV/955347213;FBDV/iPhone16,2;FBMD/iPhone;FBSN/iOS;FBSV/26.2.1;FBSS/3;FBID/phone;FBLC/en_GB;FBOP/5;FBRV/0;IABMV/1]"
141.98.140.58 - - [05/May/2026:16:08:11 +0000] "GET /wp-includes/js/dist/i18n.min.js?ver=c26c3dc7bed366793375 HTTP/1.1" 200 2229 "https://nipponia.com/" "Mozilla/5.0 (iPhone; CPU iPhone OS 26_2_1 like Mac OS X) AppleWebKit/605.1.15 (KHTML, like Gecko) Mobile/23C71 Safari/604.1 [FBAN/FBIOS;FBAV/559.0.0.56.80;FBBV/955347213;FBDV/iPhone16,2;FBMD/iPhone;FBSN/iOS;FBSV/26.2.1;FBSS/3;FBID/phone;FBLC/en_GB;FBOP/5;FBRV/0;IABMV/1]"
141.98.140.58 - - [05/May/2026:16:08:11 +0000] "GET /wp-includes/js/dist/hooks.min.js?ver=dd5603f07f9220ed27f1 HTTP/1.1" 200 1941 "https://nipponia.com/" "Mozilla/5.0 (iPhone; CPU iPhone OS 26_2_1 like Mac OS X) AppleWebKit/605.1.15 (KHTML, like Gecko) Mobile/23C71 Safari/604.1 [FBAN/FBIOS;FBAV/559.0.0.56.80;FBBV/955347213;FBDV/iPhone16,2;FBMD/iPhone;FBSN/iOS;FBSV/26.2.1;FBSS/3;FBID/phone;FBLC/en_GB;FBOP/5;FBRV/0;IABMV/1]"
141.98.140.58 - - [05/May/2026:16:08:11 +0000] "GET /wp-content/plugins/elementor-pro/assets/js/frontend.min.js?ver=3.10.2 HTTP/1.1" 200 5743 "https://nipponia.com/" "Mozilla/5.0 (iPhone; CPU iPhone OS 26_2_1 like Mac OS X) AppleWebKit/605.1.15 (KHTML, like Gecko) Mobile/23C71 Safari/604.1 [FBAN/FBIOS;FBAV/559.0.0.56.80;FBBV/955347213;FBDV/iPhone16,2;FBMD/iPhone;FBSN/iOS;FBSV/26.2.1;FBSS/3;FBID/phone;FBLC/en_GB;FBOP/5;FBRV/0;IABMV/1]"
141.98.140.58 - - [05/May/2026:16:08:11 +0000] "GET /wp-content/plugins/elementor/assets/lib/waypoints/waypoints.min.js?ver=4.0.2 HTTP/1.1" 200 2993 "https://nipponia.com/" "Mozilla/5.0 (iPhone; CPU iPhone OS 26_2_1 like Mac OS X) AppleWebKit/605.1.15 (KHTML, like Gecko) Mobile/23C71 Safari/604.1 [FBAN/FBIOS;FBAV/559.0.0.56.80;FBBV/955347213;FBDV/iPhone16,2;FBMD/iPhone;FBSN/iOS;FBSV/26.2.1;FBSS/3;FBID/phone;FBLC/en_GB;FBOP/5;FBRV/0;IABMV/1]"
141.98.140.58 - - [05/May/2026:16:08:11 +0000] "GET /wp-includes/js/jquery/ui/core.min.js?ver=1.13.3 HTTP/1.1" 200 7106 "https://nipponia.com/" "Mozilla/5.0 (iPhone; CPU iPhone OS 26_2_1 like Mac OS X) AppleWebKit/605.1.15 (KHTML, like Gecko) Mobile/23C71 Safari/604.1 [FBAN/FBIOS;FBAV/559.0.0.56.80;FBBV/955347213;FBDV/iPhone16,2;FBMD/iPhone;FBSN/iOS;FBSV/26.2.1;FBSS/3;FBID/phone;FBLC/en_GB;FBOP/5;FBRV/0;IABMV/1]"
141.98.140.58 - - [05/May/2026:16:08:11 +0000] "GET /wp-content/plugins/elementor/assets/js/frontend.min.js?ver=3.10.1 HTTP/1.1" 200 12124 "https://nipponia.com/" "Mozilla/5.0 (iPhone; CPU iPhone OS 26_2_1 like Mac OS X) AppleWebKit/605.1.15 (KHTML, like Gecko) Mobile/23C71 Safari/604.1 [FBAN/FBIOS;FBAV/559.0.0.56.80;FBBV/955347213;FBDV/iPhone16,2;FBMD/iPhone;FBSN/iOS;FBSV/26.2.1;FBSS/3;FBID/phone;FBLC/en_GB;FBOP/5;FBRV/0;IABMV/1]"
141.98.140.58 - - [05/May/2026:16:08:12 +0000] "GET /wp-content/plugins/cookie-notice/js/front.min.js?ver=2.4.6 HTTP/1.1" 200 2128 "https://nipponia.com/" "Mozilla/5.0 (iPhone; CPU iPhone OS 26_2_1 like Mac OS X) AppleWebKit/605.1.15 (KHTML, like Gecko) Mobile/23C71 Safari/604.1 [FBAN/FBIOS;FBAV/559.0.0.56.80;FBBV/955347213;FBDV/iPhone16,2;FBMD/iPhone;FBSN/iOS;FBSV/26.2.1;FBSS/3;FBID/phone;FBLC/en_GB;FBOP/5;FBRV/0;IABMV/1]"
141.98.140.58 - - [05/May/2026:16:08:12 +0000] "GET /wp-content/plugins/elementor-pro/assets/js/elements-handlers.min.js?ver=3.10.2 HTTP/1.1" 200 6374 "https://nipponia.com/" "Mozilla/5.0 (iPhone; CPU iPhone OS 26_2_1 like Mac OS X) AppleWebKit/605.1.15 (KHTML, like Gecko) Mobile/23C71 Safari/604.1 [FBAN/FBIOS;FBAV/559.0.0.56.80;FBBV/955347213;FBDV/iPhone16,2;FBMD/iPhone;FBSN/iOS;FBSV/26.2.1;FBSS/3;FBID/phone;FBLC/en_GB;FBOP/5;FBRV/0;IABMV/1]"
141.98.140.58 - - [05/May/2026:16:08:12 +0000] "GET /wp-content/uploads/elementor/css/post-175.css?ver=1674635264 HTTP/1.1" 200 439 "https://nipponia.com/" "Mozilla/5.0 (iPhone; CPU iPhone OS 26_2_1 like Mac OS X) AppleWebKit/605.1.15 (KHTML, like Gecko) Mobile/23C71 Safari/604.1 [FBAN/FBIOS;FBAV/559.0.0.56.80;FBBV/955347213;FBDV/iPhone16,2;FBMD/iPhone;FBSN/iOS;FBSV/26.2.1;FBSS/3;FBID/phone;FBLC/en_GB;FBOP/5;FBRV/0;IABMV/1]"
141.98.140.58 - - [05/May/2026:16:08:12 +0000] "GET /wp-content/plugins/elementor/assets/lib/font-awesome/webfonts/fa-brands-400.woff2 HTTP/1.1" 200 76797 "https://nipponia.com/" "Mozilla/5.0 (iPhone; CPU iPhone OS 26_2_1 like Mac OS X) AppleWebKit/605.1.15 (KHTML, like Gecko) Mobile/23C71 Safari/604.1 [FBAN/FBIOS;FBAV/559.0.0.56.80;FBBV/955347213;FBDV/iPhone16,2;FBMD/iPhone;FBSN/iOS;FBSV/26.2.1;FBSS/3;FBID/phone;FBLC/en_GB;FBOP/5;FBRV/0;IABMV/1]"
141.98.140.58 - - [05/May/2026:16:08:12 +0000] "GET /wp-content/plugins/elementor-pro/assets/js/nav-menu.c8d112707fd7172d2a9d.bundle.min.js HTTP/1.1" 200 1529 "https://nipponia.com/" "Mozilla/5.0 (iPhone; CPU iPhone OS 26_2_1 like Mac OS X) AppleWebKit/605.1.15 (KHTML, like Gecko) Mobile/23C71 Safari/604.1 [FBAN/FBIOS;FBAV/559.0.0.56.80;FBBV/955347213;FBDV/iPhone16,2;FBMD/iPhone;FBSN/iOS;FBSV/26.2.1;FBSS/3;FBID/phone;FBLC/en_GB;FBOP/5;FBRV/0;IABMV/1]"
141.98.140.58 - - [05/May/2026:16:08:12 +0000] "GET /wp-content/plugins/elementor/assets/js/text-editor.2c35aafbe5bf0e127950.bundle.min.js HTTP/1.1" 200 665 "https://nipponia.com/" "Mozilla/5.0 (iPhone; CPU iPhone OS 26_2_1 like Mac OS X) AppleWebKit/605.1.15 (KHTML, like Gecko) Mobile/23C71 Safari/604.1 [FBAN/FBIOS;FBAV/559.0.0.56.80;FBBV/955347213;FBDV/iPhone16,2;FBMD/iPhone;FBSN/iOS;FBSV/26.2.1;FBSS/3;FBID/phone;FBLC/en_GB;FBOP/5;FBRV/0;IABMV/1]"
141.98.140.58 - - [05/May/2026:16:08:12 +0000] "GET /wp-content/plugins/elementor/assets/js/counter.02cef29c589e742d4c8c.bundle.min.js HTTP/1.1" 200 487 "https://nipponia.com/" "Mozilla/5.0 (iPhone; CPU iPhone OS 26_2_1 like Mac OS X) AppleWebKit/605.1.15 (KHTML, like Gecko) Mobile/23C71 Safari/604.1 [FBAN/FBIOS;FBAV/559.0.0.56.80;FBBV/955347213;FBDV/iPhone16,2;FBMD/iPhone;FBSN/iOS;FBSV/26.2.1;FBSS/3;FBID/phone;FBLC/en_GB;FBOP/5;FBRV/0;IABMV/1]"
141.98.140.58 - - [05/May/2026:16:08:12 +0000] "GET /wp-content/plugins/elementor-pro/assets/js/form.72b77b99d67b130634d2.bundle.min.js HTTP/1.1" 200 5000 "https://nipponia.com/" "Mozilla/5.0 (iPhone; CPU iPhone OS 26_2_1 like Mac OS X) AppleWebKit/605.1.15 (KHTML, like Gecko) Mobile/23C71 Safari/604.1 [FBAN/FBIOS;FBAV/559.0.0.56.80;FBBV/955347213;FBDV/iPhone16,2;FBMD/iPhone;FBSN/iOS;FBSV/26.2.1;FBSS/3;FBID/phone;FBLC/en_GB;FBOP/5;FBRV/0;IABMV/1]"
141.98.140.58 - - [05/May/2026:16:08:12 +0000] "GET /wp-content/plugins/elementor/assets/lib/eicons/fonts/eicons.woff2?5.17.0 HTTP/1.1" 200 93477 "https://nipponia.com/" "Mozilla/5.0 (iPhone; CPU iPhone OS 26_2_1 like Mac OS X) AppleWebKit/605.1.15 (KHTML, like Gecko) Mobile/23C71 Safari/604.1 [FBAN/FBIOS;FBAV/559.0.0.56.80;FBBV/955347213;FBDV/iPhone16,2;FBMD/iPhone;FBSN/iOS;FBSV/26.2.1;FBSS/3;FBID/phone;FBLC/en_GB;FBOP/5;FBRV/0;IABMV/1]"
141.98.140.58 - - [05/May/2026:16:08:12 +0000] "GET /wp-content/plugins/elementor-pro/assets/js/popup.483b906ddaa1af17ff14.bundle.min.js HTTP/1.1" 200 451 "https://nipponia.com/" "Mozilla/5.0 (iPhone; CPU iPhone OS 26_2_1 like Mac OS X) AppleWebKit/605.1.15 (KHTML, like Gecko) Mobile/23C71 Safari/604.1 [FBAN/FBIOS;FBAV/559.0.0.56.80;FBBV/955347213;FBDV/iPhone16,2;FBMD/iPhone;FBSN/iOS;FBSV/26.2.1;FBSS/3;FBID/phone;FBLC/en_GB;FBOP/5;FBRV/0;IABMV/1]"
141.98.140.58 - - [05/May/2026:16:08:12 +0000] "GET /wp-content/uploads/2023/01/eccitymp4.mp4 HTTP/1.1" 206 2 "https://nipponia.com/" "Mozilla/5.0 (iPhone; CPU iPhone OS 26_2_1 like Mac OS X) AppleWebKit/605.1.15 (KHTML, like Gecko) Mobile/23C71 Safari/604.1 [FBAN/FBIOS;FBAV/559.0.0.56.80;FBBV/955347213;FBDV/iPhone16,2;FBMD/iPhone;FBSN/iOS;FBSV/26.2.1;FBSS/3;FBID/phone;FBLC/en_GB;FBOP/5;FBRV/0;IABMV/1]"
141.98.140.58 - - [05/May/2026:16:08:12 +0000] "GET /wp-includes/js/wp-emoji-release.min.js?ver=6.9.4 HTTP/1.1" 200 5375 "https://nipponia.com/" "Mozilla/5.0 (iPhone; CPU iPhone OS 26_2_1 like Mac OS X) AppleWebKit/605.1.15 (KHTML, like Gecko) Mobile/23C71 Safari/604.1 [FBAN/FBIOS;FBAV/559.0.0.56.80;FBBV/955347213;FBDV/iPhone16,2;FBMD/iPhone;FBSN/iOS;FBSV/26.2.1;FBSS/3;FBID/phone;FBLC/en_GB;FBOP/5;FBRV/0;IABMV/1]"
141.98.140.58 - - [05/May/2026:16:08:12 +0000] "GET /wp-content/plugins/elementor/assets/lib/font-awesome/webfonts/fa-solid-900.woff2 HTTP/1.1" 200 78099 "https://nipponia.com/" "Mozilla/5.0 (iPhone; CPU iPhone OS 26_2_1 like Mac OS X) AppleWebKit/605.1.15 (KHTML, like Gecko) Mobile/23C71 Safari/604.1 [FBAN/FBIOS;FBAV/559.0.0.56.80;FBBV/955347213;FBDV/iPhone16,2;FBMD/iPhone;FBSN/iOS;FBSV/26.2.1;FBSS/3;FBID/phone;FBLC/en_GB;FBOP/5;FBRV/0;IABMV/1]"
141.98.140.58 - - [05/May/2026:16:08:12 +0000] "GET /wp-content/uploads/2023/01/eccitymp4.mp4 HTTP/1.1" 206 2 "https://nipponia.com/" "Mozilla/5.0 (iPhone; CPU iPhone OS 26_2_1 like Mac OS X) AppleWebKit/605.1.15 (KHTML, like Gecko) Mobile/23C71 Safari/604.1 [FBAN/FBIOS;FBAV/559.0.0.56.80;FBBV/955347213;FBDV/iPhone16,2;FBMD/iPhone;FBSN/iOS;FBSV/26.2.1;FBSS/3;FBID/phone;FBLC/en_GB;FBOP/5;FBRV/0;IABMV/1]"
141.98.140.58 - - [05/May/2026:16:08:12 +0000] "GET /wp-content/uploads/2023/01/eccitymp4.mp4 HTTP/1.1" 206 12573 "https://nipponia.com/" "Mozilla/5.0 (iPhone; CPU iPhone OS 26_2_1 like Mac OS X) AppleWebKit/605.1.15 (KHTML, like Gecko) Mobile/23C71 Safari/604.1 [FBAN/FBIOS;FBAV/559.0.0.56.80;FBBV/955347213;FBDV/iPhone16,2;FBMD/iPhone;FBSN/iOS;FBSV/26.2.1;FBSS/3;FBID/phone;FBLC/en_GB;FBOP/5;FBRV/0;IABMV/1]"
141.98.140.58 - - [05/May/2026:16:08:12 +0000] "GET /wp-content/uploads/2023/01/eccitymp4.mp4 HTTP/1.1" 206 2044189 "https://nipponia.com/" "Mozilla/5.0 (iPhone; CPU iPhone OS 26_2_1 like Mac OS X) AppleWebKit/605.1.15 (KHTML, like Gecko) Mobile/23C71 Safari/604.1 [FBAN/FBIOS;FBAV/559.0.0.56.80;FBBV/955347213;FBDV/iPhone16,2;FBMD/iPhone;FBSN/iOS;FBSV/26.2.1;FBSS/3;FBID/phone;FBLC/en_GB;FBOP/5;FBRV/0;IABMV/1]"
141.98.140.58 - - [05/May/2026:16:08:12 +0000] "GET /wp-content/uploads/2023/01/eccitymp4.mp4 HTTP/1.1" 206 12573 "https://nipponia.com/" "Mozilla/5.0 (iPhone; CPU iPhone OS 26_2_1 like Mac OS X) AppleWebKit/605.1.15 (KHTML, like Gecko) Mobile/23C71 Safari/604.1 [FBAN/FBIOS;FBAV/559.0.0.56.80;FBBV/955347213;FBDV/iPhone16,2;FBMD/iPhone;FBSN/iOS;FBSV/26.2.1;FBSS/3;FBID/phone;FBLC/en_GB;FBOP/5;FBRV/0;IABMV/1]"
141.98.140.58 - - [05/May/2026:16:08:12 +0000] "GET /wp-content/uploads/2023/01/eccitymp4.mp4 HTTP/1.1" 206 2044189 "https://nipponia.com/" "Mozilla/5.0 (iPhone; CPU iPhone OS 26_2_1 like Mac OS X) AppleWebKit/605.1.15 (KHTML, like Gecko) Mobile/23C71 Safari/604.1 [FBAN/FBIOS;FBAV/559.0.0.56.80;FBBV/955347213;FBDV/iPhone16,2;FBMD/iPhone;FBSN/iOS;FBSV/26.2.1;FBSS/3;FBID/phone;FBLC/en_GB;FBOP/5;FBRV/0;IABMV/1]"
141.98.140.58 - - [05/May/2026:16:08:12 +0000] "GET /wp-content/uploads/2023/01/eccitymp4.mp4 HTTP/1.1" 206 1855756 "https://nipponia.com/" "Mozilla/5.0 (iPhone; CPU iPhone OS 26_2_1 like Mac OS X) AppleWebKit/605.1.15 (KHTML, like Gecko) Mobile/23C71 Safari/604.1 [FBAN/FBIOS;FBAV/559.0.0.56.80;FBBV/955347213;FBDV/iPhone16,2;FBMD/iPhone;FBSN/iOS;FBSV/26.2.1;FBSS/3;FBID/phone;FBLC/en_GB;FBOP/5;FBRV/0;IABMV/1]"
141.98.140.58 - - [05/May/2026:16:08:12 +0000] "GET /wp-content/uploads/2023/01/eccitymp4.mp4 HTTP/1.1" 206 2023756 "https://nipponia.com/" "Mozilla/5.0 (iPhone; CPU iPhone OS 26_2_1 like Mac OS X) AppleWebKit/605.1.15 (KHTML, like Gecko) Mobile/23C71 Safari/604.1 [FBAN/FBIOS;FBAV/559.0.0.56.80;FBBV/955347213;FBDV/iPhone16,2;FBMD/iPhone;FBSN/iOS;FBSV/26.2.1;FBSS/3;FBID/phone;FBLC/en_GB;FBOP/5;FBRV/0;IABMV/1]"
141.98.140.58 - - [05/May/2026:16:08:13 +0000] "GET /wp-content/uploads/2023/01/Footer-BG.png HTTP/1.1" 200 20270 "https://nipponia.com/" "Mozilla/5.0 (iPhone; CPU iPhone OS 26_2_1 like Mac OS X) AppleWebKit/605.1.15 (KHTML, like Gecko) Mobile/23C71 Safari/604.1 [FBAN/FBIOS;FBAV/559.0.0.56.80;FBBV/955347213;FBDV/iPhone16,2;FBMD/iPhone;FBSN/iOS;FBSV/26.2.1;FBSS/3;FBID/phone;FBLC/en_GB;FBOP/5;FBRV/0;IABMV/1]"
157.230.39.14 - - [05/May/2026:16:08:14 +0000] "GET /wp-admin/edit.php HTTP/1.1" 503 7313 "https://nipponia.com/wp-login.php" "Mozilla/5.0 (X11; Linux x86_64) AppleWebKit/537.36 (KHTML, like Gecko) Chrome/120.0.0.0 Safari/537.36"
157.230.39.14 - - [05/May/2026:16:08:19 +0000] "GET /wp-admin/plugins.php HTTP/1.1" 503 7312 "https://nipponia.com/wp-login.php" "Mozilla/5.0 (X11; Linux x86_64) AppleWebKit/537.36 (KHTML, like Gecko) Chrome/120.0.0.0 Safari/537.36"
141.98.140.58 - - [05/May/2026:16:08:21 +0000] "GET /greece/ HTTP/1.1" 200 12472 "https://nipponia.com/" "Mozilla/5.0 (iPhone; CPU iPhone OS 26_2_1 like Mac OS X) AppleWebKit/605.1.15 (KHTML, like Gecko) Mobile/23C71 Safari/604.1 [FBAN/FBIOS;FBAV/559.0.0.56.80;FBBV/955347213;FBDV/iPhone16,2;FBMD/iPhone;FBSN/iOS;FBSV/26.2.1;FBSS/3;FBID/phone;FBLC/en_GB;FBOP/5;FBRV/0;IABMV/1]"
141.98.140.58 - - [05/May/2026:16:08:23 +0000] "GET /wp-content/uploads/elementor/css/post-353.css?ver=1674724003 HTTP/1.1" 200 595 "https://nipponia.com/greece/" "Mozilla/5.0 (iPhone; CPU iPhone OS 26_2_1 like Mac OS X) AppleWebKit/605.1.15 (KHTML, like Gecko) Mobile/23C71 Safari/604.1 [FBAN/FBIOS;FBAV/559.0.0.56.80;FBBV/955347213;FBDV/iPhone16,2;FBMD/iPhone;FBSN/iOS;FBSV/26.2.1;FBSS/3;FBID/phone;FBLC/en_GB;FBOP/5;FBRV/0;IABMV/1]"
157.230.39.14 - - [05/May/2026:16:08:25 +0000] "POST /wp-login.php HTTP/1.1" 503 7110 "https://nipponia.com/wp-login.php" "Mozilla/5.0 (Macintosh; Intel Mac OS X 10_15_7) AppleWebKit/605.1.15 (KHTML, like Gecko) Version/17.2 Safari/605.1.15"
157.230.39.14 - - [05/May/2026:16:08:29 +0000] "GET /wp-admin/index.php HTTP/1.1" 503 7312 "https://nipponia.com/wp-login.php" "Mozilla/5.0 (Windows NT 10.0; Win64; x64) AppleWebKit/537.36 (KHTML, like Gecko) Chrome/119.0.0.0 Safari/537.36"
20.123.172.228 - - [05/May/2026:16:08:30 +0000] "POST /?wordfence_syncAttackData=1777997310.7102 HTTP/1.1" 200 - "-" "WordPress/6.9.4; https://nipponia.com"
157.230.39.14 - - [05/May/2026:16:08:36 +0000] "GET /wp-admin/profile.php HTTP/1.1" 503 7312 "https://nipponia.com/wp-login.php" "Mozilla/5.0 (Windows NT 10.0; Win64; x64) AppleWebKit/537.36 (KHTML, like Gecko) Chrome/119.0.0.0 Safari/537.36"
157.230.39.14 - - [05/May/2026:16:08:41 +0000] "GET /wp-admin/edit.php HTTP/1.1" 503 7312 "https://nipponia.com/wp-login.php" "Mozilla/5.0 (Windows NT 10.0; Win64; x64) AppleWebKit/537.36 (KHTML, like Gecko) Chrome/119.0.0.0 Safari/537.36"
157.230.39.14 - - [05/May/2026:16:08:46 +0000] "GET /wp-admin/plugins.php HTTP/1.1" 503 7313 "https://nipponia.com/wp-login.php" "Mozilla/5.0 (Windows NT 10.0; Win64; x64) AppleWebKit/537.36 (KHTML, like Gecko) Chrome/119.0.0.0 Safari/537.36"
157.230.39.14 - - [05/May/2026:16:08:52 +0000] "POST /wp-login.php HTTP/1.1" 503 7109 "https://nipponia.com/wp-login.php" "Mozilla/5.0 (Macintosh; Intel Mac OS X 13_6_1) AppleWebKit/537.36 (KHTML, like Gecko) Chrome/119.0.0.0 Safari/537.36"
157.230.39.14 - - [05/May/2026:16:08:58 +0000] "GET /wp-admin/index.php HTTP/1.1" 503 7312 "https://nipponia.com/wp-login.php" "Mozilla/5.0 (X11; Ubuntu; Linux x86_64) AppleWebKit/537.36 (KHTML, like Gecko) Chrome/120.0.0.0 Safari/537.36"
20.123.172.228 - - [05/May/2026:16:09:01 +0000] "POST /wp-cron.php?doing_wp_cron=1777997341.5025639533996582031250 HTTP/1.1" 200 - "-" "WordPress/6.9.4; https://nipponia.com"
20.123.172.228 - - [05/May/2026:16:08:59 +0000] "POST /?wordfence_syncAttackData=1777997339.9466 HTTP/1.1" 200 - "-" "WordPress/6.9.4; https://nipponia.com"
157.230.39.14 - - [05/May/2026:16:09:10 +0000] "GET /wp-admin/profile.php HTTP/1.1" 503 7312 "https://nipponia.com/wp-login.php" "Mozilla/5.0 (X11; Ubuntu; Linux x86_64) AppleWebKit/537.36 (KHTML, like Gecko) Chrome/120.0.0.0 Safari/537.36"
157.230.39.14 - - [05/May/2026:16:09:15 +0000] "GET /wp-admin/edit.php HTTP/1.1" 503 7313 "https://nipponia.com/wp-login.php" "Mozilla/5.0 (X11; Ubuntu; Linux x86_64) AppleWebKit/537.36 (KHTML, like Gecko) Chrome/120.0.0.0 Safari/537.36"
157.230.39.14 - - [05/May/2026:16:09:20 +0000] "GET /wp-admin/plugins.php HTTP/1.1" 503 7312 "https://nipponia.com/wp-login.php" "Mozilla/5.0 (X11; Ubuntu; Linux x86_64) AppleWebKit/537.36 (KHTML, like Gecko) Chrome/120.0.0.0 Safari/537.36"
157.230.39.14 - - [05/May/2026:16:09:25 +0000] "POST /wp-login.php HTTP/1.1" 503 7110 "https://nipponia.com/wp-login.php" "Mozilla/5.0 (Macintosh; Intel Mac OS X 13_6_1) AppleWebKit/537.36 (KHTML, like Gecko) Chrome/119.0.0.0 Safari/537.36"
157.230.39.14 - - [05/May/2026:16:09:29 +0000] "GET /wp-admin/index.php HTTP/1.1" 503 7312 "https://nipponia.com/wp-login.php" "Mozilla/5.0 (X11; Ubuntu; Linux x86_64) AppleWebKit/537.36 (KHTML, like Gecko) Chrome/118.0.0.0 Safari/537.36"
20.123.172.228 - - [05/May/2026:16:09:30 +0000] "POST /?wordfence_syncAttackData=1777997370.3453 HTTP/1.1" 200 - "-" "WordPress/6.9.4; https://nipponia.com"
157.230.39.14 - - [05/May/2026:16:09:35 +0000] "GET /wp-admin/profile.php HTTP/1.1" 503 7312 "https://nipponia.com/wp-login.php" "Mozilla/5.0 (X11; Ubuntu; Linux x86_64) AppleWebKit/537.36 (KHTML, like Gecko) Chrome/118.0.0.0 Safari/537.36"
157.230.39.14 - - [05/May/2026:16:09:40 +0000] "GET /wp-admin/edit.php HTTP/1.1" 503 7312 "https://nipponia.com/wp-login.php" "Mozilla/5.0 (X11; Ubuntu; Linux x86_64) AppleWebKit/537.36 (KHTML, like Gecko) Chrome/118.0.0.0 Safari/537.36"
157.230.39.14 - - [05/May/2026:16:09:44 +0000] "GET /wp-admin/plugins.php HTTP/1.1" 503 7312 "https://nipponia.com/wp-login.php" "Mozilla/5.0 (X11; Ubuntu; Linux x86_64) AppleWebKit/537.36 (KHTML, like Gecko) Chrome/118.0.0.0 Safari/537.36"
157.230.39.14 - - [05/May/2026:16:09:49 +0000] "POST /wp-login.php HTTP/1.1" 503 7109 "https://nipponia.com/wp-login.php" "Mozilla/5.0 (Macintosh; Intel Mac OS X 13_6_1) AppleWebKit/605.1.15 (KHTML, like Gecko) Version/17.1 Safari/605.1.15"
157.230.39.14 - - [05/May/2026:16:09:56 +0000] "GET /wp-admin/index.php HTTP/1.1" 503 7312 "https://nipponia.com/wp-login.php" "Mozilla/5.0 (Macintosh; Intel Mac OS X 13_6_1) AppleWebKit/605.1.15 (KHTML, like Gecko) Version/17.2 Safari/605.1.15"
20.123.172.228 - - [05/May/2026:16:09:58 +0000] "POST /wp-cron.php?doing_wp_cron=1777997398.6810889244079589843750 HTTP/1.1" 200 - "-" "WordPress/6.9.4; https://nipponia.com"
20.123.172.228 - - [05/May/2026:16:09:57 +0000] "POST /?wordfence_syncAttackData=1777997397.2182 HTTP/1.1" 200 - "-" "WordPress/6.9.4; https://nipponia.com"
157.230.39.14 - - [05/May/2026:16:10:02 +0000] "GET /wp-admin/profile.php HTTP/1.1" 503 7312 "https://nipponia.com/wp-login.php" "Mozilla/5.0 (Macintosh; Intel Mac OS X 13_6_1) AppleWebKit/605.1.15 (KHTML, like Gecko) Version/17.2 Safari/605.1.15"
157.230.39.14 - - [05/May/2026:16:10:18 +0000] "GET /wp-admin/edit.php HTTP/1.1" 503 7312 "https://nipponia.com/wp-login.php" "Mozilla/5.0 (Macintosh; Intel Mac OS X 13_6_1) AppleWebKit/605.1.15 (KHTML, like Gecko) Version/17.2 Safari/605.1.15"
157.230.39.14 - - [05/May/2026:16:10:26 +0000] "GET /wp-admin/plugins.php HTTP/1.1" 503 7312 "https://nipponia.com/wp-login.php" "Mozilla/5.0 (Macintosh; Intel Mac OS X 13_6_1) AppleWebKit/605.1.15 (KHTML, like Gecko) Version/17.2 Safari/605.1.15"
157.230.39.14 - - [05/May/2026:16:10:33 +0000] "POST /wp-login.php HTTP/1.1" 503 7109 "https://nipponia.com/wp-login.php" "Mozilla/5.0 (Windows NT 11.0; Win64; x64; rv:118.0) Gecko/20100101 Firefox/118.0"
157.230.39.14 - - [05/May/2026:16:10:37 +0000] "GET /wp-admin/index.php HTTP/1.1" 503 7312 "https://nipponia.com/wp-login.php" "Mozilla/5.0 (X11; Linux x86_64) AppleWebKit/537.36 (KHTML, like Gecko) Chrome/120.0.0.0 Safari/537.36"
20.123.172.228 - - [05/May/2026:16:10:40 +0000] "POST /wp-cron.php?doing_wp_cron=1777997440.5683979988098144531250 HTTP/1.1" 200 - "-" "WordPress/6.9.4; https://nipponia.com"
20.123.172.228 - - [05/May/2026:16:10:39 +0000] "POST /?wordfence_syncAttackData=1777997439.0033 HTTP/1.1" 200 - "-" "WordPress/6.9.4; https://nipponia.com"
157.230.39.14 - - [05/May/2026:16:10:44 +0000] "GET /wp-admin/profile.php HTTP/1.1" 503 7312 "https://nipponia.com/wp-login.php" "Mozilla/5.0 (X11; Linux x86_64) AppleWebKit/537.36 (KHTML, like Gecko) Chrome/120.0.0.0 Safari/537.36"
157.230.39.14 - - [05/May/2026:16:10:49 +0000] "GET /wp-admin/edit.php HTTP/1.1" 503 7312 "https://nipponia.com/wp-login.php" "Mozilla/5.0 (X11; Linux x86_64) AppleWebKit/537.36 (KHTML, like Gecko) Chrome/120.0.0.0 Safari/537.36"
20.123.172.228 - - [05/May/2026:16:10:50 +0000] "POST /wp-cron.php?doing_wp_cron=1777997450.1758310794830322265625 HTTP/1.1" 200 - "-" "WordPress/6.9.4; https://nipponia.com"
141.98.140.58 - - [05/May/2026:16:10:47 +0000] "GET /?utm_source=chatgpt.com HTTP/1.1" 200 15317 "-" "Mozilla/5.0 (iPhone; CPU iPhone OS 18_7 like Mac OS X) AppleWebKit/605.1.15 (KHTML, like Gecko) Version/26.2 Mobile/15E148 Safari/604.1"
141.98.140.58 - - [05/May/2026:16:10:50 +0000] "GET /wp-content/uploads/2023/01/eccitymp4.mp4 HTTP/1.1" 206 2 "https://nipponia.com/?utm_source=chatgpt.com" "Mozilla/5.0 (iPhone; CPU iPhone OS 18_7 like Mac OS X) AppleWebKit/605.1.15 (KHTML, like Gecko) Version/26.2 Mobile/15E148 Safari/604.1"
141.98.140.58 - - [05/May/2026:16:10:50 +0000] "GET /wp-content/uploads/2023/01/eccitymp4.mp4 HTTP/1.1" 206 2 "https://nipponia.com/?utm_source=chatgpt.com" "Mozilla/5.0 (iPhone; CPU iPhone OS 18_7 like Mac OS X) AppleWebKit/605.1.15 (KHTML, like Gecko) Version/26.2 Mobile/15E148 Safari/604.1"
141.98.140.58 - - [05/May/2026:16:10:51 +0000] "GET /wp-content/uploads/2023/01/eccitymp4.mp4 HTTP/1.1" 206 12573 "https://nipponia.com/?utm_source=chatgpt.com" "Mozilla/5.0 (iPhone; CPU iPhone OS 18_7 like Mac OS X) AppleWebKit/605.1.15 (KHTML, like Gecko) Version/26.2 Mobile/15E148 Safari/604.1"
141.98.140.58 - - [05/May/2026:16:10:51 +0000] "GET /wp-content/uploads/2023/01/eccitymp4.mp4 HTTP/1.1" 206 2015756 "https://nipponia.com/?utm_source=chatgpt.com" "Mozilla/5.0 (iPhone; CPU iPhone OS 18_7 like Mac OS X) AppleWebKit/605.1.15 (KHTML, like Gecko) Version/26.2 Mobile/15E148 Safari/604.1"
141.98.140.58 - - [05/May/2026:16:10:51 +0000] "GET /wp-content/uploads/2023/01/eccitymp4.mp4 HTTP/1.1" 206 2044189 "https://nipponia.com/?utm_source=chatgpt.com" "Mozilla/5.0 (iPhone; CPU iPhone OS 18_7 like Mac OS X) AppleWebKit/605.1.15 (KHTML, like Gecko) Version/26.2 Mobile/15E148 Safari/604.1"
157.230.39.14 - - [05/May/2026:16:10:59 +0000] "GET /wp-admin/plugins.php HTTP/1.1" 503 7312 "https://nipponia.com/wp-login.php" "Mozilla/5.0 (X11; Linux x86_64) AppleWebKit/537.36 (KHTML, like Gecko) Chrome/120.0.0.0 Safari/537.36"
141.98.140.58 - - [05/May/2026:16:11:00 +0000] "GET /nipponia-global-footprint/ HTTP/1.1" 200 11868 "https://nipponia.com/?utm_source=chatgpt.com" "Mozilla/5.0 (iPhone; CPU iPhone OS 18_7 like Mac OS X) AppleWebKit/605.1.15 (KHTML, like Gecko) Version/26.2 Mobile/15E148 Safari/604.1"
141.98.140.58 - - [05/May/2026:16:11:03 +0000] "GET / HTTP/1.1" 200 15317 "https://facebook.com/" "Mozilla/5.0 (iPhone; CPU iPhone OS 26_2_1 like Mac OS X) AppleWebKit/605.1.15 (KHTML, like Gecko) Mobile/23C71 Safari/604.1 [FBAN/FBIOS;FBAV/559.0.0.56.80;FBBV/955347213;FBDV/iPhone16,2;FBMD/iPhone;FBSN/iOS;FBSV/26.2.1;FBSS/3;FBID/phone;FBLC/en_GB;FBOP/5;FBRV/0;IABMV/1]"
141.98.140.58 - - [05/May/2026:16:11:06 +0000] "GET /wp-content/uploads/2023/01/eccitymp4.mp4 HTTP/1.1" 206 2 "https://nipponia.com/" "Mozilla/5.0 (iPhone; CPU iPhone OS 26_2_1 like Mac OS X) AppleWebKit/605.1.15 (KHTML, like Gecko) Mobile/23C71 Safari/604.1 [FBAN/FBIOS;FBAV/559.0.0.56.80;FBBV/955347213;FBDV/iPhone16,2;FBMD/iPhone;FBSN/iOS;FBSV/26.2.1;FBSS/3;FBID/phone;FBLC/en_GB;FBOP/5;FBRV/0;IABMV/1]"
141.98.140.58 - - [05/May/2026:16:11:06 +0000] "GET /wp-content/uploads/2023/01/eccitymp4.mp4 HTTP/1.1" 206 2 "https://nipponia.com/" "Mozilla/5.0 (iPhone; CPU iPhone OS 26_2_1 like Mac OS X) AppleWebKit/605.1.15 (KHTML, like Gecko) Mobile/23C71 Safari/604.1 [FBAN/FBIOS;FBAV/559.0.0.56.80;FBBV/955347213;FBDV/iPhone16,2;FBMD/iPhone;FBSN/iOS;FBSV/26.2.1;FBSS/3;FBID/phone;FBLC/en_GB;FBOP/5;FBRV/0;IABMV/1]"
141.98.140.58 - - [05/May/2026:16:11:06 +0000] "GET /wp-content/uploads/2023/01/eccitymp4.mp4 HTTP/1.1" 206 2044189 "https://nipponia.com/" "Mozilla/5.0 (iPhone; CPU iPhone OS 26_2_1 like Mac OS X) AppleWebKit/605.1.15 (KHTML, like Gecko) Mobile/23C71 Safari/604.1 [FBAN/FBIOS;FBAV/559.0.0.56.80;FBBV/955347213;FBDV/iPhone16,2;FBMD/iPhone;FBSN/iOS;FBSV/26.2.1;FBSS/3;FBID/phone;FBLC/en_GB;FBOP/5;FBRV/0;IABMV/1]"
141.98.140.58 - - [05/May/2026:16:11:06 +0000] "GET /wp-content/uploads/2023/01/eccitymp4.mp4 HTTP/1.1" 206 12573 "https://nipponia.com/" "Mozilla/5.0 (iPhone; CPU iPhone OS 26_2_1 like Mac OS X) AppleWebKit/605.1.15 (KHTML, like Gecko) Mobile/23C71 Safari/604.1 [FBAN/FBIOS;FBAV/559.0.0.56.80;FBBV/955347213;FBDV/iPhone16,2;FBMD/iPhone;FBSN/iOS;FBSV/26.2.1;FBSS/3;FBID/phone;FBLC/en_GB;FBOP/5;FBRV/0;IABMV/1]"
141.98.140.58 - - [05/May/2026:16:11:06 +0000] "GET /wp-content/uploads/2023/01/eccitymp4.mp4 HTTP/1.1" 206 2044189 "https://nipponia.com/" "Mozilla/5.0 (iPhone; CPU iPhone OS 26_2_1 like Mac OS X) AppleWebKit/605.1.15 (KHTML, like Gecko) Mobile/23C71 Safari/604.1 [FBAN/FBIOS;FBAV/559.0.0.56.80;FBBV/955347213;FBDV/iPhone16,2;FBMD/iPhone;FBSN/iOS;FBSV/26.2.1;FBSS/3;FBID/phone;FBLC/en_GB;FBOP/5;FBRV/0;IABMV/1]"
141.98.140.58 - - [05/May/2026:16:11:06 +0000] "GET /wp-content/uploads/2023/01/eccitymp4.mp4 HTTP/1.1" 206 12573 "https://nipponia.com/" "Mozilla/5.0 (iPhone; CPU iPhone OS 26_2_1 like Mac OS X) AppleWebKit/605.1.15 (KHTML, like Gecko) Mobile/23C71 Safari/604.1 [FBAN/FBIOS;FBAV/559.0.0.56.80;FBBV/955347213;FBDV/iPhone16,2;FBMD/iPhone;FBSN/iOS;FBSV/26.2.1;FBSS/3;FBID/phone;FBLC/en_GB;FBOP/5;FBRV/0;IABMV/1]"
141.98.140.58 - - [05/May/2026:16:11:07 +0000] "GET /wp-content/uploads/2023/01/eccitymp4.mp4 HTTP/1.1" 206 2015756 "https://nipponia.com/" "Mozilla/5.0 (iPhone; CPU iPhone OS 26_2_1 like Mac OS X) AppleWebKit/605.1.15 (KHTML, like Gecko) Mobile/23C71 Safari/604.1 [FBAN/FBIOS;FBAV/559.0.0.56.80;FBBV/955347213;FBDV/iPhone16,2;FBMD/iPhone;FBSN/iOS;FBSV/26.2.1;FBSS/3;FBID/phone;FBLC/en_GB;FBOP/5;FBRV/0;IABMV/1]"
141.98.140.58 - - [05/May/2026:16:11:06 +0000] "GET /wp-content/uploads/2023/01/eccitymp4.mp4 HTTP/1.1" 206 1999756 "https://nipponia.com/" "Mozilla/5.0 (iPhone; CPU iPhone OS 26_2_1 like Mac OS X) AppleWebKit/605.1.15 (KHTML, like Gecko) Mobile/23C71 Safari/604.1 [FBAN/FBIOS;FBAV/559.0.0.56.80;FBBV/955347213;FBDV/iPhone16,2;FBMD/iPhone;FBSN/iOS;FBSV/26.2.1;FBSS/3;FBID/phone;FBLC/en_GB;FBOP/5;FBRV/0;IABMV/1]"
157.230.39.14 - - [05/May/2026:16:11:11 +0000] "POST /wp-login.php HTTP/1.1" 503 7109 "https://nipponia.com/wp-login.php" "Mozilla/5.0 (Macintosh; Intel Mac OS X 10_15_7) AppleWebKit/605.1.15 (KHTML, like Gecko) Version/17.2 Safari/605.1.15"
20.123.172.228 - - [05/May/2026:16:11:13 +0000] "POST /?wordfence_syncAttackData=1777997473.3812 HTTP/1.1" 200 - "-" "WordPress/6.9.4; https://nipponia.com"
141.98.140.58 - - [05/May/2026:16:11:12 +0000] "GET /greece/ HTTP/1.1" 200 12472 "https://nipponia.com/" "Mozilla/5.0 (iPhone; CPU iPhone OS 26_2_1 like Mac OS X) AppleWebKit/605.1.15 (KHTML, like Gecko) Mobile/23C71 Safari/604.1 [FBAN/FBIOS;FBAV/559.0.0.56.80;FBBV/955347213;FBDV/iPhone16,2;FBMD/iPhone;FBSN/iOS;FBSV/26.2.1;FBSS/3;FBID/phone;FBLC/en_GB;FBOP/5;FBRV/0;IABMV/1]"
157.230.39.14 - - [05/May/2026:16:11:14 +0000] "GET /wp-admin/index.php HTTP/1.1" 503 7313 "https://nipponia.com/wp-login.php" "Mozilla/5.0 (Windows NT 11.0; Win64; x64; rv:119.0) Gecko/20100101 Firefox/119.0"
157.230.39.14 - - [05/May/2026:16:11:20 +0000] "GET /wp-admin/profile.php HTTP/1.1" 503 7312 "https://nipponia.com/wp-login.php" "Mozilla/5.0 (Windows NT 11.0; Win64; x64; rv:119.0) Gecko/20100101 Firefox/119.0"
157.230.39.14 - - [05/May/2026:16:11:26 +0000] "GET /wp-admin/edit.php HTTP/1.1" 503 7311 "https://nipponia.com/wp-login.php" "Mozilla/5.0 (Windows NT 11.0; Win64; x64; rv:119.0) Gecko/20100101 Firefox/119.0"
157.230.39.14 - - [05/May/2026:16:11:32 +0000] "GET /wp-admin/plugins.php HTTP/1.1" 503 7312 "https://nipponia.com/wp-login.php" "Mozilla/5.0 (Windows NT 11.0; Win64; x64; rv:119.0) Gecko/20100101 Firefox/119.0"
157.230.39.14 - - [05/May/2026:16:11:37 +0000] "POST /wp-login.php HTTP/1.1" 503 7109 "https://nipponia.com/wp-login.php" "Mozilla/5.0 (X11; Ubuntu; Linux x86_64) AppleWebKit/537.36 (KHTML, like Gecko) Chrome/119.0.0.0 Safari/537.36"
157.230.39.14 - - [05/May/2026:16:11:41 +0000] "GET /wp-admin/index.php HTTP/1.1" 503 7312 "https://nipponia.com/wp-login.php" "Mozilla/5.0 (Windows NT 10.0; Win64; x64) AppleWebKit/537.36 (KHTML, like Gecko) Chrome/120.0.0.0 Safari/537.36"
20.123.172.228 - - [05/May/2026:16:11:43 +0000] "POST /wp-cron.php?doing_wp_cron=1777997503.9133520126342773437500 HTTP/1.1" 200 - "-" "WordPress/6.9.4; https://nipponia.com"
20.123.172.228 - - [05/May/2026:16:11:42 +0000] "POST /?wordfence_syncAttackData=1777997502.456 HTTP/1.1" 200 - "-" "WordPress/6.9.4; https://nipponia.com"
157.230.39.14 - - [05/May/2026:16:11:47 +0000] "GET /wp-admin/profile.php HTTP/1.1" 503 7312 "https://nipponia.com/wp-login.php" "Mozilla/5.0 (Windows NT 10.0; Win64; x64) AppleWebKit/537.36 (KHTML, like Gecko) Chrome/120.0.0.0 Safari/537.36"
