157.230.39.14 - - [05/May/2026:16:30:47 +0000] "POST /wp-login.php HTTP/1.1" 503 7110 "https://nipponia.com/wp-login.php" "Mozilla/5.0 (Macintosh; Intel Mac OS X 13_6_1) AppleWebKit/605.1.15 (KHTML, like Gecko) Version/16.6 Safari/605.1.15"
157.230.39.14 - - [05/May/2026:16:30:53 +0000] "GET /wp-admin/index.php HTTP/1.1" 503 7312 "https://nipponia.com/wp-login.php" "Mozilla/5.0 (Windows NT 10.0; Win64; x64; rv:121.0) Gecko/20100101 Firefox/121.0"
20.123.172.228 - - [05/May/2026:16:30:55 +0000] "POST /wp-cron.php?doing_wp_cron=1777998655.7461450099945068359375 HTTP/1.1" 200 - "-" "WordPress/6.9.4; https://nipponia.com"
20.123.172.228 - - [05/May/2026:16:30:54 +0000] "POST /?wordfence_syncAttackData=1777998654.161 HTTP/1.1" 200 - "-" "WordPress/6.9.4; https://nipponia.com"
157.230.39.14 - - [05/May/2026:16:31:03 +0000] "GET /wp-admin/profile.php HTTP/1.1" 503 7312 "https://nipponia.com/wp-login.php" "Mozilla/5.0 (Windows NT 10.0; Win64; x64; rv:121.0) Gecko/20100101 Firefox/121.0"
157.230.39.14 - - [05/May/2026:16:31:09 +0000] "GET /wp-admin/edit.php HTTP/1.1" 503 7312 "https://nipponia.com/wp-login.php" "Mozilla/5.0 (Windows NT 10.0; Win64; x64; rv:121.0) Gecko/20100101 Firefox/121.0"
157.230.39.14 - - [05/May/2026:16:31:15 +0000] "GET /wp-admin/plugins.php HTTP/1.1" 503 7313 "https://nipponia.com/wp-login.php" "Mozilla/5.0 (Windows NT 10.0; Win64; x64; rv:121.0) Gecko/20100101 Firefox/121.0"
157.230.39.14 - - [05/May/2026:16:31:21 +0000] "POST /wp-login.php HTTP/1.1" 503 7109 "https://nipponia.com/wp-login.php" "Mozilla/5.0 (Macintosh; Intel Mac OS X 10_15_7) AppleWebKit/605.1.15 (KHTML, like Gecko) Version/17.0 Safari/605.1.15"
157.230.39.14 - - [05/May/2026:16:31:26 +0000] "GET /wp-admin/index.php HTTP/1.1" 503 7312 "https://nipponia.com/wp-login.php" "Mozilla/5.0 (Macintosh; Intel Mac OS X 13_6_1) AppleWebKit/605.1.15 (KHTML, like Gecko) Version/17.2 Safari/605.1.15"
20.123.172.228 - - [05/May/2026:16:31:28 +0000] "POST /wp-cron.php?doing_wp_cron=1777998688.8195409774780273437500 HTTP/1.1" 200 - "-" "WordPress/6.9.4; https://nipponia.com"
20.123.172.228 - - [05/May/2026:16:31:27 +0000] "POST /?wordfence_syncAttackData=1777998687.2535 HTTP/1.1" 200 - "-" "WordPress/6.9.4; https://nipponia.com"
157.230.39.14 - - [05/May/2026:16:31:34 +0000] "GET /wp-admin/profile.php HTTP/1.1" 503 7312 "https://nipponia.com/wp-login.php" "Mozilla/5.0 (Macintosh; Intel Mac OS X 13_6_1) AppleWebKit/605.1.15 (KHTML, like Gecko) Version/17.2 Safari/605.1.15"
157.230.39.14 - - [05/May/2026:16:31:42 +0000] "GET /wp-admin/edit.php HTTP/1.1" 503 7312 "https://nipponia.com/wp-login.php" "Mozilla/5.0 (Macintosh; Intel Mac OS X 13_6_1) AppleWebKit/605.1.15 (KHTML, like Gecko) Version/17.2 Safari/605.1.15"
157.230.39.14 - - [05/May/2026:16:31:49 +0000] "GET /wp-admin/plugins.php HTTP/1.1" 503 7312 "https://nipponia.com/wp-login.php" "Mozilla/5.0 (Macintosh; Intel Mac OS X 13_6_1) AppleWebKit/605.1.15 (KHTML, like Gecko) Version/17.2 Safari/605.1.15"
157.230.39.14 - - [05/May/2026:16:32:06 +0000] "POST /wp-login.php HTTP/1.1" 503 7109 "https://nipponia.com/wp-login.php" "Mozilla/5.0 (Macintosh; Intel Mac OS X 10_15_7) AppleWebKit/605.1.15 (KHTML, like Gecko) Version/17.1 Safari/605.1.15"
157.230.39.14 - - [05/May/2026:16:32:13 +0000] "GET /wp-admin/index.php HTTP/1.1" 503 7313 "https://nipponia.com/wp-login.php" "Mozilla/5.0 (X11; Linux x86_64) AppleWebKit/537.36 (KHTML, like Gecko) Chrome/118.0.0.0 Safari/537.36"
20.123.172.228 - - [05/May/2026:16:32:16 +0000] "POST /wp-cron.php?doing_wp_cron=1777998736.2316200733184814453125 HTTP/1.1" 200 - "-" "WordPress/6.9.4; https://nipponia.com"
20.123.172.228 - - [05/May/2026:16:32:14 +0000] "POST /?wordfence_syncAttackData=1777998734.6082 HTTP/1.1" 200 - "-" "WordPress/6.9.4; https://nipponia.com"
157.230.39.14 - - [05/May/2026:16:32:20 +0000] "GET /wp-admin/profile.php HTTP/1.1" 503 7312 "https://nipponia.com/wp-login.php" "Mozilla/5.0 (X11; Linux x86_64) AppleWebKit/537.36 (KHTML, like Gecko) Chrome/118.0.0.0 Safari/537.36"
157.230.39.14 - - [05/May/2026:16:32:25 +0000] "GET /wp-admin/edit.php HTTP/1.1" 503 7311 "https://nipponia.com/wp-login.php" "Mozilla/5.0 (X11; Linux x86_64) AppleWebKit/537.36 (KHTML, like Gecko) Chrome/118.0.0.0 Safari/537.36"
157.230.39.14 - - [05/May/2026:16:32:31 +0000] "GET /wp-admin/plugins.php HTTP/1.1" 503 7312 "https://nipponia.com/wp-login.php" "Mozilla/5.0 (X11; Linux x86_64) AppleWebKit/537.36 (KHTML, like Gecko) Chrome/118.0.0.0 Safari/537.36"
157.230.39.14 - - [05/May/2026:16:32:36 +0000] "POST /wp-login.php HTTP/1.1" 503 7109 "https://nipponia.com/wp-login.php" "Mozilla/5.0 (Macintosh; Intel Mac OS X 10_15_7) AppleWebKit/605.1.15 (KHTML, like Gecko) Version/17.2 Safari/605.1.15"
157.230.39.14 - - [05/May/2026:16:32:41 +0000] "GET /wp-admin/index.php HTTP/1.1" 503 7312 "https://nipponia.com/wp-login.php" "Mozilla/5.0 (X11; Ubuntu; Linux x86_64) AppleWebKit/537.36 (KHTML, like Gecko) Chrome/118.0.0.0 Safari/537.36"
20.123.172.228 - - [05/May/2026:16:32:42 +0000] "POST /?wordfence_syncAttackData=1777998762.5686 HTTP/1.1" 200 - "-" "WordPress/6.9.4; https://nipponia.com"
157.230.39.14 - - [05/May/2026:16:32:48 +0000] "GET /wp-admin/profile.php HTTP/1.1" 503 7311 "https://nipponia.com/wp-login.php" "Mozilla/5.0 (X11; Ubuntu; Linux x86_64) AppleWebKit/537.36 (KHTML, like Gecko) Chrome/118.0.0.0 Safari/537.36"
157.230.39.14 - - [05/May/2026:16:32:58 +0000] "GET /wp-admin/edit.php HTTP/1.1" 503 7312 "https://nipponia.com/wp-login.php" "Mozilla/5.0 (X11; Ubuntu; Linux x86_64) AppleWebKit/537.36 (KHTML, like Gecko) Chrome/118.0.0.0 Safari/537.36"
157.230.39.14 - - [05/May/2026:16:33:03 +0000] "GET /wp-admin/plugins.php HTTP/1.1" 503 7312 "https://nipponia.com/wp-login.php" "Mozilla/5.0 (X11; Ubuntu; Linux x86_64) AppleWebKit/537.36 (KHTML, like Gecko) Chrome/118.0.0.0 Safari/537.36"
157.230.39.14 - - [05/May/2026:16:33:09 +0000] "POST /wp-login.php HTTP/1.1" 503 7109 "https://nipponia.com/wp-login.php" "Mozilla/5.0 (Macintosh; Intel Mac OS X 13_6_1; rv:118.0) Gecko/20100101 Firefox/118.0"
157.230.39.14 - - [05/May/2026:16:33:14 +0000] "GET /wp-admin/index.php HTTP/1.1" 503 7313 "https://nipponia.com/wp-login.php" "Mozilla/5.0 (X11; Linux x86_64) AppleWebKit/537.36 (KHTML, like Gecko) Chrome/121.0.0.0 Safari/537.36"
20.123.172.228 - - [05/May/2026:16:33:17 +0000] "POST /wp-cron.php?doing_wp_cron=1777998797.3994870185852050781250 HTTP/1.1" 200 - "-" "WordPress/6.9.4; https://nipponia.com"
20.123.172.228 - - [05/May/2026:16:33:15 +0000] "POST /?wordfence_syncAttackData=1777998795.8347 HTTP/1.1" 200 - "-" "WordPress/6.9.4; https://nipponia.com"
157.230.39.14 - - [05/May/2026:16:33:22 +0000] "GET /wp-admin/profile.php HTTP/1.1" 503 7312 "https://nipponia.com/wp-login.php" "Mozilla/5.0 (X11; Linux x86_64) AppleWebKit/537.36 (KHTML, like Gecko) Chrome/121.0.0.0 Safari/537.36"
157.230.39.14 - - [05/May/2026:16:33:28 +0000] "GET /wp-admin/edit.php HTTP/1.1" 503 7312 "https://nipponia.com/wp-login.php" "Mozilla/5.0 (X11; Linux x86_64) AppleWebKit/537.36 (KHTML, like Gecko) Chrome/121.0.0.0 Safari/537.36"
157.230.39.14 - - [05/May/2026:16:33:35 +0000] "GET /wp-admin/plugins.php HTTP/1.1" 503 7312 "https://nipponia.com/wp-login.php" "Mozilla/5.0 (X11; Linux x86_64) AppleWebKit/537.36 (KHTML, like Gecko) Chrome/121.0.0.0 Safari/537.36"
157.230.39.14 - - [05/May/2026:16:33:42 +0000] "POST /wp-login.php HTTP/1.1" 503 7109 "https://nipponia.com/wp-login.php" "Mozilla/5.0 (Macintosh; Intel Mac OS X 13_6_1) AppleWebKit/605.1.15 (KHTML, like Gecko) Version/17.2 Safari/605.1.15"
157.230.39.14 - - [05/May/2026:16:33:48 +0000] "GET /wp-admin/index.php HTTP/1.1" 503 7312 "https://nipponia.com/wp-login.php" "Mozilla/5.0 (Windows NT 10.0; Win64; x64) AppleWebKit/537.36 (KHTML, like Gecko) Chrome/120.0.0.0 Safari/537.36"
20.123.172.228 - - [05/May/2026:16:33:50 +0000] "POST /wp-cron.php?doing_wp_cron=1777998830.8873839378356933593750 HTTP/1.1" 200 - "-" "WordPress/6.9.4; https://nipponia.com"
20.123.172.228 - - [05/May/2026:16:33:49 +0000] "POST /?wordfence_syncAttackData=1777998829.2513 HTTP/1.1" 200 - "-" "WordPress/6.9.4; https://nipponia.com"
157.230.39.14 - - [05/May/2026:16:33:54 +0000] "GET /wp-admin/profile.php HTTP/1.1" 302 - "https://nipponia.com/wp-login.php" "Mozilla/5.0 (Windows NT 10.0; Win64; x64) AppleWebKit/537.36 (KHTML, like Gecko) Chrome/120.0.0.0 Safari/537.36"
157.230.39.14 - - [05/May/2026:16:34:00 +0000] "GET /wp-login.php?redirect_to=https%3A%2F%2Fnipponia.com%2Fwp-admin%2Fprofile.php&reauth=1 HTTP/1.1" 200 1975 "https://nipponia.com/wp-login.php" "Mozilla/5.0 (Windows NT 10.0; Win64; x64) AppleWebKit/537.36 (KHTML, like Gecko) Chrome/120.0.0.0 Safari/537.36"
157.230.39.14 - - [05/May/2026:16:34:07 +0000] "POST /wp-login.php HTTP/1.1" 503 7312 "https://nipponia.com/wp-login.php" "Mozilla/5.0 (Macintosh; Intel Mac OS X 10_15_7; rv:121.0) Gecko/20100101 Firefox/121.0"
157.230.39.14 - - [05/May/2026:16:34:13 +0000] "GET /wp-admin/index.php HTTP/1.1" 503 7312 "https://nipponia.com/wp-login.php" "Mozilla/5.0 (X11; Ubuntu; Linux x86_64) AppleWebKit/537.36 (KHTML, like Gecko) Chrome/121.0.0.0 Safari/537.36"
157.230.39.14 - - [05/May/2026:16:34:19 +0000] "GET /wp-admin/profile.php HTTP/1.1" 503 7312 "https://nipponia.com/wp-login.php" "Mozilla/5.0 (X11; Ubuntu; Linux x86_64) AppleWebKit/537.36 (KHTML, like Gecko) Chrome/121.0.0.0 Safari/537.36"
157.230.39.14 - - [05/May/2026:16:34:24 +0000] "GET /wp-admin/edit.php HTTP/1.1" 503 7312 "https://nipponia.com/wp-login.php" "Mozilla/5.0 (X11; Ubuntu; Linux x86_64) AppleWebKit/537.36 (KHTML, like Gecko) Chrome/121.0.0.0 Safari/537.36"
157.230.39.14 - - [05/May/2026:16:34:37 +0000] "GET /wp-admin/plugins.php HTTP/1.1" 503 7313 "https://nipponia.com/wp-login.php" "Mozilla/5.0 (X11; Ubuntu; Linux x86_64) AppleWebKit/537.36 (KHTML, like Gecko) Chrome/121.0.0.0 Safari/537.36"
157.230.39.14 - - [05/May/2026:16:34:43 +0000] "POST /wp-login.php HTTP/1.1" 503 7109 "https://nipponia.com/wp-login.php" "Mozilla/5.0 (Windows NT 11.0; Win64; x64) AppleWebKit/537.36 (KHTML, like Gecko) Chrome/120.0.0.0 Safari/537.36"
157.230.39.14 - - [05/May/2026:16:34:48 +0000] "GET /wp-admin/index.php HTTP/1.1" 503 7312 "https://nipponia.com/wp-login.php" "Mozilla/5.0 (Windows NT 11.0; Win64; x64) AppleWebKit/537.36 (KHTML, like Gecko) Chrome/118.0.0.0 Safari/537.36"
20.123.172.228 - - [05/May/2026:16:34:51 +0000] "POST /wp-cron.php?doing_wp_cron=1777998891.1435880661010742187500 HTTP/1.1" 200 - "-" "WordPress/6.9.4; https://nipponia.com"
20.123.172.228 - - [05/May/2026:16:34:49 +0000] "POST /?wordfence_syncAttackData=1777998889.5612 HTTP/1.1" 200 - "-" "WordPress/6.9.4; https://nipponia.com"
157.230.39.14 - - [05/May/2026:16:34:54 +0000] "GET /wp-admin/profile.php HTTP/1.1" 503 7312 "https://nipponia.com/wp-login.php" "Mozilla/5.0 (Windows NT 11.0; Win64; x64) AppleWebKit/537.36 (KHTML, like Gecko) Chrome/118.0.0.0 Safari/537.36"
157.230.39.14 - - [05/May/2026:16:35:00 +0000] "GET /wp-admin/edit.php HTTP/1.1" 503 7312 "https://nipponia.com/wp-login.php" "Mozilla/5.0 (Windows NT 11.0; Win64; x64) AppleWebKit/537.36 (KHTML, like Gecko) Chrome/118.0.0.0 Safari/537.36"
157.230.39.14 - - [05/May/2026:16:35:08 +0000] "GET /wp-admin/plugins.php HTTP/1.1" 503 7312 "https://nipponia.com/wp-login.php" "Mozilla/5.0 (Windows NT 11.0; Win64; x64) AppleWebKit/537.36 (KHTML, like Gecko) Chrome/118.0.0.0 Safari/537.36"
157.230.39.14 - - [05/May/2026:16:35:15 +0000] "POST /wp-login.php HTTP/1.1" 503 7109 "https://nipponia.com/wp-login.php" "Mozilla/5.0 (Windows NT 10.0; Win64; x64; rv:118.0) Gecko/20100101 Firefox/118.0"
157.230.39.14 - - [05/May/2026:16:35:20 +0000] "GET /wp-admin/index.php HTTP/1.1" 503 7313 "https://nipponia.com/wp-login.php" "Mozilla/5.0 (Macintosh; Intel Mac OS X 13_6_1) AppleWebKit/537.36 (KHTML, like Gecko) Chrome/118.0.0.0 Safari/537.36"
20.123.172.228 - - [05/May/2026:16:35:23 +0000] "POST /wp-cron.php?doing_wp_cron=1777998923.5438950061798095703125 HTTP/1.1" 200 - "-" "WordPress/6.9.4; https://nipponia.com"
20.123.172.228 - - [05/May/2026:16:35:21 +0000] "POST /?wordfence_syncAttackData=1777998921.8724 HTTP/1.1" 200 - "-" "WordPress/6.9.4; https://nipponia.com"
157.230.39.14 - - [05/May/2026:16:35:27 +0000] "GET /wp-admin/profile.php HTTP/1.1" 503 7312 "https://nipponia.com/wp-login.php" "Mozilla/5.0 (Macintosh; Intel Mac OS X 13_6_1) AppleWebKit/537.36 (KHTML, like Gecko) Chrome/118.0.0.0 Safari/537.36"
157.230.39.14 - - [05/May/2026:16:35:33 +0000] "GET /wp-admin/edit.php HTTP/1.1" 503 7313 "https://nipponia.com/wp-login.php" "Mozilla/5.0 (Macintosh; Intel Mac OS X 13_6_1) AppleWebKit/537.36 (KHTML, like Gecko) Chrome/118.0.0.0 Safari/537.36"
157.230.39.14 - - [05/May/2026:16:35:39 +0000] "GET /wp-admin/plugins.php HTTP/1.1" 503 7312 "https://nipponia.com/wp-login.php" "Mozilla/5.0 (Macintosh; Intel Mac OS X 13_6_1) AppleWebKit/537.36 (KHTML, like Gecko) Chrome/118.0.0.0 Safari/537.36"
157.230.39.14 - - [05/May/2026:16:35:45 +0000] "POST /wp-login.php HTTP/1.1" 503 7109 "https://nipponia.com/wp-login.php" "Mozilla/5.0 (Windows NT 11.0; Win64; x64; rv:119.0) Gecko/20100101 Firefox/119.0"
157.230.39.14 - - [05/May/2026:16:35:49 +0000] "GET /wp-admin/index.php HTTP/1.1" 503 7312 "https://nipponia.com/wp-login.php" "Mozilla/5.0 (Macintosh; Intel Mac OS X 13_6_1; rv:121.0) Gecko/20100101 Firefox/121.0"
20.123.172.228 - - [05/May/2026:16:35:52 +0000] "POST /wp-cron.php?doing_wp_cron=1777998952.5451478958129882812500 HTTP/1.1" 200 - "-" "WordPress/6.9.4; https://nipponia.com"
20.123.172.228 - - [05/May/2026:16:35:51 +0000] "POST /?wordfence_syncAttackData=1777998951.0672 HTTP/1.1" 200 - "-" "WordPress/6.9.4; https://nipponia.com"
157.230.39.14 - - [05/May/2026:16:35:57 +0000] "GET /wp-admin/profile.php HTTP/1.1" 503 7312 "https://nipponia.com/wp-login.php" "Mozilla/5.0 (Macintosh; Intel Mac OS X 13_6_1; rv:121.0) Gecko/20100101 Firefox/121.0"
110.249.202.210 - - [05/May/2026:16:35:57 +0000] "GET /nipponia-global-footprint/ HTTP/1.1" 200 11260 "-" "Mozilla/5.0 (Linux; Android 5.0) AppleWebKit/537.36 (KHTML, like Gecko) Mobile Safari/537.36 (compatible; Bytespider; https://zhanzhang.toutiao.com/)"
110.249.202.210 - - [05/May/2026:16:36:00 +0000] "GET /wp-content/themes/hello-elementor/theme.min.css?ver=2.6.1 HTTP/1.1" 200 2664 "https://nipponia.com/nipponia-global-footprint/" "Mozilla/5.0 (Linux; Android 5.0) AppleWebKit/537.36 (KHTML, like Gecko) Mobile Safari/537.36 (compatible; Bytespider; https://zhanzhang.toutiao.com/)"
110.249.202.210 - - [05/May/2026:16:36:00 +0000] "GET /wp-content/plugins/elementor/assets/lib/font-awesome/css/solid.min.css?ver=5.15.3 HTTP/1.1" 200 309 "https://nipponia.com/nipponia-global-footprint/" "Mozilla/5.0 (Linux; Android 5.0) AppleWebKit/537.36 (KHTML, like Gecko) Mobile Safari/537.36 (compatible; Bytespider; https://zhanzhang.toutiao.com/)"
110.249.202.210 - - [05/May/2026:16:36:00 +0000] "GET /wp-content/plugins/elementor/assets/lib/font-awesome/css/brands.min.css?ver=5.15.3 HTTP/1.1" 200 308 "https://nipponia.com/nipponia-global-footprint/" "Mozilla/5.0 (Linux; Android 5.0) AppleWebKit/537.36 (KHTML, like Gecko) Mobile Safari/537.36 (compatible; Bytespider; https://zhanzhang.toutiao.com/)"
110.249.202.121 - - [05/May/2026:16:36:01 +0000] "GET /wp-content/plugins/elementor-pro/assets/lib/smartmenus/jquery.smartmenus.min.js?ver=1.0.1 HTTP/1.1" 200 7157 "https://nipponia.com/nipponia-global-footprint/" "Mozilla/5.0 (Linux; Android 5.0) AppleWebKit/537.36 (KHTML, like Gecko) Mobile Safari/537.36 (compatible; Bytespider; https://zhanzhang.toutiao.com/)"
110.249.202.223 - - [05/May/2026:16:36:01 +0000] "GET /wp-content/plugins/elementor/assets/js/frontend.min.js?ver=3.10.1 HTTP/1.1" 200 12124 "https://nipponia.com/nipponia-global-footprint/" "Mozilla/5.0 (Linux; Android 5.0) AppleWebKit/537.36 (KHTML, like Gecko) Mobile Safari/537.36 (compatible; Bytespider; https://zhanzhang.toutiao.com/)"
157.230.39.14 - - [05/May/2026:16:36:05 +0000] "GET /wp-admin/edit.php HTTP/1.1" 503 7312 "https://nipponia.com/wp-login.php" "Mozilla/5.0 (Macintosh; Intel Mac OS X 13_6_1; rv:121.0) Gecko/20100101 Firefox/121.0"
157.230.39.14 - - [05/May/2026:16:36:11 +0000] "GET /wp-admin/plugins.php HTTP/1.1" 503 7312 "https://nipponia.com/wp-login.php" "Mozilla/5.0 (Macintosh; Intel Mac OS X 13_6_1; rv:121.0) Gecko/20100101 Firefox/121.0"
157.230.39.14 - - [05/May/2026:16:36:17 +0000] "POST /wp-login.php HTTP/1.1" 503 7110 "https://nipponia.com/wp-login.php" "Mozilla/5.0 (Windows NT 11.0; Win64; x64) AppleWebKit/537.36 (KHTML, like Gecko) Chrome/119.0.0.0 Safari/537.36"
157.230.39.14 - - [05/May/2026:16:36:24 +0000] "GET /wp-admin/index.php HTTP/1.1" 503 7312 "https://nipponia.com/wp-login.php" "Mozilla/5.0 (X11; Linux x86_64) AppleWebKit/537.36 (KHTML, like Gecko) Chrome/119.0.0.0 Safari/537.36"
20.123.172.228 - - [05/May/2026:16:36:26 +0000] "POST /?wordfence_syncAttackData=1777998986.072 HTTP/1.1" 200 - "-" "WordPress/6.9.4; https://nipponia.com"
157.230.39.14 - - [05/May/2026:16:36:33 +0000] "GET /wp-admin/profile.php HTTP/1.1" 503 7312 "https://nipponia.com/wp-login.php" "Mozilla/5.0 (X11; Linux x86_64) AppleWebKit/537.36 (KHTML, like Gecko) Chrome/119.0.0.0 Safari/537.36"
157.230.39.14 - - [05/May/2026:16:36:41 +0000] "GET /wp-admin/edit.php HTTP/1.1" 503 7312 "https://nipponia.com/wp-login.php" "Mozilla/5.0 (X11; Linux x86_64) AppleWebKit/537.36 (KHTML, like Gecko) Chrome/119.0.0.0 Safari/537.36"
20.123.172.228 - - [05/May/2026:16:36:49 +0000] "POST /wp-cron.php?doing_wp_cron=1777999009.2694981098175048828125 HTTP/1.1" 200 - "-" "WordPress/6.9.4; https://nipponia.com"
111.225.149.102 - - [05/May/2026:16:36:46 +0000] "GET /company-profile/ HTTP/1.1" 200 11420 "-" "Mozilla/5.0 (Linux; Android 5.0) AppleWebKit/537.36 (KHTML, like Gecko) Mobile Safari/537.36 (compatible; Bytespider; https://zhanzhang.toutiao.com/)"
111.225.149.102 - - [05/May/2026:16:36:49 +0000] "GET /wp-content/plugins/elementor/assets/lib/font-awesome/css/fontawesome.min.css?ver=5.15.3 HTTP/1.1" 200 12582 "https://nipponia.com/company-profile/" "Mozilla/5.0 (Linux; Android 5.0) AppleWebKit/537.36 (KHTML, like Gecko) Mobile Safari/537.36 (compatible; Bytespider; https://zhanzhang.toutiao.com/)"
111.225.149.102 - - [05/May/2026:16:36:50 +0000] "GET /wp-content/plugins/elementor/assets/css/widget-icon-list.min.css HTTP/1.1" 200 941 "https://nipponia.com/company-profile/" "Mozilla/5.0 (Linux; Android 5.0) AppleWebKit/537.36 (KHTML, like Gecko) Mobile Safari/537.36 (compatible; Bytespider; https://zhanzhang.toutiao.com/)"
157.230.39.14 - - [05/May/2026:16:36:49 +0000] "GET /wp-admin/plugins.php HTTP/1.1" 503 7312 "https://nipponia.com/wp-login.php" "Mozilla/5.0 (X11; Linux x86_64) AppleWebKit/537.36 (KHTML, like Gecko) Chrome/119.0.0.0 Safari/537.36"
111.225.149.78 - - [05/May/2026:16:36:50 +0000] "GET /wp-content/plugins/elementor-pro/assets/lib/smartmenus/jquery.smartmenus.min.js?ver=1.0.1 HTTP/1.1" 200 7157 "https://nipponia.com/company-profile/" "Mozilla/5.0 (Linux; Android 5.0) AppleWebKit/537.36 (KHTML, like Gecko) Mobile Safari/537.36 (compatible; Bytespider; https://zhanzhang.toutiao.com/)"
157.230.39.14 - - [05/May/2026:16:36:56 +0000] "POST /wp-login.php HTTP/1.1" 503 7109 "https://nipponia.com/wp-login.php" "Mozilla/5.0 (Windows NT 10.0; Win64; x64; rv:118.0) Gecko/20100101 Firefox/118.0"
157.230.39.14 - - [05/May/2026:16:37:01 +0000] "GET /wp-admin/index.php HTTP/1.1" 503 7312 "https://nipponia.com/wp-login.php" "Mozilla/5.0 (Macintosh; Intel Mac OS X 10_15_7; rv:119.0) Gecko/20100101 Firefox/119.0"
20.123.172.228 - - [05/May/2026:16:37:04 +0000] "POST /wp-cron.php?doing_wp_cron=1777999024.1188070774078369140625 HTTP/1.1" 200 - "-" "WordPress/6.9.4; https://nipponia.com"
20.123.172.228 - - [05/May/2026:16:37:02 +0000] "POST /?wordfence_syncAttackData=1777999022.6274 HTTP/1.1" 200 - "-" "WordPress/6.9.4; https://nipponia.com"
157.230.39.14 - - [05/May/2026:16:37:08 +0000] "GET /wp-admin/profile.php HTTP/1.1" 503 7312 "https://nipponia.com/wp-login.php" "Mozilla/5.0 (Macintosh; Intel Mac OS X 10_15_7; rv:119.0) Gecko/20100101 Firefox/119.0"
157.230.39.14 - - [05/May/2026:16:37:13 +0000] "GET /wp-admin/edit.php HTTP/1.1" 503 7312 "https://nipponia.com/wp-login.php" "Mozilla/5.0 (Macintosh; Intel Mac OS X 10_15_7; rv:119.0) Gecko/20100101 Firefox/119.0"
157.230.39.14 - - [05/May/2026:16:37:19 +0000] "GET /wp-admin/plugins.php HTTP/1.1" 503 7312 "https://nipponia.com/wp-login.php" "Mozilla/5.0 (Macintosh; Intel Mac OS X 10_15_7; rv:119.0) Gecko/20100101 Firefox/119.0"
157.230.39.14 - - [05/May/2026:16:37:24 +0000] "POST /wp-login.php HTTP/1.1" 503 7110 "https://nipponia.com/wp-login.php" "Mozilla/5.0 (X11; Ubuntu; Linux x86_64) AppleWebKit/537.36 (KHTML, like Gecko) Chrome/120.0.0.0 Safari/537.36"
157.230.39.14 - - [05/May/2026:16:37:29 +0000] "GET /wp-admin/index.php HTTP/1.1" 503 7312 "https://nipponia.com/wp-login.php" "Mozilla/5.0 (Windows NT 11.0; Win64; x64) AppleWebKit/537.36 (KHTML, like Gecko) Chrome/119.0.0.0 Safari/537.36"
20.123.172.228 - - [05/May/2026:16:37:30 +0000] "POST /?wordfence_syncAttackData=1777999050.7079 HTTP/1.1" 200 - "-" "WordPress/6.9.4; https://nipponia.com"
157.230.39.14 - - [05/May/2026:16:37:36 +0000] "GET /wp-admin/profile.php HTTP/1.1" 503 7312 "https://nipponia.com/wp-login.php" "Mozilla/5.0 (Windows NT 11.0; Win64; x64) AppleWebKit/537.36 (KHTML, like Gecko) Chrome/119.0.0.0 Safari/537.36"
157.230.39.14 - - [05/May/2026:16:37:43 +0000] "GET /wp-admin/edit.php HTTP/1.1" 503 7312 "https://nipponia.com/wp-login.php" "Mozilla/5.0 (Windows NT 11.0; Win64; x64) AppleWebKit/537.36 (KHTML, like Gecko) Chrome/119.0.0.0 Safari/537.36"
157.230.39.14 - - [05/May/2026:16:37:48 +0000] "GET /wp-admin/plugins.php HTTP/1.1" 503 7312 "https://nipponia.com/wp-login.php" "Mozilla/5.0 (Windows NT 11.0; Win64; x64) AppleWebKit/537.36 (KHTML, like Gecko) Chrome/119.0.0.0 Safari/537.36"
157.230.39.14 - - [05/May/2026:16:37:54 +0000] "POST /wp-login.php HTTP/1.1" 503 7110 "https://nipponia.com/wp-login.php" "Mozilla/5.0 (X11; Linux x86_64) AppleWebKit/537.36 (KHTML, like Gecko) Chrome/118.0.0.0 Safari/537.36"
157.230.39.14 - - [05/May/2026:16:37:58 +0000] "GET /wp-admin/index.php HTTP/1.1" 503 7312 "https://nipponia.com/wp-login.php" "Mozilla/5.0 (Windows NT 10.0; Win64; x64; rv:119.0) Gecko/20100101 Firefox/119.0"
20.123.172.228 - - [05/May/2026:16:38:01 +0000] "POST /wp-cron.php?doing_wp_cron=1777999081.5845940113067626953125 HTTP/1.1" 200 - "-" "WordPress/6.9.4; https://nipponia.com"
20.123.172.228 - - [05/May/2026:16:38:00 +0000] "POST /?wordfence_syncAttackData=1777999080.004 HTTP/1.1" 200 - "-" "WordPress/6.9.4; https://nipponia.com"
157.230.39.14 - - [05/May/2026:16:38:05 +0000] "GET /wp-admin/profile.php HTTP/1.1" 503 7312 "https://nipponia.com/wp-login.php" "Mozilla/5.0 (Windows NT 10.0; Win64; x64; rv:119.0) Gecko/20100101 Firefox/119.0"
157.230.39.14 - - [05/May/2026:16:38:10 +0000] "GET /wp-admin/edit.php HTTP/1.1" 503 7312 "https://nipponia.com/wp-login.php" "Mozilla/5.0 (Windows NT 10.0; Win64; x64; rv:119.0) Gecko/20100101 Firefox/119.0"
157.230.39.14 - - [05/May/2026:16:38:16 +0000] "GET /wp-admin/plugins.php HTTP/1.1" 503 7312 "https://nipponia.com/wp-login.php" "Mozilla/5.0 (Windows NT 10.0; Win64; x64; rv:119.0) Gecko/20100101 Firefox/119.0"
157.230.39.14 - - [05/May/2026:16:38:21 +0000] "POST /wp-login.php HTTP/1.1" 503 7110 "https://nipponia.com/wp-login.php" "Mozilla/5.0 (Macintosh; Intel Mac OS X 13_6_1) AppleWebKit/605.1.15 (KHTML, like Gecko) Version/17.0 Safari/605.1.15"
157.230.39.14 - - [05/May/2026:16:38:26 +0000] "GET /wp-admin/index.php HTTP/1.1" 503 7312 "https://nipponia.com/wp-login.php" "Mozilla/5.0 (Macintosh; Intel Mac OS X 10_15_7) AppleWebKit/605.1.15 (KHTML, like Gecko) Version/17.2 Safari/605.1.15"
20.123.172.228 - - [05/May/2026:16:38:27 +0000] "POST /?wordfence_syncAttackData=1777999107.8533 HTTP/1.1" 200 - "-" "WordPress/6.9.4; https://nipponia.com"
157.230.39.14 - - [05/May/2026:16:38:33 +0000] "GET /wp-admin/profile.php HTTP/1.1" 503 7313 "https://nipponia.com/wp-login.php" "Mozilla/5.0 (Macintosh; Intel Mac OS X 10_15_7) AppleWebKit/605.1.15 (KHTML, like Gecko) Version/17.2 Safari/605.1.15"
157.230.39.14 - - [05/May/2026:16:38:39 +0000] "GET /wp-admin/edit.php HTTP/1.1" 503 7312 "https://nipponia.com/wp-login.php" "Mozilla/5.0 (Macintosh; Intel Mac OS X 10_15_7) AppleWebKit/605.1.15 (KHTML, like Gecko) Version/17.2 Safari/605.1.15"
157.230.39.14 - - [05/May/2026:16:38:44 +0000] "GET /wp-admin/plugins.php HTTP/1.1" 503 7312 "https://nipponia.com/wp-login.php" "Mozilla/5.0 (Macintosh; Intel Mac OS X 10_15_7) AppleWebKit/605.1.15 (KHTML, like Gecko) Version/17.2 Safari/605.1.15"
157.230.39.14 - - [05/May/2026:16:38:50 +0000] "POST /wp-login.php HTTP/1.1" 503 7110 "https://nipponia.com/wp-login.php" "Mozilla/5.0 (Macintosh; Intel Mac OS X 10_15_7) AppleWebKit/537.36 (KHTML, like Gecko) Chrome/119.0.0.0 Safari/537.36"
157.230.39.14 - - [05/May/2026:16:38:55 +0000] "GET /wp-admin/index.php HTTP/1.1" 503 7312 "https://nipponia.com/wp-login.php" "Mozilla/5.0 (X11; Ubuntu; Linux x86_64) AppleWebKit/537.36 (KHTML, like Gecko) Chrome/120.0.0.0 Safari/537.36"
20.123.172.228 - - [05/May/2026:16:38:57 +0000] "POST /wp-cron.php?doing_wp_cron=1777999137.9400770664215087890625 HTTP/1.1" 200 - "-" "WordPress/6.9.4; https://nipponia.com"
20.123.172.228 - - [05/May/2026:16:38:56 +0000] "POST /?wordfence_syncAttackData=1777999136.522 HTTP/1.1" 200 - "-" "WordPress/6.9.4; https://nipponia.com"
157.230.39.14 - - [05/May/2026:16:39:03 +0000] "GET /wp-admin/profile.php HTTP/1.1" 503 7312 "https://nipponia.com/wp-login.php" "Mozilla/5.0 (X11; Ubuntu; Linux x86_64) AppleWebKit/537.36 (KHTML, like Gecko) Chrome/120.0.0.0 Safari/537.36"
157.230.39.14 - - [05/May/2026:16:39:10 +0000] "GET /wp-admin/edit.php HTTP/1.1" 503 7312 "https://nipponia.com/wp-login.php" "Mozilla/5.0 (X11; Ubuntu; Linux x86_64) AppleWebKit/537.36 (KHTML, like Gecko) Chrome/120.0.0.0 Safari/537.36"
157.230.39.14 - - [05/May/2026:16:39:17 +0000] "GET /wp-admin/plugins.php HTTP/1.1" 503 7312 "https://nipponia.com/wp-login.php" "Mozilla/5.0 (X11; Ubuntu; Linux x86_64) AppleWebKit/537.36 (KHTML, like Gecko) Chrome/120.0.0.0 Safari/537.36"
4.225.39.110 - - [05/May/2026:16:39:30 +0000] "GET /wp-login.php HTTP/1.1" 200 1970 "-" "Mozilla/5.0 (Macintosh; Intel Mac OS X 10_12_6) AppleWebKit/537.36 (KHTML, like Gecko) Chrome/65.0.3325.146 Safari/537.36"
157.230.39.14 - - [05/May/2026:16:39:31 +0000] "POST /wp-login.php HTTP/1.1" 503 7109 "https://nipponia.com/wp-login.php" "Mozilla/5.0 (Macintosh; Intel Mac OS X 10_15_7) AppleWebKit/605.1.15 (KHTML, like Gecko) Version/17.1 Safari/605.1.15"
20.123.172.228 - - [05/May/2026:16:39:33 +0000] "POST /?wordfence_syncAttackData=1777999173.8375 HTTP/1.1" 200 - "-" "WordPress/6.9.4; https://nipponia.com"
145.239.2.113 - - [05/May/2026:16:39:32 +0000] "POST /xmlrpc.php HTTP/1.1" 503 7312 "-" "Mozilla/5.0 (X11; Linux x86_64) AppleWebKit/537.36 (KHTML, like Gecko) Chrome/65.0.3325.162 Safari/537.36"
4.225.39.110 - - [05/May/2026:16:39:32 +0000] "POST /wp-login.php HTTP/1.1" 503 7312 "https://nipponia.com/wp-login.php" "Mozilla/5.0 (Macintosh; Intel Mac OS X 10_12_6) AppleWebKit/537.36 (KHTML, like Gecko) Chrome/65.0.3325.146 Safari/537.36"
20.123.172.228 - - [05/May/2026:16:39:34 +0000] "POST /?wordfence_syncAttackData=1777999174.0183 HTTP/1.1" 200 14709 "-" "WordPress/6.9.4; https://nipponia.com"
157.230.39.14 - - [05/May/2026:16:39:38 +0000] "GET /wp-admin/index.php HTTP/1.1" 503 7313 "https://nipponia.com/wp-login.php" "Mozilla/5.0 (X11; Linux x86_64) AppleWebKit/537.36 (KHTML, like Gecko) Chrome/119.0.0.0 Safari/537.36"
157.230.39.14 - - [05/May/2026:16:39:44 +0000] "GET /wp-admin/profile.php HTTP/1.1" 503 7312 "https://nipponia.com/wp-login.php" "Mozilla/5.0 (X11; Linux x86_64) AppleWebKit/537.36 (KHTML, like Gecko) Chrome/119.0.0.0 Safari/537.36"
157.230.39.14 - - [05/May/2026:16:39:49 +0000] "GET /wp-admin/edit.php HTTP/1.1" 503 7312 "https://nipponia.com/wp-login.php" "Mozilla/5.0 (X11; Linux x86_64) AppleWebKit/537.36 (KHTML, like Gecko) Chrome/119.0.0.0 Safari/537.36"
157.230.39.14 - - [05/May/2026:16:40:05 +0000] "GET /wp-admin/plugins.php HTTP/1.1" 503 7312 "https://nipponia.com/wp-login.php" "Mozilla/5.0 (X11; Linux x86_64) AppleWebKit/537.36 (KHTML, like Gecko) Chrome/119.0.0.0 Safari/537.36"
20.123.172.228 - - [05/May/2026:16:40:12 +0000] "POST /wp-cron.php?doing_wp_cron=1777999212.5697760581970214843750 HTTP/1.1" 200 - "-" "WordPress/6.9.4; https://nipponia.com"
34.195.248.30 - - [05/May/2026:16:40:10 +0000] "GET /wp-json/wp/v2/pages/367 HTTP/1.1" 200 3077 "-" "Mozilla/5.0 AppleWebKit/537.36 (KHTML, like Gecko; compatible; Amazonbot/0.1; +https://developer.amazon.com/support/amazonbot) Chrome/119.0.6045.214 Safari/537.36"
157.230.39.14 - - [05/May/2026:16:40:13 +0000] "POST /wp-login.php HTTP/1.1" 503 7109 "https://nipponia.com/wp-login.php" "Mozilla/5.0 (Macintosh; Intel Mac OS X 10_15_7; rv:121.0) Gecko/20100101 Firefox/121.0"
20.123.172.228 - - [05/May/2026:16:40:13 +0000] "POST /?wordfence_syncAttackData=1777999213.8206 HTTP/1.1" 200 - "-" "WordPress/6.9.4; https://nipponia.com"
157.230.39.14 - - [05/May/2026:16:40:19 +0000] "GET /wp-admin/index.php HTTP/1.1" 503 7312 "https://nipponia.com/wp-login.php" "Mozilla/5.0 (Macintosh; Intel Mac OS X 10_15_7; rv:118.0) Gecko/20100101 Firefox/118.0"
157.230.39.14 - - [05/May/2026:16:40:27 +0000] "GET /wp-admin/profile.php HTTP/1.1" 503 7312 "https://nipponia.com/wp-login.php" "Mozilla/5.0 (Macintosh; Intel Mac OS X 10_15_7; rv:118.0) Gecko/20100101 Firefox/118.0"
157.230.39.14 - - [05/May/2026:16:40:37 +0000] "GET /wp-admin/edit.php HTTP/1.1" 503 7312 "https://nipponia.com/wp-login.php" "Mozilla/5.0 (Macintosh; Intel Mac OS X 10_15_7; rv:118.0) Gecko/20100101 Firefox/118.0"
157.230.39.14 - - [05/May/2026:16:40:46 +0000] "GET /wp-admin/plugins.php HTTP/1.1" 503 7313 "https://nipponia.com/wp-login.php" "Mozilla/5.0 (Macintosh; Intel Mac OS X 10_15_7; rv:118.0) Gecko/20100101 Firefox/118.0"
157.230.39.14 - - [05/May/2026:16:40:53 +0000] "POST /wp-login.php HTTP/1.1" 503 7110 "https://nipponia.com/wp-login.php" "Mozilla/5.0 (Windows NT 10.0; Win64; x64) AppleWebKit/537.36 (KHTML, like Gecko) Chrome/118.0.0.0 Safari/537.36"
157.230.39.14 - - [05/May/2026:16:40:59 +0000] "GET /wp-admin/index.php HTTP/1.1" 503 7312 "https://nipponia.com/wp-login.php" "Mozilla/5.0 (Windows NT 11.0; Win64; x64) AppleWebKit/537.36 (KHTML, like Gecko) Chrome/118.0.0.0 Safari/537.36"
157.230.39.14 - - [05/May/2026:16:41:05 +0000] "GET /wp-admin/profile.php HTTP/1.1" 503 7312 "https://nipponia.com/wp-login.php" "Mozilla/5.0 (Windows NT 11.0; Win64; x64) AppleWebKit/537.36 (KHTML, like Gecko) Chrome/118.0.0.0 Safari/537.36"
157.230.39.14 - - [05/May/2026:16:41:11 +0000] "GET /wp-admin/edit.php HTTP/1.1" 503 7312 "https://nipponia.com/wp-login.php" "Mozilla/5.0 (Windows NT 11.0; Win64; x64) AppleWebKit/537.36 (KHTML, like Gecko) Chrome/118.0.0.0 Safari/537.36"
157.230.39.14 - - [05/May/2026:16:41:17 +0000] "GET /wp-admin/plugins.php HTTP/1.1" 503 7312 "https://nipponia.com/wp-login.php" "Mozilla/5.0 (Windows NT 11.0; Win64; x64) AppleWebKit/537.36 (KHTML, like Gecko) Chrome/118.0.0.0 Safari/537.36"
157.230.39.14 - - [05/May/2026:16:41:23 +0000] "POST /wp-login.php HTTP/1.1" 503 7110 "https://nipponia.com/wp-login.php" "Mozilla/5.0 (Macintosh; Intel Mac OS X 13_6_1) AppleWebKit/537.36 (KHTML, like Gecko) Chrome/121.0.0.0 Safari/537.36"
157.230.39.14 - - [05/May/2026:16:41:28 +0000] "GET /wp-admin/index.php HTTP/1.1" 503 7312 "https://nipponia.com/wp-login.php" "Mozilla/5.0 (Macintosh; Intel Mac OS X 10_15_7; rv:118.0) Gecko/20100101 Firefox/118.0"
20.123.172.228 - - [05/May/2026:16:41:31 +0000] "POST /wp-cron.php?doing_wp_cron=1777999291.3226718902587890625000 HTTP/1.1" 200 - "-" "WordPress/6.9.4; https://nipponia.com"
20.123.172.228 - - [05/May/2026:16:41:29 +0000] "POST /?wordfence_syncAttackData=1777999289.8503 HTTP/1.1" 200 - "-" "WordPress/6.9.4; https://nipponia.com"
157.230.39.14 - - [05/May/2026:16:41:36 +0000] "GET /wp-admin/profile.php HTTP/1.1" 503 7312 "https://nipponia.com/wp-login.php" "Mozilla/5.0 (Macintosh; Intel Mac OS X 10_15_7; rv:118.0) Gecko/20100101 Firefox/118.0"
157.230.39.14 - - [05/May/2026:16:41:43 +0000] "GET /wp-admin/edit.php HTTP/1.1" 503 7312 "https://nipponia.com/wp-login.php" "Mozilla/5.0 (Macintosh; Intel Mac OS X 10_15_7; rv:118.0) Gecko/20100101 Firefox/118.0"
157.230.39.14 - - [05/May/2026:16:41:50 +0000] "GET /wp-admin/plugins.php HTTP/1.1" 503 7312 "https://nipponia.com/wp-login.php" "Mozilla/5.0 (Macintosh; Intel Mac OS X 10_15_7; rv:118.0) Gecko/20100101 Firefox/118.0"
157.230.39.14 - - [05/May/2026:16:41:56 +0000] "POST /wp-login.php HTTP/1.1" 503 7109 "https://nipponia.com/wp-login.php" "Mozilla/5.0 (Macintosh; Intel Mac OS X 13_6_1) AppleWebKit/537.36 (KHTML, like Gecko) Chrome/120.0.0.0 Safari/537.36"
157.230.39.14 - - [05/May/2026:16:42:01 +0000] "GET /wp-admin/index.php HTTP/1.1" 503 7312 "https://nipponia.com/wp-login.php" "Mozilla/5.0 (Windows NT 10.0; Win64; x64) AppleWebKit/537.36 (KHTML, like Gecko) Chrome/121.0.0.0 Safari/537.36"
20.123.172.228 - - [05/May/2026:16:42:04 +0000] "POST /wp-cron.php?doing_wp_cron=1777999324.4094080924987792968750 HTTP/1.1" 200 - "-" "WordPress/6.9.4; https://nipponia.com"
20.123.172.228 - - [05/May/2026:16:42:02 +0000] "POST /?wordfence_syncAttackData=1777999322.8597 HTTP/1.1" 200 - "-" "WordPress/6.9.4; https://nipponia.com"
157.230.39.14 - - [05/May/2026:16:42:08 +0000] "GET /wp-admin/profile.php HTTP/1.1" 503 7312 "https://nipponia.com/wp-login.php" "Mozilla/5.0 (Windows NT 10.0; Win64; x64) AppleWebKit/537.36 (KHTML, like Gecko) Chrome/121.0.0.0 Safari/537.36"
157.230.39.14 - - [05/May/2026:16:42:15 +0000] "GET /wp-admin/edit.php HTTP/1.1" 503 7312 "https://nipponia.com/wp-login.php" "Mozilla/5.0 (Windows NT 10.0; Win64; x64) AppleWebKit/537.36 (KHTML, like Gecko) Chrome/121.0.0.0 Safari/537.36"
157.230.39.14 - - [05/May/2026:16:42:23 +0000] "GET /wp-admin/plugins.php HTTP/1.1" 503 7312 "https://nipponia.com/wp-login.php" "Mozilla/5.0 (Windows NT 10.0; Win64; x64) AppleWebKit/537.36 (KHTML, like Gecko) Chrome/121.0.0.0 Safari/537.36"
157.230.39.14 - - [05/May/2026:16:42:31 +0000] "POST /wp-login.php HTTP/1.1" 503 7109 "https://nipponia.com/wp-login.php" "Mozilla/5.0 (Macintosh; Intel Mac OS X 10_15_7) AppleWebKit/537.36 (KHTML, like Gecko) Chrome/120.0.0.0 Safari/537.36"
157.230.39.14 - - [05/May/2026:16:42:37 +0000] "GET /wp-admin/index.php HTTP/1.1" 503 7313 "https://nipponia.com/wp-login.php" "Mozilla/5.0 (X11; Linux x86_64) AppleWebKit/537.36 (KHTML, like Gecko) Chrome/119.0.0.0 Safari/537.36"
20.123.172.228 - - [05/May/2026:16:42:40 +0000] "POST /wp-cron.php?doing_wp_cron=1777999360.5275430679321289062500 HTTP/1.1" 200 - "-" "WordPress/6.9.4; https://nipponia.com"
20.123.172.228 - - [05/May/2026:16:42:38 +0000] "POST /?wordfence_syncAttackData=1777999358.9625 HTTP/1.1" 200 - "-" "WordPress/6.9.4; https://nipponia.com"
157.230.39.14 - - [05/May/2026:16:42:45 +0000] "GET /wp-admin/profile.php HTTP/1.1" 503 7312 "https://nipponia.com/wp-login.php" "Mozilla/5.0 (X11; Linux x86_64) AppleWebKit/537.36 (KHTML, like Gecko) Chrome/119.0.0.0 Safari/537.36"
157.230.39.14 - - [05/May/2026:16:42:52 +0000] "GET /wp-admin/edit.php HTTP/1.1" 503 7312 "https://nipponia.com/wp-login.php" "Mozilla/5.0 (X11; Linux x86_64) AppleWebKit/537.36 (KHTML, like Gecko) Chrome/119.0.0.0 Safari/537.36"
157.230.39.14 - - [05/May/2026:16:42:58 +0000] "GET /wp-admin/plugins.php HTTP/1.1" 503 7312 "https://nipponia.com/wp-login.php" "Mozilla/5.0 (X11; Linux x86_64) AppleWebKit/537.36 (KHTML, like Gecko) Chrome/119.0.0.0 Safari/537.36"
157.230.39.14 - - [05/May/2026:16:43:05 +0000] "POST /wp-login.php HTTP/1.1" 503 7109 "https://nipponia.com/wp-login.php" "Mozilla/5.0 (Windows NT 11.0; Win64; x64) AppleWebKit/537.36 (KHTML, like Gecko) Chrome/120.0.0.0 Safari/537.36"
157.230.39.14 - - [05/May/2026:16:43:12 +0000] "GET /wp-admin/index.php HTTP/1.1" 503 7312 "https://nipponia.com/wp-login.php" "Mozilla/5.0 (Macintosh; Intel Mac OS X 13_6_1) AppleWebKit/537.36 (KHTML, like Gecko) Chrome/121.0.0.0 Safari/537.36"
20.123.172.228 - - [05/May/2026:16:43:14 +0000] "POST /wp-cron.php?doing_wp_cron=1777999394.7776150703430175781250 HTTP/1.1" 200 - "-" "WordPress/6.9.4; https://nipponia.com"
20.123.172.228 - - [05/May/2026:16:43:13 +0000] "POST /?wordfence_syncAttackData=1777999393.1798 HTTP/1.1" 200 - "-" "WordPress/6.9.4; https://nipponia.com"
20.123.172.228 - - [05/May/2026:16:43:16 +0000] "POST /wp-cron.php?doing_wp_cron=1777999396.8277280330657958984375 HTTP/1.1" 200 - "-" "WordPress/6.9.4; https://nipponia.com"
110.249.202.43 - - [05/May/2026:16:43:14 +0000] "GET /greece/ HTTP/1.1" 200 11856 "-" "Mozilla/5.0 (Linux; Android 5.0) AppleWebKit/537.36 (KHTML, like Gecko) Mobile Safari/537.36 (compatible; Bytespider; https://zhanzhang.toutiao.com/)"
110.249.202.43 - - [05/May/2026:16:43:18 +0000] "GET /wp-content/plugins/elementor-pro/assets/lib/smartmenus/jquery.smartmenus.min.js?ver=1.0.1 HTTP/1.1" 200 7157 "https://nipponia.com/greece/" "Mozilla/5.0 (Linux; Android 5.0) AppleWebKit/537.36 (KHTML, like Gecko) Mobile Safari/537.36 (compatible; Bytespider; https://zhanzhang.toutiao.com/)"
110.249.202.43 - - [05/May/2026:16:43:18 +0000] "GET /wp-content/themes/hello-elementor/assets/js/hello-frontend.min.js?ver=1.0.0 HTTP/1.1" 200 1024 "https://nipponia.com/greece/" "Mozilla/5.0 (Linux; Android 5.0) AppleWebKit/537.36 (KHTML, like Gecko) Mobile Safari/537.36 (compatible; Bytespider; https://zhanzhang.toutiao.com/)"
110.249.202.43 - - [05/May/2026:16:43:18 +0000] "GET /wp-content/plugins/elementor/assets/lib/waypoints/waypoints.min.js?ver=4.0.2 HTTP/1.1" 200 2993 "https://nipponia.com/greece/" "Mozilla/5.0 (Linux; Android 5.0) AppleWebKit/537.36 (KHTML, like Gecko) Mobile Safari/537.36 (compatible; Bytespider; https://zhanzhang.toutiao.com/)"
110.249.202.119 - - [05/May/2026:16:43:18 +0000] "GET /wp-content/plugins/elementor-pro/assets/js/webpack-pro.runtime.min.js?ver=3.10.2 HTTP/1.1" 200 2439 "https://nipponia.com/greece/" "Mozilla/5.0 (Linux; Android 5.0) AppleWebKit/537.36 (KHTML, like Gecko) Mobile Safari/537.36 (compatible; Bytespider; https://zhanzhang.toutiao.com/)"
157.230.39.14 - - [05/May/2026:16:43:20 +0000] "GET /wp-admin/profile.php HTTP/1.1" 503 7312 "https://nipponia.com/wp-login.php" "Mozilla/5.0 (Macintosh; Intel Mac OS X 13_6_1) AppleWebKit/537.36 (KHTML, like Gecko) Chrome/121.0.0.0 Safari/537.36"
157.230.39.14 - - [05/May/2026:16:43:26 +0000] "GET /wp-admin/edit.php HTTP/1.1" 503 7312 "https://nipponia.com/wp-login.php" "Mozilla/5.0 (Macintosh; Intel Mac OS X 13_6_1) AppleWebKit/537.36 (KHTML, like Gecko) Chrome/121.0.0.0 Safari/537.36"
157.230.39.14 - - [05/May/2026:16:43:32 +0000] "GET /wp-admin/plugins.php HTTP/1.1" 503 7312 "https://nipponia.com/wp-login.php" "Mozilla/5.0 (Macintosh; Intel Mac OS X 13_6_1) AppleWebKit/537.36 (KHTML, like Gecko) Chrome/121.0.0.0 Safari/537.36"
157.230.39.14 - - [05/May/2026:16:43:38 +0000] "POST /wp-login.php HTTP/1.1" 503 7110 "https://nipponia.com/wp-login.php" "Mozilla/5.0 (Macintosh; Intel Mac OS X 13_6_1) AppleWebKit/605.1.15 (KHTML, like Gecko) Version/17.0 Safari/605.1.15"
157.230.39.14 - - [05/May/2026:16:43:43 +0000] "GET /wp-admin/index.php HTTP/1.1" 503 7312 "https://nipponia.com/wp-login.php" "Mozilla/5.0 (X11; Linux x86_64) AppleWebKit/537.36 (KHTML, like Gecko) Chrome/119.0.0.0 Safari/537.36"
20.123.172.228 - - [05/May/2026:16:43:44 +0000] "POST /?wordfence_syncAttackData=1777999424.6755 HTTP/1.1" 200 - "-" "WordPress/6.9.4; https://nipponia.com"
157.230.39.14 - - [05/May/2026:16:43:51 +0000] "GET /wp-admin/profile.php HTTP/1.1" 503 7312 "https://nipponia.com/wp-login.php" "Mozilla/5.0 (X11; Linux x86_64) AppleWebKit/537.36 (KHTML, like Gecko) Chrome/119.0.0.0 Safari/537.36"
157.230.39.14 - - [05/May/2026:16:43:58 +0000] "GET /wp-admin/edit.php HTTP/1.1" 503 7312 "https://nipponia.com/wp-login.php" "Mozilla/5.0 (X11; Linux x86_64) AppleWebKit/537.36 (KHTML, like Gecko) Chrome/119.0.0.0 Safari/537.36"
157.230.39.14 - - [05/May/2026:16:44:05 +0000] "GET /wp-admin/plugins.php HTTP/1.1" 503 7312 "https://nipponia.com/wp-login.php" "Mozilla/5.0 (X11; Linux x86_64) AppleWebKit/537.36 (KHTML, like Gecko) Chrome/119.0.0.0 Safari/537.36"
20.123.172.228 - - [05/May/2026:16:44:56 +0000] "POST /wp-cron.php?doing_wp_cron=1777999496.1520390510559082031250 HTTP/1.1" 200 - "-" "WordPress/6.9.4; https://nipponia.com"
111.225.149.43 - - [05/May/2026:16:44:53 +0000] "GET /china-2/ HTTP/1.1" 200 11690 "-" "Mozilla/5.0 (Linux; Android 5.0) AppleWebKit/537.36 (KHTML, like Gecko) Mobile Safari/537.36 (compatible; Bytespider; https://zhanzhang.toutiao.com/)"
111.225.149.43 - - [05/May/2026:16:44:57 +0000] "GET /wp-content/plugins/elementor/assets/lib/eicons/css/elementor-icons.min.css?ver=5.17.0 HTTP/1.1" 200 3969 "https://nipponia.com/china-2/" "Mozilla/5.0 (Linux; Android 5.0) AppleWebKit/537.36 (KHTML, like Gecko) Mobile Safari/537.36 (compatible; Bytespider; https://zhanzhang.toutiao.com/)"
111.225.149.43 - - [05/May/2026:16:44:57 +0000] "GET /wp-content/uploads/elementor/css/post-175.css?ver=1674635264 HTTP/1.1" 200 439 "https://nipponia.com/china-2/" "Mozilla/5.0 (Linux; Android 5.0) AppleWebKit/537.36 (KHTML, like Gecko) Mobile Safari/537.36 (compatible; Bytespider; https://zhanzhang.toutiao.com/)"
111.225.149.43 - - [05/May/2026:16:44:57 +0000] "GET /wp-content/plugins/elementor/assets/lib/font-awesome/css/brands.min.css?ver=5.15.3 HTTP/1.1" 200 308 "https://nipponia.com/china-2/" "Mozilla/5.0 (Linux; Android 5.0) AppleWebKit/537.36 (KHTML, like Gecko) Mobile Safari/537.36 (compatible; Bytespider; https://zhanzhang.toutiao.com/)"
111.225.149.43 - - [05/May/2026:16:44:57 +0000] "GET /wp-content/plugins/elementor-pro/assets/js/webpack-pro.runtime.min.js?ver=3.10.2 HTTP/1.1" 200 2439 "https://nipponia.com/china-2/" "Mozilla/5.0 (Linux; Android 5.0) AppleWebKit/537.36 (KHTML, like Gecko) Mobile Safari/537.36 (compatible; Bytespider; https://zhanzhang.toutiao.com/)"
111.225.149.182 - - [05/May/2026:16:44:57 +0000] "GET /wp-content/plugins/elementor-pro/assets/lib/smartmenus/jquery.smartmenus.min.js?ver=1.0.1 HTTP/1.1" 200 7157 "https://nipponia.com/china-2/" "Mozilla/5.0 (Linux; Android 5.0) AppleWebKit/537.36 (KHTML, like Gecko) Mobile Safari/537.36 (compatible; Bytespider; https://zhanzhang.toutiao.com/)"
111.225.149.30 - - [05/May/2026:16:44:58 +0000] "GET /wp-content/plugins/elementor-pro/assets/js/frontend.min.js?ver=3.10.2 HTTP/1.1" 200 5743 "https://nipponia.com/china-2/" "Mozilla/5.0 (Linux; Android 5.0) AppleWebKit/537.36 (KHTML, like Gecko) Mobile Safari/537.36 (compatible; Bytespider; https://zhanzhang.toutiao.com/)"
111.225.149.183 - - [05/May/2026:16:44:58 +0000] "GET /wp-includes/js/dist/i18n.min.js?ver=c26c3dc7bed366793375 HTTP/1.1" 200 2229 "https://nipponia.com/china-2/" "Mozilla/5.0 (Linux; Android 5.0) AppleWebKit/537.36 (KHTML, like Gecko) Mobile Safari/537.36 (compatible; Bytespider; https://zhanzhang.toutiao.com/)"
111.225.149.43 - - [05/May/2026:16:44:58 +0000] "GET /wp-includes/js/jquery/ui/core.min.js?ver=1.13.3 HTTP/1.1" 200 7106 "https://nipponia.com/china-2/" "Mozilla/5.0 (Linux; Android 5.0) AppleWebKit/537.36 (KHTML, like Gecko) Mobile Safari/537.36 (compatible; Bytespider; https://zhanzhang.toutiao.com/)"
20.123.172.228 - - [05/May/2026:16:46:00 +0000] "POST /wp-cron.php?doing_wp_cron=1777999560.2582368850708007812500 HTTP/1.1" 200 - "-" "WordPress/6.9.4; https://nipponia.com"
114.119.133.245 - - [05/May/2026:16:45:57 +0000] "GET /dominican-republic/ HTTP/1.1" 200 11848 "-" "Mozilla/5.0 (Linux; Android 7.0;) AppleWebKit/537.36 (HTML, like Gecko) Mobile Safari/537.36 (compatible; PetalBot;+https://webmaster.petalsearch.com/site/petalbot)"
20.123.172.228 - - [05/May/2026:16:47:01 +0000] "POST /wp-cron.php?doing_wp_cron=1777999621.5401508808135986328125 HTTP/1.1" 200 - "-" "WordPress/6.9.4; https://nipponia.com"
111.225.148.160 - - [05/May/2026:16:46:58 +0000] "GET / HTTP/1.1" 200 14709 "-" "Mozilla/5.0 (Linux; Android 5.0) AppleWebKit/537.36 (KHTML, like Gecko) Mobile Safari/537.36 (compatible; Bytespider; https://zhanzhang.toutiao.com/)"
130.49.114.172 - - [05/May/2026:16:55:02 +0000] "HEAD /wp-login.php HTTP/1.1" 200 - "-" "Mozilla/5.0 (Windows NT 10.0; Win64; x64) AppleWebKit/537.36 (KHTML, like Gecko) Chrome/120.0.0.0 Safari/537.36"
130.49.114.172 - - [05/May/2026:16:55:07 +0000] "HEAD /wp-login.php HTTP/1.1" 200 - "-" "Mozilla/5.0 (Windows NT 10.0; Win64; x64) AppleWebKit/537.36 (KHTML, like Gecko) Chrome/120.0.0.0 Safari/537.36"
130.49.114.172 - - [05/May/2026:16:55:09 +0000] "GET /wp-login.php HTTP/1.1" 200 5909 "-" "Mozilla/5.0 (X11; Linux x86_64; rv:140.0) Gecko/20100101 Firefox/140.0"
91.227.37.60 - - [05/May/2026:16:55:10 +0000] "POST /xmlrpc.php HTTP/1.1" 503 7312 "-" "Mozilla/5.0 (compatible; MSIE 10.0; Windows NT 6.2; Win64; x64; Trident/7.0)"
130.49.114.172 - - [05/May/2026:16:55:11 +0000] "POST /wp-login.php HTTP/1.1" 200 6321 "-" "Mozilla/5.0 (Windows NT 10.0; Win64; x64) AppleWebKit/537.36 (KHTML, like Gecko) Chrome/120.0.0.0 Safari/537.36"
20.123.172.228 - - [05/May/2026:16:56:53 +0000] "POST /wp-cron.php?doing_wp_cron=1778000213.9280500411987304687500 HTTP/1.1" 200 - "-" "WordPress/6.9.4; https://nipponia.com"
51.15.160.8 - - [05/May/2026:16:56:52 +0000] "GET /wp-login.php HTTP/1.1" 200 1970 "-" "Mozilla/5.0 (Windows NT 10.0; Win64; x64) AppleWebKit/537.36 (KHTML, like Gecko) Chrome/64.0.3282.186 Safari/537.36 OPR/51.0.2830.55"
51.15.160.8 - - [05/May/2026:16:56:54 +0000] "POST /wp-login.php HTTP/1.1" 503 7311 "https://nipponia.com/wp-login.php" "Mozilla/5.0 (Windows NT 10.0; Win64; x64) AppleWebKit/537.36 (KHTML, like Gecko) Chrome/64.0.3282.186 Safari/537.36 OPR/51.0.2830.55"
20.123.172.228 - - [05/May/2026:17:00:20 +0000] "POST /wp-cron.php?doing_wp_cron=1778000420.5306079387664794921875 HTTP/1.1" 200 - "-" "WordPress/6.9.4; https://nipponia.com"
51.75.236.149 - - [05/May/2026:17:00:18 +0000] "GET /company-profile-2/ HTTP/1.1" 200 10621 "-" "Mozilla/5.0 (compatible; AhrefsBot/7.0; +http://ahrefs.com/robot/)"
20.123.172.228 - - [05/May/2026:17:04:06 +0000] "POST /wp-cron.php?doing_wp_cron=1778000646.9135119915008544921875 HTTP/1.1" 200 - "-" "WordPress/6.9.4; https://nipponia.com"
5.75.228.129 - - [05/May/2026:17:04:04 +0000] "POST /xmlrpc.php HTTP/1.1" 503 7312 "-" "Mozilla/4.0 (compatible; MSIE 7.0; Windows NT 6.1; Trident/7.0; SLCC2; Media Center PC 6.0; .NET CLR 3.5.30729; .NET CLR 3.0.30729; .NET CLR 2.0.50727; .NET4.0C; .NET4.0E)"
20.123.172.228 - - [05/May/2026:17:06:25 +0000] "POST /wp-cron.php?doing_wp_cron=1778000785.8788840770721435546875 HTTP/1.1" 200 - "-" "WordPress/6.9.4; https://nipponia.com"
178.18.246.56 - - [05/May/2026:17:06:24 +0000] "GET /wp-login.php HTTP/1.1" 200 1970 "-" "Mozilla/5.0 (X11; Linux x86_64) AppleWebKit/537.36 (KHTML, like Gecko) Chrome/66.0.3359.170 Safari/537.36"
178.18.246.56 - - [05/May/2026:17:06:28 +0000] "POST /wp-login.php HTTP/1.1" 503 7312 "https://nipponia.com/wp-login.php" "Mozilla/5.0 (X11; Linux x86_64) AppleWebKit/537.36 (KHTML, like Gecko) Chrome/66.0.3359.170 Safari/537.36"
20.123.172.228 - - [05/May/2026:17:15:15 +0000] "POST /wp-cron.php?doing_wp_cron=1778001315.2232120037078857421875 HTTP/1.1" 200 - "-" "WordPress/6.9.4; https://nipponia.com"
51.15.160.8 - - [05/May/2026:17:15:13 +0000] "GET /wp-login.php HTTP/1.1" 200 1970 "-" "Mozilla/5.0 (Windows NT 6.3; Win64; x64) AppleWebKit/537.36 (KHTML, like Gecko) Chrome/65.0.3325.146 Safari/537.36"
51.15.160.8 - - [05/May/2026:17:15:15 +0000] "POST /wp-login.php HTTP/1.1" 503 7312 "https://nipponia.com/wp-login.php" "Mozilla/5.0 (Windows NT 6.3; Win64; x64) AppleWebKit/537.36 (KHTML, like Gecko) Chrome/65.0.3325.146 Safari/537.36"
20.123.172.228 - - [05/May/2026:17:16:24 +0000] "POST /wp-cron.php?doing_wp_cron=1778001384.0452060699462890625000 HTTP/1.1" 200 - "-" "WordPress/6.9.4; https://nipponia.com"
13.52.79.116 - - [05/May/2026:17:16:22 +0000] "GET /robots.txt HTTP/1.1" 200 122 "-" "Terra Cotta 0.1 https://www.github.com/ceramicTeam/CeramicTerracotta"
20.123.172.228 - - [05/May/2026:17:23:49 +0000] "POST /wp-cron.php?doing_wp_cron=1778001829.1007149219512939453125 HTTP/1.1" 200 - "-" "WordPress/6.9.4; https://nipponia.com"
52.232.35.131 - - [05/May/2026:17:23:47 +0000] "GET /wp-login.php HTTP/1.1" 200 1970 "-" "Mozilla/5.0 (Macintosh; Intel Mac OS X 10_12_6) AppleWebKit/537.36 (KHTML, like Gecko) Chrome/65.0.3325.181 Safari/537.36"
52.232.35.131 - - [05/May/2026:17:23:49 +0000] "POST /wp-login.php HTTP/1.1" 503 7312 "https://nipponia.com/wp-login.php" "Mozilla/5.0 (Macintosh; Intel Mac OS X 10_12_6) AppleWebKit/537.36 (KHTML, like Gecko) Chrome/65.0.3325.181 Safari/537.36"
188.246.73.10 - - [05/May/2026:17:30:09 +0000] "GET /wp-login.php HTTP/1.1" 200 1970 "" "Mozilla/5.0 (Windows NT 10.0; Win64; x64; rv:149.0) Gecko/20100101 Firefox/149.0"
188.246.73.10 - - [05/May/2026:17:30:09 +0000] "GET /wp-login.php HTTP/1.1" 200 1970 "" "Mozilla/5.0 (Windows NT 10.0; Win64; x64; rv:149.0) Gecko/20100101 Firefox/149.0"
188.246.73.10 - - [05/May/2026:17:30:09 +0000] "GET /wp-login.php HTTP/1.1" 200 1970 "" "Mozilla/5.0 (Windows NT 10.0; Win64; x64; rv:149.0) Gecko/20100101 Firefox/149.0"
188.246.73.10 - - [05/May/2026:17:30:09 +0000] "GET /wp-login.php HTTP/1.1" 200 1970 "" "Mozilla/5.0 (Windows NT 10.0; Win64; x64; rv:149.0) Gecko/20100101 Firefox/149.0"
188.246.73.10 - - [05/May/2026:17:30:09 +0000] "GET /wp-login.php HTTP/1.1" 200 1970 "" "Mozilla/5.0 (Windows NT 10.0; Win64; x64; rv:149.0) Gecko/20100101 Firefox/149.0"
188.246.73.10 - - [05/May/2026:17:30:09 +0000] "GET /wp-login.php HTTP/1.1" 200 1970 "" "Mozilla/5.0 (Windows NT 10.0; Win64; x64; rv:149.0) Gecko/20100101 Firefox/149.0"
20.123.172.228 - - [05/May/2026:17:30:31 +0000] "POST /wp-cron.php?doing_wp_cron=1778002231.1415150165557861328125 HTTP/1.1" 200 - "-" "WordPress/6.9.4; https://nipponia.com"
