150.228.63.3 - - [05/May/2026:12:54:23 +0000] "GET /wp-admin/users.php?reset_count=0&update=resetpassword HTTP/1.1" 200 30084 "https://nipponia.com/wp-admin/users.php" "Mozilla/5.0 (Windows NT 10.0; Win64; x64) AppleWebKit/537.36 (KHTML, like Gecko) Chrome/147.0.0.0 Safari/537.36"
178.18.246.56 - - [05/May/2026:12:54:32 +0000] "GET /wp-login.php HTTP/1.1" 200 1970 "-" "Mozilla/5.0 (X11; Linux x86_64) AppleWebKit/537.36 (KHTML, like Gecko) Chrome/66.0.3359.158 Safari/537.36"
178.18.246.56 - - [05/May/2026:12:54:35 +0000] "POST /wp-login.php HTTP/1.1" 503 7312 "https://nipponia.com/wp-login.php" "Mozilla/5.0 (X11; Linux x86_64) AppleWebKit/537.36 (KHTML, like Gecko) Chrome/66.0.3359.158 Safari/537.36"
213.32.22.52 - - [05/May/2026:12:54:43 +0000] "POST /xmlrpc.php HTTP/1.1" 503 7312 "-" "Mozilla/5.0 (Windows NT 6.1; WOW64; Trident/7.0; NP08; NP08; MAAU; rv:11.0) like Gecko"
20.123.172.228 - - [05/May/2026:12:55:28 +0000] "POST /wp-cron.php?doing_wp_cron=1777985728.5112490653991699218750 HTTP/1.1" 200 - "-" "WordPress/6.9.4; https://nipponia.com"
150.228.63.3 - - [05/May/2026:12:55:26 +0000] "POST /wp-admin/admin-ajax.php HTTP/1.1" 200 67 "https://nipponia.com/wp-admin/users.php?reset_count=0" "Mozilla/5.0 (Windows NT 10.0; Win64; x64) AppleWebKit/537.36 (KHTML, like Gecko) Chrome/147.0.0.0 Safari/537.36"
20.123.172.228 - - [05/May/2026:12:56:59 +0000] "POST /wp-cron.php?doing_wp_cron=1777985819.9207930564880371093750 HTTP/1.1" 200 - "-" "WordPress/6.9.4; https://nipponia.com"
51.68.107.142 - - [05/May/2026:12:56:58 +0000] "GET /robots.txt HTTP/1.1" 200 122 "-" "Mozilla/5.0 (compatible; MJ12bot/v2.0.5; http://mj12bot.com/)"
51.68.107.142 - - [05/May/2026:12:57:00 +0000] "GET / HTTP/1.1" 200 14709 "-" "Mozilla/5.0 (compatible; MJ12bot/v2.0.5; http://mj12bot.com/)"
150.228.63.3 - - [05/May/2026:12:57:19 +0000] "POST /wp-admin/admin-ajax.php HTTP/1.1" 200 67 "https://nipponia.com/wp-admin/users.php?reset_count=0" "Mozilla/5.0 (Windows NT 10.0; Win64; x64) AppleWebKit/537.36 (KHTML, like Gecko) Chrome/147.0.0.0 Safari/537.36"
20.123.172.228 - - [05/May/2026:12:58:21 +0000] "POST /wp-cron.php?doing_wp_cron=1777985901.6047248840332031250000 HTTP/1.1" 200 - "-" "WordPress/6.9.4; https://nipponia.com"
150.228.63.3 - - [05/May/2026:12:58:19 +0000] "POST /wp-admin/admin-ajax.php HTTP/1.1" 200 67 "https://nipponia.com/wp-admin/users.php?reset_count=0" "Mozilla/5.0 (Windows NT 10.0; Win64; x64) AppleWebKit/537.36 (KHTML, like Gecko) Chrome/147.0.0.0 Safari/537.36"
20.123.172.228 - - [05/May/2026:13:00:15 +0000] "POST /wp-cron.php?doing_wp_cron=1777986015.1544580459594726562500 HTTP/1.1" 200 - "-" "WordPress/6.9.4; https://nipponia.com"
150.228.63.3 - - [05/May/2026:13:00:13 +0000] "POST /wp-admin/admin-ajax.php HTTP/1.1" 200 67 "https://nipponia.com/wp-admin/users.php?reset_count=0" "Mozilla/5.0 (Windows NT 10.0; Win64; x64) AppleWebKit/537.36 (KHTML, like Gecko) Chrome/147.0.0.0 Safari/537.36"
34.80.163.165 - - [05/May/2026:13:00:23 +0000] "GET /.env.local HTTP/1.1" 404 10742 "-" "Mozilla/5.0 (Symbian/3; Series60/5.2 NokiaX7-00/021.004; Profile/MIDP-2.1 Configuration/CLDC-1.1 ) AppleWebKit/533.4 (KHTML, like Gecko) NokiaBrowser/7.3.1.21 Mobile Safari/533.4 3gpp-gba"
34.80.163.165 - - [05/May/2026:13:00:23 +0000] "GET /admin/.env HTTP/1.1" 404 10742 "-" "Mozilla/5.0 (Linux; Android 9; Pixel XL) AppleWebKit/537.36 (KHTML, like Gecko) Chrome/76.0.3809.89 Mobile Safari/537.36"
34.80.163.165 - - [05/May/2026:13:00:23 +0000] "GET /.env HTTP/1.1" 404 10742 "-" "Mozilla/5.0 (Linux; Android 7.1.2; Redmi 4) AppleWebKit/537.36 (KHTML, like Gecko) Chrome/76.0.3809.111 Mobile Safari/537.36"
34.80.163.165 - - [05/May/2026:13:00:23 +0000] "GET /app/.env HTTP/1.1" 404 10742 "-" "Mozilla/5.0 (Windows NT 10.0) AppleWebKit/537.36 (KHTML, like Gecko) Chrome/42.0.2311.135 Safari/537.36 Edge/12.10240"
34.80.163.165 - - [05/May/2026:13:00:25 +0000] "GET /api/.env HTTP/1.1" 404 10742 "-" "Mozilla/5.0 (Linux; Android 9; GM1910) AppleWebKit/537.36 (KHTML, like Gecko) Chrome/76.0.3809.111 Mobile Safari/537.36"
34.80.163.165 - - [05/May/2026:13:00:25 +0000] "GET /.env.docker HTTP/1.1" 404 10160 "-" "AndroidDownloadManager/5.1 (Linux; U; Android 5.1; Z820 Build/LMY47D)"
34.80.163.165 - - [05/May/2026:13:00:25 +0000] "GET /.env.dev.local HTTP/1.1" 404 10742 "-" "Mozilla/5.0 (Windows NT 6.1; Win64; x64) AppleWebKit/537.36 (KHTML, like Gecko) Chrome/64.0.3282.140 Safari/537.36"
34.80.163.165 - - [05/May/2026:13:00:25 +0000] "GET /.env.development.local HTTP/1.1" 404 10742 "-" "Mozilla/5.0 (Linux; Android 9; SAMSUNG SM-G975U1 Build/PPR1.180610.011) AppleWebKit/537.36 (KHTML, like Gecko) SamsungBrowser/9.4 Chrome/67.0.3396.87 Mobile Safari/537.36"
34.80.163.165 - - [05/May/2026:13:00:25 +0000] "GET /.env.dev HTTP/1.1" 404 10742 "-" "Mozilla/5.0 (Linux; Android 9; vivo 1805) AppleWebKit/537.36 (KHTML, like Gecko) Chrome/75.0.3770.101 Mobile Safari/537.36"
34.80.163.165 - - [05/May/2026:13:00:25 +0000] "GET /app/.env.local HTTP/1.1" 404 10742 "-" "Mozilla/5.0 (Windows NT 6.1; WOW64) AppleWebKit/537.1 (KHTML, like Gecko) Chrome/22.0.1207.1 Safari/537.1"
40.77.167.17 - - [05/May/2026:13:00:38 +0000] "GET /greece/ HTTP/1.1" 200 11856 "-" "Mozilla/5.0 AppleWebKit/537.36 (KHTML, like Gecko; compatible; bingbot/2.0; +http://www.bing.com/bingbot.htm) Chrome/116.0.1938.76 Safari/537.36"
20.123.172.228 - - [05/May/2026:13:01:15 +0000] "POST /wp-cron.php?doing_wp_cron=1777986075.5349569320678710937500 HTTP/1.1" 200 - "-" "WordPress/6.9.4; https://nipponia.com"
150.228.63.3 - - [05/May/2026:13:01:13 +0000] "POST /wp-admin/admin-ajax.php HTTP/1.1" 200 67 "https://nipponia.com/wp-admin/users.php?reset_count=0" "Mozilla/5.0 (Windows NT 10.0; Win64; x64) AppleWebKit/537.36 (KHTML, like Gecko) Chrome/147.0.0.0 Safari/537.36"
150.228.63.3 - - [05/May/2026:13:02:14 +0000] "POST /wp-admin/admin-ajax.php HTTP/1.1" 200 67 "https://nipponia.com/wp-admin/users.php?reset_count=0" "Mozilla/5.0 (Windows NT 10.0; Win64; x64) AppleWebKit/537.36 (KHTML, like Gecko) Chrome/147.0.0.0 Safari/537.36"
202.8.41.170 - - [05/May/2026:13:02:22 +0000] "GET /wp-content/plugins/elementor-pro/assets/css/widget-nav-menu.min.css HTTP/1.1" 200 3332 "http://nipponia.com/" "Mozilla/5.0 (compatible; AhrefsBot/7.0; +http://ahrefs.com/robot/)"
202.8.41.170 - - [05/May/2026:13:02:22 +0000] "GET /wp-content/plugins/elementor/assets/css/widget-icon-list.min.css HTTP/1.1" 200 941 "http://nipponia.com/" "Mozilla/5.0 (compatible; AhrefsBot/7.0; +http://ahrefs.com/robot/)"
168.100.149.149 - - [05/May/2026:13:02:22 +0000] "GET /robots.txt HTTP/1.1" 200 122 "-" "Mozilla/5.0 (compatible; AhrefsBot/7.0; +http://ahrefs.com/robot/)"
20.123.172.228 - - [05/May/2026:13:03:47 +0000] "POST /wp-cron.php?doing_wp_cron=1777986227.5606849193572998046875 HTTP/1.1" 200 - "-" "WordPress/6.9.4; https://nipponia.com"
42.115.72.43 - - [05/May/2026:13:03:45 +0000] "GET /wp-login.php HTTP/1.1" 200 1970 "-" "Mozilla/5.0 (X11; Linux x86_64) AppleWebKit/537.36 (KHTML, like Gecko) Chrome/67.0.3396.62 Safari/537.36"
150.228.63.3 - - [05/May/2026:13:04:15 +0000] "POST /wp-admin/admin-ajax.php HTTP/1.1" 200 67 "https://nipponia.com/wp-admin/users.php?reset_count=0" "Mozilla/5.0 (Windows NT 10.0; Win64; x64) AppleWebKit/537.36 (KHTML, like Gecko) Chrome/147.0.0.0 Safari/537.36"
150.228.63.3 - - [05/May/2026:13:05:16 +0000] "POST /wp-admin/admin-ajax.php HTTP/1.1" 200 67 "https://nipponia.com/wp-admin/users.php?reset_count=0" "Mozilla/5.0 (Windows NT 10.0; Win64; x64) AppleWebKit/537.36 (KHTML, like Gecko) Chrome/147.0.0.0 Safari/537.36"
20.123.172.228 - - [05/May/2026:13:07:19 +0000] "POST /wp-cron.php?doing_wp_cron=1777986439.6724278926849365234375 HTTP/1.1" 200 - "-" "WordPress/6.9.4; https://nipponia.com"
150.228.63.3 - - [05/May/2026:13:07:17 +0000] "POST /wp-admin/admin-ajax.php HTTP/1.1" 200 67 "https://nipponia.com/wp-admin/users.php?reset_count=0" "Mozilla/5.0 (Windows NT 10.0; Win64; x64) AppleWebKit/537.36 (KHTML, like Gecko) Chrome/147.0.0.0 Safari/537.36"
20.123.172.228 - - [05/May/2026:13:08:23 +0000] "POST /wp-cron.php?doing_wp_cron=1777986503.6932520866394042968750 HTTP/1.1" 200 - "-" "WordPress/6.9.4; https://nipponia.com"
150.228.63.3 - - [05/May/2026:13:08:21 +0000] "POST /wp-admin/admin-ajax.php HTTP/1.1" 200 67 "https://nipponia.com/wp-admin/users.php?reset_count=0" "Mozilla/5.0 (Windows NT 10.0; Win64; x64) AppleWebKit/537.36 (KHTML, like Gecko) Chrome/147.0.0.0 Safari/537.36"
20.123.172.228 - - [05/May/2026:13:09:24 +0000] "POST /wp-cron.php?doing_wp_cron=1777986564.7521810531616210937500 HTTP/1.1" 200 - "-" "WordPress/6.9.4; https://nipponia.com"
150.228.63.3 - - [05/May/2026:13:09:22 +0000] "POST /wp-admin/admin-ajax.php HTTP/1.1" 200 67 "https://nipponia.com/wp-admin/users.php?reset_count=0" "Mozilla/5.0 (Windows NT 10.0; Win64; x64) AppleWebKit/537.36 (KHTML, like Gecko) Chrome/147.0.0.0 Safari/537.36"
20.123.172.228 - - [05/May/2026:13:10:25 +0000] "POST /wp-cron.php?doing_wp_cron=1777986625.8694829940795898437500 HTTP/1.1" 200 - "-" "WordPress/6.9.4; https://nipponia.com"
150.228.63.3 - - [05/May/2026:13:10:23 +0000] "POST /wp-admin/admin-ajax.php HTTP/1.1" 200 67 "https://nipponia.com/wp-admin/users.php?reset_count=0" "Mozilla/5.0 (Windows NT 10.0; Win64; x64) AppleWebKit/537.36 (KHTML, like Gecko) Chrome/147.0.0.0 Safari/537.36"
20.123.172.228 - - [05/May/2026:13:11:26 +0000] "POST /wp-cron.php?doing_wp_cron=1777986686.8277540206909179687500 HTTP/1.1" 200 - "-" "WordPress/6.9.4; https://nipponia.com"
150.228.63.3 - - [05/May/2026:13:11:24 +0000] "POST /wp-admin/admin-ajax.php HTTP/1.1" 200 67 "https://nipponia.com/wp-admin/users.php?reset_count=0" "Mozilla/5.0 (Windows NT 10.0; Win64; x64) AppleWebKit/537.36 (KHTML, like Gecko) Chrome/147.0.0.0 Safari/537.36"
20.123.172.228 - - [05/May/2026:13:12:25 +0000] "POST /wp-cron.php?doing_wp_cron=1777986745.0970199108123779296875 HTTP/1.1" 200 - "-" "WordPress/6.9.4; https://nipponia.com"
144.126.133.143 - - [05/May/2026:13:12:23 +0000] "GET /wp-login.php HTTP/1.1" 200 1970 "-" "Mozilla/5.0 (Windows NT 6.1) AppleWebKit/537.36 (KHTML, like Gecko) Chrome/66.0.3359.170 Safari/537.36"
144.126.133.143 - - [05/May/2026:13:12:25 +0000] "POST /wp-login.php HTTP/1.1" 503 7312 "https://nipponia.com/wp-login.php" "Mozilla/5.0 (Windows NT 6.1) AppleWebKit/537.36 (KHTML, like Gecko) Chrome/66.0.3359.170 Safari/537.36"
20.123.172.228 - - [05/May/2026:13:12:32 +0000] "POST /wp-cron.php?doing_wp_cron=1777986752.3479731082916259765625 HTTP/1.1" 200 - "-" "WordPress/6.9.4; https://nipponia.com"
150.228.63.3 - - [05/May/2026:13:12:30 +0000] "POST /wp-admin/admin-ajax.php HTTP/1.1" 200 67 "https://nipponia.com/wp-admin/users.php?reset_count=0" "Mozilla/5.0 (Windows NT 10.0; Win64; x64) AppleWebKit/537.36 (KHTML, like Gecko) Chrome/147.0.0.0 Safari/537.36"
20.123.172.228 - - [05/May/2026:13:12:54 +0000] "POST /wp-cron.php?doing_wp_cron=1777986774.4587919712066650390625 HTTP/1.1" 200 - "-" "WordPress/6.9.4; https://nipponia.com"
165.22.213.150 - - [05/May/2026:13:12:52 +0000] "POST /xmlrpc.php HTTP/1.1" 503 7312 "-" "Mozilla/5.0 (Windows NT 6.1; WOW64) AppleWebKit/537.36 (KHTML, like Gecko) Chrome/65.0.3325.146 Safari/537.36"
20.123.172.228 - - [05/May/2026:13:13:33 +0000] "POST /wp-cron.php?doing_wp_cron=1777986813.0547380447387695312500 HTTP/1.1" 200 - "-" "WordPress/6.9.4; https://nipponia.com"
150.228.63.3 - - [05/May/2026:13:13:30 +0000] "POST /wp-admin/admin-ajax.php HTTP/1.1" 200 67 "https://nipponia.com/wp-admin/users.php?reset_count=0" "Mozilla/5.0 (Windows NT 10.0; Win64; x64) AppleWebKit/537.36 (KHTML, like Gecko) Chrome/147.0.0.0 Safari/537.36"
20.123.172.228 - - [05/May/2026:13:15:33 +0000] "POST /wp-cron.php?doing_wp_cron=1777986933.6986041069030761718750 HTTP/1.1" 200 - "-" "WordPress/6.9.4; https://nipponia.com"
150.228.63.3 - - [05/May/2026:13:15:31 +0000] "POST /wp-admin/admin-ajax.php HTTP/1.1" 200 67 "https://nipponia.com/wp-admin/users.php?reset_count=0" "Mozilla/5.0 (Windows NT 10.0; Win64; x64) AppleWebKit/537.36 (KHTML, like Gecko) Chrome/147.0.0.0 Safari/537.36"
20.123.172.228 - - [05/May/2026:13:17:34 +0000] "POST /wp-cron.php?doing_wp_cron=1777987054.8790030479431152343750 HTTP/1.1" 200 - "-" "WordPress/6.9.4; https://nipponia.com"
150.228.63.3 - - [05/May/2026:13:17:32 +0000] "POST /wp-admin/admin-ajax.php HTTP/1.1" 200 67 "https://nipponia.com/wp-admin/users.php?reset_count=0" "Mozilla/5.0 (Windows NT 10.0; Win64; x64) AppleWebKit/537.36 (KHTML, like Gecko) Chrome/147.0.0.0 Safari/537.36"
20.123.172.228 - - [05/May/2026:13:18:43 +0000] "POST /wp-cron.php?doing_wp_cron=1777987123.4333989620208740234375 HTTP/1.1" 200 - "-" "WordPress/6.9.4; https://nipponia.com"
150.228.63.3 - - [05/May/2026:13:18:41 +0000] "POST /wp-admin/admin-ajax.php HTTP/1.1" 200 67 "https://nipponia.com/wp-admin/users.php?reset_count=0" "Mozilla/5.0 (Windows NT 10.0; Win64; x64) AppleWebKit/537.36 (KHTML, like Gecko) Chrome/147.0.0.0 Safari/537.36"
20.123.172.228 - - [05/May/2026:13:19:43 +0000] "POST /wp-cron.php?doing_wp_cron=1777987183.7216179370880126953125 HTTP/1.1" 200 - "-" "WordPress/6.9.4; https://nipponia.com"
150.228.63.3 - - [05/May/2026:13:19:41 +0000] "POST /wp-admin/admin-ajax.php HTTP/1.1" 200 67 "https://nipponia.com/wp-admin/users.php?reset_count=0" "Mozilla/5.0 (Windows NT 10.0; Win64; x64) AppleWebKit/537.36 (KHTML, like Gecko) Chrome/147.0.0.0 Safari/537.36"
20.123.172.228 - - [05/May/2026:13:20:43 +0000] "POST /wp-cron.php?doing_wp_cron=1777987243.6607470512390136718750 HTTP/1.1" 200 - "-" "WordPress/6.9.4; https://nipponia.com"
150.228.63.3 - - [05/May/2026:13:20:41 +0000] "POST /wp-admin/admin-ajax.php HTTP/1.1" 200 67 "https://nipponia.com/wp-admin/users.php?reset_count=0" "Mozilla/5.0 (Windows NT 10.0; Win64; x64) AppleWebKit/537.36 (KHTML, like Gecko) Chrome/147.0.0.0 Safari/537.36"
20.123.172.228 - - [05/May/2026:13:21:27 +0000] "POST /wp-cron.php?doing_wp_cron=1777987287.7849559783935546875000 HTTP/1.1" 200 - "-" "WordPress/6.9.4; https://nipponia.com"
74.7.230.61 - - [05/May/2026:13:21:26 +0000] "GET /robots.txt HTTP/1.1" 200 122 "-" "Mozilla/5.0 (Macintosh; Intel Mac OS X 10_15_7) AppleWebKit/537.36 (KHTML, like Gecko) Chrome/131.0.0.0 Safari/537.36; compatible; OAI-SearchBot/1.3; robots.txt; +https://openai.com/searchbot"
52.232.35.131 - - [05/May/2026:13:21:26 +0000] "GET /wp-login.php HTTP/1.1" 200 1970 "-" "Mozilla/5.0 (Macintosh; Intel Mac OS X 10_13_5) AppleWebKit/537.36 (KHTML, like Gecko) Chrome/67.0.3396.79 Safari/537.36"
52.232.35.131 - - [05/May/2026:13:21:28 +0000] "POST /wp-login.php HTTP/1.1" 503 7312 "https://nipponia.com/wp-login.php" "Mozilla/5.0 (Macintosh; Intel Mac OS X 10_13_5) AppleWebKit/537.36 (KHTML, like Gecko) Chrome/67.0.3396.79 Safari/537.36"
20.123.172.228 - - [05/May/2026:13:21:34 +0000] "POST /wp-cron.php?doing_wp_cron=1777987294.4131820201873779296875 HTTP/1.1" 200 - "-" "WordPress/6.9.4; https://nipponia.com"
42.193.141.110 - - [05/May/2026:13:21:32 +0000] "POST /xmlrpc.php HTTP/1.1" 503 7312 "-" "Mozilla/5.0 (Windows NT 10.0; WOW64; Trident/7.0; MDDCJS; rv:11.0) like Gecko"
150.228.63.3 - - [05/May/2026:13:21:42 +0000] "POST /wp-admin/admin-ajax.php HTTP/1.1" 200 67 "https://nipponia.com/wp-admin/users.php?reset_count=0" "Mozilla/5.0 (Windows NT 10.0; Win64; x64) AppleWebKit/537.36 (KHTML, like Gecko) Chrome/147.0.0.0 Safari/537.36"
20.123.172.228 - - [05/May/2026:13:23:45 +0000] "POST /wp-cron.php?doing_wp_cron=1777987425.5197360515594482421875 HTTP/1.1" 200 - "-" "WordPress/6.9.4; https://nipponia.com"
150.228.63.3 - - [05/May/2026:13:23:43 +0000] "POST /wp-admin/admin-ajax.php HTTP/1.1" 200 67 "https://nipponia.com/wp-admin/users.php?reset_count=0" "Mozilla/5.0 (Windows NT 10.0; Win64; x64) AppleWebKit/537.36 (KHTML, like Gecko) Chrome/147.0.0.0 Safari/537.36"
150.228.63.3 - - [05/May/2026:13:25:19 +0000] "POST /wp-admin/admin-ajax.php HTTP/1.1" 200 67 "https://nipponia.com/wp-admin/users.php?reset_count=0" "Mozilla/5.0 (Windows NT 10.0; Win64; x64) AppleWebKit/537.36 (KHTML, like Gecko) Chrome/147.0.0.0 Safari/537.36"
20.123.172.228 - - [05/May/2026:13:26:21 +0000] "POST /wp-cron.php?doing_wp_cron=1777987581.6235198974609375000000 HTTP/1.1" 200 - "-" "WordPress/6.9.4; https://nipponia.com"
150.228.63.3 - - [05/May/2026:13:26:19 +0000] "POST /wp-admin/admin-ajax.php HTTP/1.1" 200 67 "https://nipponia.com/wp-admin/users.php?reset_count=0" "Mozilla/5.0 (Windows NT 10.0; Win64; x64) AppleWebKit/537.36 (KHTML, like Gecko) Chrome/147.0.0.0 Safari/537.36"
20.123.172.228 - - [05/May/2026:13:28:23 +0000] "POST /wp-cron.php?doing_wp_cron=1777987702.9927489757537841796875 HTTP/1.1" 200 - "-" "WordPress/6.9.4; https://nipponia.com"
150.228.63.3 - - [05/May/2026:13:28:20 +0000] "POST /wp-admin/admin-ajax.php HTTP/1.1" 200 67 "https://nipponia.com/wp-admin/users.php?reset_count=0" "Mozilla/5.0 (Windows NT 10.0; Win64; x64) AppleWebKit/537.36 (KHTML, like Gecko) Chrome/147.0.0.0 Safari/537.36"
20.123.172.228 - - [05/May/2026:13:30:06 +0000] "POST /wp-cron.php?doing_wp_cron=1777987806.5854420661926269531250 HTTP/1.1" 200 - "-" "WordPress/6.9.4; https://nipponia.com"
217.79.186.19 - - [05/May/2026:13:30:04 +0000] "POST /xmlrpc.php HTTP/1.1" 503 7312 "-" "Mozilla/5.0 (Windows NT 6.3; WOW64; Trident/7.0; MAPBJS; rv:11.0) like Gecko"
3.70.164.132 - - [05/May/2026:13:30:15 +0000] "GET /wp-login.php HTTP/1.1" 200 1970 "-" "Mozilla/5.0 (Windows NT 10.0; WOW64) AppleWebKit/537.36 (KHTML, like Gecko) Chrome/65.0.3325.181 Safari/537.36 OPR/52.0.2871.64"
3.70.164.132 - - [05/May/2026:13:30:18 +0000] "POST /wp-login.php HTTP/1.1" 503 7312 "https://nipponia.com/wp-login.php" "Mozilla/5.0 (Windows NT 10.0; WOW64) AppleWebKit/537.36 (KHTML, like Gecko) Chrome/65.0.3325.181 Safari/537.36 OPR/52.0.2871.64"
150.228.63.3 - - [05/May/2026:13:30:21 +0000] "POST /wp-admin/admin-ajax.php HTTP/1.1" 200 67 "https://nipponia.com/wp-admin/users.php?reset_count=0" "Mozilla/5.0 (Windows NT 10.0; Win64; x64) AppleWebKit/537.36 (KHTML, like Gecko) Chrome/147.0.0.0 Safari/537.36"
66.249.66.35 - - [05/May/2026:13:30:24 +0000] "GET /robots.txt HTTP/1.1" 200 122 "-" "Mozilla/5.0 (compatible; Googlebot/2.1; +http://www.google.com/bot.html)"
66.249.66.36 - - [05/May/2026:13:30:31 +0000] "GET /index.php/en/products/europe/scooters/item/100-msger-125-1-1 HTTP/1.1" 301 - "-" "Mozilla/5.0 (compatible; Googlebot/2.1; +http://www.google.com/bot.html)"
20.123.172.228 - - [05/May/2026:13:30:36 +0000] "POST /wp-cron.php?doing_wp_cron=1777987836.1606318950653076171875 HTTP/1.1" 200 - "-" "WordPress/6.9.4; https://nipponia.com"
66.249.66.35 - - [05/May/2026:13:30:34 +0000] "GET /index.php/en/products/europe/scooters/item/100-msger-125-1-1 HTTP/1.1" 301 - "-" "Mozilla/5.0 (Linux; Android 6.0.1; Nexus 5X Build/MMB29P) AppleWebKit/537.36 (KHTML, like Gecko) Chrome/147.0.7727.137 Mobile Safari/537.36 (compatible; Googlebot/2.1; +http://www.google.com/bot.html)"
66.249.66.15 - - [05/May/2026:13:30:37 +0000] "GET /en/products/europe/scooters/item/100-msger-125-1-1 HTTP/1.1" 404 10160 "-" "Mozilla/5.0 (compatible; Googlebot/2.1; +http://www.google.com/bot.html)"
66.249.66.78 - - [05/May/2026:13:30:40 +0000] "GET /en/products/europe/scooters/item/100-msger-125-1-1 HTTP/1.1" 404 10160 "-" "Mozilla/5.0 (Linux; Android 6.0.1; Nexus 5X Build/MMB29P) AppleWebKit/537.36 (KHTML, like Gecko) Chrome/147.0.7727.137 Mobile Safari/537.36 (compatible; Googlebot/2.1; +http://www.google.com/bot.html)"
20.123.172.228 - - [05/May/2026:13:31:48 +0000] "POST /wp-cron.php?doing_wp_cron=1777987908.6042959690093994140625 HTTP/1.1" 200 - "-" "WordPress/6.9.4; https://nipponia.com"
34.11.236.75 - - [05/May/2026:13:31:46 +0000] "HEAD / HTTP/1.1" 200 - "-" "Mozilla/5.0 (Windows NT 10.0; Win64; x64) AppleWebKit/537.36 (KHTML, like Gecko) Chrome/115.0 Safari/537.36"
34.11.236.75 - - [05/May/2026:13:31:50 +0000] "GET / HTTP/1.1" 200 15315 "-" "Mozilla/5.0 (Windows NT 10.0; Win64; x64) AppleWebKit/537.36 (KHTML, like Gecko) Chrome/115.0 Safari/537.36"
150.228.63.3 - - [05/May/2026:13:32:22 +0000] "POST /wp-admin/admin-ajax.php HTTP/1.1" 200 67 "https://nipponia.com/wp-admin/users.php?reset_count=0" "Mozilla/5.0 (Windows NT 10.0; Win64; x64) AppleWebKit/537.36 (KHTML, like Gecko) Chrome/147.0.0.0 Safari/537.36"
20.123.172.228 - - [05/May/2026:13:32:53 +0000] "POST /wp-cron.php?doing_wp_cron=1777987973.1810040473937988281250 HTTP/1.1" 200 - "-" "WordPress/6.9.4; https://nipponia.com"
74.7.227.30 - - [05/May/2026:13:32:51 +0000] "GET / HTTP/1.1" 301 - "-" "Mozilla/5.0 AppleWebKit/537.36 (KHTML, like Gecko; compatible; GPTBot/1.3; +https://openai.com/gptbot)"
20.123.172.228 - - [05/May/2026:13:34:25 +0000] "POST /wp-cron.php?doing_wp_cron=1777988065.6884610652923583984375 HTTP/1.1" 200 - "-" "WordPress/6.9.4; https://nipponia.com"
150.228.63.3 - - [05/May/2026:13:34:23 +0000] "POST /wp-admin/admin-ajax.php HTTP/1.1" 200 67 "https://nipponia.com/wp-admin/users.php?reset_count=0" "Mozilla/5.0 (Windows NT 10.0; Win64; x64) AppleWebKit/537.36 (KHTML, like Gecko) Chrome/147.0.0.0 Safari/537.36"
20.123.172.228 - - [05/May/2026:13:38:27 +0000] "POST /wp-cron.php?doing_wp_cron=1777988307.3186600208282470703125 HTTP/1.1" 200 - "-" "WordPress/6.9.4; https://nipponia.com"
150.228.63.3 - - [05/May/2026:13:38:25 +0000] "POST /wp-admin/admin-ajax.php HTTP/1.1" 200 67 "https://nipponia.com/wp-admin/users.php?reset_count=0" "Mozilla/5.0 (Windows NT 10.0; Win64; x64) AppleWebKit/537.36 (KHTML, like Gecko) Chrome/147.0.0.0 Safari/537.36"
87.79.237.250 - - [05/May/2026:13:38:29 +0000] "POST /xmlrpc.php HTTP/1.1" 503 7312 "-" "Mozilla/5.0 (Windows NT 6.3; Win64; x64; Trident/7.0; MATBJS; rv:11.0) like Gecko"
20.123.172.228 - - [05/May/2026:13:40:27 +0000] "POST /wp-cron.php?doing_wp_cron=1777988427.5307099819183349609375 HTTP/1.1" 200 - "-" "WordPress/6.9.4; https://nipponia.com"
150.228.63.3 - - [05/May/2026:13:40:25 +0000] "POST /wp-admin/admin-ajax.php HTTP/1.1" 200 67 "https://nipponia.com/wp-admin/users.php?reset_count=0" "Mozilla/5.0 (Windows NT 10.0; Win64; x64) AppleWebKit/537.36 (KHTML, like Gecko) Chrome/147.0.0.0 Safari/537.36"
20.123.172.228 - - [05/May/2026:13:40:58 +0000] "POST /wp-cron.php?doing_wp_cron=1777988457.9706609249114990234375 HTTP/1.1" 200 - "-" "WordPress/6.9.4; https://nipponia.com"
185.191.171.15 - - [05/May/2026:13:40:55 +0000] "GET /robots.txt HTTP/1.1" 200 122 "-" "Mozilla/5.0 (compatible; SemrushBot/7~bl; +http://www.semrush.com/bot.html)"
85.208.96.197 - - [05/May/2026:13:40:58 +0000] "GET /index.php/en/products/europe/cubs/item/81-brio-125-3 HTTP/1.1" 301 - "-" "Mozilla/5.0 (compatible; SemrushBot/7~bl; +http://www.semrush.com/bot.html)"
185.191.171.18 - - [05/May/2026:13:41:01 +0000] "GET /en/products/europe/cubs/item/81-brio-125-3 HTTP/1.1" 404 10160 "-" "Mozilla/5.0 (compatible; SemrushBot/7~bl; +http://www.semrush.com/bot.html)"
20.123.172.228 - - [05/May/2026:13:42:28 +0000] "POST /wp-cron.php?doing_wp_cron=1777988548.5789840221405029296875 HTTP/1.1" 200 - "-" "WordPress/6.9.4; https://nipponia.com"
150.228.63.3 - - [05/May/2026:13:42:26 +0000] "POST /wp-admin/admin-ajax.php HTTP/1.1" 200 67 "https://nipponia.com/wp-admin/users.php?reset_count=0" "Mozilla/5.0 (Windows NT 10.0; Win64; x64) AppleWebKit/537.36 (KHTML, like Gecko) Chrome/147.0.0.0 Safari/537.36"
150.228.63.3 - - [05/May/2026:13:44:27 +0000] "POST /wp-admin/admin-ajax.php HTTP/1.1" 200 67 "https://nipponia.com/wp-admin/users.php?reset_count=0" "Mozilla/5.0 (Windows NT 10.0; Win64; x64) AppleWebKit/537.36 (KHTML, like Gecko) Chrome/147.0.0.0 Safari/537.36"
150.228.63.3 - - [05/May/2026:13:46:28 +0000] "POST /wp-admin/admin-ajax.php HTTP/1.1" 200 67 "https://nipponia.com/wp-admin/users.php?reset_count=0" "Mozilla/5.0 (Windows NT 10.0; Win64; x64) AppleWebKit/537.36 (KHTML, like Gecko) Chrome/147.0.0.0 Safari/537.36"
20.123.172.228 - - [05/May/2026:13:46:59 +0000] "POST /wp-cron.php?doing_wp_cron=1777988819.4051220417022705078125 HTTP/1.1" 200 - "-" "WordPress/6.9.4; https://nipponia.com"
65.21.113.244 - - [05/May/2026:13:46:57 +0000] "GET /robots.txt HTTP/1.1" 200 122 "-" "Mozilla/5.0 (compatible; AwarioBot/1.0; +https://awario.com/bots.html)"
65.21.113.244 - - [05/May/2026:13:46:59 +0000] "GET /index.php/en/products/europe/cubs/item/81-brio-125-3 HTTP/1.1" 301 - "-" "Mozilla/5.0 (compatible; AwarioBot/1.0; +https://awario.com/bots.html)"
65.21.113.244 - - [05/May/2026:13:47:01 +0000] "GET /en/products/europe/cubs/item/81-brio-125-3 HTTP/1.1" 404 10160 "-" "Mozilla/5.0 (compatible; AwarioBot/1.0; +https://awario.com/bots.html)"
23.98.142.184 - - [05/May/2026:13:47:23 +0000] "GET / HTTP/1.1" 200 14709 "-" "Mozilla/5.0 AppleWebKit/537.36 (KHTML, like Gecko); compatible; ChatGPT-User/1.0; +https://openai.com/bot"
43.128.227.69 - - [05/May/2026:13:47:28 +0000] "GET /wp-login.php HTTP/1.1" 200 1970 "-" "Mozilla/5.0 (Windows NT 10.0; Win64; x64) AppleWebKit/537.36 (KHTML, like Gecko) Chrome/66.0.3359.139 Safari/537.36"
43.128.227.69 - - [05/May/2026:13:47:34 +0000] "POST /wp-login.php HTTP/1.1" 503 7312 "https://nipponia.com/wp-login.php" "Mozilla/5.0 (Windows NT 10.0; Win64; x64) AppleWebKit/537.36 (KHTML, like Gecko) Chrome/66.0.3359.139 Safari/537.36"
150.228.63.3 - - [05/May/2026:13:48:29 +0000] "POST /wp-admin/admin-ajax.php HTTP/1.1" 200 67 "https://nipponia.com/wp-admin/users.php?reset_count=0" "Mozilla/5.0 (Windows NT 10.0; Win64; x64) AppleWebKit/537.36 (KHTML, like Gecko) Chrome/147.0.0.0 Safari/537.36"
20.123.172.228 - - [05/May/2026:13:50:59 +0000] "POST /wp-cron.php?doing_wp_cron=1777989059.7926869392395019531250 HTTP/1.1" 200 - "-" "WordPress/6.9.4; https://nipponia.com"
69.63.184.10 - - [05/May/2026:13:50:58 +0000] "GET /robots.txt HTTP/1.1" 200 169 "-" "facebookexternalhit/1.1 (+http://www.facebook.com/externalhit_uatext.php)"
57.141.20.62 - - [05/May/2026:13:51:04 +0000] "GET /sitemap_index.xml HTTP/1.1" 200 761 "-" "meta-externalagent/1.1 (+https://developers.facebook.com/docs/sharing/webmasters/crawler)"
20.123.172.228 - - [05/May/2026:13:55:52 +0000] "POST /wp-cron.php?doing_wp_cron=1777989352.0632650852203369140625 HTTP/1.1" 200 - "-" "WordPress/6.9.4; https://nipponia.com"
213.238.191.143 - - [05/May/2026:13:55:50 +0000] "GET /wp-login.php HTTP/1.1" 200 1970 "-" "Mozilla/5.0 (Macintosh; Intel Mac OS X 10_12_6) AppleWebKit/537.36 (KHTML, like Gecko) Chrome/66.0.3359.181 Safari/537.36"
213.238.191.143 - - [05/May/2026:13:55:52 +0000] "POST /wp-login.php HTTP/1.1" 503 7312 "https://nipponia.com/wp-login.php" "Mozilla/5.0 (Macintosh; Intel Mac OS X 10_12_6) AppleWebKit/537.36 (KHTML, like Gecko) Chrome/66.0.3359.181 Safari/537.36"
172.94.9.253 - - [05/May/2026:13:58:23 +0000] "POST /es HTTP/1.1" 404 10742 "-" "Mozilla/5.0 (X11; Linux x86_64) AppleWebKit/537.36 (KHTML, like Gecko) Chrome/120.0.0.0 Safari/537.36"
172.94.9.253 - - [05/May/2026:13:58:23 +0000] "POST / HTTP/1.1" 200 15315 "-" "Mozilla/5.0 (Windows NT 10.0; Win64; x64) AppleWebKit/537.36 (KHTML, like Gecko) Chrome/125.0.0.0 Safari/537.36"
172.94.9.253 - - [05/May/2026:13:58:23 +0000] "POST / HTTP/1.1" 200 15315 "-" "Mozilla/5.0 (Windows NT 10.0; Win64; x64) AppleWebKit/537.36 (KHTML, like Gecko) Chrome/120.0.0.0 Safari/537.36"
172.94.9.253 - - [05/May/2026:13:58:23 +0000] "POST /en HTTP/1.1" 404 10742 "-" "Mozilla/5.0 (Macintosh; Intel Mac OS X 10_15_7) AppleWebKit/537.36 (KHTML, like Gecko) Chrome/120.0.0.0 Safari/537.36"
172.94.9.253 - - [05/May/2026:13:58:23 +0000] "POST / HTTP/1.1" 200 15315 "-" "Mozilla/5.0 (X11; Linux x86_64) AppleWebKit/537.36 (KHTML, like Gecko) Chrome/122.0.0.0 Safari/537.36"
172.94.9.253 - - [05/May/2026:13:58:23 +0000] "POST /es HTTP/1.1" 404 10742 "-" "Mozilla/5.0 (Windows NT 10.0; Win64; x64; rv:121.0) Gecko/20100101 Firefox/121.0"
20.123.172.228 - - [05/May/2026:13:58:26 +0000] "POST /wp-cron.php?doing_wp_cron=1777989506.3762750625610351562500 HTTP/1.1" 200 - "-" "WordPress/6.9.4; https://nipponia.com"
172.94.9.253 - - [05/May/2026:13:58:23 +0000] "POST / HTTP/1.1" 200 15315 "-" "Mozilla/5.0 (Macintosh; Intel Mac OS X 10.15; rv:121.0) Gecko/20100101 Firefox/121.0"
20.123.172.228 - - [05/May/2026:13:58:26 +0000] "POST /wp-cron.php?doing_wp_cron=1777989506.6574790477752685546875 HTTP/1.1" 200 - "-" "WordPress/6.9.4; https://nipponia.com"
172.94.9.253 - - [05/May/2026:13:58:23 +0000] "POST / HTTP/1.1" 200 15315 "-" "Mozilla/5.0 (Macintosh; Intel Mac OS X 10_15_7) AppleWebKit/537.36 (KHTML, like Gecko) Chrome/123.0.0.0 Safari/537.36"
20.123.172.228 - - [05/May/2026:13:58:26 +0000] "POST /wp-cron.php?doing_wp_cron=1777989506.7433791160583496093750 HTTP/1.1" 200 - "-" "WordPress/6.9.4; https://nipponia.com"
172.94.9.253 - - [05/May/2026:13:58:23 +0000] "POST / HTTP/1.1" 200 15315 "-" "Mozilla/5.0 (Macintosh; Intel Mac OS X 10_15_7) AppleWebKit/605.1.15 (KHTML, like Gecko) Version/17.2 Safari/605.1.15"
172.94.9.253 - - [05/May/2026:13:58:23 +0000] "POST / HTTP/1.1" 200 15315 "-" "Mozilla/5.0 (Windows NT 10.0; Win64; x64; rv:124.0) Gecko/20100101 Firefox/124.0"
172.94.9.253 - - [05/May/2026:13:58:27 +0000] "POST / HTTP/1.1" 200 15315 "-" "Mozilla/5.0 (Macintosh; Intel Mac OS X 10_15_7) AppleWebKit/605.1.15 (KHTML, like Gecko) Version/17.4 Safari/605.1.15"
172.94.9.253 - - [05/May/2026:13:58:27 +0000] "POST / HTTP/1.1" 200 15315 "-" "Mozilla/5.0 (Windows NT 10.0; Win64; x64) AppleWebKit/537.36 (KHTML, like Gecko) Chrome/120.0.0.0 Safari/537.36 Edg/120.0.0.0"
172.94.9.253 - - [05/May/2026:13:58:27 +0000] "POST / HTTP/1.1" 200 15315 "-" "Mozilla/5.0 (Windows NT 10.0; Win64; x64) AppleWebKit/537.36 (KHTML, like Gecko) Chrome/122.0.0.0 Safari/537.36 Edg/122.0.0.0"
172.94.9.253 - - [05/May/2026:13:58:29 +0000] "POST / HTTP/1.1" 200 15315 "-" "Mozilla/5.0 (Windows NT 10.0; Win64; x64) AppleWebKit/537.36 (KHTML, like Gecko) Chrome/125.0.0.0 Safari/537.36"
172.94.9.253 - - [05/May/2026:13:58:29 +0000] "POST / HTTP/1.1" 200 15315 "-" "Mozilla/5.0 (Macintosh; Intel Mac OS X 10_15_7) AppleWebKit/537.36 (KHTML, like Gecko) Chrome/120.0.0.0 Safari/537.36"
172.94.9.253 - - [05/May/2026:13:58:31 +0000] "POST / HTTP/1.1" 200 15315 "-" "Mozilla/5.0 (Macintosh; Intel Mac OS X 10_15_7) AppleWebKit/537.36 (KHTML, like Gecko) Chrome/123.0.0.0 Safari/537.36"
172.94.9.253 - - [05/May/2026:13:58:31 +0000] "POST / HTTP/1.1" 200 15315 "-" "Mozilla/5.0 (Windows NT 10.0; Win64; x64) AppleWebKit/537.36 (KHTML, like Gecko) Chrome/120.0.0.0 Safari/537.36"
172.94.9.253 - - [05/May/2026:13:58:32 +0000] "POST / HTTP/1.1" 200 15315 "-" "Mozilla/5.0 (Windows NT 10.0; Win64; x64; rv:121.0) Gecko/20100101 Firefox/121.0"
172.94.9.253 - - [05/May/2026:13:58:31 +0000] "POST / HTTP/1.1" 200 15315 "-" "Mozilla/5.0 (X11; Linux x86_64) AppleWebKit/537.36 (KHTML, like Gecko) Chrome/120.0.0.0 Safari/537.36"
172.94.9.253 - - [05/May/2026:13:58:32 +0000] "POST / HTTP/1.1" 200 15315 "-" "Mozilla/5.0 (Windows NT 10.0; Win64; x64; rv:124.0) Gecko/20100101 Firefox/124.0"
172.94.9.253 - - [05/May/2026:13:58:36 +0000] "POST / HTTP/1.1" 200 15315 "-" "Mozilla/5.0 (Macintosh; Intel Mac OS X 10_15_7) AppleWebKit/605.1.15 (KHTML, like Gecko) Version/17.2 Safari/605.1.15"
172.94.9.253 - - [05/May/2026:13:58:35 +0000] "POST / HTTP/1.1" 200 15315 "-" "Mozilla/5.0 (Macintosh; Intel Mac OS X 10.15; rv:121.0) Gecko/20100101 Firefox/121.0"
172.94.9.253 - - [05/May/2026:13:58:37 +0000] "POST / HTTP/1.1" 200 15315 "-" "Mozilla/5.0 (X11; Linux x86_64) AppleWebKit/537.36 (KHTML, like Gecko) Chrome/122.0.0.0 Safari/537.36"
172.94.9.253 - - [05/May/2026:13:58:37 +0000] "POST / HTTP/1.1" 200 15315 "-" "Mozilla/5.0 (Windows NT 10.0; Win64; x64) AppleWebKit/537.36 (KHTML, like Gecko) Chrome/120.0.0.0 Safari/537.36 Edg/120.0.0.0"
172.94.9.253 - - [05/May/2026:13:58:38 +0000] "POST / HTTP/1.1" 200 15315 "-" "Mozilla/5.0 (Windows NT 10.0; Win64; x64) AppleWebKit/537.36 (KHTML, like Gecko) Chrome/122.0.0.0 Safari/537.36 Edg/122.0.0.0"
172.94.9.253 - - [05/May/2026:13:58:40 +0000] "POST / HTTP/1.1" 200 15315 "-" "Mozilla/5.0 (Windows NT 10.0; Win64; x64) AppleWebKit/537.36 (KHTML, like Gecko) Chrome/120.0.0.0 Safari/537.36"
20.123.172.228 - - [05/May/2026:13:58:46 +0000] "POST /wp-cron.php?doing_wp_cron=1777989526.0520720481872558593750 HTTP/1.1" 200 - "-" "WordPress/6.9.4; https://nipponia.com"
172.94.9.253 - - [05/May/2026:13:58:39 +0000] "POST / HTTP/1.1" 200 15315 "-" "Mozilla/5.0 (Macintosh; Intel Mac OS X 10_15_7) AppleWebKit/605.1.15 (KHTML, like Gecko) Version/17.4 Safari/605.1.15"
172.94.9.253 - - [05/May/2026:13:58:41 +0000] "POST /es HTTP/1.1" 404 10742 "-" "Mozilla/5.0 (Macintosh; Intel Mac OS X 10_15_7) AppleWebKit/537.36 (KHTML, like Gecko) Chrome/120.0.0.0 Safari/537.36"
172.94.9.253 - - [05/May/2026:13:58:40 +0000] "POST / HTTP/1.1" 200 15315 "-" "Mozilla/5.0 (Windows NT 10.0; Win64; x64) AppleWebKit/537.36 (KHTML, like Gecko) Chrome/125.0.0.0 Safari/537.36"
172.94.9.253 - - [05/May/2026:13:58:43 +0000] "POST / HTTP/1.1" 200 15315 "-" "Mozilla/5.0 (X11; Linux x86_64) AppleWebKit/537.36 (KHTML, like Gecko) Chrome/120.0.0.0 Safari/537.36"
20.123.172.228 - - [05/May/2026:14:03:58 +0000] "POST /wp-cron.php?doing_wp_cron=1777989838.4882049560546875000000 HTTP/1.1" 200 - "-" "WordPress/6.9.4; https://nipponia.com"
123.30.233.13 - - [05/May/2026:14:03:56 +0000] "POST /xmlrpc.php HTTP/1.1" 503 7311 "-" "Mozilla/4.0 (compatible; MSIE 7.0; Windows NT 6.1; WOW64; Trident/7.0; SLCC2; .NET CLR 2.0.50727; .NET CLR 3.5.30729; .NET CLR 3.0.30729; Media Center PC 6.0; .NET4.0C; .NET4.0E; MS-RTC LM 8; InfoPath.3)"
121.200.216.56 - - [05/May/2026:14:03:58 +0000] "GET /wp-login.php HTTP/1.1" 200 1970 "-" "Mozilla/5.0 (Windows NT 10.0; Win64; x64) AppleWebKit/537.36 (KHTML, like Gecko) Chrome/65.0.3325.146 Safari/537.36"
121.200.216.56 - - [05/May/2026:14:04:00 +0000] "POST /wp-login.php HTTP/1.1" 503 7310 "https://nipponia.com/wp-login.php" "Mozilla/5.0 (Windows NT 10.0; Win64; x64) AppleWebKit/537.36 (KHTML, like Gecko) Chrome/65.0.3325.146 Safari/537.36"
20.123.172.228 - - [05/May/2026:14:04:47 +0000] "POST /wp-cron.php?doing_wp_cron=1777989887.4149301052093505859375 HTTP/1.1" 200 - "-" "WordPress/6.9.4; https://nipponia.com"
57.141.20.21 - - [05/May/2026:14:04:45 +0000] "GET /sitemap.html HTTP/1.1" 404 46882 "-" "meta-externalagent/1.1 (+https://developers.facebook.com/docs/sharing/webmasters/crawler)"
20.123.172.228 - - [05/May/2026:14:12:07 +0000] "POST /wp-cron.php?doing_wp_cron=1777990327.7194049358367919921875 HTTP/1.1" 200 - "-" "WordPress/6.9.4; https://nipponia.com"
91.227.37.60 - - [05/May/2026:14:12:05 +0000] "GET /wp-login.php HTTP/1.1" 200 1970 "-" "Mozilla/5.0 (Macintosh; Intel Mac OS X 10_13_4) AppleWebKit/537.36 (KHTML, like Gecko) Chrome/66.0.3359.181 Safari/537.36"
91.227.37.60 - - [05/May/2026:14:12:08 +0000] "POST /wp-login.php HTTP/1.1" 503 7311 "https://nipponia.com/wp-login.php" "Mozilla/5.0 (Macintosh; Intel Mac OS X 10_13_4) AppleWebKit/537.36 (KHTML, like Gecko) Chrome/66.0.3359.181 Safari/537.36"
20.123.172.228 - - [05/May/2026:14:20:23 +0000] "POST /wp-cron.php?doing_wp_cron=1777990823.0576460361480712890625 HTTP/1.1" 200 - "-" "WordPress/6.9.4; https://nipponia.com"
50.6.7.129 - - [05/May/2026:14:20:20 +0000] "POST /xmlrpc.php HTTP/1.1" 503 7311 "-" "Mozilla/5.0 (Macintosh; Intel Mac OS X 10_10_5) AppleWebKit/603.2.5 (KHTML, like Gecko) Version/10.1.1 Safari/603.2.5"
103.69.196.177 - - [05/May/2026:14:20:27 +0000] "GET /wp-login.php HTTP/1.1" 200 1970 "-" "Mozilla/5.0 (Macintosh; Intel Mac OS X 10_9_5) AppleWebKit/537.36 (KHTML, like Gecko) Chrome/66.0.3359.181 Safari/537.36"
103.69.196.177 - - [05/May/2026:14:20:29 +0000] "POST /wp-login.php HTTP/1.1" 503 7312 "https://nipponia.com/wp-login.php" "Mozilla/5.0 (Macintosh; Intel Mac OS X 10_9_5) AppleWebKit/537.36 (KHTML, like Gecko) Chrome/66.0.3359.181 Safari/537.36"
20.123.172.228 - - [05/May/2026:14:20:47 +0000] "POST /wp-cron.php?doing_wp_cron=1777990847.0479509830474853515625 HTTP/1.1" 200 - "-" "WordPress/6.9.4; https://nipponia.com"
111.225.149.208 - - [05/May/2026:14:20:44 +0000] "GET /nipponia-global-footprint/ HTTP/1.1" 200 11260 "-" "Mozilla/5.0 (Linux; Android 5.0) AppleWebKit/537.36 (KHTML, like Gecko) Mobile Safari/537.36 (compatible; Bytespider; https://zhanzhang.toutiao.com/)"
20.123.172.228 - - [05/May/2026:14:22:24 +0000] "POST /wp-cron.php?doing_wp_cron=1777990944.6870000362396240234375 HTTP/1.1" 200 - "-" "WordPress/6.9.4; https://nipponia.com"
110.249.201.145 - - [05/May/2026:14:22:22 +0000] "GET /company-profile/ HTTP/1.1" 200 11420 "-" "Mozilla/5.0 (Linux; Android 5.0) AppleWebKit/537.36 (KHTML, like Gecko) Mobile Safari/537.36 (compatible; Bytespider; https://zhanzhang.toutiao.com/)"
110.249.201.145 - - [05/May/2026:14:22:25 +0000] "GET /wp-content/uploads/elementor/css/post-277.css?ver=1674723844 HTTP/1.1" 200 239 "https://nipponia.com/company-profile/" "Mozilla/5.0 (Linux; Android 5.0) AppleWebKit/537.36 (KHTML, like Gecko) Mobile Safari/537.36 (compatible; Bytespider; https://zhanzhang.toutiao.com/)"
50.6.7.129 - - [05/May/2026:14:28:45 +0000] "POST /xmlrpc.php HTTP/1.1" 503 7112 "-" "Mozilla/5.0 (Macintosh; Intel Mac OS X 10_13_3) AppleWebKit/537.36 (KHTML, like Gecko) Chrome/65.0.3325.181 Safari/537.36"
144.178.96.244 - - [05/May/2026:14:35:38 +0000] "GET / HTTP/1.1" 200 15315 "https://www.google.com/" "Mozilla/5.0 (Windows NT 10.0; Win64; x64) AppleWebKit/537.36 (KHTML, like Gecko) Chrome/147.0.0.0 Safari/537.36"
144.178.96.244 - - [05/May/2026:14:35:40 +0000] "GET /wp-includes/css/dist/block-library/style.min.css?ver=6.9.4 HTTP/1.1" 200 15916 "https://nipponia.com/" "Mozilla/5.0 (Windows NT 10.0; Win64; x64) AppleWebKit/537.36 (KHTML, like Gecko) Chrome/147.0.0.0 Safari/537.36"
144.178.96.244 - - [05/May/2026:14:35:40 +0000] "GET /wp-content/themes/hello-elementor/style.min.css?ver=2.6.1 HTTP/1.1" 200 1940 "https://nipponia.com/" "Mozilla/5.0 (Windows NT 10.0; Win64; x64) AppleWebKit/537.36 (KHTML, like Gecko) Chrome/147.0.0.0 Safari/537.36"
144.178.96.244 - - [05/May/2026:14:35:40 +0000] "GET /wp-content/themes/hello-elementor/theme.min.css?ver=2.6.1 HTTP/1.1" 200 2664 "https://nipponia.com/" "Mozilla/5.0 (Windows NT 10.0; Win64; x64) AppleWebKit/537.36 (KHTML, like Gecko) Chrome/147.0.0.0 Safari/537.36"
144.178.96.244 - - [05/May/2026:14:35:40 +0000] "GET /wp-content/plugins/elementor/assets/css/frontend-lite.min.css?ver=3.10.1 HTTP/1.1" 200 13541 "https://nipponia.com/" "Mozilla/5.0 (Windows NT 10.0; Win64; x64) AppleWebKit/537.36 (KHTML, like Gecko) Chrome/147.0.0.0 Safari/537.36"
144.178.96.244 - - [05/May/2026:14:35:40 +0000] "GET /wp-content/plugins/elementor/assets/lib/eicons/css/elementor-icons.min.css?ver=5.17.0 HTTP/1.1" 200 3969 "https://nipponia.com/" "Mozilla/5.0 (Windows NT 10.0; Win64; x64) AppleWebKit/537.36 (KHTML, like Gecko) Chrome/147.0.0.0 Safari/537.36"
144.178.96.244 - - [05/May/2026:14:35:40 +0000] "GET /wp-content/uploads/elementor/css/post-175.css?ver=1674635264 HTTP/1.1" 200 439 "https://nipponia.com/" "Mozilla/5.0 (Windows NT 10.0; Win64; x64) AppleWebKit/537.36 (KHTML, like Gecko) Chrome/147.0.0.0 Safari/537.36"
144.178.96.244 - - [05/May/2026:14:35:40 +0000] "GET /wp-content/plugins/elementor-pro/assets/css/frontend-lite.min.css?ver=3.10.2 HTTP/1.1" 200 1448 "https://nipponia.com/" "Mozilla/5.0 (Windows NT 10.0; Win64; x64) AppleWebKit/537.36 (KHTML, like Gecko) Chrome/147.0.0.0 Safari/537.36"
144.178.96.244 - - [05/May/2026:14:35:40 +0000] "GET /wp-content/uploads/elementor/css/post-81.css?ver=1747053258 HTTP/1.1" 200 1878 "https://nipponia.com/" "Mozilla/5.0 (Windows NT 10.0; Win64; x64) AppleWebKit/537.36 (KHTML, like Gecko) Chrome/147.0.0.0 Safari/537.36"
144.178.96.244 - - [05/May/2026:14:35:40 +0000] "GET /wp-content/uploads/elementor/css/post-167.css?ver=1674635265 HTTP/1.1" 200 576 "https://nipponia.com/" "Mozilla/5.0 (Windows NT 10.0; Win64; x64) AppleWebKit/537.36 (KHTML, like Gecko) Chrome/147.0.0.0 Safari/537.36"
144.178.96.244 - - [05/May/2026:14:35:40 +0000] "GET /wp-content/uploads/elementor/css/post-283.css?ver=1675771772 HTTP/1.1" 200 1491 "https://nipponia.com/" "Mozilla/5.0 (Windows NT 10.0; Win64; x64) AppleWebKit/537.36 (KHTML, like Gecko) Chrome/147.0.0.0 Safari/537.36"
144.178.96.244 - - [05/May/2026:14:35:40 +0000] "GET /wp-content/plugins/elementor/assets/lib/font-awesome/css/fontawesome.min.css?ver=5.15.3 HTTP/1.1" 200 12582 "https://nipponia.com/" "Mozilla/5.0 (Windows NT 10.0; Win64; x64) AppleWebKit/537.36 (KHTML, like Gecko) Chrome/147.0.0.0 Safari/537.36"
144.178.96.244 - - [05/May/2026:14:35:40 +0000] "GET /wp-content/plugins/elementor/assets/lib/font-awesome/css/brands.min.css?ver=5.15.3 HTTP/1.1" 200 308 "https://nipponia.com/" "Mozilla/5.0 (Windows NT 10.0; Win64; x64) AppleWebKit/537.36 (KHTML, like Gecko) Chrome/147.0.0.0 Safari/537.36"
144.178.96.244 - - [05/May/2026:14:35:40 +0000] "GET /wp-content/plugins/elementor/assets/lib/font-awesome/css/solid.min.css?ver=5.15.3 HTTP/1.1" 200 309 "https://nipponia.com/" "Mozilla/5.0 (Windows NT 10.0; Win64; x64) AppleWebKit/537.36 (KHTML, like Gecko) Chrome/147.0.0.0 Safari/537.36"
144.178.96.244 - - [05/May/2026:14:35:40 +0000] "GET /wp-content/plugins/elementor/assets/lib/animations/animations.min.css?ver=3.10.1 HTTP/1.1" 200 2592 "https://nipponia.com/" "Mozilla/5.0 (Windows NT 10.0; Win64; x64) AppleWebKit/537.36 (KHTML, like Gecko) Chrome/147.0.0.0 Safari/537.36"
144.178.96.244 - - [05/May/2026:14:35:40 +0000] "GET /wp-content/plugins/cookie-notice/css/front.min.css?ver=6.9.4 HTTP/1.1" 200 1108 "https://nipponia.com/" "Mozilla/5.0 (Windows NT 10.0; Win64; x64) AppleWebKit/537.36 (KHTML, like Gecko) Chrome/147.0.0.0 Safari/537.36"
144.178.96.244 - - [05/May/2026:14:35:40 +0000] "GET /wp-includes/js/jquery/jquery-migrate.min.js?ver=3.4.1 HTTP/1.1" 200 4872 "https://nipponia.com/" "Mozilla/5.0 (Windows NT 10.0; Win64; x64) AppleWebKit/537.36 (KHTML, like Gecko) Chrome/147.0.0.0 Safari/537.36"
144.178.96.244 - - [05/May/2026:14:35:40 +0000] "GET /wp-includes/js/jquery/jquery.min.js?ver=3.7.1 HTTP/1.1" 200 30368 "https://nipponia.com/" "Mozilla/5.0 (Windows NT 10.0; Win64; x64) AppleWebKit/537.36 (KHTML, like Gecko) Chrome/147.0.0.0 Safari/537.36"
144.178.96.244 - - [05/May/2026:14:35:40 +0000] "GET /wp-content/plugins/elementor-pro/assets/css/widget-nav-menu.min.css HTTP/1.1" 200 3332 "https://nipponia.com/" "Mozilla/5.0 (Windows NT 10.0; Win64; x64) AppleWebKit/537.36 (KHTML, like Gecko) Chrome/147.0.0.0 Safari/537.36"
144.178.96.244 - - [05/May/2026:14:35:40 +0000] "GET /wp-content/plugins/elementor-pro/assets/lib/smartmenus/jquery.smartmenus.min.js?ver=1.0.1 HTTP/1.1" 200 7157 "https://nipponia.com/" "Mozilla/5.0 (Windows NT 10.0; Win64; x64) AppleWebKit/537.36 (KHTML, like Gecko) Chrome/147.0.0.0 Safari/537.36"
144.178.96.244 - - [05/May/2026:14:35:40 +0000] "GET /wp-content/plugins/elementor/assets/css/widget-icon-list.min.css HTTP/1.1" 200 941 "https://nipponia.com/" "Mozilla/5.0 (Windows NT 10.0; Win64; x64) AppleWebKit/537.36 (KHTML, like Gecko) Chrome/147.0.0.0 Safari/537.36"
144.178.96.244 - - [05/May/2026:14:35:40 +0000] "GET /wp-content/plugins/elementor/assets/lib/jquery-numerator/jquery-numerator.min.js?ver=0.2.1 HTTP/1.1" 200 740 "https://nipponia.com/" "Mozilla/5.0 (Windows NT 10.0; Win64; x64) AppleWebKit/537.36 (KHTML, like Gecko) Chrome/147.0.0.0 Safari/537.36"
144.178.96.244 - - [05/May/2026:14:35:40 +0000] "GET /wp-content/plugins/elementor-pro/assets/js/webpack-pro.runtime.min.js?ver=3.10.2 HTTP/1.1" 200 2439 "https://nipponia.com/" "Mozilla/5.0 (Windows NT 10.0; Win64; x64) AppleWebKit/537.36 (KHTML, like Gecko) Chrome/147.0.0.0 Safari/537.36"
144.178.96.244 - - [05/May/2026:14:35:41 +0000] "GET /wp-content/themes/hello-elementor/assets/js/hello-frontend.min.js?ver=1.0.0 HTTP/1.1" 200 1024 "https://nipponia.com/" "Mozilla/5.0 (Windows NT 10.0; Win64; x64) AppleWebKit/537.36 (KHTML, like Gecko) Chrome/147.0.0.0 Safari/537.36"
144.178.96.244 - - [05/May/2026:14:35:41 +0000] "GET /wp-content/plugins/elementor/assets/js/webpack.runtime.min.js?ver=3.10.1 HTTP/1.1" 200 2225 "https://nipponia.com/" "Mozilla/5.0 (Windows NT 10.0; Win64; x64) AppleWebKit/537.36 (KHTML, like Gecko) Chrome/147.0.0.0 Safari/537.36"
144.178.96.244 - - [05/May/2026:14:35:41 +0000] "GET /wp-includes/js/dist/hooks.min.js?ver=dd5603f07f9220ed27f1 HTTP/1.1" 200 1941 "https://nipponia.com/" "Mozilla/5.0 (Windows NT 10.0; Win64; x64) AppleWebKit/537.36 (KHTML, like Gecko) Chrome/147.0.0.0 Safari/537.36"
144.178.96.244 - - [05/May/2026:14:35:41 +0000] "GET /wp-content/plugins/elementor-pro/assets/js/frontend.min.js?ver=3.10.2 HTTP/1.1" 200 5743 "https://nipponia.com/" "Mozilla/5.0 (Windows NT 10.0; Win64; x64) AppleWebKit/537.36 (KHTML, like Gecko) Chrome/147.0.0.0 Safari/537.36"
144.178.96.244 - - [05/May/2026:14:35:41 +0000] "GET /wp-includes/js/dist/i18n.min.js?ver=c26c3dc7bed366793375 HTTP/1.1" 200 2229 "https://nipponia.com/" "Mozilla/5.0 (Windows NT 10.0; Win64; x64) AppleWebKit/537.36 (KHTML, like Gecko) Chrome/147.0.0.0 Safari/537.36"
144.178.96.244 - - [05/May/2026:14:35:41 +0000] "GET /wp-content/plugins/elementor/assets/lib/waypoints/waypoints.min.js?ver=4.0.2 HTTP/1.1" 200 2993 "https://nipponia.com/" "Mozilla/5.0 (Windows NT 10.0; Win64; x64) AppleWebKit/537.36 (KHTML, like Gecko) Chrome/147.0.0.0 Safari/537.36"
144.178.96.244 - - [05/May/2026:14:35:41 +0000] "GET /wp-content/plugins/elementor/assets/js/frontend-modules.min.js?ver=3.10.1 HTTP/1.1" 200 11399 "https://nipponia.com/" "Mozilla/5.0 (Windows NT 10.0; Win64; x64) AppleWebKit/537.36 (KHTML, like Gecko) Chrome/147.0.0.0 Safari/537.36"
144.178.96.244 - - [05/May/2026:14:35:41 +0000] "GET /wp-includes/js/jquery/ui/core.min.js?ver=1.13.3 HTTP/1.1" 200 7106 "https://nipponia.com/" "Mozilla/5.0 (Windows NT 10.0; Win64; x64) AppleWebKit/537.36 (KHTML, like Gecko) Chrome/147.0.0.0 Safari/537.36"
144.178.96.244 - - [05/May/2026:14:35:41 +0000] "GET /wp-content/plugins/elementor-pro/assets/js/elements-handlers.min.js?ver=3.10.2 HTTP/1.1" 200 6374 "https://nipponia.com/" "Mozilla/5.0 (Windows NT 10.0; Win64; x64) AppleWebKit/537.36 (KHTML, like Gecko) Chrome/147.0.0.0 Safari/537.36"
144.178.96.244 - - [05/May/2026:14:35:41 +0000] "GET /wp-content/plugins/cookie-notice/js/front.min.js?ver=2.4.6 HTTP/1.1" 200 2128 "https://nipponia.com/" "Mozilla/5.0 (Windows NT 10.0; Win64; x64) AppleWebKit/537.36 (KHTML, like Gecko) Chrome/147.0.0.0 Safari/537.36"
144.178.96.244 - - [05/May/2026:14:35:41 +0000] "GET /wp-content/plugins/elementor/assets/js/frontend.min.js?ver=3.10.1 HTTP/1.1" 200 12124 "https://nipponia.com/" "Mozilla/5.0 (Windows NT 10.0; Win64; x64) AppleWebKit/537.36 (KHTML, like Gecko) Chrome/147.0.0.0 Safari/537.36"
144.178.96.244 - - [05/May/2026:14:35:41 +0000] "GET /wp-content/plugins/elementor/assets/lib/font-awesome/webfonts/fa-brands-400.woff2 HTTP/1.1" 200 76797 "https://nipponia.com/wp-content/plugins/elementor/assets/lib/font-awesome/css/brands.min.css?ver=5.15.3" "Mozilla/5.0 (Windows NT 10.0; Win64; x64) AppleWebKit/537.36 (KHTML, like Gecko) Chrome/147.0.0.0 Safari/537.36"
144.178.96.244 - - [05/May/2026:14:35:41 +0000] "GET /wp-content/plugins/elementor/assets/lib/eicons/fonts/eicons.woff2?5.17.0 HTTP/1.1" 200 93477 "https://nipponia.com/wp-content/plugins/elementor/assets/lib/eicons/css/elementor-icons.min.css?ver=5.17.0" "Mozilla/5.0 (Windows NT 10.0; Win64; x64) AppleWebKit/537.36 (KHTML, like Gecko) Chrome/147.0.0.0 Safari/537.36"
144.178.96.244 - - [05/May/2026:14:35:41 +0000] "GET /wp-content/plugins/elementor-pro/assets/js/nav-menu.c8d112707fd7172d2a9d.bundle.min.js HTTP/1.1" 200 1529 "https://nipponia.com/" "Mozilla/5.0 (Windows NT 10.0; Win64; x64) AppleWebKit/537.36 (KHTML, like Gecko) Chrome/147.0.0.0 Safari/537.36"
144.178.96.244 - - [05/May/2026:14:35:41 +0000] "GET /wp-content/plugins/elementor/assets/js/text-editor.2c35aafbe5bf0e127950.bundle.min.js HTTP/1.1" 200 665 "https://nipponia.com/" "Mozilla/5.0 (Windows NT 10.0; Win64; x64) AppleWebKit/537.36 (KHTML, like Gecko) Chrome/147.0.0.0 Safari/537.36"
144.178.96.244 - - [05/May/2026:14:35:41 +0000] "GET /wp-content/plugins/elementor-pro/assets/js/form.72b77b99d67b130634d2.bundle.min.js HTTP/1.1" 200 5000 "https://nipponia.com/" "Mozilla/5.0 (Windows NT 10.0; Win64; x64) AppleWebKit/537.36 (KHTML, like Gecko) Chrome/147.0.0.0 Safari/537.36"
144.178.96.244 - - [05/May/2026:14:35:41 +0000] "GET /wp-content/plugins/elementor/assets/js/counter.02cef29c589e742d4c8c.bundle.min.js HTTP/1.1" 200 487 "https://nipponia.com/" "Mozilla/5.0 (Windows NT 10.0; Win64; x64) AppleWebKit/537.36 (KHTML, like Gecko) Chrome/147.0.0.0 Safari/537.36"
144.178.96.244 - - [05/May/2026:14:35:41 +0000] "GET /wp-content/plugins/elementor-pro/assets/js/popup.483b906ddaa1af17ff14.bundle.min.js HTTP/1.1" 200 451 "https://nipponia.com/" "Mozilla/5.0 (Windows NT 10.0; Win64; x64) AppleWebKit/537.36 (KHTML, like Gecko) Chrome/147.0.0.0 Safari/537.36"
144.178.96.244 - - [05/May/2026:14:35:41 +0000] "GET /wp-content/plugins/elementor/assets/lib/font-awesome/webfonts/fa-solid-900.woff2 HTTP/1.1" 200 78099 "https://nipponia.com/wp-content/plugins/elementor/assets/lib/font-awesome/css/solid.min.css?ver=5.15.3" "Mozilla/5.0 (Windows NT 10.0; Win64; x64) AppleWebKit/537.36 (KHTML, like Gecko) Chrome/147.0.0.0 Safari/537.36"
144.178.96.244 - - [05/May/2026:14:35:41 +0000] "GET /wp-content/uploads/2023/01/eccitymp4.mp4 HTTP/1.1" 206 12573 "https://nipponia.com/" "Mozilla/5.0 (Windows NT 10.0; Win64; x64) AppleWebKit/537.36 (KHTML, like Gecko) Chrome/147.0.0.0 Safari/537.36"
144.178.96.244 - - [05/May/2026:14:35:41 +0000] "GET /wp-content/uploads/2023/01/eccitymp4.mp4 HTTP/1.1" 206 2044189 "https://nipponia.com/" "Mozilla/5.0 (Windows NT 10.0; Win64; x64) AppleWebKit/537.36 (KHTML, like Gecko) Chrome/147.0.0.0 Safari/537.36"
144.178.96.244 - - [05/May/2026:14:35:41 +0000] "GET /wp-content/uploads/2023/01/eccitymp4.mp4 HTTP/1.1" 206 2044189 "https://nipponia.com/" "Mozilla/5.0 (Windows NT 10.0; Win64; x64) AppleWebKit/537.36 (KHTML, like Gecko) Chrome/147.0.0.0 Safari/537.36"
