144.178.96.244 - - [05/May/2026:14:35:41 +0000] "GET /wp-includes/js/wp-emoji-release.min.js?ver=6.9.4 HTTP/1.1" 200 5375 "https://nipponia.com/" "Mozilla/5.0 (Windows NT 10.0; Win64; x64) AppleWebKit/537.36 (KHTML, like Gecko) Chrome/147.0.0.0 Safari/537.36"
144.178.96.244 - - [05/May/2026:14:35:41 +0000] "GET /wp-content/uploads/2023/01/eccitymp4.mp4 HTTP/1.1" 206 1933312 "https://nipponia.com/" "Mozilla/5.0 (Windows NT 10.0; Win64; x64) AppleWebKit/537.36 (KHTML, like Gecko) Chrome/147.0.0.0 Safari/537.36"
66.249.81.35 - - [05/May/2026:14:35:39 +0000] "GET /.well-known/traffic-advice HTTP/1.1" 404 10742 "-" "Chrome Privacy Preserving Prefetch Proxy"
72.14.201.59 - - [05/May/2026:14:35:39 +0000] "GET / HTTP/1.1" 200 15315 "https://www.google.com/" "Mozilla/5.0 (Windows NT 10.0; Win64; x64) AppleWebKit/537.36 (KHTML, like Gecko) Chrome/147.0.0.0 Safari/537.36"
20.123.172.228 - - [05/May/2026:14:37:22 +0000] "POST /wp-cron.php?doing_wp_cron=1777991842.8005640506744384765625 HTTP/1.1" 200 - "-" "WordPress/6.9.4; https://nipponia.com"
144.126.133.143 - - [05/May/2026:14:37:21 +0000] "GET /wp-login.php HTTP/1.1" 200 1970 "-" "Mozilla/5.0 (X11; Linux x86_64) AppleWebKit/537.36 (KHTML, like Gecko) Chrome/67.0.3396.79 Safari/537.36"
144.126.133.143 - - [05/May/2026:14:37:23 +0000] "POST /wp-login.php HTTP/1.1" 503 7311 "https://nipponia.com/wp-login.php" "Mozilla/5.0 (X11; Linux x86_64) AppleWebKit/537.36 (KHTML, like Gecko) Chrome/67.0.3396.79 Safari/537.36"
20.123.172.228 - - [05/May/2026:14:37:35 +0000] "POST /wp-cron.php?doing_wp_cron=1777991855.9303491115570068359375 HTTP/1.1" 200 - "-" "WordPress/6.9.4; https://nipponia.com"
34.101.101.253 - - [05/May/2026:14:37:33 +0000] "POST /xmlrpc.php HTTP/1.1" 503 7311 "-" "Mozilla/5.0 (Windows NT 10.0; Win64; x64) AppleWebKit/537.36 (KHTML, like Gecko) Chrome/65.0.3325.146 Safari/537.36"
20.123.172.228 - - [05/May/2026:14:39:54 +0000] "POST /wp-cron.php?doing_wp_cron=1777991994.2757749557495117187500 HTTP/1.1" 200 - "-" "WordPress/6.9.4; https://nipponia.com"
23.98.142.185 - - [05/May/2026:14:39:51 +0000] "GET / HTTP/1.1" 200 14709 "-" "Mozilla/5.0 AppleWebKit/537.36 (KHTML, like Gecko); compatible; ChatGPT-User/1.0; +https://openai.com/bot"
20.123.172.228 - - [05/May/2026:14:46:21 +0000] "POST /wp-cron.php?doing_wp_cron=1777992381.0946910381317138671875 HTTP/1.1" 200 - "-" "WordPress/6.9.4; https://nipponia.com"
45.224.144.210 - - [05/May/2026:14:46:18 +0000] "POST /xmlrpc.php HTTP/1.1" 503 7312 "-" "Mozilla/5.0 (Macintosh; Intel Mac OS X 10_13_4) AppleWebKit/537.36 (KHTML, like Gecko) Chrome/66.0.3359.117 Safari/537.36"
34.101.101.253 - - [05/May/2026:14:46:33 +0000] "GET /wp-login.php HTTP/1.1" 503 7110 "-" "Mozilla/5.0 (Windows NT 6.1) AppleWebKit/537.36 (KHTML, like Gecko) Chrome/63.0.3239.132 Safari/537.36 OPR/50.0.2762.67"
20.123.172.228 - - [05/May/2026:14:54:49 +0000] "POST /wp-cron.php?doing_wp_cron=1777992889.3403189182281494140625 HTTP/1.1" 200 - "-" "WordPress/6.9.4; https://nipponia.com"
5.78.104.37 - - [05/May/2026:14:54:47 +0000] "POST /xmlrpc.php HTTP/1.1" 503 7311 "-" "Mozilla/5.0 (compatible; MSIE 10.0; Windows NT 6.2; Trident/7.0)"
167.71.226.156 - - [05/May/2026:14:54:58 +0000] "GET /wp-login.php HTTP/1.1" 200 1970 "-" "Mozilla/5.0 (Windows NT 10.0; Win64; x64) AppleWebKit/537.36 (KHTML, like Gecko) Chrome/65.0.3325.181 Safari/537.36 OPR/52.0.2871.99"
167.71.226.156 - - [05/May/2026:14:55:00 +0000] "POST /wp-login.php HTTP/1.1" 503 7311 "https://nipponia.com/wp-login.php" "Mozilla/5.0 (Windows NT 10.0; Win64; x64) AppleWebKit/537.36 (KHTML, like Gecko) Chrome/65.0.3325.181 Safari/537.36 OPR/52.0.2871.99"
20.123.172.228 - - [05/May/2026:14:57:13 +0000] "POST /wp-cron.php?doing_wp_cron=1777993033.0120220184326171875000 HTTP/1.1" 200 - "-" "WordPress/6.9.4; https://nipponia.com"
216.81.248.217 - - [05/May/2026:14:57:10 +0000] "GET /.git/config HTTP/1.1" 404 10742 "-" "Mozilla/5.0 (Linux; Android 8.1.0; vivo 1807) AppleWebKit/537.36 (KHTML, like Gecko) Chrome/71.0.3578.99 Mobile Safari/537.36"
103.150.218.178 - - [05/May/2026:14:58:10 +0000] "POST /xmlrpc.php HTTP/1.1" 503 18944 "-" "WordPress.com; https://wordpress.com"
103.150.218.178 - - [05/May/2026:14:58:21 +0000] "POST /xmlrpc.php HTTP/1.1" 503 18944 "-" "Jetpack by WordPress.com"
103.150.218.178 - - [05/May/2026:14:58:31 +0000] "POST /xmlrpc.php HTTP/1.1" 503 18030 "-" "Jetpack by WordPress.com (Jetpack 12.0; WordPress 6.3)"
103.150.218.178 - - [05/May/2026:14:58:42 +0000] "POST /xmlrpc.php HTTP/1.1" 503 18030 "-" "Jetpack/12.1; WordPress/6.3; http://site14704627.com"
103.150.218.178 - - [05/May/2026:14:58:52 +0000] "POST /xmlrpc.php HTTP/1.1" 503 18030 "-" "Jetpack by WordPress.com (Jetpack 12.5; WordPress 6.1)"
103.150.218.178 - - [05/May/2026:14:59:03 +0000] "POST /xmlrpc.php HTTP/1.1" 503 18030 "-" "Jetpack/12.1; WordPress/6.4; http://site52836798.com"
103.150.218.178 - - [05/May/2026:14:59:13 +0000] "POST /xmlrpc.php HTTP/1.1" 503 18030 "-" "WordPress.com; https://wordpress.com"
103.150.218.178 - - [05/May/2026:14:59:24 +0000] "POST /xmlrpc.php HTTP/1.1" 503 18030 "-" "Jetpack/13.0; WordPress/6.4; http://site56785615.com"
103.150.218.178 - - [05/May/2026:14:59:34 +0000] "POST /xmlrpc.php HTTP/1.1" 503 18030 "-" "Jetpack/12.5; WordPress/6.1; http://site79219795.com"
103.150.218.178 - - [05/May/2026:14:59:45 +0000] "POST /xmlrpc.php HTTP/1.1" 503 18030 "-" "WordPress.com; https://wordpress.com"
103.150.218.178 - - [05/May/2026:14:59:57 +0000] "POST /xmlrpc.php HTTP/1.1" 503 18030 "-" "Jetpack by WordPress.com (Jetpack 13.0; WordPress 6.1)"
103.150.218.178 - - [05/May/2026:15:00:06 +0000] "POST /xmlrpc.php HTTP/1.1" 503 18030 "-" "Jetpack by WordPress.com (Jetpack 12.1; WordPress 6.3)"
103.150.218.178 - - [05/May/2026:15:00:17 +0000] "POST /xmlrpc.php HTTP/1.1" 503 18030 "-" "Jetpack by WordPress.com (Jetpack 13.0; WordPress 6.2)"
103.150.218.178 - - [05/May/2026:15:00:27 +0000] "POST /xmlrpc.php HTTP/1.1" 503 18030 "-" "WordPress.com; https://wordpress.com"
103.150.218.178 - - [05/May/2026:15:00:39 +0000] "POST /xmlrpc.php HTTP/1.1" 503 18030 "-" "Jetpack by WordPress.com"
103.150.218.178 - - [05/May/2026:15:00:48 +0000] "POST /xmlrpc.php HTTP/1.1" 503 18030 "-" "Jetpack/13.0; WordPress/6.1; http://site38144186.com"
103.150.218.178 - - [05/May/2026:15:00:59 +0000] "POST /xmlrpc.php HTTP/1.1" 503 18030 "-" "Jetpack/12.1; WordPress/6.4; http://site36765122.com"
103.150.218.178 - - [05/May/2026:15:01:09 +0000] "POST /xmlrpc.php HTTP/1.1" 503 18030 "-" "Jetpack by WordPress.com"
103.150.218.178 - - [05/May/2026:15:01:20 +0000] "POST /xmlrpc.php HTTP/1.1" 503 18030 "-" "Jetpack by WordPress.com"
103.150.218.178 - - [05/May/2026:15:01:30 +0000] "POST /xmlrpc.php HTTP/1.1" 503 18030 "-" "Jetpack/13.0; WordPress/6.3; http://site29819716.com"
103.150.218.178 - - [05/May/2026:15:01:41 +0000] "POST /xmlrpc.php HTTP/1.1" 503 18030 "-" "Jetpack/12.5; WordPress/6.2; http://site68642441.com"
103.150.218.178 - - [05/May/2026:15:01:51 +0000] "POST /xmlrpc.php HTTP/1.1" 503 18030 "-" "Jetpack by WordPress.com"
103.150.218.178 - - [05/May/2026:15:02:02 +0000] "POST /xmlrpc.php HTTP/1.1" 503 18030 "-" "Jetpack by WordPress.com"
103.150.218.178 - - [05/May/2026:15:02:13 +0000] "POST /xmlrpc.php HTTP/1.1" 503 18030 "-" "Jetpack/13.0; WordPress/6.3; http://site70708700.com"
103.150.218.178 - - [05/May/2026:15:02:23 +0000] "POST /xmlrpc.php HTTP/1.1" 503 18030 "-" "WordPress.com; https://wordpress.com"
103.150.218.178 - - [05/May/2026:15:02:34 +0000] "POST /xmlrpc.php HTTP/1.1" 503 18030 "-" "Jetpack by WordPress.com"
103.150.218.178 - - [05/May/2026:15:02:44 +0000] "POST /xmlrpc.php HTTP/1.1" 503 18030 "-" "Jetpack by WordPress.com"
103.150.218.178 - - [05/May/2026:15:02:55 +0000] "POST /xmlrpc.php HTTP/1.1" 503 18030 "-" "Jetpack by WordPress.com (Jetpack 12.0; WordPress 6.2)"
165.22.116.110 - - [05/May/2026:15:02:58 +0000] "POST /xmlrpc.php HTTP/1.1" 503 7312 "-" "Mozilla/5.0 (Macintosh; Intel Mac OS X 10_12_1) AppleWebKit/602.2.14 (KHTML, like Gecko) Version/10.0.1 Safari/602.2.14"
20.123.172.228 - - [05/May/2026:15:03:01 +0000] "POST /wp-cron.php?doing_wp_cron=1777993381.1247909069061279296875 HTTP/1.1" 200 - "-" "WordPress/6.9.4; https://nipponia.com"
20.123.172.228 - - [05/May/2026:15:02:59 +0000] "POST /?wordfence_syncAttackData=1777993379.2315 HTTP/1.1" 200 - "-" "WordPress/6.9.4; https://nipponia.com"
103.150.218.178 - - [05/May/2026:15:03:05 +0000] "POST /xmlrpc.php HTTP/1.1" 503 18030 "-" "Jetpack by WordPress.com (Jetpack 13.0; WordPress 6.3)"
103.150.218.178 - - [05/May/2026:15:03:16 +0000] "POST /xmlrpc.php HTTP/1.1" 503 18030 "-" "Jetpack by WordPress.com (Jetpack 12.1; WordPress 6.1)"
20.123.172.228 - - [05/May/2026:15:03:21 +0000] "POST /?wordfence_syncAttackData=1777993401.8489 HTTP/1.1" 200 - "-" "WordPress/6.9.4; https://nipponia.com"
194.61.31.157 - - [05/May/2026:15:03:20 +0000] "GET /wp-login.php HTTP/1.1" 200 1970 "-" "Mozilla/5.0 (X11; CrOS x86_64 10323.67.0) AppleWebKit/537.36 (KHTML, like Gecko) Chrome/65.0.3325.209 Safari/537.36"
194.61.31.157 - - [05/May/2026:15:03:24 +0000] "POST /wp-login.php HTTP/1.1" 503 7312 "https://nipponia.com/wp-login.php" "Mozilla/5.0 (X11; CrOS x86_64 10323.67.0) AppleWebKit/537.36 (KHTML, like Gecko) Chrome/65.0.3325.209 Safari/537.36"
103.150.218.178 - - [05/May/2026:15:03:26 +0000] "POST /xmlrpc.php HTTP/1.1" 503 18030 "-" "Jetpack/13.0; WordPress/6.4; http://site38316126.com"
103.150.218.178 - - [05/May/2026:15:03:37 +0000] "POST /xmlrpc.php HTTP/1.1" 503 18030 "-" "WordPress.com; https://wordpress.com"
103.150.218.178 - - [05/May/2026:15:03:48 +0000] "POST /xmlrpc.php HTTP/1.1" 503 18030 "-" "WordPress.com; https://wordpress.com"
103.150.218.178 - - [05/May/2026:15:03:58 +0000] "POST /xmlrpc.php HTTP/1.1" 503 18030 "-" "WordPress.com; https://wordpress.com"
103.150.218.178 - - [05/May/2026:15:04:08 +0000] "POST /xmlrpc.php HTTP/1.1" 503 18030 "-" "Jetpack/12.1; WordPress/6.2; http://site26343732.com"
103.150.218.178 - - [05/May/2026:15:04:19 +0000] "POST /xmlrpc.php HTTP/1.1" 503 18030 "-" "Jetpack by WordPress.com (Jetpack 12.1; WordPress 6.3)"
103.150.218.178 - - [05/May/2026:15:04:29 +0000] "POST /xmlrpc.php HTTP/1.1" 503 18030 "-" "WordPress.com; https://wordpress.com"
103.150.218.178 - - [05/May/2026:15:04:40 +0000] "POST /xmlrpc.php HTTP/1.1" 503 18030 "-" "Jetpack/12.0; WordPress/6.3; http://site14609957.com"
103.150.218.178 - - [05/May/2026:15:04:50 +0000] "POST /xmlrpc.php HTTP/1.1" 503 18030 "-" "Jetpack by WordPress.com"
103.150.218.178 - - [05/May/2026:15:05:01 +0000] "POST /xmlrpc.php HTTP/1.1" 503 18030 "-" "Jetpack/13.0; WordPress/6.1; http://site14933311.com"
103.150.218.178 - - [05/May/2026:15:05:12 +0000] "POST /xmlrpc.php HTTP/1.1" 503 18030 "-" "WordPress.com; https://wordpress.com"
103.150.218.178 - - [05/May/2026:15:05:22 +0000] "POST /xmlrpc.php HTTP/1.1" 503 18030 "-" "Jetpack by WordPress.com (Jetpack 12.1; WordPress 6.2)"
103.150.218.178 - - [05/May/2026:15:05:33 +0000] "POST /xmlrpc.php HTTP/1.1" 503 18030 "-" "WordPress.com; https://wordpress.com"
103.150.218.178 - - [05/May/2026:15:05:43 +0000] "POST /xmlrpc.php HTTP/1.1" 503 18030 "-" "WordPress.com; https://wordpress.com"
103.150.218.178 - - [05/May/2026:15:05:54 +0000] "POST /xmlrpc.php HTTP/1.1" 503 18030 "-" "Jetpack by WordPress.com"
103.150.218.178 - - [05/May/2026:15:06:04 +0000] "POST /xmlrpc.php HTTP/1.1" 503 18030 "-" "Jetpack by WordPress.com (Jetpack 12.1; WordPress 6.4)"
103.150.218.178 - - [05/May/2026:15:06:15 +0000] "POST /xmlrpc.php HTTP/1.1" 503 18030 "-" "Jetpack by WordPress.com (Jetpack 12.1; WordPress 6.3)"
103.150.218.178 - - [05/May/2026:15:06:25 +0000] "POST /xmlrpc.php HTTP/1.1" 503 18030 "-" "Jetpack by WordPress.com (Jetpack 12.0; WordPress 6.3)"
103.150.218.178 - - [05/May/2026:15:06:36 +0000] "POST /xmlrpc.php HTTP/1.1" 503 18030 "-" "Jetpack/12.0; WordPress/6.1; http://site92305678.com"
103.150.218.178 - - [05/May/2026:15:06:46 +0000] "POST /xmlrpc.php HTTP/1.1" 503 18030 "-" "Jetpack by WordPress.com (Jetpack 12.1; WordPress 6.2)"
103.150.218.178 - - [05/May/2026:15:06:57 +0000] "POST /xmlrpc.php HTTP/1.1" 503 18030 "-" "Jetpack/12.5; WordPress/6.1; http://site92653892.com"
103.150.218.178 - - [05/May/2026:15:07:07 +0000] "POST /xmlrpc.php HTTP/1.1" 503 18030 "-" "Jetpack by WordPress.com"
103.150.218.178 - - [05/May/2026:15:07:18 +0000] "POST /xmlrpc.php HTTP/1.1" 503 18030 "-" "Jetpack by WordPress.com"
103.150.218.178 - - [05/May/2026:15:07:29 +0000] "POST /xmlrpc.php HTTP/1.1" 503 18030 "-" "Jetpack by WordPress.com"
103.150.218.178 - - [05/May/2026:15:07:40 +0000] "POST /xmlrpc.php HTTP/1.1" 503 18030 "-" "Jetpack by WordPress.com (Jetpack 13.0; WordPress 6.1)"
103.150.218.178 - - [05/May/2026:15:07:50 +0000] "POST /xmlrpc.php HTTP/1.1" 503 18030 "-" "Jetpack by WordPress.com"
20.123.172.228 - - [05/May/2026:15:07:52 +0000] "POST /wp-cron.php?doing_wp_cron=1777993672.4443008899688720703125 HTTP/1.1" 200 - "-" "WordPress/6.9.4; https://nipponia.com"
20.123.172.228 - - [05/May/2026:15:07:50 +0000] "POST /?wordfence_syncAttackData=1777993670.3732 HTTP/1.1" 200 - "-" "WordPress/6.9.4; https://nipponia.com"
14.162.153.153 - - [05/May/2026:15:07:49 +0000] "GET / HTTP/1.1" 200 15315 "-" "Mozilla/5.0 (Windows NT 10.0; Win64; x64) AppleWebKit/537.36 (KHTML, like Gecko) Chrome/110.0.0.0 Safari/537.36"
103.150.218.178 - - [05/May/2026:15:08:00 +0000] "POST /xmlrpc.php HTTP/1.1" 503 18030 "-" "Jetpack by WordPress.com"
103.150.218.178 - - [05/May/2026:15:08:11 +0000] "POST /xmlrpc.php HTTP/1.1" 503 18030 "-" "Jetpack/12.5; WordPress/6.4; http://site68566036.com"
20.123.172.228 - - [05/May/2026:15:08:24 +0000] "POST /wp-cron.php?doing_wp_cron=1777993704.2737290859222412109375 HTTP/1.1" 200 - "-" "WordPress/6.9.4; https://nipponia.com"
20.123.172.228 - - [05/May/2026:15:08:22 +0000] "POST /?wordfence_syncAttackData=1777993702.701 HTTP/1.1" 200 - "-" "WordPress/6.9.4; https://nipponia.com"
103.150.218.178 - - [05/May/2026:15:08:21 +0000] "POST /xmlrpc.php HTTP/1.1" 503 18944 "-" "Jetpack by WordPress.com"
103.150.218.178 - - [05/May/2026:15:08:32 +0000] "POST /xmlrpc.php HTTP/1.1" 503 18030 "-" "Jetpack/13.0; WordPress/6.2; http://site15002752.com"
103.150.218.178 - - [05/May/2026:15:08:42 +0000] "POST /xmlrpc.php HTTP/1.1" 503 18030 "-" "Jetpack/12.1; WordPress/6.1; http://site99983765.com"
103.150.218.178 - - [05/May/2026:15:08:53 +0000] "POST /xmlrpc.php HTTP/1.1" 503 18030 "-" "Jetpack by WordPress.com (Jetpack 13.0; WordPress 6.2)"
103.150.218.178 - - [05/May/2026:15:09:03 +0000] "POST /xmlrpc.php HTTP/1.1" 503 18030 "-" "Jetpack by WordPress.com (Jetpack 12.0; WordPress 6.3)"
103.150.218.178 - - [05/May/2026:15:09:14 +0000] "POST /xmlrpc.php HTTP/1.1" 503 18030 "-" "Jetpack/12.1; WordPress/6.2; http://site94840099.com"
103.150.218.178 - - [05/May/2026:15:09:24 +0000] "POST /xmlrpc.php HTTP/1.1" 503 18030 "-" "WordPress.com; https://wordpress.com"
103.150.218.178 - - [05/May/2026:15:09:35 +0000] "POST /xmlrpc.php HTTP/1.1" 503 18029 "-" "Jetpack/13.0; WordPress/6.1; http://site22222395.com"
103.150.218.178 - - [05/May/2026:15:09:45 +0000] "POST /xmlrpc.php HTTP/1.1" 503 18029 "-" "Jetpack by WordPress.com"
103.150.218.178 - - [05/May/2026:15:09:56 +0000] "POST /xmlrpc.php HTTP/1.1" 503 18029 "-" "Jetpack/13.0; WordPress/6.4; http://site21934811.com"
103.150.218.178 - - [05/May/2026:15:10:07 +0000] "POST /xmlrpc.php HTTP/1.1" 503 18029 "-" "WordPress.com; https://wordpress.com"
103.150.218.178 - - [05/May/2026:15:10:17 +0000] "POST /xmlrpc.php HTTP/1.1" 503 18029 "-" "WordPress.com; https://wordpress.com"
103.150.218.178 - - [05/May/2026:15:10:28 +0000] "POST /xmlrpc.php HTTP/1.1" 503 18029 "-" "WordPress.com; https://wordpress.com"
157.230.39.14 - - [05/May/2026:15:10:36 +0000] "GET /wp-login.php HTTP/1.1" 200 1970 "" "Mozilla/5.0 (Macintosh; Intel Mac OS X 13_6_1) AppleWebKit/605.1.15 (KHTML, like Gecko) Version/17.2 Safari/605.1.15"
103.150.218.178 - - [05/May/2026:15:10:38 +0000] "POST /xmlrpc.php HTTP/1.1" 503 18029 "-" "WordPress.com; https://wordpress.com"
20.123.172.228 - - [05/May/2026:15:10:37 +0000] "POST /?wordfence_syncAttackData=1777993837.3456 HTTP/1.1" 200 - "-" "WordPress/6.9.4; https://nipponia.com"
20.123.172.228 - - [05/May/2026:15:10:46 +0000] "POST /wp-cron.php?doing_wp_cron=1777993846.3885269165039062500000 HTTP/1.1" 200 - "-" "WordPress/6.9.4; https://nipponia.com"
157.230.39.14 - - [05/May/2026:15:10:44 +0000] "GET /?author=1 HTTP/1.1" 404 - "-" "Mozilla/5.0 (Macintosh; Intel Mac OS X 13_6_1) AppleWebKit/537.36 (KHTML, like Gecko) Chrome/121.0.0.0 Safari/537.36"
103.150.218.178 - - [05/May/2026:15:10:49 +0000] "POST /xmlrpc.php HTTP/1.1" 503 18030 "-" "Jetpack by WordPress.com"
20.123.172.228 - - [05/May/2026:15:10:51 +0000] "POST /?wordfence_syncAttackData=1777993851.8588 HTTP/1.1" 200 - "-" "WordPress/6.9.4; https://nipponia.com"
157.230.39.14 - - [05/May/2026:15:10:50 +0000] "GET /?author=2 HTTP/1.1" 404 - "-" "Mozilla/5.0 (Macintosh; Intel Mac OS X 13_6_1; rv:118.0) Gecko/20100101 Firefox/118.0"
157.230.39.14 - - [05/May/2026:15:10:57 +0000] "GET /?author=3 HTTP/1.1" 404 - "-" "Mozilla/5.0 (X11; Linux x86_64) AppleWebKit/537.36 (KHTML, like Gecko) Chrome/119.0.0.0 Safari/537.36"
103.150.218.178 - - [05/May/2026:15:10:59 +0000] "POST /xmlrpc.php HTTP/1.1" 503 18030 "-" "WordPress.com; https://wordpress.com"
157.230.39.14 - - [05/May/2026:15:11:03 +0000] "GET /?author=4 HTTP/1.1" 404 - "https://www.bing.com/" "Mozilla/5.0 (Macintosh; Intel Mac OS X 10_15_7) AppleWebKit/537.36 (KHTML, like Gecko) Chrome/118.0.0.0 Safari/537.36"
20.123.172.228 - - [05/May/2026:15:11:04 +0000] "POST /?wordfence_syncAttackData=1777993864.4148 HTTP/1.1" 200 - "-" "WordPress/6.9.4; https://nipponia.com"
32.193.62.83 - - [05/May/2026:15:11:05 +0000] "GET /robots.txt HTTP/1.1" 200 122 "-" "Mozilla/5.0 (Macintosh; Intel Mac OS X 10_10_1) AppleWebKit/600.2.5 (KHTML, like Gecko) Version/8.0.2 Safari/600.2.5 (Gort)"
103.150.218.178 - - [05/May/2026:15:11:10 +0000] "POST /xmlrpc.php HTTP/1.1" 503 18030 "-" "WordPress.com; https://wordpress.com"
157.230.39.14 - - [05/May/2026:15:11:10 +0000] "GET /?author=5 HTTP/1.1" 404 - "https://wordpress.org/" "Mozilla/5.0 (Windows NT 11.0; Win64; x64) AppleWebKit/537.36 (KHTML, like Gecko) Chrome/119.0.0.0 Safari/537.36"
20.123.172.228 - - [05/May/2026:15:11:16 +0000] "POST /?wordfence_syncAttackData=1777993876.4775 HTTP/1.1" 200 - "-" "WordPress/6.9.4; https://nipponia.com"
157.230.39.14 - - [05/May/2026:15:11:15 +0000] "GET /wp-json/wp/v2/users HTTP/1.1" 401 110 "https://www.facebook.com/" "Mozilla/5.0 (X11; Linux x86_64) AppleWebKit/537.36 (KHTML, like Gecko) Chrome/121.0.0.0 Safari/537.36"
103.150.218.178 - - [05/May/2026:15:11:20 +0000] "POST /xmlrpc.php HTTP/1.1" 503 18030 "-" "Jetpack by WordPress.com"
74.91.224.220 - - [05/May/2026:15:11:19 +0000] "POST /xmlrpc.php HTTP/1.1" 503 7313 "-" "Mozilla/5.0 (Windows NT 6.1; WOW64; Trident/7.0; BOIE9;ENCA; rv:11.0) like Gecko"
20.123.172.228 - - [05/May/2026:15:11:24 +0000] "POST /wp-cron.php?doing_wp_cron=1777993884.3501939773559570312500 HTTP/1.1" 200 - "-" "WordPress/6.9.4; https://nipponia.com"
157.230.39.14 - - [05/May/2026:15:11:22 +0000] "POST /wp-login.php HTTP/1.1" 503 7312 "https://nipponia.com/wp-login.php" "Mozilla/5.0 (Macintosh; Intel Mac OS X 13_6_1) AppleWebKit/537.36 (KHTML, like Gecko) Chrome/118.0.0.0 Safari/537.36"
103.150.218.178 - - [05/May/2026:15:11:31 +0000] "POST /xmlrpc.php HTTP/1.1" 503 18030 "-" "Jetpack/13.0; WordPress/6.4; http://site32121813.com"
157.230.39.14 - - [05/May/2026:15:11:37 +0000] "GET /wp-admin/index.php HTTP/1.1" 503 7312 "https://nipponia.com/wp-login.php" "Mozilla/5.0 (Windows NT 11.0; Win64; x64) AppleWebKit/537.36 (KHTML, like Gecko) Chrome/121.0.0.0 Safari/537.36"
20.123.172.228 - - [05/May/2026:15:11:38 +0000] "POST /?wordfence_syncAttackData=1777993898.5673 HTTP/1.1" 200 - "-" "WordPress/6.9.4; https://nipponia.com"
54.189.60.216 - - [05/May/2026:15:11:37 +0000] "GET /wp-login.php HTTP/1.1" 200 1970 "-" "Mozilla/5.0 (Windows NT 6.1; WOW64) AppleWebKit/537.36 (KHTML, like Gecko) Chrome/65.0.3325.146 Safari/537.36"
20.123.172.228 - - [05/May/2026:15:11:38 +0000] "POST /?wordfence_syncAttackData=1777993898.9694 HTTP/1.1" 200 14709 "-" "WordPress/6.9.4; https://nipponia.com"
103.150.218.178 - - [05/May/2026:15:11:41 +0000] "POST /xmlrpc.php HTTP/1.1" 503 18030 "-" "Jetpack/13.0; WordPress/6.1; http://site35010978.com"
157.230.39.14 - - [05/May/2026:15:11:43 +0000] "GET /wp-admin/profile.php HTTP/1.1" 503 7312 "https://nipponia.com/wp-login.php" "Mozilla/5.0 (Windows NT 11.0; Win64; x64) AppleWebKit/537.36 (KHTML, like Gecko) Chrome/121.0.0.0 Safari/537.36"
20.123.172.228 - - [05/May/2026:15:11:47 +0000] "POST /wp-cron.php?doing_wp_cron=1777993907.1169209480285644531250 HTTP/1.1" 200 - "-" "WordPress/6.9.4; https://nipponia.com"
54.189.60.216 - - [05/May/2026:15:11:45 +0000] "POST /wp-login.php HTTP/1.1" 503 7312 "https://nipponia.com/wp-login.php" "Mozilla/5.0 (Windows NT 6.1; WOW64) AppleWebKit/537.36 (KHTML, like Gecko) Chrome/65.0.3325.146 Safari/537.36"
157.230.39.14 - - [05/May/2026:15:11:49 +0000] "GET /wp-admin/edit.php HTTP/1.1" 503 7312 "https://nipponia.com/wp-login.php" "Mozilla/5.0 (Windows NT 11.0; Win64; x64) AppleWebKit/537.36 (KHTML, like Gecko) Chrome/121.0.0.0 Safari/537.36"
20.123.172.228 - - [05/May/2026:15:11:51 +0000] "POST /wp-cron.php?doing_wp_cron=1777993911.8606119155883789062500 HTTP/1.1" 200 - "-" "WordPress/6.9.4; https://nipponia.com"
20.123.172.228 - - [05/May/2026:15:11:50 +0000] "POST /?wordfence_syncAttackData=1777993910.44 HTTP/1.1" 200 - "-" "WordPress/6.9.4; https://nipponia.com"
103.150.218.178 - - [05/May/2026:15:11:52 +0000] "POST /xmlrpc.php HTTP/1.1" 503 18030 "-" "Jetpack/12.1; WordPress/6.3; http://site33267029.com"
157.230.39.14 - - [05/May/2026:15:11:55 +0000] "GET /wp-admin/plugins.php HTTP/1.1" 503 7312 "https://nipponia.com/wp-login.php" "Mozilla/5.0 (Windows NT 11.0; Win64; x64) AppleWebKit/537.36 (KHTML, like Gecko) Chrome/121.0.0.0 Safari/537.36"
103.150.218.178 - - [05/May/2026:15:12:03 +0000] "POST /xmlrpc.php HTTP/1.1" 503 18030 "-" "WordPress.com; https://wordpress.com"
157.230.39.14 - - [05/May/2026:15:12:05 +0000] "POST /wp-login.php HTTP/1.1" 503 7109 "https://nipponia.com/wp-login.php" "Mozilla/5.0 (X11; Linux x86_64) AppleWebKit/537.36 (KHTML, like Gecko) Chrome/120.0.0.0 Safari/537.36"
20.123.172.228 - - [05/May/2026:15:12:05 +0000] "POST /?wordfence_syncAttackData=1777993925.6 HTTP/1.1" 200 - "-" "WordPress/6.9.4; https://nipponia.com"
51.68.107.149 - - [05/May/2026:15:12:04 +0000] "GET /robots.txt HTTP/1.1" 200 122 "-" "Mozilla/5.0 (compatible; MJ12bot/v2.0.5; http://mj12bot.com/)"
20.123.172.228 - - [05/May/2026:15:12:09 +0000] "POST /wp-cron.php?doing_wp_cron=1777993929.7389938831329345703125 HTTP/1.1" 200 - "-" "WordPress/6.9.4; https://nipponia.com"
51.68.107.149 - - [05/May/2026:15:12:07 +0000] "GET / HTTP/1.1" 200 14709 "-" "Mozilla/5.0 (compatible; MJ12bot/v2.0.5; http://mj12bot.com/)"
157.230.39.14 - - [05/May/2026:15:12:10 +0000] "GET /wp-admin/index.php HTTP/1.1" 503 7312 "https://nipponia.com/wp-login.php" "Mozilla/5.0 (X11; Ubuntu; Linux x86_64) AppleWebKit/537.36 (KHTML, like Gecko) Chrome/120.0.0.0 Safari/537.36"
103.150.218.178 - - [05/May/2026:15:12:13 +0000] "POST /xmlrpc.php HTTP/1.1" 503 18030 "-" "WordPress.com; https://wordpress.com"
157.230.39.14 - - [05/May/2026:15:12:15 +0000] "GET /wp-admin/profile.php HTTP/1.1" 503 7312 "https://nipponia.com/wp-login.php" "Mozilla/5.0 (X11; Ubuntu; Linux x86_64) AppleWebKit/537.36 (KHTML, like Gecko) Chrome/120.0.0.0 Safari/537.36"
20.123.172.228 - - [05/May/2026:15:12:16 +0000] "POST /?wordfence_syncAttackData=1777993936.542 HTTP/1.1" 200 - "-" "WordPress/6.9.4; https://nipponia.com"
103.150.218.178 - - [05/May/2026:15:12:24 +0000] "POST /xmlrpc.php HTTP/1.1" 503 18030 "-" "Jetpack/12.1; WordPress/6.2; http://site50477178.com"
157.230.39.14 - - [05/May/2026:15:12:23 +0000] "GET /wp-admin/edit.php HTTP/1.1" 503 7312 "https://nipponia.com/wp-login.php" "Mozilla/5.0 (X11; Ubuntu; Linux x86_64) AppleWebKit/537.36 (KHTML, like Gecko) Chrome/120.0.0.0 Safari/537.36"
103.150.218.178 - - [05/May/2026:15:12:34 +0000] "POST /xmlrpc.php HTTP/1.1" 503 18030 "-" "Jetpack by WordPress.com"
157.230.39.14 - - [05/May/2026:15:12:40 +0000] "GET /wp-admin/plugins.php HTTP/1.1" 503 7312 "https://nipponia.com/wp-login.php" "Mozilla/5.0 (X11; Ubuntu; Linux x86_64) AppleWebKit/537.36 (KHTML, like Gecko) Chrome/120.0.0.0 Safari/537.36"
20.123.172.228 - - [05/May/2026:15:12:42 +0000] "POST /wp-cron.php?doing_wp_cron=1777993962.9081349372863769531250 HTTP/1.1" 200 - "-" "WordPress/6.9.4; https://nipponia.com"
20.123.172.228 - - [05/May/2026:15:12:41 +0000] "POST /?wordfence_syncAttackData=1777993961.4215 HTTP/1.1" 200 - "-" "WordPress/6.9.4; https://nipponia.com"
103.150.218.178 - - [05/May/2026:15:12:45 +0000] "POST /xmlrpc.php HTTP/1.1" 503 18030 "-" "WordPress.com; https://wordpress.com"
157.230.39.14 - - [05/May/2026:15:12:46 +0000] "POST /wp-login.php HTTP/1.1" 503 7109 "https://nipponia.com/wp-login.php" "Mozilla/5.0 (Windows NT 11.0; Win64; x64; rv:118.0) Gecko/20100101 Firefox/118.0"
103.150.218.178 - - [05/May/2026:15:12:55 +0000] "POST /xmlrpc.php HTTP/1.1" 503 18030 "-" "Jetpack/13.0; WordPress/6.3; http://site70123072.com"
157.230.39.14 - - [05/May/2026:15:13:01 +0000] "GET /wp-admin/index.php HTTP/1.1" 503 7312 "https://nipponia.com/wp-login.php" "Mozilla/5.0 (X11; Linux x86_64) AppleWebKit/537.36 (KHTML, like Gecko) Chrome/121.0.0.0 Safari/537.36"
20.123.172.228 - - [05/May/2026:15:13:03 +0000] "POST /wp-cron.php?doing_wp_cron=1777993983.6832199096679687500000 HTTP/1.1" 200 - "-" "WordPress/6.9.4; https://nipponia.com"
20.123.172.228 - - [05/May/2026:15:13:02 +0000] "POST /?wordfence_syncAttackData=1777993982.1987 HTTP/1.1" 200 - "-" "WordPress/6.9.4; https://nipponia.com"
103.150.218.178 - - [05/May/2026:15:13:06 +0000] "POST /xmlrpc.php HTTP/1.1" 503 18030 "-" "WordPress.com; https://wordpress.com"
157.230.39.14 - - [05/May/2026:15:13:10 +0000] "GET /wp-admin/profile.php HTTP/1.1" 503 7312 "https://nipponia.com/wp-login.php" "Mozilla/5.0 (X11; Linux x86_64) AppleWebKit/537.36 (KHTML, like Gecko) Chrome/121.0.0.0 Safari/537.36"
103.150.218.178 - - [05/May/2026:15:13:16 +0000] "POST /xmlrpc.php HTTP/1.1" 503 18030 "-" "Jetpack by WordPress.com (Jetpack 13.0; WordPress 6.2)"
157.230.39.14 - - [05/May/2026:15:13:18 +0000] "GET /wp-admin/edit.php HTTP/1.1" 503 7312 "https://nipponia.com/wp-login.php" "Mozilla/5.0 (X11; Linux x86_64) AppleWebKit/537.36 (KHTML, like Gecko) Chrome/121.0.0.0 Safari/537.36"
20.123.172.228 - - [05/May/2026:15:13:19 +0000] "POST /?wordfence_syncAttackData=1777993999.788 HTTP/1.1" 200 - "-" "WordPress/6.9.4; https://nipponia.com"
103.150.218.178 - - [05/May/2026:15:13:27 +0000] "POST /xmlrpc.php HTTP/1.1" 503 18030 "-" "Jetpack by WordPress.com (Jetpack 12.1; WordPress 6.2)"
157.230.39.14 - - [05/May/2026:15:13:26 +0000] "GET /wp-admin/plugins.php HTTP/1.1" 503 7312 "https://nipponia.com/wp-login.php" "Mozilla/5.0 (X11; Linux x86_64) AppleWebKit/537.36 (KHTML, like Gecko) Chrome/121.0.0.0 Safari/537.36"
157.230.39.14 - - [05/May/2026:15:13:34 +0000] "POST /wp-login.php HTTP/1.1" 503 7109 "https://nipponia.com/wp-login.php" "Mozilla/5.0 (Windows NT 11.0; Win64; x64; rv:120.0) Gecko/20100101 Firefox/120.0"
103.150.218.178 - - [05/May/2026:15:13:37 +0000] "POST /xmlrpc.php HTTP/1.1" 503 18030 "-" "Jetpack by WordPress.com"
157.230.39.14 - - [05/May/2026:15:13:41 +0000] "GET /wp-admin/index.php HTTP/1.1" 503 7312 "https://nipponia.com/wp-login.php" "Mozilla/5.0 (Macintosh; Intel Mac OS X 13_6_1; rv:119.0) Gecko/20100101 Firefox/119.0"
20.123.172.228 - - [05/May/2026:15:13:42 +0000] "POST /?wordfence_syncAttackData=1777994022.3688 HTTP/1.1" 200 - "-" "WordPress/6.9.4; https://nipponia.com"
103.150.218.178 - - [05/May/2026:15:13:48 +0000] "POST /xmlrpc.php HTTP/1.1" 503 18030 "-" "WordPress.com; https://wordpress.com"
157.230.39.14 - - [05/May/2026:15:13:49 +0000] "GET /wp-admin/profile.php HTTP/1.1" 503 7312 "https://nipponia.com/wp-login.php" "Mozilla/5.0 (Macintosh; Intel Mac OS X 13_6_1; rv:119.0) Gecko/20100101 Firefox/119.0"
103.150.218.178 - - [05/May/2026:15:13:58 +0000] "POST /xmlrpc.php HTTP/1.1" 503 18030 "-" "Jetpack by WordPress.com (Jetpack 13.0; WordPress 6.2)"
157.230.39.14 - - [05/May/2026:15:13:58 +0000] "GET /wp-admin/edit.php HTTP/1.1" 503 7312 "https://nipponia.com/wp-login.php" "Mozilla/5.0 (Macintosh; Intel Mac OS X 13_6_1; rv:119.0) Gecko/20100101 Firefox/119.0"
20.123.172.228 - - [05/May/2026:15:14:01 +0000] "POST /wp-cron.php?doing_wp_cron=1777994041.2556359767913818359375 HTTP/1.1" 200 - "-" "WordPress/6.9.4; https://nipponia.com"
20.123.172.228 - - [05/May/2026:15:13:59 +0000] "POST /?wordfence_syncAttackData=1777994039.7673 HTTP/1.1" 200 - "-" "WordPress/6.9.4; https://nipponia.com"
103.150.218.178 - - [05/May/2026:15:14:09 +0000] "POST /xmlrpc.php HTTP/1.1" 503 18030 "-" "Jetpack by WordPress.com"
157.230.39.14 - - [05/May/2026:15:14:08 +0000] "GET /wp-admin/plugins.php HTTP/1.1" 503 7312 "https://nipponia.com/wp-login.php" "Mozilla/5.0 (Macintosh; Intel Mac OS X 13_6_1; rv:119.0) Gecko/20100101 Firefox/119.0"
157.230.39.14 - - [05/May/2026:15:14:18 +0000] "POST /wp-login.php HTTP/1.1" 503 7109 "https://nipponia.com/wp-login.php" "Mozilla/5.0 (Windows NT 11.0; Win64; x64; rv:121.0) Gecko/20100101 Firefox/121.0"
103.150.218.178 - - [05/May/2026:15:14:19 +0000] "POST /xmlrpc.php HTTP/1.1" 503 18030 "-" "Jetpack by WordPress.com"
104.210.140.140 - - [05/May/2026:15:14:18 +0000] "GET /robots.txt HTTP/1.1" 200 122 "-" "Mozilla/5.0 (Macintosh; Intel Mac OS X 10_15_7) AppleWebKit/537.36 (KHTML, like Gecko) Chrome/131.0.0.0 Safari/537.36; compatible; OAI-SearchBot/1.0; +https://openai.com/searchbot"
20.123.172.228 - - [05/May/2026:15:14:19 +0000] "POST /?wordfence_syncAttackData=1777994059.2531 HTTP/1.1" 200 - "-" "WordPress/6.9.4; https://nipponia.com"
157.230.39.14 - - [05/May/2026:15:14:23 +0000] "GET /wp-admin/index.php HTTP/1.1" 503 7312 "https://nipponia.com/wp-login.php" "Mozilla/5.0 (Macintosh; Intel Mac OS X 10_15_7; rv:120.0) Gecko/20100101 Firefox/120.0"
103.150.218.178 - - [05/May/2026:15:14:30 +0000] "POST /xmlrpc.php HTTP/1.1" 503 18030 "-" "Jetpack by WordPress.com"
103.150.218.178 - - [05/May/2026:15:14:41 +0000] "POST /xmlrpc.php HTTP/1.1" 503 18030 "-" "Jetpack/12.0; WordPress/6.1; http://site85341484.com"
157.230.39.14 - - [05/May/2026:15:14:41 +0000] "GET /wp-admin/profile.php HTTP/1.1" 503 7312 "https://nipponia.com/wp-login.php" "Mozilla/5.0 (Macintosh; Intel Mac OS X 10_15_7; rv:120.0) Gecko/20100101 Firefox/120.0"
20.123.172.228 - - [05/May/2026:15:14:44 +0000] "POST /wp-cron.php?doing_wp_cron=1777994084.1465299129486083984375 HTTP/1.1" 200 - "-" "WordPress/6.9.4; https://nipponia.com"
20.123.172.228 - - [05/May/2026:15:14:42 +0000] "POST /?wordfence_syncAttackData=1777994082.5815 HTTP/1.1" 200 - "-" "WordPress/6.9.4; https://nipponia.com"
157.230.39.14 - - [05/May/2026:15:14:48 +0000] "GET /wp-admin/edit.php HTTP/1.1" 503 7312 "https://nipponia.com/wp-login.php" "Mozilla/5.0 (Macintosh; Intel Mac OS X 10_15_7; rv:120.0) Gecko/20100101 Firefox/120.0"
103.150.218.178 - - [05/May/2026:15:14:51 +0000] "POST /xmlrpc.php HTTP/1.1" 503 18030 "-" "Jetpack/12.1; WordPress/6.3; http://site86765760.com"
157.230.39.14 - - [05/May/2026:15:14:54 +0000] "GET /wp-admin/plugins.php HTTP/1.1" 503 7312 "https://nipponia.com/wp-login.php" "Mozilla/5.0 (Macintosh; Intel Mac OS X 10_15_7; rv:120.0) Gecko/20100101 Firefox/120.0"
20.123.172.228 - - [05/May/2026:15:14:56 +0000] "POST /wp-cron.php?doing_wp_cron=1777994096.6937720775604248046875 HTTP/1.1" 200 - "-" "WordPress/6.9.4; https://nipponia.com"
20.123.172.228 - - [05/May/2026:15:14:55 +0000] "POST /?wordfence_syncAttackData=1777994095.3282 HTTP/1.1" 200 - "-" "WordPress/6.9.4; https://nipponia.com"
157.230.39.14 - - [05/May/2026:15:15:00 +0000] "POST /wp-login.php HTTP/1.1" 503 7108 "https://nipponia.com/wp-login.php" "Mozilla/5.0 (Macintosh; Intel Mac OS X 13_6_1) AppleWebKit/605.1.15 (KHTML, like Gecko) Version/17.1 Safari/605.1.15"
103.150.218.178 - - [05/May/2026:15:15:02 +0000] "POST /xmlrpc.php HTTP/1.1" 503 18030 "-" "Jetpack by WordPress.com (Jetpack 12.1; WordPress 6.1)"
86.241.130.110 - - [05/May/2026:15:15:02 +0000] "POST /xmlrpc.php HTTP/1.1" 503 18944 "-" "Jetpack by WordPress.com"
157.230.39.14 - - [05/May/2026:15:15:06 +0000] "GET /wp-admin/index.php HTTP/1.1" 503 7311 "https://nipponia.com/wp-login.php" "Mozilla/5.0 (Windows NT 10.0; Win64; x64; rv:120.0) Gecko/20100101 Firefox/120.0"
20.123.172.228 - - [05/May/2026:15:15:08 +0000] "POST /?wordfence_syncAttackData=1777994108.0061 HTTP/1.1" 200 - "-" "WordPress/6.9.4; https://nipponia.com"
103.150.218.178 - - [05/May/2026:15:15:12 +0000] "POST /xmlrpc.php HTTP/1.1" 503 18030 "-" "Jetpack/12.1; WordPress/6.1; http://site65602573.com"
86.241.130.110 - - [05/May/2026:15:15:15 +0000] "POST /xmlrpc.php HTTP/1.1" 503 18030 "-" "WordPress.com; https://wordpress.com"
157.230.39.14 - - [05/May/2026:15:15:14 +0000] "GET /wp-admin/profile.php HTTP/1.1" 503 7311 "https://nipponia.com/wp-login.php" "Mozilla/5.0 (Windows NT 10.0; Win64; x64; rv:120.0) Gecko/20100101 Firefox/120.0"
103.150.218.178 - - [05/May/2026:15:15:23 +0000] "POST /xmlrpc.php HTTP/1.1" 503 18030 "-" "Jetpack by WordPress.com"
157.230.39.14 - - [05/May/2026:15:15:22 +0000] "GET /wp-admin/edit.php HTTP/1.1" 503 7311 "https://nipponia.com/wp-login.php" "Mozilla/5.0 (Windows NT 10.0; Win64; x64; rv:120.0) Gecko/20100101 Firefox/120.0"
20.123.172.228 - - [05/May/2026:15:15:23 +0000] "POST /?wordfence_syncAttackData=1777994123.4346 HTTP/1.1" 200 - "-" "WordPress/6.9.4; https://nipponia.com"
157.230.39.14 - - [05/May/2026:15:15:30 +0000] "GET /wp-admin/plugins.php HTTP/1.1" 503 7312 "https://nipponia.com/wp-login.php" "Mozilla/5.0 (Windows NT 10.0; Win64; x64; rv:120.0) Gecko/20100101 Firefox/120.0"
103.150.218.178 - - [05/May/2026:15:15:33 +0000] "POST /xmlrpc.php HTTP/1.1" 503 18030 "-" "Jetpack by WordPress.com"
86.241.130.110 - - [05/May/2026:15:15:35 +0000] "POST /xmlrpc.php HTTP/1.1" 503 18030 "-" "Jetpack by WordPress.com (Jetpack 12.0; WordPress 6.1)"
157.230.39.14 - - [05/May/2026:15:15:37 +0000] "POST /wp-login.php HTTP/1.1" 503 7109 "https://nipponia.com/wp-login.php" "Mozilla/5.0 (Macintosh; Intel Mac OS X 10_15_7) AppleWebKit/537.36 (KHTML, like Gecko) Chrome/119.0.0.0 Safari/537.36"
103.150.218.178 - - [05/May/2026:15:15:44 +0000] "POST /xmlrpc.php HTTP/1.1" 503 18030 "-" "WordPress.com; https://wordpress.com"
157.230.39.14 - - [05/May/2026:15:15:44 +0000] "GET /wp-admin/index.php HTTP/1.1" 503 7312 "https://nipponia.com/wp-login.php" "Mozilla/5.0 (Windows NT 10.0; Win64; x64; rv:121.0) Gecko/20100101 Firefox/121.0"
20.123.172.228 - - [05/May/2026:15:15:47 +0000] "POST /wp-cron.php?doing_wp_cron=1777994147.1008439064025878906250 HTTP/1.1" 200 - "-" "WordPress/6.9.4; https://nipponia.com"
20.123.172.228 - - [05/May/2026:15:15:45 +0000] "POST /?wordfence_syncAttackData=1777994145.6676 HTTP/1.1" 200 - "-" "WordPress/6.9.4; https://nipponia.com"
86.241.130.110 - - [05/May/2026:15:15:50 +0000] "POST /xmlrpc.php HTTP/1.1" 503 18030 "-" "WordPress.com; https://wordpress.com"
157.230.39.14 - - [05/May/2026:15:15:52 +0000] "GET /wp-admin/profile.php HTTP/1.1" 503 7312 "https://nipponia.com/wp-login.php" "Mozilla/5.0 (Windows NT 10.0; Win64; x64; rv:121.0) Gecko/20100101 Firefox/121.0"
103.150.218.178 - - [05/May/2026:15:15:54 +0000] "POST /xmlrpc.php HTTP/1.1" 503 18030 "-" "WordPress.com; https://wordpress.com"
157.230.39.14 - - [05/May/2026:15:15:59 +0000] "GET /wp-admin/edit.php HTTP/1.1" 503 7312 "https://nipponia.com/wp-login.php" "Mozilla/5.0 (Windows NT 10.0; Win64; x64; rv:121.0) Gecko/20100101 Firefox/121.0"
86.241.130.110 - - [05/May/2026:15:16:02 +0000] "POST /xmlrpc.php HTTP/1.1" 503 18030 "-" "Jetpack/13.0; WordPress/6.4; http://site13936716.com"
20.123.172.228 - - [05/May/2026:15:16:01 +0000] "POST /?wordfence_syncAttackData=1777994161.0818 HTTP/1.1" 200 - "-" "WordPress/6.9.4; https://nipponia.com"
103.150.218.178 - - [05/May/2026:15:16:05 +0000] "POST /xmlrpc.php HTTP/1.1" 503 18030 "-" "WordPress.com; https://wordpress.com"
86.241.130.110 - - [05/May/2026:15:16:06 +0000] "POST /xmlrpc.php HTTP/1.1" 503 18030 "-" "WordPress.com; https://wordpress.com"
157.230.39.14 - - [05/May/2026:15:16:07 +0000] "GET /wp-admin/plugins.php HTTP/1.1" 503 7312 "https://nipponia.com/wp-login.php" "Mozilla/5.0 (Windows NT 10.0; Win64; x64; rv:121.0) Gecko/20100101 Firefox/121.0"
157.230.39.14 - - [05/May/2026:15:16:13 +0000] "POST /wp-login.php HTTP/1.1" 503 7109 "https://nipponia.com/wp-login.php" "Mozilla/5.0 (X11; Linux x86_64) AppleWebKit/537.36 (KHTML, like Gecko) Chrome/121.0.0.0 Safari/537.36"
103.150.218.178 - - [05/May/2026:15:16:15 +0000] "POST /xmlrpc.php HTTP/1.1" 503 18030 "-" "Jetpack by WordPress.com"
157.230.39.14 - - [05/May/2026:15:16:18 +0000] "GET /wp-admin/index.php HTTP/1.1" 503 7312 "https://nipponia.com/wp-login.php" "Mozilla/5.0 (X11; Linux x86_64) AppleWebKit/537.36 (KHTML, like Gecko) Chrome/119.0.0.0 Safari/537.36"
20.123.172.228 - - [05/May/2026:15:16:19 +0000] "POST /?wordfence_syncAttackData=1777994179.4892 HTTP/1.1" 200 - "-" "WordPress/6.9.4; https://nipponia.com"
103.150.218.178 - - [05/May/2026:15:16:26 +0000] "POST /xmlrpc.php HTTP/1.1" 503 18029 "-" "WordPress.com; https://wordpress.com"
157.230.39.14 - - [05/May/2026:15:16:31 +0000] "GET /wp-admin/profile.php HTTP/1.1" 503 7313 "https://nipponia.com/wp-login.php" "Mozilla/5.0 (X11; Linux x86_64) AppleWebKit/537.36 (KHTML, like Gecko) Chrome/119.0.0.0 Safari/537.36"
20.123.172.228 - - [05/May/2026:15:16:34 +0000] "POST /wp-cron.php?doing_wp_cron=1777994194.0770730972290039062500 HTTP/1.1" 200 - "-" "WordPress/6.9.4; https://nipponia.com"
20.123.172.228 - - [05/May/2026:15:16:32 +0000] "POST /?wordfence_syncAttackData=1777994192.5076 HTTP/1.1" 200 - "-" "WordPress/6.9.4; https://nipponia.com"
86.241.130.110 - - [05/May/2026:15:16:34 +0000] "POST /xmlrpc.php HTTP/1.1" 503 18030 "-" "Jetpack by WordPress.com"
103.150.218.178 - - [05/May/2026:15:16:36 +0000] "POST /xmlrpc.php HTTP/1.1" 503 18030 "-" "Jetpack by WordPress.com"
86.241.130.110 - - [05/May/2026:15:16:38 +0000] "POST /xmlrpc.php HTTP/1.1" 503 18030 "-" "Jetpack by WordPress.com"
157.230.39.14 - - [05/May/2026:15:16:38 +0000] "GET /wp-admin/edit.php HTTP/1.1" 503 7312 "https://nipponia.com/wp-login.php" "Mozilla/5.0 (X11; Linux x86_64) AppleWebKit/537.36 (KHTML, like Gecko) Chrome/119.0.0.0 Safari/537.36"
157.230.39.14 - - [05/May/2026:15:16:44 +0000] "GET /wp-admin/plugins.php HTTP/1.1" 503 7313 "https://nipponia.com/wp-login.php" "Mozilla/5.0 (X11; Linux x86_64) AppleWebKit/537.36 (KHTML, like Gecko) Chrome/119.0.0.0 Safari/537.36"
20.123.172.228 - - [05/May/2026:15:16:47 +0000] "POST /wp-cron.php?doing_wp_cron=1777994207.1719250679016113281250 HTTP/1.1" 200 - "-" "WordPress/6.9.4; https://nipponia.com"
20.123.172.228 - - [05/May/2026:15:16:45 +0000] "POST /?wordfence_syncAttackData=1777994205.7669 HTTP/1.1" 200 - "-" "WordPress/6.9.4; https://nipponia.com"
103.150.218.178 - - [05/May/2026:15:16:47 +0000] "POST /xmlrpc.php HTTP/1.1" 503 18030 "-" "Jetpack by WordPress.com"
157.230.39.14 - - [05/May/2026:15:16:53 +0000] "POST /wp-login.php HTTP/1.1" 503 7112 "https://nipponia.com/wp-login.php" "Mozilla/5.0 (Windows NT 10.0; Win64; x64; rv:120.0) Gecko/20100101 Firefox/120.0"
103.150.218.178 - - [05/May/2026:15:16:58 +0000] "POST /xmlrpc.php HTTP/1.1" 503 18029 "-" "Jetpack by WordPress.com (Jetpack 12.1; WordPress 6.3)"
157.230.39.14 - - [05/May/2026:15:16:58 +0000] "GET /wp-admin/index.php HTTP/1.1" 503 7312 "https://nipponia.com/wp-login.php" "Mozilla/5.0 (X11; Linux x86_64) AppleWebKit/537.36 (KHTML, like Gecko) Chrome/121.0.0.0 Safari/537.36"
20.123.172.228 - - [05/May/2026:15:16:59 +0000] "POST /?wordfence_syncAttackData=1777994219.678 HTTP/1.1" 200 - "-" "WordPress/6.9.4; https://nipponia.com"
157.230.39.14 - - [05/May/2026:15:17:05 +0000] "GET /wp-admin/profile.php HTTP/1.1" 503 7312 "https://nipponia.com/wp-login.php" "Mozilla/5.0 (X11; Linux x86_64) AppleWebKit/537.36 (KHTML, like Gecko) Chrome/121.0.0.0 Safari/537.36"
103.150.218.178 - - [05/May/2026:15:17:08 +0000] "POST /xmlrpc.php HTTP/1.1" 503 18030 "-" "WordPress.com; https://wordpress.com"
86.241.130.110 - - [05/May/2026:15:17:11 +0000] "POST /xmlrpc.php HTTP/1.1" 503 18030 "-" "Jetpack/12.1; WordPress/6.3; http://site20689246.com"
157.230.39.14 - - [05/May/2026:15:17:12 +0000] "GET /wp-admin/edit.php HTTP/1.1" 503 7313 "https://nipponia.com/wp-login.php" "Mozilla/5.0 (X11; Linux x86_64) AppleWebKit/537.36 (KHTML, like Gecko) Chrome/121.0.0.0 Safari/537.36"
20.123.172.228 - - [05/May/2026:15:17:13 +0000] "POST /?wordfence_syncAttackData=1777994233.5804 HTTP/1.1" 200 - "-" "WordPress/6.9.4; https://nipponia.com"
103.150.218.178 - - [05/May/2026:15:17:19 +0000] "POST /xmlrpc.php HTTP/1.1" 503 18030 "-" "Jetpack by WordPress.com (Jetpack 12.1; WordPress 6.3)"
86.241.130.110 - - [05/May/2026:15:17:22 +0000] "POST /xmlrpc.php HTTP/1.1" 503 18030 "-" "Jetpack by WordPress.com (Jetpack 13.0; WordPress 6.4)"
157.230.39.14 - - [05/May/2026:15:17:21 +0000] "GET /wp-admin/plugins.php HTTP/1.1" 503 7312 "https://nipponia.com/wp-login.php" "Mozilla/5.0 (X11; Linux x86_64) AppleWebKit/537.36 (KHTML, like Gecko) Chrome/121.0.0.0 Safari/537.36"
103.150.218.178 - - [05/May/2026:15:17:29 +0000] "POST /xmlrpc.php HTTP/1.1" 503 18030 "-" "Jetpack/12.5; WordPress/6.2; http://site71880621.com"
157.230.39.14 - - [05/May/2026:15:17:29 +0000] "POST /wp-login.php HTTP/1.1" 503 7109 "https://nipponia.com/wp-login.php" "Mozilla/5.0 (Windows NT 11.0; Win64; x64; rv:118.0) Gecko/20100101 Firefox/118.0"
86.241.130.110 - - [05/May/2026:15:17:32 +0000] "POST /xmlrpc.php HTTP/1.1" 503 18030 "-" "Jetpack by WordPress.com"
157.230.39.14 - - [05/May/2026:15:17:36 +0000] "GET /wp-admin/index.php HTTP/1.1" 503 7313 "https://nipponia.com/wp-login.php" "Mozilla/5.0 (Macintosh; Intel Mac OS X 10_15_7) AppleWebKit/537.36 (KHTML, like Gecko) Chrome/120.0.0.0 Safari/537.36"
20.123.172.228 - - [05/May/2026:15:17:39 +0000] "POST /wp-cron.php?doing_wp_cron=1777994259.4217040538787841796875 HTTP/1.1" 200 - "-" "WordPress/6.9.4; https://nipponia.com"
20.123.172.228 - - [05/May/2026:15:17:37 +0000] "POST /?wordfence_syncAttackData=1777994257.8822 HTTP/1.1" 200 - "-" "WordPress/6.9.4; https://nipponia.com"
103.150.218.178 - - [05/May/2026:15:17:40 +0000] "POST /xmlrpc.php HTTP/1.1" 503 18030 "-" "Jetpack by WordPress.com (Jetpack 12.1; WordPress 6.1)"
157.230.39.14 - - [05/May/2026:15:17:45 +0000] "GET /wp-admin/profile.php HTTP/1.1" 503 7313 "https://nipponia.com/wp-login.php" "Mozilla/5.0 (Macintosh; Intel Mac OS X 10_15_7) AppleWebKit/537.36 (KHTML, like Gecko) Chrome/120.0.0.0 Safari/537.36"
103.150.218.178 - - [05/May/2026:15:17:50 +0000] "POST /xmlrpc.php HTTP/1.1" 503 18030 "-" "Jetpack by WordPress.com"
157.230.39.14 - - [05/May/2026:15:17:52 +0000] "GET /wp-admin/edit.php HTTP/1.1" 503 7312 "https://nipponia.com/wp-login.php" "Mozilla/5.0 (Macintosh; Intel Mac OS X 10_15_7) AppleWebKit/537.36 (KHTML, like Gecko) Chrome/120.0.0.0 Safari/537.36"
86.241.130.110 - - [05/May/2026:15:17:54 +0000] "POST /xmlrpc.php HTTP/1.1" 503 18030 "-" "Jetpack/13.0; WordPress/6.3; http://site32665793.com"
20.123.172.228 - - [05/May/2026:15:17:55 +0000] "POST /wp-cron.php?doing_wp_cron=1777994275.4359230995178222656250 HTTP/1.1" 200 - "-" "WordPress/6.9.4; https://nipponia.com"
20.123.172.228 - - [05/May/2026:15:17:54 +0000] "POST /?wordfence_syncAttackData=1777994274.003 HTTP/1.1" 200 - "-" "WordPress/6.9.4; https://nipponia.com"
103.150.218.178 - - [05/May/2026:15:18:01 +0000] "POST /xmlrpc.php HTTP/1.1" 503 18030 "-" "Jetpack by WordPress.com (Jetpack 12.0; WordPress 6.4)"
157.230.39.14 - - [05/May/2026:15:18:01 +0000] "GET /wp-admin/plugins.php HTTP/1.1" 503 7312 "https://nipponia.com/wp-login.php" "Mozilla/5.0 (Macintosh; Intel Mac OS X 10_15_7) AppleWebKit/537.36 (KHTML, like Gecko) Chrome/120.0.0.0 Safari/537.36"
86.241.130.110 - - [05/May/2026:15:18:04 +0000] "POST /xmlrpc.php HTTP/1.1" 503 18030 "-" "Jetpack/12.0; WordPress/6.3; http://site58513488.com"
157.230.39.14 - - [05/May/2026:15:18:08 +0000] "POST /wp-login.php HTTP/1.1" 503 7109 "https://nipponia.com/wp-login.php" "Mozilla/5.0 (X11; Linux x86_64) AppleWebKit/537.36 (KHTML, like Gecko) Chrome/120.0.0.0 Safari/537.36"
103.150.218.178 - - [05/May/2026:15:18:11 +0000] "POST /xmlrpc.php HTTP/1.1" 503 18030 "-" "Jetpack/12.0; WordPress/6.2; http://site71921973.com"
86.241.130.110 - - [05/May/2026:15:18:15 +0000] "POST /xmlrpc.php HTTP/1.1" 503 18030 "-" "WordPress.com; https://wordpress.com"
157.230.39.14 - - [05/May/2026:15:18:15 +0000] "GET /wp-admin/index.php HTTP/1.1" 503 7312 "https://nipponia.com/wp-login.php" "Mozilla/5.0 (X11; Linux x86_64) AppleWebKit/537.36 (KHTML, like Gecko) Chrome/118.0.0.0 Safari/537.36"
20.123.172.228 - - [05/May/2026:15:18:16 +0000] "POST /?wordfence_syncAttackData=1777994296.4354 HTTP/1.1" 200 - "-" "WordPress/6.9.4; https://nipponia.com"
103.150.218.178 - - [05/May/2026:15:18:22 +0000] "POST /xmlrpc.php HTTP/1.1" 503 18030 "-" "Jetpack/12.0; WordPress/6.3; http://site91298837.com"
157.230.39.14 - - [05/May/2026:15:18:23 +0000] "GET /wp-admin/profile.php HTTP/1.1" 503 7312 "https://nipponia.com/wp-login.php" "Mozilla/5.0 (X11; Linux x86_64) AppleWebKit/537.36 (KHTML, like Gecko) Chrome/118.0.0.0 Safari/537.36"
86.241.130.110 - - [05/May/2026:15:18:25 +0000] "POST /xmlrpc.php HTTP/1.1" 503 18030 "-" "Jetpack by WordPress.com"
157.230.39.14 - - [05/May/2026:15:18:30 +0000] "GET /wp-admin/edit.php HTTP/1.1" 503 7312 "https://nipponia.com/wp-login.php" "Mozilla/5.0 (X11; Linux x86_64) AppleWebKit/537.36 (KHTML, like Gecko) Chrome/118.0.0.0 Safari/537.36"
20.123.172.228 - - [05/May/2026:15:18:33 +0000] "POST /wp-cron.php?doing_wp_cron=1777994313.2853019237518310546875 HTTP/1.1" 200 - "-" "WordPress/6.9.4; https://nipponia.com"
20.123.172.228 - - [05/May/2026:15:18:31 +0000] "POST /?wordfence_syncAttackData=1777994311.8154 HTTP/1.1" 200 - "-" "WordPress/6.9.4; https://nipponia.com"
103.150.218.178 - - [05/May/2026:15:18:32 +0000] "POST /xmlrpc.php HTTP/1.1" 503 18944 "-" "Jetpack/12.1; WordPress/6.3; http://site80398928.com"
86.241.130.110 - - [05/May/2026:15:18:36 +0000] "POST /xmlrpc.php HTTP/1.1" 503 18030 "-" "Jetpack by WordPress.com (Jetpack 12.5; WordPress 6.3)"
157.230.39.14 - - [05/May/2026:15:18:38 +0000] "GET /wp-admin/plugins.php HTTP/1.1" 503 7312 "https://nipponia.com/wp-login.php" "Mozilla/5.0 (X11; Linux x86_64) AppleWebKit/537.36 (KHTML, like Gecko) Chrome/118.0.0.0 Safari/537.36"
103.150.218.178 - - [05/May/2026:15:18:43 +0000] "POST /xmlrpc.php HTTP/1.1" 503 18030 "-" "Jetpack by WordPress.com (Jetpack 13.0; WordPress 6.2)"
157.230.39.14 - - [05/May/2026:15:18:45 +0000] "POST /wp-login.php HTTP/1.1" 503 7109 "https://nipponia.com/wp-login.php" "Mozilla/5.0 (Macintosh; Intel Mac OS X 10_15_7) AppleWebKit/605.1.15 (KHTML, like Gecko) Version/17.2 Safari/605.1.15"
86.241.130.110 - - [05/May/2026:15:18:49 +0000] "POST /xmlrpc.php HTTP/1.1" 503 18030 "-" "Jetpack by WordPress.com (Jetpack 12.5; WordPress 6.3)"
157.230.39.14 - - [05/May/2026:15:18:50 +0000] "GET /wp-admin/index.php HTTP/1.1" 503 7312 "https://nipponia.com/wp-login.php" "Mozilla/5.0 (Macintosh; Intel Mac OS X 13_6_1; rv:120.0) Gecko/20100101 Firefox/120.0"
20.123.172.228 - - [05/May/2026:15:18:53 +0000] "POST /wp-cron.php?doing_wp_cron=1777994333.2095270156860351562500 HTTP/1.1" 200 - "-" "WordPress/6.9.4; https://nipponia.com"
20.123.172.228 - - [05/May/2026:15:18:51 +0000] "POST /?wordfence_syncAttackData=1777994331.685 HTTP/1.1" 200 - "-" "WordPress/6.9.4; https://nipponia.com"
103.150.218.178 - - [05/May/2026:15:18:53 +0000] "POST /xmlrpc.php HTTP/1.1" 503 18030 "-" "Jetpack by WordPress.com"
157.230.39.14 - - [05/May/2026:15:18:57 +0000] "GET /wp-admin/profile.php HTTP/1.1" 503 7312 "https://nipponia.com/wp-login.php" "Mozilla/5.0 (Macintosh; Intel Mac OS X 13_6_1; rv:120.0) Gecko/20100101 Firefox/120.0"
86.241.130.110 - - [05/May/2026:15:18:59 +0000] "POST /xmlrpc.php HTTP/1.1" 503 18030 "-" "Jetpack/12.1; WordPress/6.3; http://site81391631.com"
103.150.218.178 - - [05/May/2026:15:19:04 +0000] "POST /xmlrpc.php HTTP/1.1" 503 18030 "-" "Jetpack by WordPress.com"
157.230.39.14 - - [05/May/2026:15:19:02 +0000] "GET /wp-admin/edit.php HTTP/1.1" 503 7312 "https://nipponia.com/wp-login.php" "Mozilla/5.0 (Macintosh; Intel Mac OS X 13_6_1; rv:120.0) Gecko/20100101 Firefox/120.0"
20.123.172.228 - - [05/May/2026:15:19:04 +0000] "POST /?wordfence_syncAttackData=1777994344.0667 HTTP/1.1" 200 - "-" "WordPress/6.9.4; https://nipponia.com"
86.241.130.110 - - [05/May/2026:15:19:08 +0000] "POST /xmlrpc.php HTTP/1.1" 503 18030 "-" "WordPress.com; https://wordpress.com"
157.230.39.14 - - [05/May/2026:15:19:12 +0000] "GET /wp-admin/plugins.php HTTP/1.1" 503 7312 "https://nipponia.com/wp-login.php" "Mozilla/5.0 (Macintosh; Intel Mac OS X 13_6_1; rv:120.0) Gecko/20100101 Firefox/120.0"
103.150.218.178 - - [05/May/2026:15:19:14 +0000] "POST /xmlrpc.php HTTP/1.1" 503 18030 "-" "Jetpack by WordPress.com"
86.241.130.110 - - [05/May/2026:15:19:19 +0000] "POST /xmlrpc.php HTTP/1.1" 503 18029 "-" "Jetpack/12.0; WordPress/6.4; http://site59465517.com"
152.32.209.93 - - [05/May/2026:15:19:17 +0000] "POST /xmlrpc.php HTTP/1.1" 503 7312 "-" "Mozilla/4.0 (compatible; MSIE 7.0; Windows NT 10.0; WOW64; Trident/7.0; .NET4.0C; .NET4.0E; .NET CLR 2.0.50727; .NET CLR 3.0.30729; .NET CLR 3.5.30729)"
157.230.39.14 - - [05/May/2026:15:19:22 +0000] "POST /wp-login.php HTTP/1.1" 503 7109 "https://nipponia.com/wp-login.php" "Mozilla/5.0 (X11; Linux x86_64) AppleWebKit/537.36 (KHTML, like Gecko) Chrome/120.0.0.0 Safari/537.36"
