5.75.228.129 - - [05/May/2026:17:30:28 +0000] "POST /xmlrpc.php HTTP/1.1" 503 7311 "-" "Mozilla/5.0 (Windows NT 10.0; WOW64; Trident/7.0; MDDSJS; rv:11.0) like Gecko"
20.123.172.228 - - [05/May/2026:17:32:41 +0000] "POST /wp-cron.php?doing_wp_cron=1778002360.9837300777435302734375 HTTP/1.1" 200 - "-" "WordPress/6.9.4; https://nipponia.com"
144.126.133.143 - - [05/May/2026:17:32:39 +0000] "GET /wp-login.php HTTP/1.1" 200 1970 "-" "Mozilla/5.0 (Windows NT 10.0; WOW64) AppleWebKit/537.36 (KHTML, like Gecko) Chrome/67.0.3396.87 Safari/537.36"
144.126.133.143 - - [05/May/2026:17:32:41 +0000] "POST /wp-login.php HTTP/1.1" 503 7312 "https://nipponia.com/wp-login.php" "Mozilla/5.0 (Windows NT 10.0; WOW64) AppleWebKit/537.36 (KHTML, like Gecko) Chrome/67.0.3396.87 Safari/537.36"
20.123.172.228 - - [05/May/2026:17:39:41 +0000] "POST /wp-cron.php?doing_wp_cron=1778002781.7207489013671875000000 HTTP/1.1" 200 - "-" "WordPress/6.9.4; https://nipponia.com"
51.91.98.45 - - [05/May/2026:17:39:39 +0000] "POST /xmlrpc.php HTTP/1.1" 503 7312 "-" "Mozilla/5.0 (Windows NT 10.0; WOW64; Trident/7.0; MAPBJS; rv:11.0) like Gecko"
20.123.172.228 - - [05/May/2026:17:40:11 +0000] "POST /wp-cron.php?doing_wp_cron=1778002811.7937300205230712890625 HTTP/1.1" 200 - "-" "WordPress/6.9.4; https://nipponia.com"
223.190.86.209 - - [05/May/2026:17:40:09 +0000] "POST /xmlrpc.php HTTP/1.1" 503 18944 "-" "Jetpack by WordPress.com (Jetpack 12.5; WordPress 6.2)"
223.190.86.209 - - [05/May/2026:17:40:19 +0000] "POST /xmlrpc.php HTTP/1.1" 503 18030 "-" "Jetpack by WordPress.com (Jetpack 12.1; WordPress 6.4)"
223.190.86.209 - - [05/May/2026:17:40:30 +0000] "POST /xmlrpc.php HTTP/1.1" 503 18030 "-" "Jetpack by WordPress.com (Jetpack 13.0; WordPress 6.1)"
223.190.86.209 - - [05/May/2026:17:40:40 +0000] "POST /xmlrpc.php HTTP/1.1" 503 18030 "-" "WordPress.com; https://wordpress.com"
223.190.86.209 - - [05/May/2026:17:40:51 +0000] "POST /xmlrpc.php HTTP/1.1" 503 18030 "-" "Jetpack by WordPress.com"
223.190.86.209 - - [05/May/2026:17:41:01 +0000] "POST /xmlrpc.php HTTP/1.1" 503 18030 "-" "Jetpack/12.1; WordPress/6.2; http://site64679518.com"
223.190.86.209 - - [05/May/2026:17:41:12 +0000] "POST /xmlrpc.php HTTP/1.1" 503 18030 "-" "Jetpack/12.5; WordPress/6.4; http://site60637496.com"
223.190.86.209 - - [05/May/2026:17:41:22 +0000] "POST /xmlrpc.php HTTP/1.1" 503 18030 "-" "Jetpack/12.1; WordPress/6.4; http://site85314127.com"
223.190.86.209 - - [05/May/2026:17:41:33 +0000] "POST /xmlrpc.php HTTP/1.1" 503 18030 "-" "WordPress.com; https://wordpress.com"
223.190.86.209 - - [05/May/2026:17:41:43 +0000] "POST /xmlrpc.php HTTP/1.1" 503 18030 "-" "Jetpack by WordPress.com"
223.190.86.209 - - [05/May/2026:17:41:54 +0000] "POST /xmlrpc.php HTTP/1.1" 503 18030 "-" "Jetpack by WordPress.com"
223.190.86.209 - - [05/May/2026:17:42:04 +0000] "POST /xmlrpc.php HTTP/1.1" 503 18030 "-" "Jetpack/12.0; WordPress/6.1; http://site58423589.com"
223.190.86.209 - - [05/May/2026:17:42:15 +0000] "POST /xmlrpc.php HTTP/1.1" 503 18030 "-" "WordPress.com; https://wordpress.com"
223.190.86.209 - - [05/May/2026:17:42:25 +0000] "POST /xmlrpc.php HTTP/1.1" 503 18029 "-" "Jetpack by WordPress.com (Jetpack 13.0; WordPress 6.1)"
223.190.86.209 - - [05/May/2026:17:42:36 +0000] "POST /xmlrpc.php HTTP/1.1" 503 18029 "-" "Jetpack/13.0; WordPress/6.3; http://site60360013.com"
223.190.86.209 - - [05/May/2026:17:42:47 +0000] "POST /xmlrpc.php HTTP/1.1" 503 18029 "-" "Jetpack by WordPress.com (Jetpack 12.0; WordPress 6.2)"
223.190.86.209 - - [05/May/2026:17:42:57 +0000] "POST /xmlrpc.php HTTP/1.1" 503 18029 "-" "Jetpack by WordPress.com"
223.190.86.209 - - [05/May/2026:17:43:07 +0000] "POST /xmlrpc.php HTTP/1.1" 503 18029 "-" "Jetpack by WordPress.com"
223.190.86.209 - - [05/May/2026:17:43:18 +0000] "POST /xmlrpc.php HTTP/1.1" 503 18029 "-" "Jetpack/13.0; WordPress/6.3; http://site50996209.com"
223.190.86.209 - - [05/May/2026:17:43:29 +0000] "POST /xmlrpc.php HTTP/1.1" 503 18029 "-" "Jetpack by WordPress.com"
223.190.86.209 - - [05/May/2026:17:43:39 +0000] "POST /xmlrpc.php HTTP/1.1" 503 18029 "-" "Jetpack by WordPress.com (Jetpack 12.0; WordPress 6.2)"
223.190.86.209 - - [05/May/2026:17:43:49 +0000] "POST /xmlrpc.php HTTP/1.1" 503 18029 "-" "Jetpack by WordPress.com (Jetpack 12.1; WordPress 6.2)"
223.190.86.209 - - [05/May/2026:17:44:00 +0000] "POST /xmlrpc.php HTTP/1.1" 503 18029 "-" "Jetpack/13.0; WordPress/6.1; http://site77462411.com"
223.190.86.209 - - [05/May/2026:17:44:10 +0000] "POST /xmlrpc.php HTTP/1.1" 503 18029 "-" "Jetpack by WordPress.com (Jetpack 12.0; WordPress 6.1)"
223.190.86.209 - - [05/May/2026:17:44:21 +0000] "POST /xmlrpc.php HTTP/1.1" 503 18029 "-" "Jetpack by WordPress.com"
223.190.86.209 - - [05/May/2026:17:44:31 +0000] "POST /xmlrpc.php HTTP/1.1" 503 18029 "-" "Jetpack/12.0; WordPress/6.1; http://site97324664.com"
223.190.86.209 - - [05/May/2026:17:44:42 +0000] "POST /xmlrpc.php HTTP/1.1" 503 18029 "-" "Jetpack by WordPress.com"
223.190.86.209 - - [05/May/2026:17:44:52 +0000] "POST /xmlrpc.php HTTP/1.1" 503 18029 "-" "Jetpack by WordPress.com (Jetpack 12.5; WordPress 6.2)"
223.190.86.209 - - [05/May/2026:17:45:03 +0000] "POST /xmlrpc.php HTTP/1.1" 503 18029 "-" "WordPress.com; https://wordpress.com"
223.190.86.209 - - [05/May/2026:17:45:13 +0000] "POST /xmlrpc.php HTTP/1.1" 503 18029 "-" "Jetpack by WordPress.com (Jetpack 12.0; WordPress 6.4)"
223.190.86.209 - - [05/May/2026:17:45:24 +0000] "POST /xmlrpc.php HTTP/1.1" 503 18029 "-" "Jetpack by WordPress.com"
223.190.86.209 - - [05/May/2026:17:45:34 +0000] "POST /xmlrpc.php HTTP/1.1" 503 18029 "-" "Jetpack/13.0; WordPress/6.1; http://site55250379.com"
223.190.86.209 - - [05/May/2026:17:45:45 +0000] "POST /xmlrpc.php HTTP/1.1" 503 18029 "-" "Jetpack by WordPress.com"
223.190.86.209 - - [05/May/2026:17:45:56 +0000] "POST /xmlrpc.php HTTP/1.1" 503 18029 "-" "WordPress.com; https://wordpress.com"
223.190.86.209 - - [05/May/2026:17:46:06 +0000] "POST /xmlrpc.php HTTP/1.1" 503 18029 "-" "Jetpack/12.1; WordPress/6.3; http://site48949389.com"
223.190.86.209 - - [05/May/2026:17:46:16 +0000] "POST /xmlrpc.php HTTP/1.1" 503 18029 "-" "Jetpack by WordPress.com (Jetpack 12.1; WordPress 6.2)"
223.190.86.209 - - [05/May/2026:17:46:27 +0000] "POST /xmlrpc.php HTTP/1.1" 503 18029 "-" "Jetpack/12.5; WordPress/6.1; http://site87078019.com"
223.190.86.209 - - [05/May/2026:17:46:37 +0000] "POST /xmlrpc.php HTTP/1.1" 503 18029 "-" "Jetpack by WordPress.com"
223.190.86.209 - - [05/May/2026:17:46:48 +0000] "POST /xmlrpc.php HTTP/1.1" 503 18029 "-" "Jetpack by WordPress.com"
223.190.86.209 - - [05/May/2026:17:46:58 +0000] "POST /xmlrpc.php HTTP/1.1" 503 18029 "-" "WordPress.com; https://wordpress.com"
223.190.86.209 - - [05/May/2026:17:47:09 +0000] "POST /xmlrpc.php HTTP/1.1" 503 18029 "-" "Jetpack/12.1; WordPress/6.3; http://site99325474.com"
223.190.86.209 - - [05/May/2026:17:47:19 +0000] "POST /xmlrpc.php HTTP/1.1" 503 18029 "-" "Jetpack by WordPress.com (Jetpack 13.0; WordPress 6.2)"
223.190.86.209 - - [05/May/2026:17:47:30 +0000] "POST /xmlrpc.php HTTP/1.1" 503 18029 "-" "Jetpack/12.5; WordPress/6.1; http://site29727238.com"
223.190.86.209 - - [05/May/2026:17:47:41 +0000] "POST /xmlrpc.php HTTP/1.1" 503 18029 "-" "WordPress.com; https://wordpress.com"
223.190.86.209 - - [05/May/2026:17:47:51 +0000] "POST /xmlrpc.php HTTP/1.1" 503 18029 "-" "Jetpack by WordPress.com"
223.190.86.209 - - [05/May/2026:17:48:02 +0000] "POST /xmlrpc.php HTTP/1.1" 503 18029 "-" "Jetpack/12.5; WordPress/6.1; http://site16893925.com"
223.190.86.209 - - [05/May/2026:17:48:12 +0000] "POST /xmlrpc.php HTTP/1.1" 503 18029 "-" "Jetpack/12.5; WordPress/6.4; http://site79843572.com"
20.123.172.228 - - [05/May/2026:17:48:19 +0000] "POST /?wordfence_syncAttackData=1778003299.6194 HTTP/1.1" 200 - "-" "WordPress/6.9.4; https://nipponia.com"
20.123.172.228 - - [05/May/2026:17:48:21 +0000] "POST /wp-cron.php?doing_wp_cron=1778003301.8236739635467529296875 HTTP/1.1" 200 - "-" "WordPress/6.9.4; https://nipponia.com"
74.91.224.220 - - [05/May/2026:17:48:18 +0000] "POST /xmlrpc.php HTTP/1.1" 503 7312 "-" "Mozilla/5.0 (Windows NT 6.1; WOW64; Trident/7.0; EIE10;ENUSWOL; rv:11.0) like Gecko"
223.190.86.209 - - [05/May/2026:17:48:23 +0000] "POST /xmlrpc.php HTTP/1.1" 503 18030 "-" "WordPress.com; https://wordpress.com"
223.190.86.209 - - [05/May/2026:17:48:33 +0000] "POST /xmlrpc.php HTTP/1.1" 503 18030 "-" "Jetpack by WordPress.com (Jetpack 12.1; WordPress 6.3)"
223.190.86.209 - - [05/May/2026:17:48:43 +0000] "POST /xmlrpc.php HTTP/1.1" 503 18030 "-" "WordPress.com; https://wordpress.com"
223.190.86.209 - - [05/May/2026:17:48:54 +0000] "POST /xmlrpc.php HTTP/1.1" 503 18030 "-" "Jetpack by WordPress.com"
223.190.86.209 - - [05/May/2026:17:49:05 +0000] "POST /xmlrpc.php HTTP/1.1" 503 18030 "-" "Jetpack by WordPress.com"
223.190.86.209 - - [05/May/2026:17:49:15 +0000] "POST /xmlrpc.php HTTP/1.1" 503 18030 "-" "Jetpack/13.0; WordPress/6.1; http://site70564058.com"
223.190.86.209 - - [05/May/2026:17:49:26 +0000] "POST /xmlrpc.php HTTP/1.1" 503 18030 "-" "Jetpack by WordPress.com (Jetpack 12.5; WordPress 6.1)"
223.190.86.209 - - [05/May/2026:17:49:36 +0000] "POST /xmlrpc.php HTTP/1.1" 503 18030 "-" "Jetpack by WordPress.com (Jetpack 12.1; WordPress 6.1)"
223.190.86.209 - - [05/May/2026:17:49:47 +0000] "POST /xmlrpc.php HTTP/1.1" 503 18030 "-" "Jetpack/13.0; WordPress/6.1; http://site23708227.com"
223.190.86.209 - - [05/May/2026:17:49:57 +0000] "POST /xmlrpc.php HTTP/1.1" 503 18030 "-" "Jetpack by WordPress.com (Jetpack 13.0; WordPress 6.1)"
223.190.86.209 - - [05/May/2026:17:50:08 +0000] "POST /xmlrpc.php HTTP/1.1" 503 18030 "-" "Jetpack by WordPress.com (Jetpack 12.0; WordPress 6.3)"
20.123.172.228 - - [05/May/2026:17:50:21 +0000] "POST /wp-cron.php?doing_wp_cron=1778003421.4977750778198242187500 HTTP/1.1" 200 - "-" "WordPress/6.9.4; https://nipponia.com"
20.123.172.228 - - [05/May/2026:17:50:19 +0000] "POST /?wordfence_syncAttackData=1778003419.6042 HTTP/1.1" 200 - "-" "WordPress/6.9.4; https://nipponia.com"
223.190.86.209 - - [05/May/2026:17:50:18 +0000] "POST /xmlrpc.php HTTP/1.1" 503 18944 "-" "Jetpack/12.1; WordPress/6.1; http://site35488127.com"
223.190.86.209 - - [05/May/2026:17:50:29 +0000] "POST /xmlrpc.php HTTP/1.1" 503 18030 "-" "Jetpack/13.0; WordPress/6.3; http://site38396463.com"
223.190.86.209 - - [05/May/2026:17:50:39 +0000] "POST /xmlrpc.php HTTP/1.1" 503 18030 "-" "Jetpack by WordPress.com (Jetpack 12.0; WordPress 6.1)"
223.190.86.209 - - [05/May/2026:17:50:49 +0000] "POST /xmlrpc.php HTTP/1.1" 503 18030 "-" "Jetpack by WordPress.com (Jetpack 12.5; WordPress 6.2)"
223.190.86.209 - - [05/May/2026:17:51:00 +0000] "POST /xmlrpc.php HTTP/1.1" 503 18030 "-" "Jetpack by WordPress.com (Jetpack 12.1; WordPress 6.3)"
223.190.86.209 - - [05/May/2026:17:51:10 +0000] "POST /xmlrpc.php HTTP/1.1" 503 18030 "-" "Jetpack by WordPress.com"
20.123.172.228 - - [05/May/2026:17:51:14 +0000] "POST /wp-cron.php?doing_wp_cron=1778003474.5469210147857666015625 HTTP/1.1" 200 - "-" "WordPress/6.9.4; https://nipponia.com"
20.123.172.228 - - [05/May/2026:17:51:12 +0000] "POST /?wordfence_syncAttackData=1778003472.882 HTTP/1.1" 200 - "-" "WordPress/6.9.4; https://nipponia.com"
23.98.142.182 - - [05/May/2026:17:51:11 +0000] "GET / HTTP/1.1" 200 14709 "-" "Mozilla/5.0 AppleWebKit/537.36 (KHTML, like Gecko); compatible; ChatGPT-User/1.0; +https://openai.com/bot"
223.190.86.209 - - [05/May/2026:17:51:21 +0000] "POST /xmlrpc.php HTTP/1.1" 503 18030 "-" "Jetpack by WordPress.com (Jetpack 12.0; WordPress 6.2)"
223.190.86.209 - - [05/May/2026:17:51:32 +0000] "POST /xmlrpc.php HTTP/1.1" 503 18030 "-" "Jetpack/12.0; WordPress/6.1; http://site57856264.com"
223.190.86.209 - - [05/May/2026:17:51:42 +0000] "POST /xmlrpc.php HTTP/1.1" 503 18030 "-" "Jetpack/13.0; WordPress/6.4; http://site62548990.com"
223.190.86.209 - - [05/May/2026:17:51:53 +0000] "POST /xmlrpc.php HTTP/1.1" 503 18030 "-" "Jetpack by WordPress.com"
223.190.86.209 - - [05/May/2026:17:52:03 +0000] "POST /xmlrpc.php HTTP/1.1" 503 18030 "-" "Jetpack by WordPress.com (Jetpack 12.1; WordPress 6.4)"
223.190.86.209 - - [05/May/2026:17:52:14 +0000] "POST /xmlrpc.php HTTP/1.1" 503 18030 "-" "Jetpack by WordPress.com (Jetpack 12.5; WordPress 6.1)"
223.190.86.209 - - [05/May/2026:17:52:24 +0000] "POST /xmlrpc.php HTTP/1.1" 503 18030 "-" "Jetpack by WordPress.com (Jetpack 12.1; WordPress 6.1)"
223.190.86.209 - - [05/May/2026:17:52:35 +0000] "POST /xmlrpc.php HTTP/1.1" 503 18030 "-" "Jetpack/12.5; WordPress/6.2; http://site24840441.com"
223.190.86.209 - - [05/May/2026:17:52:45 +0000] "POST /xmlrpc.php HTTP/1.1" 503 18030 "-" "Jetpack by WordPress.com (Jetpack 12.1; WordPress 6.1)"
223.190.86.209 - - [05/May/2026:17:52:56 +0000] "POST /xmlrpc.php HTTP/1.1" 503 18030 "-" "Jetpack by WordPress.com (Jetpack 12.1; WordPress 6.1)"
223.190.86.209 - - [05/May/2026:17:53:06 +0000] "POST /xmlrpc.php HTTP/1.1" 503 18030 "-" "Jetpack by WordPress.com (Jetpack 12.1; WordPress 6.4)"
223.190.86.209 - - [05/May/2026:17:53:17 +0000] "POST /xmlrpc.php HTTP/1.1" 503 18030 "-" "WordPress.com; https://wordpress.com"
223.190.86.209 - - [05/May/2026:17:53:27 +0000] "POST /xmlrpc.php HTTP/1.1" 503 18030 "-" "Jetpack/12.0; WordPress/6.3; http://site67225051.com"
223.190.86.209 - - [05/May/2026:17:53:38 +0000] "POST /xmlrpc.php HTTP/1.1" 503 18030 "-" "Jetpack/12.5; WordPress/6.2; http://site77850469.com"
223.190.86.209 - - [05/May/2026:17:53:48 +0000] "POST /xmlrpc.php HTTP/1.1" 503 18030 "-" "Jetpack by WordPress.com (Jetpack 13.0; WordPress 6.3)"
223.190.86.209 - - [05/May/2026:17:53:59 +0000] "POST /xmlrpc.php HTTP/1.1" 503 18030 "-" "Jetpack by WordPress.com"
223.190.86.209 - - [05/May/2026:17:54:09 +0000] "POST /xmlrpc.php HTTP/1.1" 503 18030 "-" "WordPress.com; https://wordpress.com"
223.190.86.209 - - [05/May/2026:17:54:20 +0000] "POST /xmlrpc.php HTTP/1.1" 503 18030 "-" "Jetpack by WordPress.com"
223.190.86.209 - - [05/May/2026:17:54:30 +0000] "POST /xmlrpc.php HTTP/1.1" 503 18030 "-" "Jetpack by WordPress.com (Jetpack 12.0; WordPress 6.3)"
223.190.86.209 - - [05/May/2026:17:54:41 +0000] "POST /xmlrpc.php HTTP/1.1" 503 18030 "-" "WordPress.com; https://wordpress.com"
223.190.86.209 - - [05/May/2026:17:54:51 +0000] "POST /xmlrpc.php HTTP/1.1" 503 18030 "-" "Jetpack by WordPress.com (Jetpack 13.0; WordPress 6.1)"
223.190.86.209 - - [05/May/2026:17:55:02 +0000] "POST /xmlrpc.php HTTP/1.1" 503 18030 "-" "Jetpack/12.1; WordPress/6.2; http://site10331630.com"
223.190.86.209 - - [05/May/2026:17:55:12 +0000] "POST /xmlrpc.php HTTP/1.1" 503 18030 "-" "Jetpack by WordPress.com (Jetpack 13.0; WordPress 6.2)"
3.142.141.128 - - [05/May/2026:17:55:19 +0000] "GET /robots.txt HTTP/1.1" 200 122 "-" "Mozilla/5.0 (Macintosh; Intel Mac OS X 10_15_7) AppleWebKit/537.36 (KHTML, like Gecko) Chrome/131.0.0.0 Safari/537.36; ClaudeBot/1.0; +claudebot@anthropic.com)"
3.142.141.128 - - [05/May/2026:17:55:19 +0000] "GET /robots.txt HTTP/1.1" 200 122 "-" "Mozilla/5.0 (Macintosh; Intel Mac OS X 10_15_7) AppleWebKit/537.36 (KHTML, like Gecko) Chrome/131.0.0.0 Safari/537.36; ClaudeBot/1.0; +claudebot@anthropic.com)"
3.142.141.128 - - [05/May/2026:17:55:21 +0000] "GET /wp-content/plugins/elementor-pro/assets/css/widget-nav-menu.min.css HTTP/1.1" 200 3332 "http://nipponia.com/china-2/" "Mozilla/5.0 (Macintosh; Intel Mac OS X 10_15_7) AppleWebKit/537.36 (KHTML, like Gecko) Chrome/131.0.0.0 Safari/537.36; ClaudeBot/1.0; +claudebot@anthropic.com)"
3.142.141.128 - - [05/May/2026:17:55:21 +0000] "GET /wp-content/plugins/elementor/assets/css/widget-icon-list.min.css HTTP/1.1" 200 941 "http://nipponia.com/china-2/" "Mozilla/5.0 (Macintosh; Intel Mac OS X 10_15_7) AppleWebKit/537.36 (KHTML, like Gecko) Chrome/131.0.0.0 Safari/537.36; ClaudeBot/1.0; +claudebot@anthropic.com)"
3.142.141.128 - - [05/May/2026:17:55:21 +0000] "GET /wp-content/uploads/2023/01/Footer-BG.png HTTP/1.1" 200 20270 "http://nipponia.com/wp-content/uploads/elementor/css/post-283.css?ver=1675771772" "Mozilla/5.0 (Macintosh; Intel Mac OS X 10_15_7) AppleWebKit/537.36 (KHTML, like Gecko) Chrome/131.0.0.0 Safari/537.36; ClaudeBot/1.0; +claudebot@anthropic.com)"
223.190.86.209 - - [05/May/2026:17:55:23 +0000] "POST /xmlrpc.php HTTP/1.1" 503 18030 "-" "Jetpack by WordPress.com (Jetpack 12.1; WordPress 6.2)"
223.190.86.209 - - [05/May/2026:17:55:33 +0000] "POST /xmlrpc.php HTTP/1.1" 503 18030 "-" "Jetpack by WordPress.com (Jetpack 12.5; WordPress 6.4)"
223.190.86.209 - - [05/May/2026:17:55:44 +0000] "POST /xmlrpc.php HTTP/1.1" 503 18030 "-" "Jetpack by WordPress.com (Jetpack 13.0; WordPress 6.1)"
223.190.86.209 - - [05/May/2026:17:55:54 +0000] "POST /xmlrpc.php HTTP/1.1" 503 18030 "-" "Jetpack by WordPress.com (Jetpack 13.0; WordPress 6.4)"
223.190.86.209 - - [05/May/2026:17:56:05 +0000] "POST /xmlrpc.php HTTP/1.1" 503 18030 "-" "Jetpack by WordPress.com (Jetpack 12.0; WordPress 6.2)"
223.190.86.209 - - [05/May/2026:17:56:15 +0000] "POST /xmlrpc.php HTTP/1.1" 503 18030 "-" "Jetpack/12.0; WordPress/6.2; http://site17792750.com"
223.190.86.209 - - [05/May/2026:17:56:26 +0000] "POST /xmlrpc.php HTTP/1.1" 503 18030 "-" "Jetpack/12.0; WordPress/6.3; http://site11102064.com"
223.190.86.209 - - [05/May/2026:17:56:36 +0000] "POST /xmlrpc.php HTTP/1.1" 503 18030 "-" "Jetpack by WordPress.com (Jetpack 12.0; WordPress 6.1)"
223.190.86.209 - - [05/May/2026:17:56:47 +0000] "POST /xmlrpc.php HTTP/1.1" 503 18030 "-" "Jetpack/12.1; WordPress/6.4; http://site82806393.com"
223.190.86.209 - - [05/May/2026:17:56:57 +0000] "POST /xmlrpc.php HTTP/1.1" 503 18030 "-" "Jetpack/12.5; WordPress/6.3; http://site39009286.com"
223.190.86.209 - - [05/May/2026:17:57:08 +0000] "POST /xmlrpc.php HTTP/1.1" 503 18030 "-" "Jetpack by WordPress.com"
223.190.86.209 - - [05/May/2026:17:57:18 +0000] "POST /xmlrpc.php HTTP/1.1" 503 18030 "-" "WordPress.com; https://wordpress.com"
20.123.172.228 - - [05/May/2026:17:57:22 +0000] "POST /wp-cron.php?doing_wp_cron=1778003842.0554630756378173828125 HTTP/1.1" 200 - "-" "WordPress/6.9.4; https://nipponia.com"
20.123.172.228 - - [05/May/2026:17:57:20 +0000] "POST /?wordfence_syncAttackData=1778003840.3496 HTTP/1.1" 200 - "-" "WordPress/6.9.4; https://nipponia.com"
52.232.35.131 - - [05/May/2026:17:57:19 +0000] "POST /xmlrpc.php HTTP/1.1" 503 7313 "-" "Mozilla/5.0 (Macintosh; Intel Mac OS X 10_12_6) AppleWebKit/537.36 (KHTML, like Gecko) Chrome/65.0.3325.146 Safari/537.36"
223.190.86.209 - - [05/May/2026:17:57:29 +0000] "POST /xmlrpc.php HTTP/1.1" 503 18030 "-" "WordPress.com; https://wordpress.com"
223.190.86.209 - - [05/May/2026:17:57:39 +0000] "POST /xmlrpc.php HTTP/1.1" 503 18030 "-" "Jetpack/13.0; WordPress/6.4; http://site46238867.com"
223.190.86.209 - - [05/May/2026:17:57:50 +0000] "POST /xmlrpc.php HTTP/1.1" 503 18030 "-" "Jetpack/12.1; WordPress/6.4; http://site14191915.com"
223.190.86.209 - - [05/May/2026:17:58:00 +0000] "POST /xmlrpc.php HTTP/1.1" 503 18030 "-" "WordPress.com; https://wordpress.com"
223.190.86.209 - - [05/May/2026:17:58:11 +0000] "POST /xmlrpc.php HTTP/1.1" 503 18030 "-" "Jetpack by WordPress.com"
20.123.172.228 - - [05/May/2026:17:58:10 +0000] "POST /?wordfence_syncAttackData=1778003890.2123 HTTP/1.1" 200 - "-" "WordPress/6.9.4; https://nipponia.com"
20.123.172.228 - - [05/May/2026:17:58:12 +0000] "POST /wp-cron.php?doing_wp_cron=1778003892.6998929977416992187500 HTTP/1.1" 200 - "-" "WordPress/6.9.4; https://nipponia.com"
66.249.88.232 - - [05/May/2026:17:58:08 +0000] "GET /.well-known/traffic-advice HTTP/1.1" 404 10742 "-" "Chrome Privacy Preserving Prefetch Proxy"
162.120.186.122 - - [05/May/2026:17:58:09 +0000] "GET /dominican-republic/ HTTP/1.1" 200 12461 "https://www.google.com/" "Mozilla/5.0 (Linux; Android 10; K) AppleWebKit/537.36 (KHTML, like Gecko) Chrome/147.0.0.0 Mobile Safari/537.36"
20.123.172.228 - - [05/May/2026:17:58:14 +0000] "POST /wp-cron.php?doing_wp_cron=1778003894.6407699584960937500000 HTTP/1.1" 200 - "-" "WordPress/6.9.4; https://nipponia.com"
20.123.172.228 - - [05/May/2026:17:58:11 +0000] "POST /?wordfence_syncAttackData=1778003890.7952 HTTP/1.1" 200 14709 "-" "WordPress/6.9.4; https://nipponia.com"
223.190.86.209 - - [05/May/2026:17:58:21 +0000] "POST /xmlrpc.php HTTP/1.1" 503 18030 "-" "Jetpack/12.0; WordPress/6.2; http://site52027884.com"
223.190.86.209 - - [05/May/2026:17:58:32 +0000] "POST /xmlrpc.php HTTP/1.1" 503 18030 "-" "Jetpack/13.0; WordPress/6.2; http://site24816354.com"
223.190.86.209 - - [05/May/2026:17:58:42 +0000] "POST /xmlrpc.php HTTP/1.1" 503 18030 "-" "WordPress.com; https://wordpress.com"
223.190.86.209 - - [05/May/2026:17:58:53 +0000] "POST /xmlrpc.php HTTP/1.1" 503 18030 "-" "Jetpack by WordPress.com"
223.190.86.209 - - [05/May/2026:17:59:03 +0000] "POST /xmlrpc.php HTTP/1.1" 503 18030 "-" "Jetpack by WordPress.com (Jetpack 12.0; WordPress 6.1)"
223.190.86.209 - - [05/May/2026:17:59:14 +0000] "POST /xmlrpc.php HTTP/1.1" 503 18030 "-" "WordPress.com; https://wordpress.com"
20.123.172.228 - - [05/May/2026:17:59:16 +0000] "POST /wp-cron.php?doing_wp_cron=1778003955.9790520668029785156250 HTTP/1.1" 200 - "-" "WordPress/6.9.4; https://nipponia.com"
192.176.172.166 - - [05/May/2026:17:59:13 +0000] "GET /wp-login.php HTTP/1.1" 200 1970 "-" "Mozilla/5.0 (Windows NT 5.1; Win64; x64) AppleWebKit/537.36 (KHTML, like Gecko) Chrome/58.0.3029.110 Safari/537.36 Edge/16.16299"
20.123.172.228 - - [05/May/2026:17:59:16 +0000] "POST /wp-cron.php?doing_wp_cron=1778003956.1167240142822265625000 HTTP/1.1" 200 - "-" "WordPress/6.9.4; https://nipponia.com"
20.123.172.228 - - [05/May/2026:17:59:14 +0000] "POST /?wordfence_syncAttackData=1778003954.4711 HTTP/1.1" 200 - "-" "WordPress/6.9.4; https://nipponia.com"
192.176.172.166 - - [05/May/2026:17:59:16 +0000] "POST /wp-login.php HTTP/1.1" 503 7312 "https://nipponia.com/wp-login.php" "Mozilla/5.0 (Windows NT 5.1; Win64; x64) AppleWebKit/537.36 (KHTML, like Gecko) Chrome/58.0.3029.110 Safari/537.36 Edge/16.16299"
223.190.86.209 - - [05/May/2026:17:59:24 +0000] "POST /xmlrpc.php HTTP/1.1" 503 18030 "-" "WordPress.com; https://wordpress.com"
223.190.86.209 - - [05/May/2026:17:59:35 +0000] "POST /xmlrpc.php HTTP/1.1" 503 18030 "-" "Jetpack by WordPress.com"
223.190.86.209 - - [05/May/2026:17:59:45 +0000] "POST /xmlrpc.php HTTP/1.1" 503 18030 "-" "Jetpack/13.0; WordPress/6.4; http://site87260143.com"
223.190.86.209 - - [05/May/2026:17:59:56 +0000] "POST /xmlrpc.php HTTP/1.1" 503 18030 "-" "WordPress.com; https://wordpress.com"
223.190.86.209 - - [05/May/2026:18:00:06 +0000] "POST /xmlrpc.php HTTP/1.1" 503 18030 "-" "Jetpack by WordPress.com"
223.190.86.209 - - [05/May/2026:18:00:17 +0000] "POST /xmlrpc.php HTTP/1.1" 503 18030 "-" "Jetpack by WordPress.com (Jetpack 12.5; WordPress 6.2)"
20.123.172.228 - - [05/May/2026:18:00:30 +0000] "POST /wp-cron.php?doing_wp_cron=1778004030.5223770141601562500000 HTTP/1.1" 200 - "-" "WordPress/6.9.4; https://nipponia.com"
20.123.172.228 - - [05/May/2026:18:00:28 +0000] "POST /?wordfence_syncAttackData=1778004028.8005 HTTP/1.1" 200 - "-" "WordPress/6.9.4; https://nipponia.com"
223.190.86.209 - - [05/May/2026:18:00:27 +0000] "POST /xmlrpc.php HTTP/1.1" 503 18944 "-" "WordPress.com; https://wordpress.com"
223.190.86.209 - - [05/May/2026:18:00:38 +0000] "POST /xmlrpc.php HTTP/1.1" 503 18030 "-" "Jetpack/12.5; WordPress/6.3; http://site39691938.com"
223.190.86.209 - - [05/May/2026:18:00:48 +0000] "POST /xmlrpc.php HTTP/1.1" 503 18030 "-" "Jetpack by WordPress.com (Jetpack 12.0; WordPress 6.4)"
223.190.86.209 - - [05/May/2026:18:00:59 +0000] "POST /xmlrpc.php HTTP/1.1" 503 18030 "-" "Jetpack by WordPress.com"
223.190.86.209 - - [05/May/2026:18:01:09 +0000] "POST /xmlrpc.php HTTP/1.1" 503 18030 "-" "Jetpack/12.0; WordPress/6.3; http://site81979646.com"
223.190.86.209 - - [05/May/2026:18:01:20 +0000] "POST /xmlrpc.php HTTP/1.1" 503 18030 "-" "WordPress.com; https://wordpress.com"
223.190.86.209 - - [05/May/2026:18:01:30 +0000] "POST /xmlrpc.php HTTP/1.1" 503 18030 "-" "Jetpack/12.5; WordPress/6.2; http://site10788424.com"
223.190.86.209 - - [05/May/2026:18:01:41 +0000] "POST /xmlrpc.php HTTP/1.1" 503 18030 "-" "WordPress.com; https://wordpress.com"
223.190.86.209 - - [05/May/2026:18:01:51 +0000] "POST /xmlrpc.php HTTP/1.1" 503 18030 "-" "Jetpack by WordPress.com"
223.190.86.209 - - [05/May/2026:18:02:02 +0000] "POST /xmlrpc.php HTTP/1.1" 503 18030 "-" "WordPress.com; https://wordpress.com"
223.190.86.209 - - [05/May/2026:18:02:12 +0000] "POST /xmlrpc.php HTTP/1.1" 503 18030 "-" "WordPress.com; https://wordpress.com"
223.190.86.209 - - [05/May/2026:18:02:23 +0000] "POST /xmlrpc.php HTTP/1.1" 503 18030 "-" "WordPress.com; https://wordpress.com"
223.190.86.209 - - [05/May/2026:18:02:33 +0000] "POST /xmlrpc.php HTTP/1.1" 503 18029 "-" "Jetpack by WordPress.com"
223.190.86.209 - - [05/May/2026:18:02:44 +0000] "POST /xmlrpc.php HTTP/1.1" 503 18029 "-" "Jetpack by WordPress.com (Jetpack 13.0; WordPress 6.2)"
223.190.86.209 - - [05/May/2026:18:02:54 +0000] "POST /xmlrpc.php HTTP/1.1" 503 18029 "-" "Jetpack by WordPress.com"
223.190.86.209 - - [05/May/2026:18:03:05 +0000] "POST /xmlrpc.php HTTP/1.1" 503 18029 "-" "WordPress.com; https://wordpress.com"
223.190.86.209 - - [05/May/2026:18:03:15 +0000] "POST /xmlrpc.php HTTP/1.1" 503 18029 "-" "Jetpack/12.0; WordPress/6.2; http://site65055310.com"
223.190.86.209 - - [05/May/2026:18:03:26 +0000] "POST /xmlrpc.php HTTP/1.1" 503 18029 "-" "Jetpack by WordPress.com (Jetpack 12.5; WordPress 6.2)"
223.190.86.209 - - [05/May/2026:18:03:36 +0000] "POST /xmlrpc.php HTTP/1.1" 503 18029 "-" "Jetpack by WordPress.com (Jetpack 12.1; WordPress 6.4)"
223.190.86.209 - - [05/May/2026:18:03:47 +0000] "POST /xmlrpc.php HTTP/1.1" 503 18029 "-" "Jetpack/12.1; WordPress/6.1; http://site10500742.com"
223.190.86.209 - - [05/May/2026:18:03:57 +0000] "POST /xmlrpc.php HTTP/1.1" 503 18029 "-" "Jetpack/12.1; WordPress/6.2; http://site84772220.com"
223.190.86.209 - - [05/May/2026:18:04:08 +0000] "POST /xmlrpc.php HTTP/1.1" 503 18029 "-" "Jetpack by WordPress.com"
223.190.86.209 - - [05/May/2026:18:04:18 +0000] "POST /xmlrpc.php HTTP/1.1" 503 18029 "-" "Jetpack by WordPress.com (Jetpack 12.1; WordPress 6.1)"
223.190.86.209 - - [05/May/2026:18:04:29 +0000] "POST /xmlrpc.php HTTP/1.1" 503 18029 "-" "Jetpack by WordPress.com"
223.190.86.209 - - [05/May/2026:18:04:39 +0000] "POST /xmlrpc.php HTTP/1.1" 503 18029 "-" "Jetpack by WordPress.com (Jetpack 13.0; WordPress 6.1)"
223.190.86.209 - - [05/May/2026:18:04:50 +0000] "POST /xmlrpc.php HTTP/1.1" 503 18029 "-" "WordPress.com; https://wordpress.com"
223.190.86.209 - - [05/May/2026:18:05:00 +0000] "POST /xmlrpc.php HTTP/1.1" 503 18029 "-" "Jetpack by WordPress.com (Jetpack 13.0; WordPress 6.4)"
223.190.86.209 - - [05/May/2026:18:05:11 +0000] "POST /xmlrpc.php HTTP/1.1" 503 18029 "-" "Jetpack/12.1; WordPress/6.4; http://site84113962.com"
223.190.86.209 - - [05/May/2026:18:05:21 +0000] "POST /xmlrpc.php HTTP/1.1" 503 18029 "-" "Jetpack/12.5; WordPress/6.4; http://site88733917.com"
223.190.86.209 - - [05/May/2026:18:05:31 +0000] "POST /xmlrpc.php HTTP/1.1" 503 18029 "-" "Jetpack/12.0; WordPress/6.3; http://site94362698.com"
223.190.86.209 - - [05/May/2026:18:05:42 +0000] "POST /xmlrpc.php HTTP/1.1" 503 18029 "-" "Jetpack by WordPress.com"
223.190.86.209 - - [05/May/2026:18:05:53 +0000] "POST /xmlrpc.php HTTP/1.1" 503 18029 "-" "Jetpack by WordPress.com (Jetpack 12.0; WordPress 6.1)"
223.190.86.209 - - [05/May/2026:18:06:03 +0000] "POST /xmlrpc.php HTTP/1.1" 503 18029 "-" "Jetpack/12.5; WordPress/6.4; http://site30627037.com"
223.190.86.209 - - [05/May/2026:18:06:13 +0000] "POST /xmlrpc.php HTTP/1.1" 503 18029 "-" "Jetpack/12.0; WordPress/6.4; http://site75223069.com"
20.123.172.228 - - [05/May/2026:18:07:48 +0000] "POST /wp-cron.php?doing_wp_cron=1778004468.3970720767974853515625 HTTP/1.1" 200 - "-" "WordPress/6.9.4; https://nipponia.com"
173.249.47.88 - - [05/May/2026:18:07:45 +0000] "GET /wp-login.php HTTP/1.1" 200 1970 "-" "Mozilla/5.0 (X11; Linux x86_64) AppleWebKit/537.36 (KHTML, like Gecko) Chrome/65.0.3325.162 Safari/537.36"
20.123.172.228 - - [05/May/2026:18:07:46 +0000] "POST /?wordfence_syncAttackData=1778004466.8745 HTTP/1.1" 200 - "-" "WordPress/6.9.4; https://nipponia.com"
173.249.47.88 - - [05/May/2026:18:07:48 +0000] "POST /wp-login.php HTTP/1.1" 503 7312 "https://nipponia.com/wp-login.php" "Mozilla/5.0 (X11; Linux x86_64) AppleWebKit/537.36 (KHTML, like Gecko) Chrome/65.0.3325.162 Safari/537.36"
20.123.172.228 - - [05/May/2026:18:16:03 +0000] "POST /wp-cron.php?doing_wp_cron=1778004963.0778369903564453125000 HTTP/1.1" 200 - "-" "WordPress/6.9.4; https://nipponia.com"
164.92.150.15 - - [05/May/2026:18:16:00 +0000] "GET /wp-login.php HTTP/1.1" 200 1970 "-" "Mozilla/5.0 (Windows NT 6.1; Win64; x64) AppleWebKit/537.36 (KHTML, like Gecko) Chrome/65.0.3325.181 Safari/537.36 OPR/52.0.2871.99"
164.92.150.15 - - [05/May/2026:18:16:03 +0000] "POST /wp-login.php HTTP/1.1" 503 7312 "https://nipponia.com/wp-login.php" "Mozilla/5.0 (Windows NT 6.1; Win64; x64) AppleWebKit/537.36 (KHTML, like Gecko) Chrome/65.0.3325.181 Safari/537.36 OPR/52.0.2871.99"
91.98.204.37 - - [05/May/2026:18:22:29 +0000] "POST /xmlrpc.php HTTP/1.1" 503 7312 "-" "Mozilla/4.0 (compatible; MSIE 7.0; Windows NT 6.1; WOW64; Trident/7.0; SLCC2; .NET CLR 2.0.50727; .NET CLR 3.5.30729; .NET CLR 3.0.30729; Media Center PC 6.0; .NET4.0C; .NET4.0E; .NET CLR 1.1.4322)"
20.123.172.228 - - [05/May/2026:18:24:05 +0000] "POST /wp-cron.php?doing_wp_cron=1778005445.3173630237579345703125 HTTP/1.1" 200 - "-" "WordPress/6.9.4; https://nipponia.com"
185.253.44.28 - - [05/May/2026:18:24:03 +0000] "GET /wp-login.php HTTP/1.1" 200 1970 "-" "Mozilla/5.0 (Windows NT 10.0; WOW64) AppleWebKit/537.36 (KHTML, like Gecko) Chrome/64.0.3282.186 Safari/537.36 OPR/51.0.2830.55"
185.253.44.28 - - [05/May/2026:18:24:05 +0000] "POST /wp-login.php HTTP/1.1" 503 7312 "https://nipponia.com/wp-login.php" "Mozilla/5.0 (Windows NT 10.0; WOW64) AppleWebKit/537.36 (KHTML, like Gecko) Chrome/64.0.3282.186 Safari/537.36 OPR/51.0.2830.55"
20.123.172.228 - - [05/May/2026:18:30:48 +0000] "POST /wp-cron.php?doing_wp_cron=1778005848.3717179298400878906250 HTTP/1.1" 200 - "-" "WordPress/6.9.4; https://nipponia.com"
79.133.41.165 - - [05/May/2026:18:30:45 +0000] "POST /xmlrpc.php HTTP/1.1" 503 7312 "-" "Mozilla/5.0 (Macintosh; Intel Mac OS X 10_10_5) AppleWebKit/602.3.12 (KHTML, like Gecko) Version/10.0.2 Safari/602.3.12"
20.123.172.228 - - [05/May/2026:18:37:23 +0000] "POST /wp-cron.php?doing_wp_cron=1778006243.0537469387054443359375 HTTP/1.1" 200 - "-" "WordPress/6.9.4; https://nipponia.com"
200.88.67.92 - - [05/May/2026:18:37:20 +0000] "POST /AutoDiscover/autodiscover.xml HTTP/1.1" 404 10160 "-" "Microsoft Office/16.0 (Windows NT 10.0; Microsoft Word 16.0.19929; Pro)"
110.249.201.175 - - [05/May/2026:18:37:21 +0000] "GET /nipponia-global-footprint/ HTTP/1.1" 200 11260 "-" "Mozilla/5.0 (Linux; Android 5.0) AppleWebKit/537.36 (KHTML, like Gecko) Mobile Safari/537.36 (compatible; Bytespider; https://zhanzhang.toutiao.com/)"
110.249.201.175 - - [05/May/2026:18:37:24 +0000] "GET /wp-content/plugins/elementor/assets/lib/font-awesome/css/solid.min.css?ver=5.15.3 HTTP/1.1" 200 309 "https://nipponia.com/nipponia-global-footprint/" "Mozilla/5.0 (Linux; Android 5.0) AppleWebKit/537.36 (KHTML, like Gecko) Mobile Safari/537.36 (compatible; Bytespider; https://zhanzhang.toutiao.com/)"
110.249.201.175 - - [05/May/2026:18:37:24 +0000] "GET /wp-content/plugins/elementor/assets/css/widget-icon-list.min.css HTTP/1.1" 200 941 "https://nipponia.com/nipponia-global-footprint/" "Mozilla/5.0 (Linux; Android 5.0) AppleWebKit/537.36 (KHTML, like Gecko) Mobile Safari/537.36 (compatible; Bytespider; https://zhanzhang.toutiao.com/)"
110.249.201.175 - - [05/May/2026:18:37:25 +0000] "GET /wp-content/plugins/elementor-pro/assets/lib/smartmenus/jquery.smartmenus.min.js?ver=1.0.1 HTTP/1.1" 200 7157 "https://nipponia.com/nipponia-global-footprint/" "Mozilla/5.0 (Linux; Android 5.0) AppleWebKit/537.36 (KHTML, like Gecko) Mobile Safari/537.36 (compatible; Bytespider; https://zhanzhang.toutiao.com/)"
110.249.201.243 - - [05/May/2026:18:37:25 +0000] "GET /wp-content/plugins/elementor/assets/js/webpack.runtime.min.js?ver=3.10.1 HTTP/1.1" 200 2225 "https://nipponia.com/nipponia-global-footprint/" "Mozilla/5.0 (Linux; Android 5.0) AppleWebKit/537.36 (KHTML, like Gecko) Mobile Safari/537.36 (compatible; Bytespider; https://zhanzhang.toutiao.com/)"
20.123.172.228 - - [05/May/2026:18:39:02 +0000] "POST /wp-cron.php?doing_wp_cron=1778006342.4321920871734619140625 HTTP/1.1" 200 - "-" "WordPress/6.9.4; https://nipponia.com"
111.225.149.179 - - [05/May/2026:18:38:59 +0000] "GET /company-profile/ HTTP/1.1" 200 11420 "-" "Mozilla/5.0 (Linux; Android 5.0) AppleWebKit/537.36 (KHTML, like Gecko) Mobile Safari/537.36 (compatible; Bytespider; https://zhanzhang.toutiao.com/)"
135.236.141.8 - - [05/May/2026:18:39:30 +0000] "POST /xmlrpc.php HTTP/1.1" 503 7313 "-" "Mozilla/5.0 (Windows NT 6.3; Win64; x64; Trident/7.0; rv:11.0) like Gecko"
20.123.172.228 - - [05/May/2026:18:40:18 +0000] "POST /wp-cron.php?doing_wp_cron=1778006418.7713871002197265625000 HTTP/1.1" 200 - "-" "WordPress/6.9.4; https://nipponia.com"
89.105.216.247 - - [05/May/2026:18:40:17 +0000] "GET /wp-login.php HTTP/1.1" 200 1970 "-" "Mozilla/5.0 (X11; Linux x86_64) AppleWebKit/537.36 (KHTML, like Gecko) Chrome/66.0.3359.158 Safari/537.36"
89.105.216.247 - - [05/May/2026:18:40:19 +0000] "POST /wp-login.php HTTP/1.1" 503 7312 "https://nipponia.com/wp-login.php" "Mozilla/5.0 (X11; Linux x86_64) AppleWebKit/537.36 (KHTML, like Gecko) Chrome/66.0.3359.158 Safari/537.36"
20.123.172.228 - - [05/May/2026:18:48:08 +0000] "POST /wp-cron.php?doing_wp_cron=1778006888.4414489269256591796875 HTTP/1.1" 200 - "-" "WordPress/6.9.4; https://nipponia.com"
67.222.24.114 - - [05/May/2026:18:48:06 +0000] "POST /xmlrpc.php HTTP/1.1" 503 7312 "-" "Mozilla/5.0 (Windows NT 6.3; Win64; x64; Trident/7.0; Touch; ASU2JS; rv:11.0) like Gecko"
20.123.172.228 - - [05/May/2026:18:48:53 +0000] "POST /wp-cron.php?doing_wp_cron=1778006933.2123870849609375000000 HTTP/1.1" 200 - "-" "WordPress/6.9.4; https://nipponia.com"
20.239.192.136 - - [05/May/2026:18:48:50 +0000] "GET /1.php HTTP/1.1" 404 10742 "-" "Mozilla/5.0 (Windows NT 10.0; Win64; x64) AppleWebKit/537.36 (KHTML, like Gecko) Chrome/120.0.0.0 Safari/537.36"
20.239.192.136 - - [05/May/2026:18:48:53 +0000] "GET /wp.php HTTP/1.1" 404 10742 "-" "Mozilla/5.0 (Windows NT 10.0; Win64; x64) AppleWebKit/537.36 (KHTML, like Gecko) Chrome/120.0.0.0 Safari/537.36"
20.239.192.136 - - [05/May/2026:18:48:56 +0000] "GET /wp-content/uploads/ HTTP/1.1" 404 10742 "-" "Mozilla/5.0 (Windows NT 10.0; Win64; x64) AppleWebKit/537.36 (KHTML, like Gecko) Chrome/120.0.0.0 Safari/537.36"
20.239.192.136 - - [05/May/2026:18:48:58 +0000] "GET /admin.php HTTP/1.1" 404 10742 "-" "Mozilla/5.0 (Windows NT 10.0; Win64; x64) AppleWebKit/537.36 (KHTML, like Gecko) Chrome/120.0.0.0 Safari/537.36"
20.239.192.136 - - [05/May/2026:18:49:00 +0000] "GET /wp-includes/Requests/library/ HTTP/1.1" 404 10742 "-" "Mozilla/5.0 (Windows NT 10.0; Win64; x64) AppleWebKit/537.36 (KHTML, like Gecko) Chrome/120.0.0.0 Safari/537.36"
20.239.192.136 - - [05/May/2026:18:49:03 +0000] "GET /wp-includes/rest-api/ HTTP/1.1" 404 10742 "-" "Mozilla/5.0 (Windows NT 10.0; Win64; x64) AppleWebKit/537.36 (KHTML, like Gecko) Chrome/120.0.0.0 Safari/537.36"
20.239.192.136 - - [05/May/2026:18:49:05 +0000] "GET /wp-content/uploads/2024/ HTTP/1.1" 404 10742 "-" "Mozilla/5.0 (Windows NT 10.0; Win64; x64) AppleWebKit/537.36 (KHTML, like Gecko) Chrome/120.0.0.0 Safari/537.36"
20.239.192.136 - - [05/May/2026:18:49:07 +0000] "GET /wp-admin/css/colors/modern/ HTTP/1.1" 404 10742 "-" "Mozilla/5.0 (Windows NT 10.0; Win64; x64) AppleWebKit/537.36 (KHTML, like Gecko) Chrome/120.0.0.0 Safari/537.36"
20.239.192.136 - - [05/May/2026:18:49:10 +0000] "GET /wp-includes/PHPMailer/ HTTP/1.1" 404 10742 "-" "Mozilla/5.0 (Windows NT 10.0; Win64; x64) AppleWebKit/537.36 (KHTML, like Gecko) Chrome/120.0.0.0 Safari/537.36"
20.239.192.136 - - [05/May/2026:18:49:12 +0000] "GET /inputs.php HTTP/1.1" 404 10742 "-" "Mozilla/5.0 (Windows NT 10.0; Win64; x64) AppleWebKit/537.36 (KHTML, like Gecko) Chrome/120.0.0.0 Safari/537.36"
20.239.192.136 - - [05/May/2026:18:49:14 +0000] "GET /wp-admin/images/index.php HTTP/1.1" 301 - "-" "Mozilla/5.0 (Windows NT 10.0; Win64; x64) AppleWebKit/537.36 (KHTML, like Gecko) Chrome/120.0.0.0 Safari/537.36"
20.239.192.136 - - [05/May/2026:18:49:16 +0000] "GET /404.php HTTP/1.1" 404 10742 "-" "Mozilla/5.0 (Windows NT 10.0; Win64; x64) AppleWebKit/537.36 (KHTML, like Gecko) Chrome/120.0.0.0 Safari/537.36"
20.239.192.136 - - [05/May/2026:18:49:18 +0000] "GET /about.php HTTP/1.1" 404 10742 "-" "Mozilla/5.0 (Windows NT 10.0; Win64; x64) AppleWebKit/537.36 (KHTML, like Gecko) Chrome/120.0.0.0 Safari/537.36"
20.239.192.136 - - [05/May/2026:18:49:21 +0000] "GET /wp-content/plugins/index.php HTTP/1.1" 200 - "-" "Mozilla/5.0 (Windows NT 10.0; Win64; x64) AppleWebKit/537.36 (KHTML, like Gecko) Chrome/120.0.0.0 Safari/537.36"
20.239.192.136 - - [05/May/2026:18:49:21 +0000] "GET /wp-content/index.php HTTP/1.1" 200 - "-" "Mozilla/5.0 (Windows NT 10.0; Win64; x64) AppleWebKit/537.36 (KHTML, like Gecko) Chrome/120.0.0.0 Safari/537.36"
20.239.192.136 - - [05/May/2026:18:49:21 +0000] "GET /wp-admin/css/colors/ectoplasm/ HTTP/1.1" 404 10742 "-" "Mozilla/5.0 (Windows NT 10.0; Win64; x64) AppleWebKit/537.36 (KHTML, like Gecko) Chrome/120.0.0.0 Safari/537.36"
20.239.192.136 - - [05/May/2026:18:49:24 +0000] "GET /wp-includes/images/crystal/ HTTP/1.1" 404 10742 "-" "Mozilla/5.0 (Windows NT 10.0; Win64; x64) AppleWebKit/537.36 (KHTML, like Gecko) Chrome/120.0.0.0 Safari/537.36"
20.239.192.136 - - [05/May/2026:18:49:26 +0000] "GET /wp-includes/rest-api/fields/ HTTP/1.1" 404 10742 "-" "Mozilla/5.0 (Windows NT 10.0; Win64; x64) AppleWebKit/537.36 (KHTML, like Gecko) Chrome/120.0.0.0 Safari/537.36"
20.239.192.136 - - [05/May/2026:18:49:29 +0000] "GET /ioxi-o.php HTTP/1.1" 404 10742 "-" "Mozilla/5.0 (Windows NT 10.0; Win64; x64) AppleWebKit/537.36 (KHTML, like Gecko) Chrome/120.0.0.0 Safari/537.36"
20.239.192.136 - - [05/May/2026:18:49:31 +0000] "GET /wp-admin/css/index.php HTTP/1.1" 301 - "-" "Mozilla/5.0 (Windows NT 10.0; Win64; x64) AppleWebKit/537.36 (KHTML, like Gecko) Chrome/120.0.0.0 Safari/537.36"
20.239.192.136 - - [05/May/2026:18:49:33 +0000] "GET /wp-content/admin.php HTTP/1.1" 404 10742 "-" "Mozilla/5.0 (Windows NT 10.0; Win64; x64) AppleWebKit/537.36 (KHTML, like Gecko) Chrome/120.0.0.0 Safari/537.36"
20.239.192.136 - - [05/May/2026:18:49:35 +0000] "GET /adminfuns.php HTTP/1.1" 404 10742 "-" "Mozilla/5.0 (Windows NT 10.0; Win64; x64) AppleWebKit/537.36 (KHTML, like Gecko) Chrome/120.0.0.0 Safari/537.36"
20.239.192.136 - - [05/May/2026:18:49:37 +0000] "GET /wp-cron.php HTTP/1.1" 200 - "-" "Mozilla/5.0 (Windows NT 10.0; Win64; x64) AppleWebKit/537.36 (KHTML, like Gecko) Chrome/120.0.0.0 Safari/537.36"
20.239.192.136 - - [05/May/2026:18:49:38 +0000] "GET /wp-admin/network/index.php HTTP/1.1" 302 - "-" "Mozilla/5.0 (Windows NT 10.0; Win64; x64) AppleWebKit/537.36 (KHTML, like Gecko) Chrome/120.0.0.0 Safari/537.36"
20.239.192.136 - - [05/May/2026:18:49:39 +0000] "GET /file.php HTTP/1.1" 404 10742 "-" "Mozilla/5.0 (Windows NT 10.0; Win64; x64) AppleWebKit/537.36 (KHTML, like Gecko) Chrome/120.0.0.0 Safari/537.36"
20.239.192.136 - - [05/May/2026:18:49:42 +0000] "GET /wp-includes/block-supports/ HTTP/1.1" 404 10742 "-" "Mozilla/5.0 (Windows NT 10.0; Win64; x64) AppleWebKit/537.36 (KHTML, like Gecko) Chrome/120.0.0.0 Safari/537.36"
20.123.172.228 - - [05/May/2026:18:49:46 +0000] "POST /wp-cron.php?doing_wp_cron=1778006986.7592110633850097656250 HTTP/1.1" 200 - "-" "WordPress/6.9.4; https://nipponia.com"
20.239.192.136 - - [05/May/2026:18:49:44 +0000] "GET /wp-content/edit.php HTTP/1.1" 404 10742 "-" "Mozilla/5.0 (Windows NT 10.0; Win64; x64) AppleWebKit/537.36 (KHTML, like Gecko) Chrome/120.0.0.0 Safari/537.36"
20.239.192.136 - - [05/May/2026:18:49:47 +0000] "GET /wk/index.php HTTP/1.1" 301 - "-" "Mozilla/5.0 (Windows NT 10.0; Win64; x64) AppleWebKit/537.36 (KHTML, like Gecko) Chrome/120.0.0.0 Safari/537.36"
20.239.192.136 - - [05/May/2026:18:49:48 +0000] "GET /wp-content/plugins/WordPressCore/ HTTP/1.1" 404 10742 "-" "Mozilla/5.0 (Windows NT 10.0; Win64; x64) AppleWebKit/537.36 (KHTML, like Gecko) Chrome/120.0.0.0 Safari/537.36"
20.239.192.136 - - [05/May/2026:18:49:51 +0000] "GET /wp-includes/blocks/block/ HTTP/1.1" 404 10742 "-" "Mozilla/5.0 (Windows NT 10.0; Win64; x64) AppleWebKit/537.36 (KHTML, like Gecko) Chrome/120.0.0.0 Safari/537.36"
20.239.192.136 - - [05/May/2026:18:49:53 +0000] "GET /classwithtostring.php HTTP/1.1" 404 10742 "-" "Mozilla/5.0 (Windows NT 10.0; Win64; x64) AppleWebKit/537.36 (KHTML, like Gecko) Chrome/120.0.0.0 Safari/537.36"
20.239.192.136 - - [05/May/2026:18:49:56 +0000] "GET /css/index.php HTTP/1.1" 301 - "-" "Mozilla/5.0 (Windows NT 10.0; Win64; x64) AppleWebKit/537.36 (KHTML, like Gecko) Chrome/120.0.0.0 Safari/537.36"
20.239.192.136 - - [05/May/2026:18:49:57 +0000] "GET /wp-file.php HTTP/1.1" 404 10742 "-" "Mozilla/5.0 (Windows NT 10.0; Win64; x64) AppleWebKit/537.36 (KHTML, like Gecko) Chrome/120.0.0.0 Safari/537.36"
20.239.192.136 - - [05/May/2026:18:50:00 +0000] "GET /wp-admin.php HTTP/1.1" 404 10742 "-" "Mozilla/5.0 (Windows NT 10.0; Win64; x64) AppleWebKit/537.36 (KHTML, like Gecko) Chrome/120.0.0.0 Safari/537.36"
20.239.192.136 - - [05/May/2026:18:50:02 +0000] "GET /wp-content/uploads/wp-login.php HTTP/1.1" 404 10742 "-" "Mozilla/5.0 (Windows NT 10.0; Win64; x64) AppleWebKit/537.36 (KHTML, like Gecko) Chrome/120.0.0.0 Safari/537.36"
20.239.192.136 - - [05/May/2026:18:50:04 +0000] "GET /as.php HTTP/1.1" 404 10742 "-" "Mozilla/5.0 (Windows NT 10.0; Win64; x64) AppleWebKit/537.36 (KHTML, like Gecko) Chrome/120.0.0.0 Safari/537.36"
20.239.192.136 - - [05/May/2026:18:50:07 +0000] "GET /wp-admin/js/ HTTP/1.1" 404 10742 "-" "Mozilla/5.0 (Windows NT 10.0; Win64; x64) AppleWebKit/537.36 (KHTML, like Gecko) Chrome/120.0.0.0 Safari/537.36"
20.239.192.136 - - [05/May/2026:18:50:09 +0000] "GET /wp-admin/js/widgets/ HTTP/1.1" 404 10742 "-" "Mozilla/5.0 (Windows NT 10.0; Win64; x64) AppleWebKit/537.36 (KHTML, like Gecko) Chrome/120.0.0.0 Safari/537.36"
20.239.192.136 - - [05/May/2026:18:50:11 +0000] "GET /test1.php HTTP/1.1" 404 10742 "-" "Mozilla/5.0 (Windows NT 10.0; Win64; x64) AppleWebKit/537.36 (KHTML, like Gecko) Chrome/120.0.0.0 Safari/537.36"
20.239.192.136 - - [05/May/2026:18:50:14 +0000] "GET /images/index.php HTTP/1.1" 301 - "-" "Mozilla/5.0 (Windows NT 10.0; Win64; x64) AppleWebKit/537.36 (KHTML, like Gecko) Chrome/120.0.0.0 Safari/537.36"
20.239.192.136 - - [05/May/2026:18:50:16 +0000] "GET /wp-includes/html-api/ HTTP/1.1" 404 10742 "-" "Mozilla/5.0 (Windows NT 10.0; Win64; x64) AppleWebKit/537.36 (KHTML, like Gecko) Chrome/120.0.0.0 Safari/537.36"
20.239.192.136 - - [05/May/2026:18:50:18 +0000] "GET /wp-includes/js/index.php HTTP/1.1" 301 - "-" "Mozilla/5.0 (Windows NT 10.0; Win64; x64) AppleWebKit/537.36 (KHTML, like Gecko) Chrome/120.0.0.0 Safari/537.36"
20.239.192.136 - - [05/May/2026:18:50:20 +0000] "GET /wp-admin/js/index.php HTTP/1.1" 301 - "-" "Mozilla/5.0 (Windows NT 10.0; Win64; x64) AppleWebKit/537.36 (KHTML, like Gecko) Chrome/120.0.0.0 Safari/537.36"
20.239.192.136 - - [05/May/2026:18:50:21 +0000] "GET /wp-content/1.php HTTP/1.1" 404 10742 "-" "Mozilla/5.0 (Windows NT 10.0; Win64; x64) AppleWebKit/537.36 (KHTML, like Gecko) Chrome/120.0.0.0 Safari/537.36"
20.239.192.136 - - [05/May/2026:18:50:24 +0000] "GET /wp-admin/images/ HTTP/1.1" 404 10742 "-" "Mozilla/5.0 (Windows NT 10.0; Win64; x64) AppleWebKit/537.36 (KHTML, like Gecko) Chrome/120.0.0.0 Safari/537.36"
103.28.36.220 - - [05/May/2026:18:50:26 +0000] "GET /wp-login.php HTTP/1.1" 200 1970 "-" "Mozilla/5.0 (Macintosh; Intel Mac OS X 10_9_5) AppleWebKit/537.36 (KHTML, like Gecko) Chrome/66.0.3359.117 Safari/537.36"
20.239.192.136 - - [05/May/2026:18:50:26 +0000] "GET /222.php HTTP/1.1" 404 10742 "-" "Mozilla/5.0 (Windows NT 10.0; Win64; x64) AppleWebKit/537.36 (KHTML, like Gecko) Chrome/120.0.0.0 Safari/537.36"
20.123.172.228 - - [05/May/2026:18:50:30 +0000] "POST /wp-cron.php?doing_wp_cron=1778007030.4883339405059814453125 HTTP/1.1" 200 - "-" "WordPress/6.9.4; https://nipponia.com"
103.28.36.220 - - [05/May/2026:18:50:28 +0000] "POST /wp-login.php HTTP/1.1" 503 7312 "https://nipponia.com/wp-login.php" "Mozilla/5.0 (Macintosh; Intel Mac OS X 10_9_5) AppleWebKit/537.36 (KHTML, like Gecko) Chrome/66.0.3359.117 Safari/537.36"
20.239.192.136 - - [05/May/2026:18:50:29 +0000] "GET /wp-includes/SimplePie/about.php HTTP/1.1" 404 10742 "-" "Mozilla/5.0 (Windows NT 10.0; Win64; x64) AppleWebKit/537.36 (KHTML, like Gecko) Chrome/120.0.0.0 Safari/537.36"
20.239.192.136 - - [05/May/2026:18:50:31 +0000] "GET /themes.php HTTP/1.1" 404 10742 "-" "Mozilla/5.0 (Windows NT 10.0; Win64; x64) AppleWebKit/537.36 (KHTML, like Gecko) Chrome/120.0.0.0 Safari/537.36"
20.239.192.136 - - [05/May/2026:18:50:33 +0000] "GET /wp-content/themes/admin.php HTTP/1.1" 404 10742 "-" "Mozilla/5.0 (Windows NT 10.0; Win64; x64) AppleWebKit/537.36 (KHTML, like Gecko) Chrome/120.0.0.0 Safari/537.36"
20.239.192.136 - - [05/May/2026:18:50:36 +0000] "GET /sf.php HTTP/1.1" 404 10742 "-" "Mozilla/5.0 (Windows NT 10.0; Win64; x64) AppleWebKit/537.36 (KHTML, like Gecko) Chrome/120.0.0.0 Safari/537.36"
20.239.192.136 - - [05/May/2026:18:50:38 +0000] "GET /wp-includes/index.php HTTP/1.1" 301 - "-" "Mozilla/5.0 (Windows NT 10.0; Win64; x64) AppleWebKit/537.36 (KHTML, like Gecko) Chrome/120.0.0.0 Safari/537.36"
20.239.192.136 - - [05/May/2026:18:50:40 +0000] "GET /wp-admin/user/index.php HTTP/1.1" 302 - "-" "Mozilla/5.0 (Windows NT 10.0; Win64; x64) AppleWebKit/537.36 (KHTML, like Gecko) Chrome/120.0.0.0 Safari/537.36"
20.239.192.136 - - [05/May/2026:18:50:42 +0000] "GET /wp-content/themes/index.php HTTP/1.1" 200 - "-" "Mozilla/5.0 (Windows NT 10.0; Win64; x64) AppleWebKit/537.36 (KHTML, like Gecko) Chrome/120.0.0.0 Safari/537.36"
20.239.192.136 - - [05/May/2026:18:50:42 +0000] "GET /buy.php HTTP/1.1" 404 10742 "-" "Mozilla/5.0 (Windows NT 10.0; Win64; x64) AppleWebKit/537.36 (KHTML, like Gecko) Chrome/120.0.0.0 Safari/537.36"
20.239.192.136 - - [05/May/2026:18:50:44 +0000] "GET /wp-includes/block-bindings/ HTTP/1.1" 404 10742 "-" "Mozilla/5.0 (Windows NT 10.0; Win64; x64) AppleWebKit/537.36 (KHTML, like Gecko) Chrome/120.0.0.0 Safari/537.36"
20.239.192.136 - - [05/May/2026:18:50:48 +0000] "GET /atomlib.php HTTP/1.1" 404 10742 "-" "Mozilla/5.0 (Windows NT 10.0; Win64; x64) AppleWebKit/537.36 (KHTML, like Gecko) Chrome/120.0.0.0 Safari/537.36"
20.239.192.136 - - [05/May/2026:18:50:50 +0000] "GET /wp-content/et-cache/ HTTP/1.1" 404 10742 "-" "Mozilla/5.0 (Windows NT 10.0; Win64; x64) AppleWebKit/537.36 (KHTML, like Gecko) Chrome/120.0.0.0 Safari/537.36"
20.239.192.136 - - [05/May/2026:18:50:52 +0000] "GET /wp-content/uploads/admin.php HTTP/1.1" 404 10742 "-" "Mozilla/5.0 (Windows NT 10.0; Win64; x64) AppleWebKit/537.36 (KHTML, like Gecko) Chrome/120.0.0.0 Safari/537.36"
20.239.192.136 - - [05/May/2026:18:50:55 +0000] "GET /wp-admin/file.php HTTP/1.1" 404 10742 "-" "Mozilla/5.0 (Windows NT 10.0; Win64; x64) AppleWebKit/537.36 (KHTML, like Gecko) Chrome/120.0.0.0 Safari/537.36"
20.239.192.136 - - [05/May/2026:18:50:57 +0000] "GET /wp-trackback.php HTTP/1.1" 404 130 "-" "Mozilla/5.0 (Windows NT 10.0; Win64; x64) AppleWebKit/537.36 (KHTML, like Gecko) Chrome/120.0.0.0 Safari/537.36"
20.239.192.136 - - [05/May/2026:18:50:59 +0000] "GET /wso.php HTTP/1.1" 404 10742 "-" "Mozilla/5.0 (Windows NT 10.0; Win64; x64) AppleWebKit/537.36 (KHTML, like Gecko) Chrome/120.0.0.0 Safari/537.36"
20.239.192.136 - - [05/May/2026:18:51:01 +0000] "GET /wp-corn-sample.php HTTP/1.1" 404 10742 "-" "Mozilla/5.0 (Windows NT 10.0; Win64; x64) AppleWebKit/537.36 (KHTML, like Gecko) Chrome/120.0.0.0 Safari/537.36"
168.187.5.210 - - [05/May/2026:18:57:26 +0000] "POST /xmlrpc.php HTTP/1.1" 503 7312 "-" "Mozilla/5.0 (Windows NT 6.1; WOW64; Trident/7.0; LCJB; rv:11.0) like Gecko"
20.123.172.228 - - [05/May/2026:18:58:30 +0000] "POST /wp-cron.php?doing_wp_cron=1778007510.1110749244689941406250 HTTP/1.1" 200 - "-" "WordPress/6.9.4; https://nipponia.com"
5.189.189.33 - - [05/May/2026:18:58:28 +0000] "GET /wp-login.php HTTP/1.1" 200 1970 "-" "Mozilla/5.0 (Windows NT 6.1) AppleWebKit/537.36 (KHTML, like Gecko) Chrome/66.0.3359.117 Safari/537.36"
5.189.189.33 - - [05/May/2026:18:58:30 +0000] "POST /wp-login.php HTTP/1.1" 503 7313 "https://nipponia.com/wp-login.php" "Mozilla/5.0 (Windows NT 6.1) AppleWebKit/537.36 (KHTML, like Gecko) Chrome/66.0.3359.117 Safari/537.36"
20.123.172.228 - - [05/May/2026:20:04:16 +0000] "POST /wp-cron.php?doing_wp_cron=1778011455.9911670684814453125000 HTTP/1.1" 200 - "-" "WordPress/6.9.4; https://nipponia.com"
79.107.27.66 - - [05/May/2026:20:04:01 +0000] "GET / HTTP/1.1" 200 15317 "-" "Mozilla/5.0 (Windows NT 10.0; Win64; x64) AppleWebKit/537.36 (KHTML, like Gecko) Chrome/147.0.0.0 Safari/537.36"
13.36.247.216 - - [05/May/2026:20:04:17 +0000] "GET /wp-login.php HTTP/1.1" 200 1970 "-" "Mozilla/5.0 (Windows NT 6.0; Win64; x64) AppleWebKit/537.36 (KHTML, like Gecko) Chrome/66.0.3359.117 Safari/537.36"
13.36.247.216 - - [05/May/2026:20:04:18 +0000] "POST /wp-login.php HTTP/1.1" 503 7312 "https://nipponia.com/wp-login.php" "Mozilla/5.0 (Windows NT 6.0; Win64; x64) AppleWebKit/537.36 (KHTML, like Gecko) Chrome/66.0.3359.117 Safari/537.36"
79.107.27.66 - - [05/May/2026:20:05:09 +0000] "GET /wp-content/uploads/2023/01/eccitymp4.mp4 HTTP/1.1" 206 2044189 "https://nipponia.com/" "Mozilla/5.0 (Windows NT 10.0; Win64; x64) AppleWebKit/537.36 (KHTML, like Gecko) Chrome/147.0.0.0 Safari/537.36"
