157.230.39.14 - - [06/May/2026:01:43:07 +0000] "GET /wp-admin/edit.php HTTP/1.1" 302 - "https://nipponia.com/wp-login.php" "Mozilla/5.0 (Windows NT 10.0; Win64; x64) Gecko/20100101 Firefox/118.0.2"
157.230.39.14 - - [06/May/2026:01:43:38 +0000] "GET /wp-admin/plugins.php HTTP/1.1" 302 - "https://nipponia.com/wp-login.php" "Mozilla/5.0 (Windows NT 10.0; Win64; x64) Gecko/20100101 Firefox/118.0.2"
78.142.18.172 - - [06/May/2026:01:43:39 +0000] "GET /wp-login.php HTTP/1.1" 200 1968 "-" "Mozilla/5.0 (Windows NT 6.3; Win64; x64) AppleWebKit/537.36 (KHTML, like Gecko) Chrome/58.0.3029.110 Safari/537.36 Edge/16.16299"
20.123.172.228 - - [06/May/2026:01:44:04 +0000] "POST /wp-cron.php?doing_wp_cron=1778031844.1410150527954101562500 HTTP/1.1" 200 - "-" "WordPress/6.9.4; https://nipponia.com"
20.123.172.228 - - [06/May/2026:01:44:07 +0000] "POST /wp-cron.php?doing_wp_cron=1778031847.8451869487762451171875 HTTP/1.1" 200 - "-" "WordPress/6.9.4; https://nipponia.com"
157.230.39.14 - - [06/May/2026:01:43:21 +0000] "GET /wp-admin/plugins.php HTTP/1.1" 302 - "https://nipponia.com/wp-login.php" "Mozilla/5.0 (Windows NT 10.0; Win64; x64) Gecko/20100101 Firefox/118.0.2"
157.230.39.14 - - [06/May/2026:01:43:52 +0000] "POST /wp-login.php HTTP/1.1" 503 7314 "https://nipponia.com/wp-login.php" "Mozilla/5.0 (X11; Linux x86_64) AppleWebKit/537.36 (KHTML, like Gecko) Chrome/120.0.6099.130 Safari/537.36"
20.123.172.228 - - [06/May/2026:01:43:10 +0000] "POST /?wordfence_syncAttackData=1778031790.854 HTTP/1.1" 200 14709 "-" "WordPress/6.9.4; https://nipponia.com"
20.123.172.228 - - [06/May/2026:01:44:08 +0000] "POST /wp-cron.php?doing_wp_cron=1778031848.1471219062805175781250 HTTP/1.1" 200 - "-" "WordPress/6.9.4; https://nipponia.com"
20.123.172.228 - - [06/May/2026:01:44:14 +0000] "POST /wp-cron.php?doing_wp_cron=1778031854.2357630729675292968750 HTTP/1.1" 200 - "-" "WordPress/6.9.4; https://nipponia.com"
157.230.39.14 - - [06/May/2026:01:44:20 +0000] "POST /wp-login.php HTTP/1.1" 503 7112 "https://nipponia.com/wp-login.php" "Mozilla/5.0 (Windows NT 10.0; Win64; x64) AppleWebKit/537.36 (KHTML, like Gecko) Chrome/119.0.6045.159 Safari/537.36"
157.230.39.14 - - [06/May/2026:01:44:39 +0000] "GET /wp-admin/index.php HTTP/1.1" 503 7314 "https://nipponia.com/wp-login.php" "Mozilla/5.0 (Windows NT 10.0; Win64; x64) AppleWebKit/537.36 (KHTML, like Gecko) Chrome/119.0.6045.159 Safari/537.36"
20.123.172.228 - - [06/May/2026:01:48:03 +0000] "POST /wp-cron.php?doing_wp_cron=1778032082.9598140716552734375000 HTTP/1.1" 200 - "-" "WordPress/6.9.4; https://nipponia.com"
195.250.20.172 - - [06/May/2026:01:47:58 +0000] "POST /xmlrpc.php HTTP/1.1" 503 7314 "-" "Mozilla/5.0 (Windows NT 6.1; Win64; x64) AppleWebKit/537.36 (KHTML, like Gecko) Chrome/64.0.3282.168 Safari/537.36 OPR/51.0.2830.40"
20.123.172.228 - - [06/May/2026:01:51:27 +0000] "POST /wp-cron.php?doing_wp_cron=1778032286.9887568950653076171875 HTTP/1.1" 200 - "-" "WordPress/6.9.4; https://nipponia.com"
51.222.116.95 - - [06/May/2026:01:51:23 +0000] "GET /wp-login.php HTTP/1.1" 200 1968 "-" "Mozilla/5.0 (Windows NT 6.1; Win64; x64) AppleWebKit/537.36 (KHTML, like Gecko) Chrome/66.0.3359.181 Safari/537.36"
51.222.116.95 - - [06/May/2026:01:51:28 +0000] "POST /wp-login.php HTTP/1.1" 503 7314 "https://nipponia.com/wp-login.php" "Mozilla/5.0 (Windows NT 6.1; Win64; x64) AppleWebKit/537.36 (KHTML, like Gecko) Chrome/66.0.3359.181 Safari/537.36"
20.123.172.228 - - [06/May/2026:01:54:24 +0000] "POST /wp-cron.php?doing_wp_cron=1778032464.3214850425720214843750 HTTP/1.1" 200 - "-" "WordPress/6.9.4; https://nipponia.com"
157.230.39.14 - - [06/May/2026:01:54:20 +0000] "GET /wp-admin/index.php HTTP/1.1" 302 - "https://nipponia.com/wp-login.php" "Mozilla/5.0 (Windows NT 10.0; Win64; x64) AppleWebKit/537.36 (KHTML, like Gecko) Chrome/119.0.6045.159 Safari/537.36"
157.230.39.14 - - [06/May/2026:01:54:25 +0000] "GET /wp-login.php?redirect_to=https%3A%2F%2Fnipponia.com%2Fwp-admin%2Findex.php&reauth=1 HTTP/1.1" 200 1972 "https://nipponia.com/wp-login.php" "Mozilla/5.0 (Windows NT 10.0; Win64; x64) AppleWebKit/537.36 (KHTML, like Gecko) Chrome/119.0.6045.159 Safari/537.36"
157.230.39.14 - - [06/May/2026:01:54:30 +0000] "POST /wp-login.php HTTP/1.1" 503 7313 "https://nipponia.com/wp-login.php" "Mozilla/5.0 (Windows NT 10.0; Win64; x64) Gecko/20100101 Firefox/119.0.1"
157.230.39.14 - - [06/May/2026:01:54:46 +0000] "GET /wp-admin/index.php HTTP/1.1" 503 7314 "https://nipponia.com/wp-login.php" "Mozilla/5.0 (Windows NT 10.0; Win64; x64) Gecko/20100101 Firefox/119.0.1"
20.123.172.228 - - [06/May/2026:01:54:54 +0000] "POST /wp-cron.php?doing_wp_cron=1778032494.9241631031036376953125 HTTP/1.1" 200 - "-" "WordPress/6.9.4; https://nipponia.com"
78.142.18.172 - - [06/May/2026:01:54:50 +0000] "POST /xmlrpc.php HTTP/1.1" 503 7313 "-" "Mozilla/5.0 (Macintosh; Intel Mac OS X 10_10_5) AppleWebKit/600.8.9 (KHTML, like Gecko) Version/10.1.2 Safari/603.3.8"
20.123.172.228 - - [06/May/2026:01:59:17 +0000] "POST /wp-cron.php?doing_wp_cron=1778032757.3952839374542236328125 HTTP/1.1" 200 - "-" "WordPress/6.9.4; https://nipponia.com"
103.253.178.3 - - [06/May/2026:01:59:13 +0000] "GET /wp-login.php HTTP/1.1" 200 1968 "-" "Mozilla/5.0 (Windows NT 10.0; WOW64) AppleWebKit/537.36 (KHTML, like Gecko) Chrome/66.0.3359.170 Safari/537.36 OPR/53.0.2907.99"
103.253.178.3 - - [06/May/2026:01:59:19 +0000] "POST /wp-login.php HTTP/1.1" 503 7313 "https://nipponia.com/wp-login.php" "Mozilla/5.0 (Windows NT 10.0; WOW64) AppleWebKit/537.36 (KHTML, like Gecko) Chrome/66.0.3359.170 Safari/537.36 OPR/53.0.2907.99"
20.123.172.228 - - [06/May/2026:02:04:47 +0000] "POST /wp-cron.php?doing_wp_cron=1778033087.2298209667205810546875 HTTP/1.1" 200 - "-" "WordPress/6.9.4; https://nipponia.com"
157.230.39.14 - - [06/May/2026:02:04:43 +0000] "GET /wp-admin/index.php HTTP/1.1" 302 - "https://nipponia.com/wp-login.php" "Mozilla/5.0 (Windows NT 10.0; Win64; x64) Gecko/20100101 Firefox/119.0.1"
157.230.39.14 - - [06/May/2026:02:04:48 +0000] "GET /wp-login.php?redirect_to=https%3A%2F%2Fnipponia.com%2Fwp-admin%2Findex.php&reauth=1 HTTP/1.1" 200 1972 "https://nipponia.com/wp-login.php" "Mozilla/5.0 (Windows NT 10.0; Win64; x64) Gecko/20100101 Firefox/119.0.1"
157.230.39.14 - - [06/May/2026:02:04:53 +0000] "POST /wp-login.php HTTP/1.1" 503 7313 "https://nipponia.com/wp-login.php" "Mozilla/5.0 (Windows NT 10.0; Win64; x64) AppleWebKit/537.36 (KHTML, like Gecko) Chrome/121.0.6167.85 Safari/537.36"
157.230.39.14 - - [06/May/2026:02:05:11 +0000] "GET /wp-admin/index.php HTTP/1.1" 503 7314 "https://nipponia.com/wp-login.php" "Mozilla/5.0 (Windows NT 10.0; Win64; x64) AppleWebKit/537.36 (KHTML, like Gecko) Chrome/121.0.6167.85 Safari/537.36"
20.123.172.228 - - [06/May/2026:02:06:43 +0000] "POST /wp-cron.php?doing_wp_cron=1778033202.9877059459686279296875 HTTP/1.1" 200 - "-" "WordPress/6.9.4; https://nipponia.com"
50.6.224.46 - - [06/May/2026:02:06:38 +0000] "GET /wp-login.php HTTP/1.1" 200 1968 "-" "Mozilla/5.0 (Macintosh; Intel Mac OS X 10_11_6) AppleWebKit/537.36 (KHTML, like Gecko) Chrome/67.0.3396.62 Safari/537.36"
50.6.224.46 - - [06/May/2026:02:06:43 +0000] "POST /wp-login.php HTTP/1.1" 503 7313 "https://nipponia.com/wp-login.php" "Mozilla/5.0 (Macintosh; Intel Mac OS X 10_11_6) AppleWebKit/537.36 (KHTML, like Gecko) Chrome/67.0.3396.62 Safari/537.36"
20.123.172.228 - - [06/May/2026:02:08:34 +0000] "POST /wp-cron.php?doing_wp_cron=1778033313.9793770313262939453125 HTTP/1.1" 200 - "-" "WordPress/6.9.4; https://nipponia.com"
217.195.207.177 - - [06/May/2026:02:08:29 +0000] "POST /xmlrpc.php HTTP/1.1" 503 7314 "-" "Mozilla/5.0 (Macintosh; Intel Mac OS X 10_10_5) AppleWebKit/537.36 (KHTML, like Gecko) Chrome/65.0.3325.162 Safari/537.36"
20.123.172.228 - - [06/May/2026:02:10:56 +0000] "POST /wp-cron.php?doing_wp_cron=1778033456.3526799678802490234375 HTTP/1.1" 200 - "-" "WordPress/6.9.4; https://nipponia.com"
103.141.60.193 - - [06/May/2026:02:10:49 +0000] "GET / HTTP/1.1" 200 15314 "-" "Mozilla/5.0 (Macintosh; Intel Mac OS X 10_15_7) AppleWebKit/537.36 (KHTML, like Gecko) Chrome/146.0.0.0 Safari/537.36"
103.141.60.193 - - [06/May/2026:02:11:03 +0000] "GET /favicon.ico HTTP/1.1" 302 - "-" "Mozilla/5.0 (Macintosh; Intel Mac OS X 10_15_7) AppleWebKit/537.36 (KHTML, like Gecko) Chrome/146.0.0.0 Safari/537.36"
20.123.172.228 - - [06/May/2026:02:12:42 +0000] "POST /wp-cron.php?doing_wp_cron=1778033562.9183220863342285156250 HTTP/1.1" 200 - "-" "WordPress/6.9.4; https://nipponia.com"
110.249.201.121 - - [06/May/2026:02:12:38 +0000] "GET /robots.txt HTTP/1.1" 200 122 "-" "Mozilla/5.0 (Linux; Android 5.0) AppleWebKit/537.36 (KHTML, like Gecko) Mobile Safari/537.36 (compatible; Bytespider; https://zhanzhang.toutiao.com/)"
20.123.172.228 - - [06/May/2026:02:14:07 +0000] "POST /wp-cron.php?doing_wp_cron=1778033646.9863760471343994140625 HTTP/1.1" 200 - "-" "WordPress/6.9.4; https://nipponia.com"
3.70.164.132 - - [06/May/2026:02:14:02 +0000] "GET /wp-login.php HTTP/1.1" 200 1968 "-" "Mozilla/5.0 (Windows NT 10.0; WOW64) AppleWebKit/537.36 (KHTML, like Gecko) Chrome/66.0.3359.139 Safari/537.36"
3.70.164.132 - - [06/May/2026:02:14:07 +0000] "POST /wp-login.php HTTP/1.1" 503 7313 "https://nipponia.com/wp-login.php" "Mozilla/5.0 (Windows NT 10.0; WOW64) AppleWebKit/537.36 (KHTML, like Gecko) Chrome/66.0.3359.139 Safari/537.36"
20.123.172.228 - - [06/May/2026:02:15:23 +0000] "POST /wp-cron.php?doing_wp_cron=1778033723.9194879531860351562500 HTTP/1.1" 200 - "-" "WordPress/6.9.4; https://nipponia.com"
157.230.39.14 - - [06/May/2026:02:15:19 +0000] "GET /wp-admin/index.php HTTP/1.1" 302 - "https://nipponia.com/wp-login.php" "Mozilla/5.0 (Windows NT 10.0; Win64; x64) AppleWebKit/537.36 (KHTML, like Gecko) Chrome/121.0.6167.85 Safari/537.36"
157.230.39.14 - - [06/May/2026:02:15:24 +0000] "GET /wp-login.php?redirect_to=https%3A%2F%2Fnipponia.com%2Fwp-admin%2Findex.php&reauth=1 HTTP/1.1" 200 1972 "https://nipponia.com/wp-login.php" "Mozilla/5.0 (Windows NT 10.0; Win64; x64) AppleWebKit/537.36 (KHTML, like Gecko) Chrome/121.0.6167.85 Safari/537.36"
157.230.39.14 - - [06/May/2026:02:15:29 +0000] "POST /wp-login.php HTTP/1.1" 503 7314 "https://nipponia.com/wp-login.php" "Mozilla/5.0 (X11; Linux x86_64) Gecko/20100101 Firefox/121.0"
157.230.39.14 - - [06/May/2026:02:15:40 +0000] "GET /wp-admin/index.php HTTP/1.1" 503 7313 "https://nipponia.com/wp-login.php" "Mozilla/5.0 (X11; Linux x86_64) Gecko/20100101 Firefox/121.0"
20.123.172.228 - - [06/May/2026:02:15:57 +0000] "POST /wp-cron.php?doing_wp_cron=1778033757.6019229888916015625000 HTTP/1.1" 200 - "-" "WordPress/6.9.4; https://nipponia.com"
194.61.31.157 - - [06/May/2026:02:15:53 +0000] "POST /xmlrpc.php HTTP/1.1" 503 7313 "-" "Mozilla/5.0 (X11; CrOS x86_64 10452.96.0) AppleWebKit/537.36 (KHTML, like Gecko) Chrome/66.0.3359.181 Safari/537.36"
20.123.172.228 - - [06/May/2026:02:22:00 +0000] "POST /wp-cron.php?doing_wp_cron=1778034120.9453740119934082031250 HTTP/1.1" 200 - "-" "WordPress/6.9.4; https://nipponia.com"
43.173.132.100 - - [06/May/2026:02:21:56 +0000] "GET /robots.txt HTTP/1.1" 200 122 "-" "Mozilla/5.0 (Macintosh; Intel Mac OS X 10_15_7) AppleWebKit/537.36 (KHTML, like Gecko) Chrome/129.0.0.0 Safari/537.36"
119.29.89.136 - - [06/May/2026:02:22:02 +0000] "GET /robots.txt HTTP/1.1" 200 122 "-" "Mozilla/5.0 (Windows NT 10.0; Win64; x64) AppleWebKit/537.36 (KHTML, like Gecko) Chrome/131.0.0.0 Safari/537.36"
65.21.113.244 - - [06/May/2026:02:22:34 +0000] "GET /robots.txt HTTP/1.1" 200 122 "-" "Mozilla/5.0 (compatible; AwarioBot/1.0; +https://awario.com/bots.html)"
65.21.113.244 - - [06/May/2026:02:22:38 +0000] "GET /index.php/en/products/europe/cubs/item/81-brio-125-3 HTTP/1.1" 301 - "-" "Mozilla/5.0 (compatible; AwarioBot/1.0; +https://awario.com/bots.html)"
20.123.172.228 - - [06/May/2026:02:22:47 +0000] "POST /wp-cron.php?doing_wp_cron=1778034167.0880949497222900390625 HTTP/1.1" 200 - "-" "WordPress/6.9.4; https://nipponia.com"
65.21.113.244 - - [06/May/2026:02:22:42 +0000] "GET /en/products/europe/cubs/item/81-brio-125-3 HTTP/1.1" 404 10161 "-" "Mozilla/5.0 (compatible; AwarioBot/1.0; +https://awario.com/bots.html)"
43.172.197.39 - - [06/May/2026:02:23:00 +0000] "GET /index.php/en/news/285-nipponia-msger-and-miro-two-true-workhorses HTTP/1.1" 301 - "-" "Mozilla/5.0 (Windows NT 10.0; Win64; x64) AppleWebKit/537.36 (KHTML, like Gecko) Chrome/108.0.0.0 Safari/537.36"
43.173.174.59 - - [06/May/2026:02:23:04 +0000] "GET /en/news/285-nipponia-msger-and-miro-two-true-workhorses HTTP/1.1" 404 10742 "-" "Mozilla/5.0 (Windows NT 10.0; Win64; x64) AppleWebKit/537.36 (KHTML, like Gecko) Chrome/108.0.0.0 Safari/537.36"
43.173.179.234 - - [06/May/2026:02:23:15 +0000] "GET /index.php/en/news/285-nipponia-msger-and-miro-two-true-workhorses HTTP/1.1" 301 - "-" "Mozilla/5.0 (Windows NT 10.0; Win64; x64) AppleWebKit/537.36 (KHTML, like Gecko) Chrome/107.0.0.0 Safari/537.36"
43.173.179.234 - - [06/May/2026:02:23:19 +0000] "GET /en/news/285-nipponia-msger-and-miro-two-true-workhorses HTTP/1.1" 404 10742 "https://nipponia.com/index.php/en/news/285-nipponia-msger-and-miro-two-true-workhorses" "Mozilla/5.0 (Windows NT 10.0; Win64; x64) AppleWebKit/537.36 (KHTML, like Gecko) Chrome/107.0.0.0 Safari/537.36"
20.123.172.228 - - [06/May/2026:02:24:34 +0000] "POST /wp-cron.php?doing_wp_cron=1778034274.7299170494079589843750 HTTP/1.1" 200 - "-" "WordPress/6.9.4; https://nipponia.com"
123.30.233.12 - - [06/May/2026:02:24:30 +0000] "POST /xmlrpc.php HTTP/1.1" 503 7313 "-" "Mozilla/5.0 (Windows NT 10.0; Trident/7.0; Touch; rv:11.0) like Gecko"
20.123.172.228 - - [06/May/2026:02:25:48 +0000] "POST /wp-cron.php?doing_wp_cron=1778034348.0490839481353759765625 HTTP/1.1" 200 - "-" "WordPress/6.9.4; https://nipponia.com"
157.230.39.14 - - [06/May/2026:02:25:43 +0000] "GET /wp-admin/index.php HTTP/1.1" 302 - "https://nipponia.com/wp-login.php" "Mozilla/5.0 (X11; Linux x86_64) Gecko/20100101 Firefox/121.0"
157.230.39.14 - - [06/May/2026:02:25:48 +0000] "GET /wp-login.php?redirect_to=https%3A%2F%2Fnipponia.com%2Fwp-admin%2Findex.php&reauth=1 HTTP/1.1" 200 1972 "https://nipponia.com/wp-login.php" "Mozilla/5.0 (X11; Linux x86_64) Gecko/20100101 Firefox/121.0"
157.230.39.14 - - [06/May/2026:02:25:53 +0000] "POST /wp-login.php HTTP/1.1" 503 7313 "https://nipponia.com/wp-login.php" "Mozilla/5.0 (Windows NT 11.0; Win64; x64) AppleWebKit/537.36 (KHTML, like Gecko) Chrome/119.0.6045.159 Safari/537.36"
157.230.39.14 - - [06/May/2026:02:26:03 +0000] "GET /wp-admin/index.php HTTP/1.1" 503 7313 "https://nipponia.com/wp-login.php" "Mozilla/5.0 (Windows NT 11.0; Win64; x64) AppleWebKit/537.36 (KHTML, like Gecko) Chrome/119.0.6045.159 Safari/537.36"
20.123.172.228 - - [06/May/2026:02:26:46 +0000] "POST /wp-cron.php?doing_wp_cron=1778034406.6985681056976318359375 HTTP/1.1" 200 - "-" "WordPress/6.9.4; https://nipponia.com"
182.253.54.129 - - [06/May/2026:02:26:42 +0000] "GET /index.php/en/news/285-nipponia-msger-and-miro-two-true-workhorses HTTP/1.1" 301 - "-" "Mozilla/5.0 (Windows NT 10.0; Win64; x64) AppleWebKit/537.36 (KHTML, like Gecko) Chrome/129.0.0.0 Safari/537.36"
182.253.54.129 - - [06/May/2026:02:26:47 +0000] "GET /en/news/285-nipponia-msger-and-miro-two-true-workhorses HTTP/1.1" 404 10742 "-" "Mozilla/5.0 (Windows NT 10.0; Win64; x64) AppleWebKit/537.36 (KHTML, like Gecko) Chrome/129.0.0.0 Safari/537.36"
43.168.43.98 - - [06/May/2026:02:26:53 +0000] "GET /index.php/en/news/285-nipponia-msger-and-miro-two-true-workhorses HTTP/1.1" 301 - "-" "Mozilla/5.0 (Windows NT 10.0; Win64; x64) AppleWebKit/537.36 (KHTML, like Gecko) Chrome/142.0.0.0 Safari/537.36"
43.168.43.98 - - [06/May/2026:02:26:57 +0000] "GET /en/news/285-nipponia-msger-and-miro-two-true-workhorses HTTP/1.1" 404 10742 "-" "Mozilla/5.0 (Windows NT 10.0; Win64; x64) AppleWebKit/537.36 (KHTML, like Gecko) Chrome/142.0.0.0 Safari/537.36"
43.168.43.98 - - [06/May/2026:02:27:02 +0000] "GET /wp-includes/css/dist/block-library/style.min.css?ver=6.9.4 HTTP/1.1" 200 15916 "https://nipponia.com/en/news/285-nipponia-msger-and-miro-two-true-workhorses" "Mozilla/5.0 (Windows NT 10.0; Win64; x64) AppleWebKit/537.36 (KHTML, like Gecko) Chrome/142.0.0.0 Safari/537.36"
43.168.43.98 - - [06/May/2026:02:27:02 +0000] "GET /wp-content/themes/hello-elementor/style.min.css?ver=2.6.1 HTTP/1.1" 200 1940 "https://nipponia.com/en/news/285-nipponia-msger-and-miro-two-true-workhorses" "Mozilla/5.0 (Windows NT 10.0; Win64; x64) AppleWebKit/537.36 (KHTML, like Gecko) Chrome/142.0.0.0 Safari/537.36"
43.168.43.98 - - [06/May/2026:02:27:02 +0000] "GET /wp-content/themes/hello-elementor/theme.min.css?ver=2.6.1 HTTP/1.1" 200 2664 "https://nipponia.com/en/news/285-nipponia-msger-and-miro-two-true-workhorses" "Mozilla/5.0 (Windows NT 10.0; Win64; x64) AppleWebKit/537.36 (KHTML, like Gecko) Chrome/142.0.0.0 Safari/537.36"
43.168.43.98 - - [06/May/2026:02:27:02 +0000] "GET /wp-content/uploads/elementor/css/post-175.css?ver=1674635264 HTTP/1.1" 200 439 "https://nipponia.com/en/news/285-nipponia-msger-and-miro-two-true-workhorses" "Mozilla/5.0 (Windows NT 10.0; Win64; x64) AppleWebKit/537.36 (KHTML, like Gecko) Chrome/142.0.0.0 Safari/537.36"
43.168.43.98 - - [06/May/2026:02:27:02 +0000] "GET /wp-content/plugins/elementor/assets/lib/eicons/css/elementor-icons.min.css?ver=5.17.0 HTTP/1.1" 200 3969 "https://nipponia.com/en/news/285-nipponia-msger-and-miro-two-true-workhorses" "Mozilla/5.0 (Windows NT 10.0; Win64; x64) AppleWebKit/537.36 (KHTML, like Gecko) Chrome/142.0.0.0 Safari/537.36"
43.168.43.98 - - [06/May/2026:02:27:02 +0000] "GET /wp-content/plugins/elementor/assets/css/frontend-lite.min.css?ver=3.10.1 HTTP/1.1" 200 13541 "https://nipponia.com/en/news/285-nipponia-msger-and-miro-two-true-workhorses" "Mozilla/5.0 (Windows NT 10.0; Win64; x64) AppleWebKit/537.36 (KHTML, like Gecko) Chrome/142.0.0.0 Safari/537.36"
43.168.43.98 - - [06/May/2026:02:27:02 +0000] "GET /wp-content/plugins/elementor-pro/assets/css/frontend-lite.min.css?ver=3.10.2 HTTP/1.1" 200 1448 "https://nipponia.com/en/news/285-nipponia-msger-and-miro-two-true-workhorses" "Mozilla/5.0 (Windows NT 10.0; Win64; x64) AppleWebKit/537.36 (KHTML, like Gecko) Chrome/142.0.0.0 Safari/537.36"
43.168.43.98 - - [06/May/2026:02:27:02 +0000] "GET /wp-content/uploads/elementor/css/post-167.css?ver=1674635265 HTTP/1.1" 200 576 "https://nipponia.com/en/news/285-nipponia-msger-and-miro-two-true-workhorses" "Mozilla/5.0 (Windows NT 10.0; Win64; x64) AppleWebKit/537.36 (KHTML, like Gecko) Chrome/142.0.0.0 Safari/537.36"
43.168.43.98 - - [06/May/2026:02:27:03 +0000] "GET /wp-content/uploads/elementor/css/post-283.css?ver=1675771772 HTTP/1.1" 200 1491 "https://nipponia.com/en/news/285-nipponia-msger-and-miro-two-true-workhorses" "Mozilla/5.0 (Windows NT 10.0; Win64; x64) AppleWebKit/537.36 (KHTML, like Gecko) Chrome/142.0.0.0 Safari/537.36"
43.168.43.98 - - [06/May/2026:02:27:03 +0000] "GET /wp-content/plugins/cookie-notice/css/front.min.css?ver=6.9.4 HTTP/1.1" 200 1108 "https://nipponia.com/en/news/285-nipponia-msger-and-miro-two-true-workhorses" "Mozilla/5.0 (Windows NT 10.0; Win64; x64) AppleWebKit/537.36 (KHTML, like Gecko) Chrome/142.0.0.0 Safari/537.36"
43.168.43.98 - - [06/May/2026:02:27:03 +0000] "GET /wp-content/plugins/elementor/assets/lib/font-awesome/css/fontawesome.min.css?ver=5.15.3 HTTP/1.1" 200 12582 "https://nipponia.com/en/news/285-nipponia-msger-and-miro-two-true-workhorses" "Mozilla/5.0 (Windows NT 10.0; Win64; x64) AppleWebKit/537.36 (KHTML, like Gecko) Chrome/142.0.0.0 Safari/537.36"
43.168.43.98 - - [06/May/2026:02:27:03 +0000] "GET /wp-content/plugins/elementor/assets/lib/font-awesome/css/solid.min.css?ver=5.15.3 HTTP/1.1" 200 309 "https://nipponia.com/en/news/285-nipponia-msger-and-miro-two-true-workhorses" "Mozilla/5.0 (Windows NT 10.0; Win64; x64) AppleWebKit/537.36 (KHTML, like Gecko) Chrome/142.0.0.0 Safari/537.36"
43.168.43.98 - - [06/May/2026:02:27:03 +0000] "GET /wp-content/plugins/elementor/assets/lib/font-awesome/css/brands.min.css?ver=5.15.3 HTTP/1.1" 200 308 "https://nipponia.com/en/news/285-nipponia-msger-and-miro-two-true-workhorses" "Mozilla/5.0 (Windows NT 10.0; Win64; x64) AppleWebKit/537.36 (KHTML, like Gecko) Chrome/142.0.0.0 Safari/537.36"
43.168.43.98 - - [06/May/2026:02:27:03 +0000] "GET /wp-includes/js/jquery/jquery-migrate.min.js?ver=3.4.1 HTTP/1.1" 200 4872 "https://nipponia.com/en/news/285-nipponia-msger-and-miro-two-true-workhorses" "Mozilla/5.0 (Windows NT 10.0; Win64; x64) AppleWebKit/537.36 (KHTML, like Gecko) Chrome/142.0.0.0 Safari/537.36"
43.168.43.98 - - [06/May/2026:02:27:03 +0000] "GET /wp-includes/js/jquery/jquery.min.js?ver=3.7.1 HTTP/1.1" 200 30368 "https://nipponia.com/en/news/285-nipponia-msger-and-miro-two-true-workhorses" "Mozilla/5.0 (Windows NT 10.0; Win64; x64) AppleWebKit/537.36 (KHTML, like Gecko) Chrome/142.0.0.0 Safari/537.36"
43.168.43.98 - - [06/May/2026:02:27:03 +0000] "GET /wp-content/plugins/elementor-pro/assets/css/widget-nav-menu.min.css HTTP/1.1" 200 3332 "https://nipponia.com/en/news/285-nipponia-msger-and-miro-two-true-workhorses" "Mozilla/5.0 (Windows NT 10.0; Win64; x64) AppleWebKit/537.36 (KHTML, like Gecko) Chrome/142.0.0.0 Safari/537.36"
43.168.43.98 - - [06/May/2026:02:27:03 +0000] "GET /wp-content/plugins/elementor/assets/css/widget-icon-list.min.css HTTP/1.1" 200 941 "https://nipponia.com/en/news/285-nipponia-msger-and-miro-two-true-workhorses" "Mozilla/5.0 (Windows NT 10.0; Win64; x64) AppleWebKit/537.36 (KHTML, like Gecko) Chrome/142.0.0.0 Safari/537.36"
43.168.43.98 - - [06/May/2026:02:27:03 +0000] "GET /wp-content/themes/hello-elementor/assets/js/hello-frontend.min.js?ver=1.0.0 HTTP/1.1" 200 1024 "https://nipponia.com/en/news/285-nipponia-msger-and-miro-two-true-workhorses" "Mozilla/5.0 (Windows NT 10.0; Win64; x64) AppleWebKit/537.36 (KHTML, like Gecko) Chrome/142.0.0.0 Safari/537.36"
43.168.43.98 - - [06/May/2026:02:27:03 +0000] "GET /wp-content/plugins/elementor-pro/assets/lib/smartmenus/jquery.smartmenus.min.js?ver=1.0.1 HTTP/1.1" 200 7157 "https://nipponia.com/en/news/285-nipponia-msger-and-miro-two-true-workhorses" "Mozilla/5.0 (Windows NT 10.0; Win64; x64) AppleWebKit/537.36 (KHTML, like Gecko) Chrome/142.0.0.0 Safari/537.36"
43.168.43.98 - - [06/May/2026:02:27:03 +0000] "GET /wp-content/plugins/elementor/assets/js/webpack.runtime.min.js?ver=3.10.1 HTTP/1.1" 200 2225 "https://nipponia.com/en/news/285-nipponia-msger-and-miro-two-true-workhorses" "Mozilla/5.0 (Windows NT 10.0; Win64; x64) AppleWebKit/537.36 (KHTML, like Gecko) Chrome/142.0.0.0 Safari/537.36"
43.168.43.98 - - [06/May/2026:02:27:03 +0000] "GET /wp-includes/js/dist/hooks.min.js?ver=dd5603f07f9220ed27f1 HTTP/1.1" 200 1941 "https://nipponia.com/en/news/285-nipponia-msger-and-miro-two-true-workhorses" "Mozilla/5.0 (Windows NT 10.0; Win64; x64) AppleWebKit/537.36 (KHTML, like Gecko) Chrome/142.0.0.0 Safari/537.36"
43.168.43.98 - - [06/May/2026:02:27:03 +0000] "GET /wp-content/plugins/elementor-pro/assets/js/webpack-pro.runtime.min.js?ver=3.10.2 HTTP/1.1" 200 2439 "https://nipponia.com/en/news/285-nipponia-msger-and-miro-two-true-workhorses" "Mozilla/5.0 (Windows NT 10.0; Win64; x64) AppleWebKit/537.36 (KHTML, like Gecko) Chrome/142.0.0.0 Safari/537.36"
43.168.43.98 - - [06/May/2026:02:27:03 +0000] "GET /wp-content/plugins/elementor/assets/js/frontend-modules.min.js?ver=3.10.1 HTTP/1.1" 200 11399 "https://nipponia.com/en/news/285-nipponia-msger-and-miro-two-true-workhorses" "Mozilla/5.0 (Windows NT 10.0; Win64; x64) AppleWebKit/537.36 (KHTML, like Gecko) Chrome/142.0.0.0 Safari/537.36"
20.123.172.228 - - [06/May/2026:02:31:09 +0000] "POST /wp-cron.php?doing_wp_cron=1778034669.9257819652557373046875 HTTP/1.1" 200 - "-" "WordPress/6.9.4; https://nipponia.com"
38.95.35.85 - - [06/May/2026:02:31:05 +0000] "GET /wp-login.php HTTP/1.1" 200 1968 "-" "Mozilla/5.0 (Macintosh; Intel Mac OS X 10_10_5) AppleWebKit/537.36 (KHTML, like Gecko) Chrome/66.0.3359.181 Safari/537.36"
38.95.35.85 - - [06/May/2026:02:31:21 +0000] "POST /wp-login.php HTTP/1.1" 503 7313 "https://nipponia.com/wp-login.php" "Mozilla/5.0 (Macintosh; Intel Mac OS X 10_10_5) AppleWebKit/537.36 (KHTML, like Gecko) Chrome/66.0.3359.181 Safari/537.36"
20.123.172.228 - - [06/May/2026:02:32:26 +0000] "POST /wp-cron.php?doing_wp_cron=1778034746.8197989463806152343750 HTTP/1.1" 200 - "-" "WordPress/6.9.4; https://nipponia.com"
104.164.173.167 - - [06/May/2026:02:32:20 +0000] "GET / HTTP/1.1" 200 15314 "-" "Mozilla/5.0 (X11; Linux x86_64) AppleWebKit/537.36 (KHTML, like Gecko) Chrome/130.0.0.0 Safari/537.36"
103.196.9.26 - - [06/May/2026:02:32:31 +0000] "GET / HTTP/1.1" 200 15314 "-" "Mozilla/5.0 (Windows NT 10.0; Win64; x64) AppleWebKit/537.36 (KHTML, like Gecko) Chrome/131.0.0.0 Safari/537.36"
104.164.173.167 - - [06/May/2026:02:32:35 +0000] "GET / HTTP/1.1" 200 15314 "-" "Mozilla/5.0 (Windows NT 10.0; Win64; x64) AppleWebKit/537.36 (KHTML, like Gecko) Chrome/131.0.0.0 Safari/537.36"
104.164.173.167 - - [06/May/2026:02:32:43 +0000] "GET /wp-content/plugins/elementor/assets/lib/waypoints/waypoints.min.js?ver=4.0.2 HTTP/1.1" 200 2993 "-" "Mozilla/5.0 (Windows NT 10.0; Win64; x64) AppleWebKit/537.36 (KHTML, like Gecko) Chrome/131.0.0.0 Safari/537.36"
104.164.173.167 - - [06/May/2026:02:32:44 +0000] "GET /wp-content/plugins/elementor-pro/assets/js/elements-handlers.min.js?ver=3.10.2 HTTP/1.1" 200 6374 "-" "Mozilla/5.0 (Windows NT 10.0; Win64; x64) AppleWebKit/537.36 (KHTML, like Gecko) Chrome/131.0.0.0 Safari/537.36"
104.164.173.167 - - [06/May/2026:02:32:45 +0000] "GET /wp-includes/js/jquery/ui/core.min.js?ver=1.13.3 HTTP/1.1" 200 7106 "-" "Mozilla/5.0 (Windows NT 10.0; Win64; x64) AppleWebKit/537.36 (KHTML, like Gecko) Chrome/131.0.0.0 Safari/537.36"
104.164.173.167 - - [06/May/2026:02:32:45 +0000] "GET /wp-includes/js/wp-emoji-release.min.js?ver=6.9.4 HTTP/1.1" 200 5375 "-" "Mozilla/5.0 (Windows NT 10.0; Win64; x64) AppleWebKit/537.36 (KHTML, like Gecko) Chrome/131.0.0.0 Safari/537.36"
104.164.173.167 - - [06/May/2026:02:32:45 +0000] "GET /wp-content/plugins/elementor/assets/lib/jquery-numerator/jquery-numerator.min.js?ver=0.2.1 HTTP/1.1" 200 740 "-" "Mozilla/5.0 (Windows NT 10.0; Win64; x64) AppleWebKit/537.36 (KHTML, like Gecko) Chrome/131.0.0.0 Safari/537.36"
104.164.173.167 - - [06/May/2026:02:32:45 +0000] "GET /wp-includes/js/jquery/jquery.min.js?ver=3.7.1 HTTP/1.1" 200 30368 "-" "Mozilla/5.0 (Windows NT 10.0; Win64; x64) AppleWebKit/537.36 (KHTML, like Gecko) Chrome/131.0.0.0 Safari/537.36"
104.164.173.167 - - [06/May/2026:02:32:45 +0000] "GET /wp-includes/js/dist/i18n.min.js?ver=c26c3dc7bed366793375 HTTP/1.1" 200 2229 "-" "Mozilla/5.0 (Windows NT 10.0; Win64; x64) AppleWebKit/537.36 (KHTML, like Gecko) Chrome/131.0.0.0 Safari/537.36"
104.164.173.167 - - [06/May/2026:02:32:41 +0000] "GET /feed/ HTTP/1.1" 200 1096 "-" "Mozilla/5.0 (Windows NT 10.0; Win64; x64) AppleWebKit/537.36 (KHTML, like Gecko) Chrome/131.0.0.0 Safari/537.36"
104.164.173.167 - - [06/May/2026:02:32:45 +0000] "GET /wp-includes/js/jquery/jquery-migrate.min.js?ver=3.4.1 HTTP/1.1" 200 4872 "-" "Mozilla/5.0 (Windows NT 10.0; Win64; x64) AppleWebKit/537.36 (KHTML, like Gecko) Chrome/131.0.0.0 Safari/537.36"
104.164.173.167 - - [06/May/2026:02:32:45 +0000] "GET /wp-content/plugins/cookie-notice/js/front.min.js?ver=2.4.6 HTTP/1.1" 200 2128 "-" "Mozilla/5.0 (Windows NT 10.0; Win64; x64) AppleWebKit/537.36 (KHTML, like Gecko) Chrome/131.0.0.0 Safari/537.36"
104.164.173.167 - - [06/May/2026:02:32:46 +0000] "GET /wp-content/themes/hello-elementor/assets/js/hello-frontend.min.js?ver=1.0.0 HTTP/1.1" 200 1024 "-" "Mozilla/5.0 (Windows NT 10.0; Win64; x64) AppleWebKit/537.36 (KHTML, like Gecko) Chrome/131.0.0.0 Safari/537.36"
104.164.173.167 - - [06/May/2026:02:32:46 +0000] "GET /wp-content/plugins/elementor-pro/assets/lib/smartmenus/jquery.smartmenus.min.js?ver=1.0.1 HTTP/1.1" 200 7157 "-" "Mozilla/5.0 (Windows NT 10.0; Win64; x64) AppleWebKit/537.36 (KHTML, like Gecko) Chrome/131.0.0.0 Safari/537.36"
104.164.173.167 - - [06/May/2026:02:32:46 +0000] "GET /wp-content/plugins/elementor/assets/js/webpack.runtime.min.js?ver=3.10.1 HTTP/1.1" 200 2225 "-" "Mozilla/5.0 (Windows NT 10.0; Win64; x64) AppleWebKit/537.36 (KHTML, like Gecko) Chrome/131.0.0.0 Safari/537.36"
104.164.173.167 - - [06/May/2026:02:32:46 +0000] "GET /wp-content/plugins/elementor-pro/assets/js/webpack-pro.runtime.min.js?ver=3.10.2 HTTP/1.1" 200 2439 "-" "Mozilla/5.0 (Windows NT 10.0; Win64; x64) AppleWebKit/537.36 (KHTML, like Gecko) Chrome/131.0.0.0 Safari/537.36"
104.164.173.167 - - [06/May/2026:02:32:46 +0000] "GET /wp-content/plugins/elementor/assets/js/frontend-modules.min.js?ver=3.10.1 HTTP/1.1" 200 11399 "-" "Mozilla/5.0 (Windows NT 10.0; Win64; x64) AppleWebKit/537.36 (KHTML, like Gecko) Chrome/131.0.0.0 Safari/537.36"
104.164.173.167 - - [06/May/2026:02:32:46 +0000] "GET /wp-includes/js/dist/hooks.min.js?ver=dd5603f07f9220ed27f1 HTTP/1.1" 200 1941 "-" "Mozilla/5.0 (Windows NT 10.0; Win64; x64) AppleWebKit/537.36 (KHTML, like Gecko) Chrome/131.0.0.0 Safari/537.36"
104.164.173.167 - - [06/May/2026:02:32:46 +0000] "GET /wp-content/plugins/elementor-pro/assets/js/frontend.min.js?ver=3.10.2 HTTP/1.1" 200 5743 "-" "Mozilla/5.0 (Windows NT 10.0; Win64; x64) AppleWebKit/537.36 (KHTML, like Gecko) Chrome/131.0.0.0 Safari/537.36"
104.164.173.167 - - [06/May/2026:02:32:46 +0000] "GET /wp-content/plugins/elementor/assets/js/frontend.min.js?ver=3.10.1 HTTP/1.1" 200 12124 "-" "Mozilla/5.0 (Windows NT 10.0; Win64; x64) AppleWebKit/537.36 (KHTML, like Gecko) Chrome/131.0.0.0 Safari/537.36"
104.164.173.167 - - [06/May/2026:02:32:42 +0000] "GET /wp-json/ HTTP/1.1" 200 16039 "-" "Mozilla/5.0 (Windows NT 10.0; Win64; x64) AppleWebKit/537.36 (KHTML, like Gecko) Chrome/131.0.0.0 Safari/537.36"
104.164.173.167 - - [06/May/2026:02:32:42 +0000] "GET /wp-json/oembed/1.0/embed?url=https://nipponia.com/ HTTP/1.1" 200 1335 "-" "Mozilla/5.0 (Windows NT 10.0; Win64; x64) AppleWebKit/537.36 (KHTML, like Gecko) Chrome/131.0.0.0 Safari/537.36"
104.164.173.167 - - [06/May/2026:02:32:44 +0000] "GET /xmlrpc.php?rsd HTTP/1.1" 200 303 "-" "Mozilla/5.0 (Windows NT 10.0; Win64; x64) AppleWebKit/537.36 (KHTML, like Gecko) Chrome/131.0.0.0 Safari/537.36"
104.164.173.167 - - [06/May/2026:02:32:43 +0000] "GET /comments/feed/ HTTP/1.1" 200 400 "-" "Mozilla/5.0 (Windows NT 10.0; Win64; x64) AppleWebKit/537.36 (KHTML, like Gecko) Chrome/131.0.0.0 Safari/537.36"
104.164.173.167 - - [06/May/2026:02:32:43 +0000] "GET /netherlands/ HTTP/1.1" 200 12485 "-" "Mozilla/5.0 (Windows NT 10.0; Win64; x64) AppleWebKit/537.36 (KHTML, like Gecko) Chrome/131.0.0.0 Safari/537.36"
104.164.173.167 - - [06/May/2026:02:32:44 +0000] "GET /wp-json/oembed/1.0/embed?url=https://nipponia.com/&format=xml HTTP/1.1" 200 1332 "-" "Mozilla/5.0 (Windows NT 10.0; Win64; x64) AppleWebKit/537.36 (KHTML, like Gecko) Chrome/131.0.0.0 Safari/537.36"
104.164.173.167 - - [06/May/2026:02:32:44 +0000] "GET /greece/ HTTP/1.1" 200 12464 "-" "Mozilla/5.0 (Windows NT 10.0; Win64; x64) AppleWebKit/537.36 (KHTML, like Gecko) Chrome/131.0.0.0 Safari/537.36"
104.164.173.167 - - [06/May/2026:02:32:45 +0000] "GET /china-2/ HTTP/1.1" 200 12435 "-" "Mozilla/5.0 (Windows NT 10.0; Win64; x64) AppleWebKit/537.36 (KHTML, like Gecko) Chrome/131.0.0.0 Safari/537.36"
104.164.173.167 - - [06/May/2026:02:32:45 +0000] "GET /wp-json/wp/v2/pages/81 HTTP/1.1" 200 5975 "-" "Mozilla/5.0 (Windows NT 10.0; Win64; x64) AppleWebKit/537.36 (KHTML, like Gecko) Chrome/131.0.0.0 Safari/537.36"
104.164.173.167 - - [06/May/2026:02:32:45 +0000] "GET /company-profile-2/ HTTP/1.1" 200 11201 "-" "Mozilla/5.0 (Windows NT 10.0; Win64; x64) AppleWebKit/537.36 (KHTML, like Gecko) Chrome/131.0.0.0 Safari/537.36"
104.164.173.167 - - [06/May/2026:02:32:45 +0000] "GET / HTTP/1.1" 200 15314 "-" "Mozilla/5.0 (Windows NT 10.0; Win64; x64) AppleWebKit/537.36 (KHTML, like Gecko) Chrome/131.0.0.0 Safari/537.36"
104.164.173.167 - - [06/May/2026:02:32:45 +0000] "GET /dominican-republic/ HTTP/1.1" 200 12460 "-" "Mozilla/5.0 (Windows NT 10.0; Win64; x64) AppleWebKit/537.36 (KHTML, like Gecko) Chrome/131.0.0.0 Safari/537.36"
104.164.173.167 - - [06/May/2026:02:32:45 +0000] "GET /wp-admin/admin-ajax.php HTTP/1.1" 400 21 "-" "Mozilla/5.0 (Windows NT 10.0; Win64; x64) AppleWebKit/537.36 (KHTML, like Gecko) Chrome/131.0.0.0 Safari/537.36"
104.164.173.167 - - [06/May/2026:02:32:45 +0000] "GET /nipponia-global-footprint/ HTTP/1.1" 200 11864 "-" "Mozilla/5.0 (Windows NT 10.0; Win64; x64) AppleWebKit/537.36 (KHTML, like Gecko) Chrome/131.0.0.0 Safari/537.36"
104.164.173.167 - - [06/May/2026:02:32:46 +0000] "GET /2023/01/14/volty/ HTTP/1.1" 200 12735 "-" "Mozilla/5.0 (Windows NT 10.0; Win64; x64) AppleWebKit/537.36 (KHTML, like Gecko) Chrome/131.0.0.0 Safari/537.36"
104.164.173.167 - - [06/May/2026:02:32:46 +0000] "GET /2023/01/14/volty2/ HTTP/1.1" 200 11662 "-" "Mozilla/5.0 (Windows NT 10.0; Win64; x64) AppleWebKit/537.36 (KHTML, like Gecko) Chrome/131.0.0.0 Safari/537.36"
57.141.20.69 - - [06/May/2026:02:33:21 +0000] "GET /sitemap-index.xml HTTP/1.1" 404 8192 "-" "meta-externalagent/1.1 (+https://developers.facebook.com/docs/sharing/webmasters/crawler)"
20.123.172.228 - - [06/May/2026:02:36:09 +0000] "POST /wp-cron.php?doing_wp_cron=1778034969.7978780269622802734375 HTTP/1.1" 200 - "-" "WordPress/6.9.4; https://nipponia.com"
157.230.39.14 - - [06/May/2026:02:36:05 +0000] "GET /wp-admin/index.php HTTP/1.1" 302 - "https://nipponia.com/wp-login.php" "Mozilla/5.0 (Windows NT 11.0; Win64; x64) AppleWebKit/537.36 (KHTML, like Gecko) Chrome/119.0.6045.159 Safari/537.36"
157.230.39.14 - - [06/May/2026:02:36:10 +0000] "GET /wp-login.php?redirect_to=https%3A%2F%2Fnipponia.com%2Fwp-admin%2Findex.php&reauth=1 HTTP/1.1" 200 1972 "https://nipponia.com/wp-login.php" "Mozilla/5.0 (Windows NT 11.0; Win64; x64) AppleWebKit/537.36 (KHTML, like Gecko) Chrome/119.0.6045.159 Safari/537.36"
157.230.39.14 - - [06/May/2026:02:36:15 +0000] "POST /wp-login.php HTTP/1.1" 503 7313 "https://nipponia.com/wp-login.php" "Mozilla/5.0 (X11; Linux x86_64) Gecko/20100101 Firefox/121.0"
157.230.39.14 - - [06/May/2026:02:36:27 +0000] "GET /wp-admin/index.php HTTP/1.1" 503 7313 "https://nipponia.com/wp-login.php" "Mozilla/5.0 (X11; Linux x86_64) Gecko/20100101 Firefox/121.0"
20.123.172.228 - - [06/May/2026:02:41:20 +0000] "POST /wp-cron.php?doing_wp_cron=1778035280.6319439411163330078125 HTTP/1.1" 200 - "-" "WordPress/6.9.4; https://nipponia.com"
103.90.232.170 - - [06/May/2026:02:41:15 +0000] "POST /xmlrpc.php HTTP/1.1" 503 7313 "-" "Mozilla/5.0 (compatible; MSIE 9.0; Windows NT 6.1; WOW64; Trident/7.0)"
192.175.111.253 - - [06/May/2026:02:42:33 +0000] "GET / HTTP/1.1" 200 76418 "-" "Mozilla/5.0 (Windows NT 10.0; Win64; x64) AppleWebKit/537.36 (KHTML, like Gecko) Chrome/147.0.0.0 Safari/537.36"
192.175.111.251 - - [06/May/2026:02:42:39 +0000] "GET / HTTP/1.1" 200 76418 "-" "Mozilla/5.0 (Windows NT 10.0; Win64; x64) AppleWebKit/537.36 (KHTML, like Gecko) Chrome/147.0.0.0 Safari/537.36"
192.175.111.244 - - [06/May/2026:02:43:07 +0000] "GET / HTTP/1.1" 200 76418 "-" "Mozilla/5.0 (Windows NT 10.0; Win64; x64) AppleWebKit/537.36 (KHTML, like Gecko) Chrome/147.0.0.0 Safari/537.36"
192.175.111.233 - - [06/May/2026:02:43:28 +0000] "GET / HTTP/1.1" 200 76418 "-" "Mozilla/5.0 (Windows NT 10.0; Win64; x64) AppleWebKit/537.36 (KHTML, like Gecko) Chrome/147.0.0.0 Safari/537.36"
192.175.111.233 - - [06/May/2026:02:43:34 +0000] "GET / HTTP/1.1" 200 76418 "-" "Mozilla/5.0 (Windows NT 10.0; Win64; x64) AppleWebKit/537.36 (KHTML, like Gecko) Chrome/147.0.0.0 Safari/537.36"
192.175.111.251 - - [06/May/2026:02:44:01 +0000] "GET / HTTP/1.1" 200 76418 "-" "Mozilla/5.0 (Windows NT 10.0; Win64; x64) AppleWebKit/537.36 (KHTML, like Gecko) Chrome/147.0.0.0 Safari/537.36"
20.123.172.228 - - [06/May/2026:02:46:32 +0000] "POST /wp-cron.php?doing_wp_cron=1778035592.0655798912048339843750 HTTP/1.1" 200 - "-" "WordPress/6.9.4; https://nipponia.com"
157.230.39.14 - - [06/May/2026:02:46:26 +0000] "GET /wp-admin/index.php HTTP/1.1" 302 - "https://nipponia.com/wp-login.php" "Mozilla/5.0 (X11; Linux x86_64) Gecko/20100101 Firefox/121.0"
157.230.39.14 - - [06/May/2026:02:46:32 +0000] "GET /wp-login.php?redirect_to=https%3A%2F%2Fnipponia.com%2Fwp-admin%2Findex.php&reauth=1 HTTP/1.1" 200 1972 "https://nipponia.com/wp-login.php" "Mozilla/5.0 (X11; Linux x86_64) Gecko/20100101 Firefox/121.0"
157.230.39.14 - - [06/May/2026:02:46:37 +0000] "POST /wp-login.php HTTP/1.1" 503 7314 "https://nipponia.com/wp-login.php" "Mozilla/5.0 (X11; Linux x86_64) Gecko/20100101 Firefox/121.0"
157.230.39.14 - - [06/May/2026:02:46:52 +0000] "GET /wp-admin/index.php HTTP/1.1" 503 7313 "https://nipponia.com/wp-login.php" "Mozilla/5.0 (X11; Linux x86_64) Gecko/20100101 Firefox/121.0"
20.123.172.228 - - [06/May/2026:02:47:27 +0000] "POST /wp-cron.php?doing_wp_cron=1778035647.2099010944366455078125 HTTP/1.1" 200 - "-" "WordPress/6.9.4; https://nipponia.com"
167.71.226.156 - - [06/May/2026:02:47:22 +0000] "GET /wp-login.php HTTP/1.1" 200 1968 "-" "Mozilla/5.0 (Windows NT 10.0) AppleWebKit/537.36 (KHTML, like Gecko) Chrome/66.0.3359.117 Safari/537.36"
167.71.226.156 - - [06/May/2026:02:47:28 +0000] "POST /wp-login.php HTTP/1.1" 503 7313 "https://nipponia.com/wp-login.php" "Mozilla/5.0 (Windows NT 10.0) AppleWebKit/537.36 (KHTML, like Gecko) Chrome/66.0.3359.117 Safari/537.36"
20.123.172.228 - - [06/May/2026:02:56:49 +0000] "POST /wp-cron.php?doing_wp_cron=1778036209.4350728988647460937500 HTTP/1.1" 200 - "-" "WordPress/6.9.4; https://nipponia.com"
157.230.39.14 - - [06/May/2026:02:56:44 +0000] "GET /wp-admin/index.php HTTP/1.1" 302 - "https://nipponia.com/wp-login.php" "Mozilla/5.0 (X11; Linux x86_64) Gecko/20100101 Firefox/121.0"
157.230.39.14 - - [06/May/2026:02:56:50 +0000] "GET /wp-login.php?redirect_to=https%3A%2F%2Fnipponia.com%2Fwp-admin%2Findex.php&reauth=1 HTTP/1.1" 200 1972 "https://nipponia.com/wp-login.php" "Mozilla/5.0 (X11; Linux x86_64) Gecko/20100101 Firefox/121.0"
157.230.39.14 - - [06/May/2026:02:56:55 +0000] "POST /wp-login.php HTTP/1.1" 503 7313 "https://nipponia.com/wp-login.php" "Mozilla/5.0 (Windows NT 10.0; Win64; x64) Gecko/20100101 Firefox/122.0"
157.230.39.14 - - [06/May/2026:02:57:01 +0000] "GET /wp-admin/index.php HTTP/1.1" 503 7313 "https://nipponia.com/wp-login.php" "Mozilla/5.0 (Windows NT 10.0; Win64; x64) Gecko/20100101 Firefox/122.0"
125.20.112.42 - - [06/May/2026:02:57:15 +0000] "POST /xmlrpc.php HTTP/1.1" 503 7313 "-" "Mozilla/5.0 (Windows NT 10.0; WOW64; Trident/7.0; AS; rv:11.0) like Gecko"
34.126.163.15 - - [06/May/2026:03:03:33 +0000] "GET /wp-login.php HTTP/1.1" 200 1968 "" "Mozilla/5.0 (Windows NT 10.0; Win64; x64; rv:149.0) Gecko/20100101 Firefox/149.0"
34.126.163.15 - - [06/May/2026:03:03:33 +0000] "GET /wp-login.php HTTP/1.1" 200 1968 "" "Mozilla/5.0 (Windows NT 10.0; Win64; x64; rv:149.0) Gecko/20100101 Firefox/149.0"
20.123.172.228 - - [06/May/2026:03:05:17 +0000] "POST /wp-cron.php?doing_wp_cron=1778036717.1642050743103027343750 HTTP/1.1" 200 - "-" "WordPress/6.9.4; https://nipponia.com"
185.56.171.119 - - [06/May/2026:03:05:11 +0000] "POST /xmlrpc.php HTTP/1.1" 503 7313 "-" "Mozilla/5.0 (Macintosh; Intel Mac OS X 10_13_6) AppleWebKit/605.1.15 (KHTML, like Gecko) Version/11.1.2 Safari/605.1.15"
20.123.172.228 - - [06/May/2026:03:07:05 +0000] "POST /wp-cron.php?doing_wp_cron=1778036825.0807130336761474609375 HTTP/1.1" 200 - "-" "WordPress/6.9.4; https://nipponia.com"
157.230.39.14 - - [06/May/2026:03:07:00 +0000] "GET /wp-admin/index.php HTTP/1.1" 302 - "https://nipponia.com/wp-login.php" "Mozilla/5.0 (Windows NT 10.0; Win64; x64) Gecko/20100101 Firefox/122.0"
157.230.39.14 - - [06/May/2026:03:07:05 +0000] "GET /wp-login.php?redirect_to=https%3A%2F%2Fnipponia.com%2Fwp-admin%2Findex.php&reauth=1 HTTP/1.1" 200 1972 "https://nipponia.com/wp-login.php" "Mozilla/5.0 (Windows NT 10.0; Win64; x64) Gecko/20100101 Firefox/122.0"
157.230.39.14 - - [06/May/2026:03:07:11 +0000] "POST /wp-login.php HTTP/1.1" 503 7314 "https://nipponia.com/wp-login.php" "Mozilla/5.0 (Windows NT 10.0; Win64; x64) AppleWebKit/537.36 (KHTML, like Gecko) Chrome/118.0.5993.88 Safari/537.36"
157.230.39.14 - - [06/May/2026:03:07:17 +0000] "GET /wp-admin/index.php HTTP/1.1" 503 7314 "https://nipponia.com/wp-login.php" "Mozilla/5.0 (Windows NT 10.0; Win64; x64) AppleWebKit/537.36 (KHTML, like Gecko) Chrome/118.0.5993.88 Safari/537.36"
20.123.172.228 - - [06/May/2026:03:11:39 +0000] "POST /wp-cron.php?doing_wp_cron=1778037099.9114649295806884765625 HTTP/1.1" 200 - "-" "WordPress/6.9.4; https://nipponia.com"
51.255.68.188 - - [06/May/2026:03:11:35 +0000] "GET /wp-login.php HTTP/1.1" 200 1968 "-" "Mozilla/5.0 (Windows NT 6.1; Win64; x64) AppleWebKit/537.36 (KHTML, like Gecko) Chrome/65.0.3325.162 Safari/537.36"
51.255.68.188 - - [06/May/2026:03:11:42 +0000] "POST /wp-login.php HTTP/1.1" 503 7313 "https://nipponia.com/wp-login.php" "Mozilla/5.0 (Windows NT 6.1; Win64; x64) AppleWebKit/537.36 (KHTML, like Gecko) Chrome/65.0.3325.162 Safari/537.36"
20.123.172.228 - - [06/May/2026:03:17:28 +0000] "POST /wp-cron.php?doing_wp_cron=1778037447.9732251167297363281250 HTTP/1.1" 200 - "-" "WordPress/6.9.4; https://nipponia.com"
157.230.39.14 - - [06/May/2026:03:17:22 +0000] "GET /wp-admin/index.php HTTP/1.1" 302 - "https://nipponia.com/wp-login.php" "Mozilla/5.0 (Windows NT 10.0; Win64; x64) AppleWebKit/537.36 (KHTML, like Gecko) Chrome/118.0.5993.88 Safari/537.36"
157.230.39.14 - - [06/May/2026:03:17:29 +0000] "GET /wp-login.php?redirect_to=https%3A%2F%2Fnipponia.com%2Fwp-admin%2Findex.php&reauth=1 HTTP/1.1" 200 1972 "https://nipponia.com/wp-login.php" "Mozilla/5.0 (Windows NT 10.0; Win64; x64) AppleWebKit/537.36 (KHTML, like Gecko) Chrome/118.0.5993.88 Safari/537.36"
157.230.39.14 - - [06/May/2026:03:17:35 +0000] "POST /wp-login.php HTTP/1.1" 503 7313 "https://nipponia.com/wp-login.php" "Mozilla/5.0 (Macintosh; Intel Mac OS X 13_6_2) AppleWebKit/537.36 (KHTML, like Gecko) Chrome/120.0.6099.130 Safari/537.36"
157.230.39.14 - - [06/May/2026:03:17:46 +0000] "GET /wp-admin/index.php HTTP/1.1" 503 7313 "https://nipponia.com/wp-login.php" "Mozilla/5.0 (Macintosh; Intel Mac OS X 13_6_2) AppleWebKit/537.36 (KHTML, like Gecko) Chrome/120.0.6099.130 Safari/537.36"
20.123.172.228 - - [06/May/2026:03:19:45 +0000] "POST /wp-cron.php?doing_wp_cron=1778037585.5972099304199218750000 HTTP/1.1" 200 - "-" "WordPress/6.9.4; https://nipponia.com"
50.6.229.148 - - [06/May/2026:03:19:39 +0000] "GET /wp-login.php HTTP/1.1" 200 1968 "-" "Mozilla/5.0 (Macintosh; Intel Mac OS X 10_11_6) AppleWebKit/537.36 (KHTML, like Gecko) Chrome/67.0.3396.79 Safari/537.36"
50.6.229.148 - - [06/May/2026:03:19:46 +0000] "POST /wp-login.php HTTP/1.1" 503 7313 "https://nipponia.com/wp-login.php" "Mozilla/5.0 (Macintosh; Intel Mac OS X 10_11_6) AppleWebKit/537.36 (KHTML, like Gecko) Chrome/67.0.3396.79 Safari/537.36"
20.123.172.228 - - [06/May/2026:03:21:11 +0000] "POST /wp-cron.php?doing_wp_cron=1778037671.3011000156402587890625 HTTP/1.1" 200 - "-" "WordPress/6.9.4; https://nipponia.com"
38.95.35.85 - - [06/May/2026:03:21:05 +0000] "POST /xmlrpc.php HTTP/1.1" 503 7313 "-" "Mozilla/5.0 (Windows NT 6.1; Win64; x64) AppleWebKit/537.36 (KHTML, like Gecko) Chrome/65.0.3325.181 Safari/537.36"
45.88.138.44 - - [06/May/2026:03:23:59 +0000] "GET / HTTP/1.1" 200 15314 "-" "Mozilla/5.0 (Windows NT 10.0; Win64; x64) AppleWebKit/537.36 (KHTML, like Gecko) Chrome/131.0.0.0 Safari/537.36"
20.123.172.228 - - [06/May/2026:03:24:09 +0000] "POST /wp-cron.php?doing_wp_cron=1778037849.4808659553527832031250 HTTP/1.1" 200 - "-" "WordPress/6.9.4; https://nipponia.com"
45.88.138.44 - - [06/May/2026:03:24:10 +0000] "GET /actuator/health HTTP/1.1" 404 10742 "-" "Mozilla/5.0 (Macintosh; Intel Mac OS X 10_15_7) AppleWebKit/537.36 (KHTML, like Gecko) Chrome/130.0.0.0 Safari/537.36"
157.230.39.14 - - [06/May/2026:03:27:47 +0000] "GET /wp-admin/index.php HTTP/1.1" 302 - "https://nipponia.com/wp-login.php" "Mozilla/5.0 (Macintosh; Intel Mac OS X 13_6_2) AppleWebKit/537.36 (KHTML, like Gecko) Chrome/120.0.6099.130 Safari/537.36"
157.230.39.14 - - [06/May/2026:03:27:54 +0000] "GET /wp-login.php?redirect_to=https%3A%2F%2Fnipponia.com%2Fwp-admin%2Findex.php&reauth=1 HTTP/1.1" 200 1972 "https://nipponia.com/wp-login.php" "Mozilla/5.0 (Macintosh; Intel Mac OS X 13_6_2) AppleWebKit/537.36 (KHTML, like Gecko) Chrome/120.0.6099.130 Safari/537.36"
63.247.93.90 - - [06/May/2026:03:27:58 +0000] "GET /wp-login.php HTTP/1.1" 200 1968 "-" "Mozilla/5.0 (Windows NT 6.3; Win64; x64) AppleWebKit/537.36 (KHTML, like Gecko) Chrome/67.0.3396.62 Safari/537.36"
157.230.39.14 - - [06/May/2026:03:28:01 +0000] "POST /wp-login.php HTTP/1.1" 503 7313 "https://nipponia.com/wp-login.php" "Mozilla/5.0 (Macintosh; Intel Mac OS X 13_6_2) AppleWebKit/537.36 (KHTML, like Gecko) Chrome/122.0.6261.57 Safari/537.36"
63.247.93.90 - - [06/May/2026:03:28:04 +0000] "POST /wp-login.php HTTP/1.1" 503 7313 "https://nipponia.com/wp-login.php" "Mozilla/5.0 (Windows NT 6.3; Win64; x64) AppleWebKit/537.36 (KHTML, like Gecko) Chrome/67.0.3396.62 Safari/537.36"
157.230.39.14 - - [06/May/2026:03:28:17 +0000] "GET /wp-admin/index.php HTTP/1.1" 503 7314 "https://nipponia.com/wp-login.php" "Mozilla/5.0 (Macintosh; Intel Mac OS X 13_6_2) AppleWebKit/537.36 (KHTML, like Gecko) Chrome/122.0.6261.57 Safari/537.36"
20.123.172.228 - - [06/May/2026:03:36:22 +0000] "POST /wp-cron.php?doing_wp_cron=1778038582.1676969528198242187500 HTTP/1.1" 200 - "-" "WordPress/6.9.4; https://nipponia.com"
50.6.224.46 - - [06/May/2026:03:36:17 +0000] "GET /wp-login.php HTTP/1.1" 200 1968 "-" "Mozilla/5.0 (Windows NT 6.2; Win64; x64) AppleWebKit/537.36 (KHTML, like Gecko) Chrome/67.0.3396.87 Safari/537.36"
50.6.224.46 - - [06/May/2026:03:36:23 +0000] "POST /wp-login.php HTTP/1.1" 503 7313 "https://nipponia.com/wp-login.php" "Mozilla/5.0 (Windows NT 6.2; Win64; x64) AppleWebKit/537.36 (KHTML, like Gecko) Chrome/67.0.3396.87 Safari/537.36"
20.123.172.228 - - [06/May/2026:03:37:12 +0000] "POST /wp-cron.php?doing_wp_cron=1778038632.4455370903015136718750 HTTP/1.1" 200 - "-" "WordPress/6.9.4; https://nipponia.com"
51.254.7.137 - - [06/May/2026:03:37:05 +0000] "POST /xmlrpc.php HTTP/1.1" 503 7313 "-" "Mozilla/4.0 (compatible; MSIE 7.0; Windows NT 6.1; Win64; x64; Trident/7.0; .NET CLR 2.0.50727; SLCC2; .NET CLR 3.5.30729; .NET CLR 3.0.30729; Media Center PC 6.0; .NET4.0C; .NET4.0E)"
20.123.172.228 - - [06/May/2026:03:38:19 +0000] "POST /wp-cron.php?doing_wp_cron=1778038699.7185389995574951171875 HTTP/1.1" 200 - "-" "WordPress/6.9.4; https://nipponia.com"
157.230.39.14 - - [06/May/2026:03:38:14 +0000] "GET /wp-admin/index.php HTTP/1.1" 302 - "https://nipponia.com/wp-login.php" "Mozilla/5.0 (Macintosh; Intel Mac OS X 13_6_2) AppleWebKit/537.36 (KHTML, like Gecko) Chrome/122.0.6261.57 Safari/537.36"
157.230.39.14 - - [06/May/2026:03:38:20 +0000] "GET /wp-login.php?redirect_to=https%3A%2F%2Fnipponia.com%2Fwp-admin%2Findex.php&reauth=1 HTTP/1.1" 200 1972 "https://nipponia.com/wp-login.php" "Mozilla/5.0 (Macintosh; Intel Mac OS X 13_6_2) AppleWebKit/537.36 (KHTML, like Gecko) Chrome/122.0.6261.57 Safari/537.36"
157.230.39.14 - - [06/May/2026:03:38:26 +0000] "POST /wp-login.php HTTP/1.1" 503 7314 "https://nipponia.com/wp-login.php" "Mozilla/5.0 (Windows NT 10.0; Win64; x64) AppleWebKit/537.36 (KHTML, like Gecko) Chrome/118.0.5993.88 Safari/537.36"
157.230.39.14 - - [06/May/2026:03:38:38 +0000] "GET /wp-admin/index.php HTTP/1.1" 503 7313 "https://nipponia.com/wp-login.php" "Mozilla/5.0 (Windows NT 10.0; Win64; x64) AppleWebKit/537.36 (KHTML, like Gecko) Chrome/118.0.5993.88 Safari/537.36"
103.168.66.237 - - [06/May/2026:03:40:20 +0000] "GET /php-info.php HTTP/1.1" 404 48582 "-" "Mozilla/5.0 (Windows NT 10.0; Win64; x64; rv:121.0) Gecko/20100101 Firefox/121.0"
103.168.66.237 - - [06/May/2026:03:40:20 +0000] "GET /.env.local HTTP/1.1" 404 48582 "-" "Mozilla/5.0 (Macintosh; Intel Mac OS X 10_15_7) AppleWebKit/537.36 (KHTML, like Gecko) Chrome/120.0.0.0 Safari/537.36"
103.168.66.237 - - [06/May/2026:03:40:20 +0000] "GET /php.php HTTP/1.1" 404 48582 "-" "Mozilla/5.0 (Windows NT 10.0; Win64; x64; rv:121.0) Gecko/20100101 Firefox/121.0"
103.168.66.237 - - [06/May/2026:03:40:20 +0000] "GET /test.php HTTP/1.1" 404 48582 "-" "Mozilla/5.0 (Windows NT 10.0; Win64; x64; rv:121.0) Gecko/20100101 Firefox/121.0"
103.168.66.237 - - [06/May/2026:03:40:20 +0000] "GET /.env.development HTTP/1.1" 404 48582 "-" "Mozilla/5.0 (X11; Linux x86_64) AppleWebKit/537.36 (KHTML, like Gecko) Chrome/120.0.0.0 Safari/537.36"
103.168.66.237 - - [06/May/2026:03:40:20 +0000] "GET /info.php HTTP/1.1" 404 48582 "-" "Mozilla/5.0 (Windows NT 10.0; Win64; x64) AppleWebKit/537.36 (KHTML, like Gecko) Chrome/120.0.0.0 Safari/537.36"
103.168.66.237 - - [06/May/2026:03:40:20 +0000] "GET /.env.staging HTTP/1.1" 404 48582 "-" "Mozilla/5.0 (X11; Linux x86_64) AppleWebKit/537.36 (KHTML, like Gecko) Chrome/120.0.0.0 Safari/537.36"
103.168.66.237 - - [06/May/2026:03:40:20 +0000] "GET /.env.dev HTTP/1.1" 404 48582 "-" "Mozilla/5.0 (Windows NT 10.0; Win64; x64) AppleWebKit/537.36 (KHTML, like Gecko) Chrome/120.0.0.0 Safari/537.36"
103.168.66.237 - - [06/May/2026:03:40:20 +0000] "GET /i.php HTTP/1.1" 404 48582 "-" "Mozilla/5.0 (Windows NT 10.0; Win64; x64; rv:121.0) Gecko/20100101 Firefox/121.0"
103.168.66.237 - - [06/May/2026:03:40:20 +0000] "GET /phpinfo.php HTTP/1.1" 404 48582 "-" "Mozilla/5.0 (Macintosh; Intel Mac OS X 10_15_7) AppleWebKit/537.36 (KHTML, like Gecko) Chrome/120.0.0.0 Safari/537.36"
103.168.66.237 - - [06/May/2026:03:40:21 +0000] "GET /.env.stage HTTP/1.1" 404 48582 "-" "Mozilla/5.0 (compatible; SecurityScanner/1.0)"
103.168.66.237 - - [06/May/2026:03:40:23 +0000] "GET /%70%68%70%69%6E%66%6F.%70%68%70 HTTP/1.1" 404 48582 "-" "Mozilla/5.0 (compatible; SecurityScanner/1.0)"
103.168.66.237 - - [06/May/2026:03:40:23 +0000] "GET /%69%6E%66%6F.%70%68%70 HTTP/1.1" 404 48582 "-" "Mozilla/5.0 (compatible; SecurityScanner/1.0)"
