152.44.107.79 - - [06/May/2026:06:02:35 +0000] "GET /wp-content/plugins/elementor-pro/assets/js/frontend.min.js?ver=3.10.2 HTTP/1.1" 200 5743 "https://nipponia.com/en/news" "Mozilla/5.0 (X11; Linux x86_64) AppleWebKit/537.36 (KHTML, like Gecko) Chrome/147.0.0.0 Safari/537.36"
152.44.107.79 - - [06/May/2026:06:02:36 +0000] "GET /wp-content/plugins/elementor/assets/lib/waypoints/waypoints.min.js?ver=4.0.2 HTTP/1.1" 200 2993 "https://nipponia.com/en/news" "Mozilla/5.0 (X11; Linux x86_64) AppleWebKit/537.36 (KHTML, like Gecko) Chrome/147.0.0.0 Safari/537.36"
152.44.107.79 - - [06/May/2026:06:02:36 +0000] "GET /wp-includes/js/jquery/ui/core.min.js?ver=1.13.3 HTTP/1.1" 200 7106 "https://nipponia.com/en/news" "Mozilla/5.0 (X11; Linux x86_64) AppleWebKit/537.36 (KHTML, like Gecko) Chrome/147.0.0.0 Safari/537.36"
152.44.107.79 - - [06/May/2026:06:02:36 +0000] "GET /wp-content/plugins/elementor/assets/js/frontend.min.js?ver=3.10.1 HTTP/1.1" 200 12124 "https://nipponia.com/en/news" "Mozilla/5.0 (X11; Linux x86_64) AppleWebKit/537.36 (KHTML, like Gecko) Chrome/147.0.0.0 Safari/537.36"
152.44.107.79 - - [06/May/2026:06:02:37 +0000] "GET /wp-content/plugins/elementor-pro/assets/js/elements-handlers.min.js?ver=3.10.2 HTTP/1.1" 200 6374 "https://nipponia.com/en/news" "Mozilla/5.0 (X11; Linux x86_64) AppleWebKit/537.36 (KHTML, like Gecko) Chrome/147.0.0.0 Safari/537.36"
152.44.107.79 - - [06/May/2026:06:02:37 +0000] "GET /wp-content/plugins/cookie-notice/js/front.min.js?ver=2.4.6 HTTP/1.1" 200 2128 "https://nipponia.com/en/news" "Mozilla/5.0 (X11; Linux x86_64) AppleWebKit/537.36 (KHTML, like Gecko) Chrome/147.0.0.0 Safari/537.36"
152.44.107.79 - - [06/May/2026:06:02:39 +0000] "GET /wp-content/plugins/elementor/assets/lib/eicons/fonts/eicons.woff2?5.17.0 HTTP/1.1" 200 93477 "https://nipponia.com/wp-content/plugins/elementor/assets/lib/eicons/css/elementor-icons.min.css?ver=5.17.0" "Mozilla/5.0 (X11; Linux x86_64) AppleWebKit/537.36 (KHTML, like Gecko) Chrome/147.0.0.0 Safari/537.36"
152.44.107.79 - - [06/May/2026:06:02:39 +0000] "GET /wp-content/plugins/elementor/assets/lib/font-awesome/webfonts/fa-brands-400.woff2 HTTP/1.1" 200 76797 "https://nipponia.com/wp-content/plugins/elementor/assets/lib/font-awesome/css/brands.min.css?ver=5.15.3" "Mozilla/5.0 (X11; Linux x86_64) AppleWebKit/537.36 (KHTML, like Gecko) Chrome/147.0.0.0 Safari/537.36"
141.98.11.117 - - [06/May/2026:06:02:46 +0000] "POST /xmlrpc.php HTTP/1.1" 503 7111 "-" "Mozilla/5.0 (Windows NT 6.1; WOW64; Trident/7.0; yie10; rv:11.0) like Gecko"
157.230.39.14 - - [06/May/2026:06:05:35 +0000] "GET /wp-admin/index.php HTTP/1.1" 302 - "https://nipponia.com/wp-login.php" "Mozilla/5.0 (Macintosh; Intel Mac OS X 10.15) Gecko/20100101 Firefox/118.0.2"
20.123.172.228 - - [06/May/2026:06:05:45 +0000] "POST /wp-cron.php?doing_wp_cron=1778047545.5638868808746337890625 HTTP/1.1" 200 - "-" "WordPress/6.9.4; https://nipponia.com"
20.123.172.228 - - [06/May/2026:06:05:41 +0000] "POST /?wordfence_syncAttackData=1778047541.5295 HTTP/1.1" 200 - "-" "WordPress/6.9.4; https://nipponia.com"
157.230.39.14 - - [06/May/2026:06:05:46 +0000] "GET /wp-admin/profile.php HTTP/1.1" 302 - "https://nipponia.com/wp-login.php" "Mozilla/5.0 (Macintosh; Intel Mac OS X 10.15) Gecko/20100101 Firefox/118.0.2"
157.230.39.14 - - [06/May/2026:06:05:57 +0000] "GET /wp-admin/profile.php HTTP/1.1" 302 - "https://nipponia.com/wp-login.php" "Mozilla/5.0 (Macintosh; Intel Mac OS X 10.15) Gecko/20100101 Firefox/118.0.2"
157.230.39.14 - - [06/May/2026:06:06:06 +0000] "GET /wp-login.php?redirect_to=https%3A%2F%2Fnipponia.com%2Fwp-admin%2Fprofile.php&reauth=1 HTTP/1.1" 200 1973 "https://nipponia.com/wp-login.php" "Mozilla/5.0 (Macintosh; Intel Mac OS X 10.15) Gecko/20100101 Firefox/118.0.2"
157.230.39.14 - - [06/May/2026:06:06:15 +0000] "POST /wp-login.php HTTP/1.1" 503 7314 "https://nipponia.com/wp-login.php" "Mozilla/5.0 (Windows NT 10.0; Win64; x64) Gecko/20100101 Firefox/119.0.1"
157.230.39.14 - - [06/May/2026:06:06:29 +0000] "GET /wp-admin/index.php HTTP/1.1" 503 7314 "https://nipponia.com/wp-login.php" "Mozilla/5.0 (Windows NT 10.0; Win64; x64) Gecko/20100101 Firefox/119.0.1"
173.214.162.167 - - [06/May/2026:06:06:47 +0000] "GET /wp-login.php HTTP/1.1" 200 1968 "-" "Mozilla/5.0 (Macintosh; Intel Mac OS X 10_13_3) AppleWebKit/537.36 (KHTML, like Gecko) Chrome/65.0.3325.146 Safari/537.36"
20.123.172.228 - - [06/May/2026:06:06:56 +0000] "POST /wp-cron.php?doing_wp_cron=1778047616.3080608844757080078125 HTTP/1.1" 200 - "-" "WordPress/6.9.4; https://nipponia.com"
173.214.162.167 - - [06/May/2026:06:06:57 +0000] "POST /wp-login.php HTTP/1.1" 503 7314 "https://nipponia.com/wp-login.php" "Mozilla/5.0 (Macintosh; Intel Mac OS X 10_13_3) AppleWebKit/537.36 (KHTML, like Gecko) Chrome/65.0.3325.146 Safari/537.36"
62.232.51.140 - - [06/May/2026:06:10:45 +0000] "POST /xmlrpc.php HTTP/1.1" 503 7313 "-" "Mozilla/5.0 (Windows NT 10.0; Win64; x64) AppleWebKit/537.36 (KHTML, like Gecko) Chrome/67.0.3396.87 Safari/537.36"
20.123.172.228 - - [06/May/2026:06:10:55 +0000] "POST /wp-cron.php?doing_wp_cron=1778047855.8500080108642578125000 HTTP/1.1" 200 - "-" "WordPress/6.9.4; https://nipponia.com"
212.205.99.65 - - [06/May/2026:06:17:36 +0000] "POST /AutoDiscover/autodiscover.xml HTTP/1.1" 404 10161 "-" "Microsoft Office/16.0 (Windows NT 10.0; Microsoft Excel 16.0.19231; Pro)"
20.123.172.228 - - [06/May/2026:06:17:53 +0000] "POST /wp-cron.php?doing_wp_cron=1778048273.0792529582977294921875 HTTP/1.1" 200 - "-" "WordPress/6.9.4; https://nipponia.com"
51.255.68.188 - - [06/May/2026:06:18:43 +0000] "POST /xmlrpc.php HTTP/1.1" 503 7314 "-" "Mozilla/5.0 (Windows NT 6.1; WOW64; Trident/7.0; MAARJS; rv:11.0) like Gecko"
20.123.172.228 - - [06/May/2026:06:18:57 +0000] "POST /wp-cron.php?doing_wp_cron=1778048337.5822420120239257812500 HTTP/1.1" 200 - "-" "WordPress/6.9.4; https://nipponia.com"
158.220.126.105 - - [06/May/2026:06:23:35 +0000] "GET /wp-login.php HTTP/1.1" 200 1968 "-" "Mozilla/5.0 (Windows NT 6.1) AppleWebKit/537.36 (KHTML, like Gecko) Chrome/67.0.3396.79 Safari/537.36"
158.220.126.105 - - [06/May/2026:06:23:47 +0000] "POST /wp-login.php HTTP/1.1" 503 7313 "https://nipponia.com/wp-login.php" "Mozilla/5.0 (Windows NT 6.1) AppleWebKit/537.36 (KHTML, like Gecko) Chrome/67.0.3396.79 Safari/537.36"
20.123.172.228 - - [06/May/2026:06:23:57 +0000] "POST /wp-cron.php?doing_wp_cron=1778048637.6321330070495605468750 HTTP/1.1" 200 - "-" "WordPress/6.9.4; https://nipponia.com"
54.37.84.217 - - [06/May/2026:06:26:22 +0000] "POST /xmlrpc.php HTTP/1.1" 503 7313 "-" "Mozilla/5.0 (compatible; MSIE 10.0; Windows NT 6.1; Win64; x64; Trident/7.0)"
20.123.172.228 - - [06/May/2026:06:26:32 +0000] "POST /wp-cron.php?doing_wp_cron=1778048792.4193749427795410156250 HTTP/1.1" 200 - "-" "WordPress/6.9.4; https://nipponia.com"
103.232.122.132 - - [06/May/2026:06:32:09 +0000] "GET /wp-login.php HTTP/1.1" 200 1968 "-" "Mozilla/5.0 (Windows NT 6.1; Win64; x64) AppleWebKit/537.36 (KHTML, like Gecko) Chrome/66.0.3359.170 Safari/537.36"
20.123.172.228 - - [06/May/2026:06:32:19 +0000] "POST /wp-cron.php?doing_wp_cron=1778049139.3528978824615478515625 HTTP/1.1" 200 - "-" "WordPress/6.9.4; https://nipponia.com"
51.255.68.188 - - [06/May/2026:06:34:45 +0000] "POST /xmlrpc.php HTTP/1.1" 503 7314 "-" "Mozilla/5.0 (Windows NT 10.0; WOW64; rv:61.0) Gecko/20100101 Firefox/61.0"
20.123.172.228 - - [06/May/2026:06:34:56 +0000] "POST /wp-cron.php?doing_wp_cron=1778049296.5333230495452880859375 HTTP/1.1" 200 - "-" "WordPress/6.9.4; https://nipponia.com"
109.199.127.9 - - [06/May/2026:06:40:44 +0000] "GET /wp-login.php HTTP/1.1" 200 1968 "-" "Mozilla/5.0 (X11; CrOS x86_64 10452.85.0) AppleWebKit/537.36 (KHTML, like Gecko) Chrome/66.0.3359.158 Safari/537.36"
20.123.172.228 - - [06/May/2026:06:40:54 +0000] "POST /wp-cron.php?doing_wp_cron=1778049653.8754611015319824218750 HTTP/1.1" 200 - "-" "WordPress/6.9.4; https://nipponia.com"
109.199.127.9 - - [06/May/2026:06:40:55 +0000] "POST /wp-login.php HTTP/1.1" 503 7314 "https://nipponia.com/wp-login.php" "Mozilla/5.0 (X11; CrOS x86_64 10452.85.0) AppleWebKit/537.36 (KHTML, like Gecko) Chrome/66.0.3359.158 Safari/537.36"
212.205.99.65 - - [06/May/2026:06:41:07 +0000] "POST /AutoDiscover/autodiscover.xml HTTP/1.1" 404 10161 "-" "Microsoft Office/16.0 (Windows NT 10.0; Microsoft Excel 16.0.19231; Pro)"
88.198.64.173 - - [06/May/2026:06:44:07 +0000] "POST /xmlrpc.php HTTP/1.1" 503 7314 "-" "Mozilla/5.0 (Windows NT 6.3; Win64; x64; Trident/7.0; Touch; MATBJS; rv:11.0) like Gecko"
20.123.172.228 - - [06/May/2026:06:44:17 +0000] "POST /wp-cron.php?doing_wp_cron=1778049857.6923398971557617187500 HTTP/1.1" 200 - "-" "WordPress/6.9.4; https://nipponia.com"
46.103.207.217 - - [06/May/2026:06:44:09 +0000] "POST /AutoDiscover/autodiscover.xml HTTP/1.1" 404 10161 "-" "Microsoft Office Excel/16.108.426 (Mac OS/26.4.1; Desktop; en-GB; NonAppStore; Apple/Mac17,9)"
150.228.63.3 - - [06/May/2026:06:46:50 +0000] "GET / HTTP/1.1" 200 26026 "https://nipponia.com/wp-admin/users.php?reset_count=0" "Mozilla/5.0 (Windows NT 10.0; Win64; x64) AppleWebKit/537.36 (KHTML, like Gecko) Chrome/147.0.0.0 Safari/537.36"
20.123.172.228 - - [06/May/2026:06:47:07 +0000] "POST /wp-cron.php?doing_wp_cron=1778050027.2689120769500732421875 HTTP/1.1" 200 - "-" "WordPress/6.9.4; https://nipponia.com"
150.228.63.3 - - [06/May/2026:06:47:11 +0000] "GET / HTTP/1.1" 200 26015 "-" "Mozilla/5.0 (Windows NT 10.0; Win64; x64) AppleWebKit/537.36 (KHTML, like Gecko) Chrome/147.0.0.0 Safari/537.36"
150.228.63.3 - - [06/May/2026:06:47:25 +0000] "GET /wp-content/plugins/duplicate-post/css/duplicate-post.css?ver=4.5 HTTP/1.1" 200 1000 "https://nipponia.com/" "Mozilla/5.0 (Windows NT 10.0; Win64; x64) AppleWebKit/537.36 (KHTML, like Gecko) Chrome/147.0.0.0 Safari/537.36"
150.228.63.3 - - [06/May/2026:06:47:25 +0000] "GET /wp-includes/css/admin-bar.min.css?ver=6.9.4 HTTP/1.1" 200 3861 "https://nipponia.com/" "Mozilla/5.0 (Windows NT 10.0; Win64; x64) AppleWebKit/537.36 (KHTML, like Gecko) Chrome/147.0.0.0 Safari/537.36"
150.228.63.3 - - [06/May/2026:06:47:25 +0000] "GET /wp-content/plugins/elementor-pro/assets/css/modules/notes/frontend.min.css?ver=3.10.2 HTTP/1.1" 200 614 "https://nipponia.com/" "Mozilla/5.0 (Windows NT 10.0; Win64; x64) AppleWebKit/537.36 (KHTML, like Gecko) Chrome/147.0.0.0 Safari/537.36"
150.228.63.3 - - [06/May/2026:06:47:25 +0000] "GET /wp-content/plugins/elementor-pro/assets/js/notes/notes-app-initiator.min.js?ver=3.10.2 HTTP/1.1" 200 4646 "https://nipponia.com/" "Mozilla/5.0 (Windows NT 10.0; Win64; x64) AppleWebKit/537.36 (KHTML, like Gecko) Chrome/147.0.0.0 Safari/537.36"
150.228.63.3 - - [06/May/2026:06:47:25 +0000] "GET /wp-content/plugins/elementor/assets/js/elementor-admin-bar.min.js?ver=3.10.1 HTTP/1.1" 200 2174 "https://nipponia.com/" "Mozilla/5.0 (Windows NT 10.0; Win64; x64) AppleWebKit/537.36 (KHTML, like Gecko) Chrome/147.0.0.0 Safari/537.36"
150.228.63.3 - - [06/May/2026:06:47:25 +0000] "GET /wp-content/plugins/elementor-pro/assets/js/notes/notes.min.js?ver=3.10.2 HTTP/1.1" 200 6564 "https://nipponia.com/" "Mozilla/5.0 (Windows NT 10.0; Win64; x64) AppleWebKit/537.36 (KHTML, like Gecko) Chrome/147.0.0.0 Safari/537.36"
150.228.63.3 - - [06/May/2026:06:47:29 +0000] "GET /wp-admin/ HTTP/1.1" 200 44528 "https://nipponia.com/" "Mozilla/5.0 (Windows NT 10.0; Win64; x64) AppleWebKit/537.36 (KHTML, like Gecko) Chrome/147.0.0.0 Safari/537.36"
150.228.63.3 - - [06/May/2026:06:47:42 +0000] "GET /wp-json/wp/v2/ HTTP/1.1" 200 11265 "https://nipponia.com/wp-admin/" "Mozilla/5.0 (Windows NT 10.0; Win64; x64) AppleWebKit/537.36 (KHTML, like Gecko) Chrome/147.0.0.0 Safari/537.36"
150.228.63.3 - - [06/May/2026:06:47:42 +0000] "GET /wp-json/yoast/v1/statistics HTTP/1.1" 200 261 "https://nipponia.com/wp-admin/" "Mozilla/5.0 (Windows NT 10.0; Win64; x64) AppleWebKit/537.36 (KHTML, like Gecko) Chrome/147.0.0.0 Safari/537.36"
20.123.172.228 - - [06/May/2026:06:47:52 +0000] "POST /wp-cron.php?doing_wp_cron=1778050072.2087559700012207031250 HTTP/1.1" 200 - "-" "WordPress/6.9.4; https://nipponia.com"
150.228.63.3 - - [06/May/2026:06:47:42 +0000] "POST /wp-admin/admin-ajax.php HTTP/1.1" 200 111 "https://nipponia.com/wp-admin/" "Mozilla/5.0 (Windows NT 10.0; Win64; x64) AppleWebKit/537.36 (KHTML, like Gecko) Chrome/147.0.0.0 Safari/537.36"
150.228.63.3 - - [06/May/2026:06:47:42 +0000] "GET /wp-admin/admin-ajax.php?action=dashboard-widgets&widget=dashboard_primary&pagenow=dashboard HTTP/1.1" 200 409 "https://nipponia.com/wp-admin/" "Mozilla/5.0 (Windows NT 10.0; Win64; x64) AppleWebKit/537.36 (KHTML, like Gecko) Chrome/147.0.0.0 Safari/537.36"
150.228.63.3 - - [06/May/2026:06:47:53 +0000] "GET /wp-admin/users.php HTTP/1.1" 200 29983 "https://nipponia.com/wp-admin/" "Mozilla/5.0 (Windows NT 10.0; Win64; x64) AppleWebKit/537.36 (KHTML, like Gecko) Chrome/147.0.0.0 Safari/537.36"
150.228.63.3 - - [06/May/2026:06:49:04 +0000] "POST /wp-admin/admin-ajax.php HTTP/1.1" 200 67 "https://nipponia.com/wp-admin/users.php" "Mozilla/5.0 (Windows NT 10.0; Win64; x64) AppleWebKit/537.36 (KHTML, like Gecko) Chrome/147.0.0.0 Safari/537.36"
20.123.172.228 - - [06/May/2026:06:49:15 +0000] "POST /wp-cron.php?doing_wp_cron=1778050155.7089540958404541015625 HTTP/1.1" 200 - "-" "WordPress/6.9.4; https://nipponia.com"
62.232.51.140 - - [06/May/2026:06:49:36 +0000] "GET /wp-login.php HTTP/1.1" 200 1968 "-" "Mozilla/5.0 (Windows NT 10.0; WOW64) AppleWebKit/537.36 (KHTML, like Gecko) Chrome/67.0.3396.62 Safari/537.36"
62.232.51.140 - - [06/May/2026:06:49:45 +0000] "POST /wp-login.php HTTP/1.1" 503 7314 "https://nipponia.com/wp-login.php" "Mozilla/5.0 (Windows NT 10.0; WOW64) AppleWebKit/537.36 (KHTML, like Gecko) Chrome/67.0.3396.62 Safari/537.36"
20.123.172.228 - - [06/May/2026:06:49:56 +0000] "POST /wp-cron.php?doing_wp_cron=1778050196.0748159885406494140625 HTTP/1.1" 200 - "-" "WordPress/6.9.4; https://nipponia.com"
150.228.63.3 - - [06/May/2026:06:50:12 +0000] "POST /wp-admin/admin-ajax.php HTTP/1.1" 200 67 "https://nipponia.com/wp-admin/users.php" "Mozilla/5.0 (Windows NT 10.0; Win64; x64) AppleWebKit/537.36 (KHTML, like Gecko) Chrome/147.0.0.0 Safari/537.36"
150.228.63.3 - - [06/May/2026:06:51:13 +0000] "POST /wp-admin/admin-ajax.php HTTP/1.1" 200 67 "https://nipponia.com/wp-admin/users.php" "Mozilla/5.0 (Windows NT 10.0; Win64; x64) AppleWebKit/537.36 (KHTML, like Gecko) Chrome/147.0.0.0 Safari/537.36"
20.123.172.228 - - [06/May/2026:06:51:24 +0000] "POST /wp-cron.php?doing_wp_cron=1778050284.2038590908050537109375 HTTP/1.1" 200 - "-" "WordPress/6.9.4; https://nipponia.com"
74.91.224.220 - - [06/May/2026:06:53:06 +0000] "POST /xmlrpc.php HTTP/1.1" 503 7313 "-" "Mozilla/5.0 (Windows NT 6.1; Win64; x64) AppleWebKit/537.36 (KHTML, like Gecko) Chrome/63.0.3239.132 Safari/537.36 OPR/50.0.2762.67"
150.228.63.3 - - [06/May/2026:06:53:14 +0000] "POST /wp-admin/admin-ajax.php HTTP/1.1" 200 67 "https://nipponia.com/wp-admin/users.php" "Mozilla/5.0 (Windows NT 10.0; Win64; x64) AppleWebKit/537.36 (KHTML, like Gecko) Chrome/147.0.0.0 Safari/537.36"
202.10.45.93 - - [06/May/2026:06:58:22 +0000] "GET /wp-login.php HTTP/1.1" 200 1968 "-" "Mozilla/5.0 (Macintosh; Intel Mac OS X 10_13_2) AppleWebKit/537.36 (KHTML, like Gecko) Chrome/65.0.3298.3 Safari/537.36"
20.123.172.228 - - [06/May/2026:06:58:31 +0000] "POST /wp-cron.php?doing_wp_cron=1778050711.1996018886566162109375 HTTP/1.1" 200 - "-" "WordPress/6.9.4; https://nipponia.com"
202.10.45.93 - - [06/May/2026:06:58:32 +0000] "POST /wp-login.php HTTP/1.1" 503 7314 "https://nipponia.com/wp-login.php" "Mozilla/5.0 (Macintosh; Intel Mac OS X 10_13_2) AppleWebKit/537.36 (KHTML, like Gecko) Chrome/65.0.3298.3 Safari/537.36"
38.95.35.85 - - [06/May/2026:07:01:53 +0000] "POST /xmlrpc.php HTTP/1.1" 503 7314 "-" "Mozilla/5.0 (Macintosh; Intel Mac OS X 10_13_1) AppleWebKit/537.36 (KHTML, like Gecko) Chrome/66.0.3359.139 Safari/537.36"
66.249.66.64 - - [06/May/2026:07:04:02 +0000] "GET / HTTP/1.1" 200 14709 "-" "Mozilla/5.0 (Linux; Android 6.0.1; Nexus 5X Build/MMB29P) AppleWebKit/537.36 (KHTML, like Gecko) Chrome/147.0.7727.137 Mobile Safari/537.36 (compatible; Googlebot/2.1; +http://www.google.com/bot.html)"
20.123.172.228 - - [06/May/2026:07:04:17 +0000] "POST /wp-cron.php?doing_wp_cron=1778051057.5187649726867675781250 HTTP/1.1" 200 - "-" "WordPress/6.9.4; https://nipponia.com"
66.249.66.64 - - [06/May/2026:07:05:01 +0000] "GET /wp-content/uploads/elementor/css/post-81.css?ver=1747053258 HTTP/1.1" 200 1878 "https://nipponia.com/" "Mozilla/5.0 (Linux; Android 6.0.1; Nexus 5X Build/MMB29P) AppleWebKit/537.36 (KHTML, like Gecko) Chrome/147.0.7727.137 Mobile Safari/537.36 (compatible; Googlebot/2.1; +http://www.google.com/bot.html)"
147.135.37.185 - - [06/May/2026:07:07:38 +0000] "GET /wp-login.php HTTP/1.1" 200 1968 "-" "Mozilla/5.0 (Windows NT 6.1; Win64; x64) AppleWebKit/537.36 (KHTML, like Gecko) Chrome/64.0.3282.186 Safari/537.36 OPR/51.0.2830.55"
20.123.172.228 - - [06/May/2026:07:07:47 +0000] "POST /wp-cron.php?doing_wp_cron=1778051267.3141720294952392578125 HTTP/1.1" 200 - "-" "WordPress/6.9.4; https://nipponia.com"
147.135.37.185 - - [06/May/2026:07:07:53 +0000] "POST /wp-login.php HTTP/1.1" 503 7314 "https://nipponia.com/wp-login.php" "Mozilla/5.0 (Windows NT 6.1; Win64; x64) AppleWebKit/537.36 (KHTML, like Gecko) Chrome/64.0.3282.186 Safari/537.36 OPR/51.0.2830.55"
88.198.64.173 - - [06/May/2026:07:09:57 +0000] "POST /xmlrpc.php HTTP/1.1" 503 7314 "-" "Mozilla/5.0 (Windows NT 6.3; Trident/7.0; Touch; rv:11.0) like Gecko"
20.123.172.228 - - [06/May/2026:07:10:07 +0000] "POST /wp-cron.php?doing_wp_cron=1778051407.0398950576782226562500 HTTP/1.1" 200 - "-" "WordPress/6.9.4; https://nipponia.com"
46.103.207.217 - - [06/May/2026:07:10:57 +0000] "POST /AutoDiscover/autodiscover.xml HTTP/1.1" 404 10161 "-" "Microsoft Office/16.0 (Windows NT 10.0; Microsoft Excel 16.0.19127; Pro)"
20.123.172.228 - - [06/May/2026:07:11:09 +0000] "POST /wp-cron.php?doing_wp_cron=1778051469.6680109500885009765625 HTTP/1.1" 200 - "-" "WordPress/6.9.4; https://nipponia.com"
38.95.35.85 - - [06/May/2026:07:17:49 +0000] "POST /xmlrpc.php HTTP/1.1" 503 7313 "-" "Mozilla/5.0 (Windows NT 6.1; WOW64; rv:61.0) Gecko/20100101 Firefox/61.0"
20.123.172.228 - - [06/May/2026:07:17:59 +0000] "POST /wp-cron.php?doing_wp_cron=1778051879.0988199710845947265625 HTTP/1.1" 200 - "-" "WordPress/6.9.4; https://nipponia.com"
46.103.207.217 - - [06/May/2026:07:18:24 +0000] "POST /AutoDiscover/autodiscover.xml HTTP/1.1" 404 10161 "-" "Microsoft Office/16.0 (Windows NT 10.0; Microsoft Excel 16.0.19231; Pro)"
20.123.172.228 - - [06/May/2026:07:18:37 +0000] "POST /wp-cron.php?doing_wp_cron=1778051917.3262770175933837890625 HTTP/1.1" 200 - "-" "WordPress/6.9.4; https://nipponia.com"
94.130.219.13 - - [06/May/2026:07:25:38 +0000] "GET /wp-login.php HTTP/1.1" 200 1968 "-" "Mozilla/5.0 (Macintosh; Intel Mac OS X 10_13_1) AppleWebKit/537.36 (KHTML, like Gecko) Chrome/66.0.3359.181 Safari/537.36"
20.123.172.228 - - [06/May/2026:07:25:48 +0000] "POST /wp-cron.php?doing_wp_cron=1778052348.4138879776000976562500 HTTP/1.1" 200 - "-" "WordPress/6.9.4; https://nipponia.com"
9.160.164.130 - - [06/May/2026:07:25:38 +0000] "GET / HTTP/1.1" 200 14709 "-" "Mozilla/5.0 AppleWebKit/537.36 (KHTML, like Gecko); compatible; ChatGPT-User/1.0; +https://openai.com/bot"
94.130.219.13 - - [06/May/2026:07:25:50 +0000] "POST /wp-login.php HTTP/1.1" 503 7313 "https://nipponia.com/wp-login.php" "Mozilla/5.0 (Macintosh; Intel Mac OS X 10_13_1) AppleWebKit/537.36 (KHTML, like Gecko) Chrome/66.0.3359.181 Safari/537.36"
66.249.81.35 - - [06/May/2026:07:27:43 +0000] "GET /.well-known/traffic-advice HTTP/1.1" 404 10742 "-" "Chrome Privacy Preserving Prefetch Proxy"
20.123.172.228 - - [06/May/2026:07:27:55 +0000] "POST /wp-cron.php?doing_wp_cron=1778052475.7646019458770751953125 HTTP/1.1" 200 - "-" "WordPress/6.9.4; https://nipponia.com"
72.14.201.57 - - [06/May/2026:07:27:43 +0000] "GET / HTTP/1.1" 200 15314 "https://www.google.com/" "Mozilla/5.0 (Windows NT 10.0; Win64; x64) AppleWebKit/537.36 (KHTML, like Gecko) Chrome/147.0.0.0 Safari/537.36"
212.205.99.65 - - [06/May/2026:07:28:58 +0000] "POST /AutoDiscover/autodiscover.xml HTTP/1.1" 404 10161 "-" "Microsoft Office/16.0 (Windows NT 10.0; Microsoft Word 16.0.19929; Pro)"
20.123.172.228 - - [06/May/2026:07:29:10 +0000] "POST /wp-cron.php?doing_wp_cron=1778052550.7135100364685058593750 HTTP/1.1" 200 - "-" "WordPress/6.9.4; https://nipponia.com"
46.105.46.43 - - [06/May/2026:07:33:46 +0000] "GET /robots.txt HTTP/1.1" 200 122 "-" "Mozilla/5.0 (compatible; MJ12bot/v2.0.5; http://mj12bot.com/)"
20.123.172.228 - - [06/May/2026:07:33:56 +0000] "POST /wp-cron.php?doing_wp_cron=1778052836.1705420017242431640625 HTTP/1.1" 200 - "-" "WordPress/6.9.4; https://nipponia.com"
46.105.46.43 - - [06/May/2026:07:33:57 +0000] "GET / HTTP/1.1" 200 14709 "-" "Mozilla/5.0 (compatible; MJ12bot/v2.0.5; http://mj12bot.com/)"
94.130.165.46 - - [06/May/2026:07:34:45 +0000] "POST /xmlrpc.php HTTP/1.1" 503 7314 "-" "Mozilla/5.0 (Windows NT 6.3; Win64; x64; rv:60.0) Gecko/20100101 Firefox/60.0"
20.123.172.228 - - [06/May/2026:07:34:56 +0000] "POST /wp-cron.php?doing_wp_cron=1778052896.0632369518280029296875 HTTP/1.1" 200 - "-" "WordPress/6.9.4; https://nipponia.com"
3.70.164.132 - - [06/May/2026:07:43:16 +0000] "GET /wp-login.php HTTP/1.1" 200 1968 "-" "Mozilla/5.0 (Windows NT 6.3; Win64; x64) AppleWebKit/537.36 (KHTML, like Gecko) Chrome/58.0.3029.110 Safari/537.36 Edge/16.16299"
20.123.172.228 - - [06/May/2026:07:43:25 +0000] "POST /wp-cron.php?doing_wp_cron=1778053405.3967990875244140625000 HTTP/1.1" 200 - "-" "WordPress/6.9.4; https://nipponia.com"
3.70.164.132 - - [06/May/2026:07:43:26 +0000] "POST /wp-login.php HTTP/1.1" 503 7314 "https://nipponia.com/wp-login.php" "Mozilla/5.0 (Windows NT 6.3; Win64; x64) AppleWebKit/537.36 (KHTML, like Gecko) Chrome/58.0.3029.110 Safari/537.36 Edge/16.16299"
111.225.148.248 - - [06/May/2026:07:47:01 +0000] "GET /company-profile/ HTTP/1.1" 200 11421 "-" "Mozilla/5.0 (Linux; Android 5.0) AppleWebKit/537.36 (KHTML, like Gecko) Mobile Safari/537.36 (compatible; Bytespider; https://zhanzhang.toutiao.com/)"
111.225.148.248 - - [06/May/2026:07:47:15 +0000] "GET /wp-content/themes/hello-elementor/style.min.css?ver=2.6.1 HTTP/1.1" 200 1940 "https://nipponia.com/company-profile/" "Mozilla/5.0 (Linux; Android 5.0) AppleWebKit/537.36 (KHTML, like Gecko) Mobile Safari/537.36 (compatible; Bytespider; https://zhanzhang.toutiao.com/)"
20.123.172.228 - - [06/May/2026:07:47:14 +0000] "POST /wp-cron.php?doing_wp_cron=1778053633.9566259384155273437500 HTTP/1.1" 200 - "-" "WordPress/6.9.4; https://nipponia.com"
111.225.148.248 - - [06/May/2026:07:47:15 +0000] "GET /wp-includes/css/dist/block-library/style.min.css?ver=6.9.4 HTTP/1.1" 200 15916 "https://nipponia.com/company-profile/" "Mozilla/5.0 (Linux; Android 5.0) AppleWebKit/537.36 (KHTML, like Gecko) Mobile Safari/537.36 (compatible; Bytespider; https://zhanzhang.toutiao.com/)"
111.225.148.71 - - [06/May/2026:07:47:16 +0000] "GET /wp-includes/js/dist/hooks.min.js?ver=dd5603f07f9220ed27f1 HTTP/1.1" 200 1941 "https://nipponia.com/company-profile/" "Mozilla/5.0 (Linux; Android 5.0) AppleWebKit/537.36 (KHTML, like Gecko) Mobile Safari/537.36 (compatible; Bytespider; https://zhanzhang.toutiao.com/)"
111.225.148.248 - - [06/May/2026:07:47:16 +0000] "GET /wp-content/plugins/elementor/assets/js/frontend.min.js?ver=3.10.1 HTTP/1.1" 200 12124 "https://nipponia.com/company-profile/" "Mozilla/5.0 (Linux; Android 5.0) AppleWebKit/537.36 (KHTML, like Gecko) Mobile Safari/537.36 (compatible; Bytespider; https://zhanzhang.toutiao.com/)"
111.225.148.71 - - [06/May/2026:07:47:16 +0000] "GET /wp-content/plugins/elementor-pro/assets/js/elements-handlers.min.js?ver=3.10.2 HTTP/1.1" 200 6374 "https://nipponia.com/company-profile/" "Mozilla/5.0 (Linux; Android 5.0) AppleWebKit/537.36 (KHTML, like Gecko) Mobile Safari/537.36 (compatible; Bytespider; https://zhanzhang.toutiao.com/)"
111.225.148.173 - - [06/May/2026:07:47:16 +0000] "GET /wp-content/uploads/elementor/css/post-167.css?ver=1674635265 HTTP/1.1" 200 576 "https://nipponia.com/company-profile/" "Mozilla/5.0 (Linux; Android 5.0) AppleWebKit/537.36 (KHTML, like Gecko) Mobile Safari/537.36 (compatible; Bytespider; https://zhanzhang.toutiao.com/)"
110.249.202.84 - - [06/May/2026:07:50:42 +0000] "GET / HTTP/1.1" 200 14709 "-" "Mozilla/5.0 (Linux; Android 5.0) AppleWebKit/537.36 (KHTML, like Gecko) Mobile Safari/537.36 (compatible; Bytespider; https://zhanzhang.toutiao.com/)"
20.123.172.228 - - [06/May/2026:07:50:55 +0000] "POST /wp-cron.php?doing_wp_cron=1778053855.0312530994415283203125 HTTP/1.1" 200 - "-" "WordPress/6.9.4; https://nipponia.com"
110.249.202.84 - - [06/May/2026:07:50:56 +0000] "GET /wp-content/uploads/elementor/css/post-81.css?ver=1747053258 HTTP/1.1" 200 1878 "https://nipponia.com/" "Mozilla/5.0 (Linux; Android 5.0) AppleWebKit/537.36 (KHTML, like Gecko) Mobile Safari/537.36 (compatible; Bytespider; https://zhanzhang.toutiao.com/)"
38.95.35.85 - - [06/May/2026:07:52:37 +0000] "GET /wp-login.php HTTP/1.1" 200 1968 "-" "Mozilla/5.0 (Windows NT 6.1; Win64; x64) AppleWebKit/537.36 (KHTML, like Gecko) Chrome/66.0.3359.181 Safari/537.36"
129.226.115.18 - - [06/May/2026:07:54:39 +0000] "GET / HTTP/1.1" 200 15314 "-" "Mozilla/5.0 (Macintosh; Intel Mac OS X 10_15_7) AppleWebKit/605.1.15 (KHTML, like Gecko) Version/15.5 Safari/605.1.15"
20.123.172.228 - - [06/May/2026:07:54:53 +0000] "POST /wp-cron.php?doing_wp_cron=1778054092.9282920360565185546875 HTTP/1.1" 200 - "-" "WordPress/6.9.4; https://nipponia.com"
123.30.233.13 - - [06/May/2026:08:01:34 +0000] "GET /wp-login.php HTTP/1.1" 200 1968 "-" "Mozilla/5.0 (Windows NT 10.0; WOW64) AppleWebKit/537.36 (KHTML, like Gecko) Chrome/66.0.3359.170 Safari/537.36 OPR/53.0.2907.99"
78.142.18.172 - - [06/May/2026:08:11:51 +0000] "GET /wp-login.php HTTP/1.1" 200 1968 "-" "Mozilla/5.0 (Macintosh; Intel Mac OS X 10_11_6) AppleWebKit/537.36 (KHTML, like Gecko) Chrome/67.0.3396.62 Safari/537.36"
20.123.172.228 - - [06/May/2026:08:12:01 +0000] "POST /wp-cron.php?doing_wp_cron=1778055121.4605200290679931640625 HTTP/1.1" 200 - "-" "WordPress/6.9.4; https://nipponia.com"
78.142.18.172 - - [06/May/2026:08:12:02 +0000] "POST /wp-login.php HTTP/1.1" 503 7314 "https://nipponia.com/wp-login.php" "Mozilla/5.0 (Macintosh; Intel Mac OS X 10_11_6) AppleWebKit/537.36 (KHTML, like Gecko) Chrome/67.0.3396.62 Safari/537.36"
172.86.89.164 - - [06/May/2026:08:21:43 +0000] "POST /xmlrpc.php HTTP/1.1" 503 7314 "-" "Mozilla/5.0 (Macintosh; Intel Mac OS X 10_13_3) AppleWebKit/604.5.6 (KHTML, like Gecko) Version/11.0.3 Safari/604.5.6"
20.123.172.228 - - [06/May/2026:08:21:53 +0000] "POST /wp-cron.php?doing_wp_cron=1778055713.5880808830261230468750 HTTP/1.1" 200 - "-" "WordPress/6.9.4; https://nipponia.com"
121.200.216.56 - - [06/May/2026:08:22:09 +0000] "GET /wp-login.php HTTP/1.1" 200 1968 "-" "Mozilla/5.0 (Windows NT 10.0; WOW64) AppleWebKit/537.36 (KHTML, like Gecko) Chrome/66.0.3359.139 Safari/537.36"
121.200.216.56 - - [06/May/2026:08:22:22 +0000] "POST /wp-login.php HTTP/1.1" 503 7313 "https://nipponia.com/wp-login.php" "Mozilla/5.0 (Windows NT 10.0; WOW64) AppleWebKit/537.36 (KHTML, like Gecko) Chrome/66.0.3359.139 Safari/537.36"
20.123.172.228 - - [06/May/2026:08:22:32 +0000] "POST /wp-cron.php?doing_wp_cron=1778055752.3376719951629638671875 HTTP/1.1" 200 - "-" "WordPress/6.9.4; https://nipponia.com"
192.175.111.237 - - [06/May/2026:08:29:44 +0000] "GET / HTTP/1.1" 200 76418 "-" "Mozilla/5.0 (Windows NT 10.0; Win64; x64) AppleWebKit/537.36 (KHTML, like Gecko) Chrome/147.0.0.0 Safari/537.36"
20.123.172.228 - - [06/May/2026:08:29:59 +0000] "POST /wp-cron.php?doing_wp_cron=1778056199.1301190853118896484375 HTTP/1.1" 200 - "-" "WordPress/6.9.4; https://nipponia.com"
20.123.172.228 - - [06/May/2026:08:30:10 +0000] "POST /wp-cron.php?doing_wp_cron=1778056210.2940409183502197265625 HTTP/1.1" 200 - "-" "WordPress/6.9.4; https://nipponia.com"
192.175.111.231 - - [06/May/2026:08:29:54 +0000] "GET / HTTP/1.1" 200 76418 "-" "Mozilla/5.0 (Windows NT 10.0; Win64; x64) AppleWebKit/537.36 (KHTML, like Gecko) Chrome/147.0.0.0 Safari/537.36"
192.175.111.253 - - [06/May/2026:08:30:24 +0000] "GET / HTTP/1.1" 200 76418 "-" "Mozilla/5.0 (Windows NT 10.0; Win64; x64) AppleWebKit/537.36 (KHTML, like Gecko) Chrome/147.0.0.0 Safari/537.36"
78.142.18.172 - - [06/May/2026:08:31:37 +0000] "POST /xmlrpc.php HTTP/1.1" 503 7314 "-" "Mozilla/4.0 (compatible; MSIE 7.0; Windows NT 6.2; Trident/7.0; .NET4.0E; .NET4.0C)"
20.123.172.228 - - [06/May/2026:08:31:46 +0000] "POST /wp-cron.php?doing_wp_cron=1778056306.6377758979797363281250 HTTP/1.1" 200 - "-" "WordPress/6.9.4; https://nipponia.com"
50.6.7.129 - - [06/May/2026:08:41:37 +0000] "POST /xmlrpc.php HTTP/1.1" 503 7314 "-" "Mozilla/5.0 (X11; Linux x86_64) AppleWebKit/537.36 (KHTML, like Gecko) Chrome/65.0.3325.181 Safari/537.36"
20.123.172.228 - - [06/May/2026:08:41:47 +0000] "POST /wp-cron.php?doing_wp_cron=1778056907.6832189559936523437500 HTTP/1.1" 200 - "-" "WordPress/6.9.4; https://nipponia.com"
52.232.35.131 - - [06/May/2026:08:42:10 +0000] "GET /wp-login.php HTTP/1.1" 200 1968 "-" "Mozilla/5.0 (Macintosh; Intel Mac OS X 10_10_5) AppleWebKit/537.36 (KHTML, like Gecko) Chrome/66.0.3359.181 Safari/537.36"
20.123.172.228 - - [06/May/2026:08:42:27 +0000] "POST /wp-cron.php?doing_wp_cron=1778056947.5529289245605468750000 HTTP/1.1" 200 - "-" "WordPress/6.9.4; https://nipponia.com"
52.232.35.131 - - [06/May/2026:08:42:18 +0000] "POST /wp-login.php HTTP/1.1" 503 7314 "https://nipponia.com/wp-login.php" "Mozilla/5.0 (Macintosh; Intel Mac OS X 10_10_5) AppleWebKit/537.36 (KHTML, like Gecko) Chrome/66.0.3359.181 Safari/537.36"
173.252.82.19 - - [06/May/2026:08:49:25 +0000] "GET /robots.txt HTTP/1.1" 200 169 "-" "facebookexternalhit/1.1 (+http://www.facebook.com/externalhit_uatext.php)"
20.123.172.228 - - [06/May/2026:08:49:33 +0000] "POST /wp-cron.php?doing_wp_cron=1778057373.6292340755462646484375 HTTP/1.1" 200 - "-" "WordPress/6.9.4; https://nipponia.com"
63.247.93.90 - - [06/May/2026:08:51:32 +0000] "POST /xmlrpc.php HTTP/1.1" 503 7313 "-" "Mozilla/5.0 (Macintosh; Intel Mac OS X 10_12) AppleWebKit/602.1.38 (KHTML, like Gecko) Version/10.0 Safari/602.1.38"
20.123.172.228 - - [06/May/2026:08:51:42 +0000] "POST /wp-cron.php?doing_wp_cron=1778057502.2403581142425537109375 HTTP/1.1" 200 - "-" "WordPress/6.9.4; https://nipponia.com"
20.118.209.59 - - [06/May/2026:08:53:09 +0000] "POST /wp-admin/admin-ajax.php HTTP/1.1" 400 21 "-" "Mozilla/5.0"
20.123.172.228 - - [06/May/2026:08:53:20 +0000] "POST /wp-cron.php?doing_wp_cron=1778057599.8880400657653808593750 HTTP/1.1" 200 - "-" "WordPress/6.9.4; https://nipponia.com"
143.20.253.187 - - [06/May/2026:08:53:59 +0000] "GET /images/brio-125-3_m.jpg HTTP/1.1" 404 10742 "-" "Mozilla/5.0 (Windows NT 10.0; Win64; x64) AppleWebKit/537.36 (KHTML, like Gecko) Chrome/122.0.0.0 Safari/537.36 Config/92.2.2788.20"
20.123.172.228 - - [06/May/2026:08:54:11 +0000] "POST /wp-cron.php?doing_wp_cron=1778057651.1022329330444335937500 HTTP/1.1" 200 - "-" "WordPress/6.9.4; https://nipponia.com"
20.123.172.228 - - [06/May/2026:08:54:21 +0000] "POST /wp-cron.php?doing_wp_cron=1778057661.0224978923797607421875 HTTP/1.1" 200 - "-" "WordPress/6.9.4; https://nipponia.com"
212.205.99.65 - - [06/May/2026:08:54:08 +0000] "POST /AutoDiscover/autodiscover.xml HTTP/1.1" 404 10161 "-" "Microsoft Office/16.0 (Windows NT 10.0; Microsoft Excel 16.0.19929; Pro)"
93.119.1.128 - - [06/May/2026:09:01:01 +0000] "POST /xmlrpc.php HTTP/1.1" 503 7314 "-" "Mozilla/5.0 (Macintosh; Intel Mac OS X 10_13_2) AppleWebKit/537.36 (KHTML, like Gecko) Chrome/65.0.3325.181 Safari/537.36"
74.91.224.220 - - [06/May/2026:09:01:15 +0000] "GET /wp-login.php HTTP/1.1" 200 1968 "-" "Mozilla/5.0 (Windows NT 10.0) AppleWebKit/537.36 (KHTML, like Gecko) Chrome/66.0.3359.117 Safari/537.36"
74.91.224.220 - - [06/May/2026:09:01:24 +0000] "POST /wp-login.php HTTP/1.1" 503 7314 "https://nipponia.com/wp-login.php" "Mozilla/5.0 (Windows NT 10.0) AppleWebKit/537.36 (KHTML, like Gecko) Chrome/66.0.3359.117 Safari/537.36"
62.232.51.140 - - [06/May/2026:09:10:28 +0000] "GET /wp-login.php HTTP/1.1" 200 1968 "-" "Mozilla/5.0 (Windows NT 6.1) AppleWebKit/537.36 (KHTML, like Gecko) Chrome/65.0.3325.181 Safari/537.36"
114.30.86.24 - - [06/May/2026:09:10:39 +0000] "POST /xmlrpc.php HTTP/1.1" 503 7314 "-" "Mozilla/5.0 (Windows NT 6.1; Win64; x64) AppleWebKit/537.36 (KHTML, like Gecko) Chrome/66.0.3359.139 Safari/537.36"
62.232.51.140 - - [06/May/2026:09:10:38 +0000] "POST /wp-login.php HTTP/1.1" 503 7313 "https://nipponia.com/wp-login.php" "Mozilla/5.0 (Windows NT 6.1) AppleWebKit/537.36 (KHTML, like Gecko) Chrome/65.0.3325.181 Safari/537.36"
20.123.172.228 - - [06/May/2026:09:10:48 +0000] "POST /wp-cron.php?doing_wp_cron=1778058648.2258150577545166015625 HTTP/1.1" 200 - "-" "WordPress/6.9.4; https://nipponia.com"
192.176.172.166 - - [06/May/2026:09:19:16 +0000] "GET /wp-login.php HTTP/1.1" 200 1968 "-" "Mozilla/5.0 (Macintosh; Intel Mac OS X 10_13_2) AppleWebKit/537.36 (KHTML, like Gecko) Chrome/65.0.3325.181 Safari/537.36"
192.176.172.166 - - [06/May/2026:09:19:24 +0000] "POST /wp-login.php HTTP/1.1" 503 7314 "https://nipponia.com/wp-login.php" "Mozilla/5.0 (Macintosh; Intel Mac OS X 10_13_2) AppleWebKit/537.36 (KHTML, like Gecko) Chrome/65.0.3325.181 Safari/537.36"
38.45.67.230 - - [06/May/2026:09:19:59 +0000] "POST /xmlrpc.php HTTP/1.1" 503 7314 "-" "Mozilla/5.0 (Windows NT 6.1; Win64; x64) AppleWebKit/537.36 (KHTML, like Gecko) Chrome/65.0.3325.162 Safari/537.36"
34.198.2.0 - - [06/May/2026:09:20:46 +0000] "GET /robots.txt HTTP/1.1" 200 122 "-" "Mozilla/5.0 (Macintosh; Intel Mac OS X 10_10_1) AppleWebKit/600.2.5 (KHTML, like Gecko) Version/8.0.2 Safari/600.2.5 (Gort)"
20.123.172.228 - - [06/May/2026:09:29:05 +0000] "POST /wp-cron.php?doing_wp_cron=1778059745.0472300052642822265625 HTTP/1.1" 200 - "-" "WordPress/6.9.4; https://nipponia.com"
51.79.175.136 - - [06/May/2026:09:28:54 +0000] "GET /wp-login.php HTTP/1.1" 200 1968 "-" "Mozilla/5.0 (Windows NT 6.1; Win64; x64) AppleWebKit/537.36 (KHTML, like Gecko) Chrome/65.0.3325.162 Safari/537.36"
20.123.172.228 - - [06/May/2026:09:29:01 +0000] "POST /?wordfence_syncAttackData=1778059741.2633 HTTP/1.1" 200 - "-" "WordPress/6.9.4; https://nipponia.com"
62.232.51.140 - - [06/May/2026:09:29:05 +0000] "POST /xmlrpc.php HTTP/1.1" 503 7314 "-" "Mozilla/4.0 (compatible; MSIE 7.0; Windows NT 6.1; Win64; x64; Trident/7.0; .NET CLR 2.0.50727; SLCC2; .NET CLR 3.5.30729; .NET CLR 3.0.30729; Media Center PC 6.0; .NET4.0C)"
51.79.175.136 - - [06/May/2026:09:29:06 +0000] "POST /wp-login.php HTTP/1.1" 503 7314 "https://nipponia.com/wp-login.php" "Mozilla/5.0 (Windows NT 6.1; Win64; x64) AppleWebKit/537.36 (KHTML, like Gecko) Chrome/65.0.3325.162 Safari/537.36"
31.13.245.227 - - [06/May/2026:09:38:03 +0000] "POST /xmlrpc.php HTTP/1.1" 503 7314 "-" "Mozilla/4.0 (compatible; MSIE 7.0; Windows NT 6.1; WOW64; Trident/7.0; SLCC2; .NET CLR 2.0.50727; .NET CLR 3.5.30729; .NET CLR 3.0.30729; .NET4.0C; .NET4.0E)"
20.123.172.228 - - [06/May/2026:09:38:15 +0000] "POST /wp-cron.php?doing_wp_cron=1778060295.0502600669860839843750 HTTP/1.1" 200 - "-" "WordPress/6.9.4; https://nipponia.com"
51.222.71.146 - - [06/May/2026:09:47:05 +0000] "GET /wp-login.php HTTP/1.1" 200 1968 "-" "Mozilla/5.0 (Windows NT 6.3; Win64; x64) AppleWebKit/537.36 (KHTML, like Gecko) Chrome/67.0.3396.62 Safari/537.36"
20.123.172.228 - - [06/May/2026:09:47:15 +0000] "POST /wp-cron.php?doing_wp_cron=1778060835.1992969512939453125000 HTTP/1.1" 200 - "-" "WordPress/6.9.4; https://nipponia.com"
74.91.224.220 - - [06/May/2026:09:55:27 +0000] "GET /wp-login.php HTTP/1.1" 200 1968 "-" "Mozilla/5.0 (Windows NT 6.2; Win64; x64) AppleWebKit/537.36 (KHTML, like Gecko) Chrome/67.0.3396.87 Safari/537.36"
20.123.172.228 - - [06/May/2026:09:55:37 +0000] "POST /wp-cron.php?doing_wp_cron=1778061337.2516789436340332031250 HTTP/1.1" 200 - "-" "WordPress/6.9.4; https://nipponia.com"
74.91.224.220 - - [06/May/2026:09:55:38 +0000] "POST /wp-login.php HTTP/1.1" 503 7313 "https://nipponia.com/wp-login.php" "Mozilla/5.0 (Windows NT 6.2; Win64; x64) AppleWebKit/537.36 (KHTML, like Gecko) Chrome/67.0.3396.87 Safari/537.36"
50.6.224.46 - - [06/May/2026:09:56:03 +0000] "POST /xmlrpc.php HTTP/1.1" 503 7314 "-" "Mozilla/5.0 (Macintosh; Intel Mac OS X 10_13_5) AppleWebKit/605.1.15 (KHTML, like Gecko) Version/11.1.1 Safari/605.1.15"
93.123.109.166 - - [06/May/2026:10:00:23 +0000] "GET / HTTP/1.1" 200 15314 "-" "Mozilla/5.0 (Windows NT 10.0; Win64; x64) AppleWebKit/537.36 (KHTML, like Gecko) Chrome/124.0.0.0 Safari/537.36"
20.123.172.228 - - [06/May/2026:10:00:38 +0000] "POST /wp-cron.php?doing_wp_cron=1778061638.3251729011535644531250 HTTP/1.1" 200 - "-" "WordPress/6.9.4; https://nipponia.com"
93.123.109.166 - - [06/May/2026:10:00:28 +0000] "POST / HTTP/1.1" 200 15314 "-" "Mozilla/5.0 (Windows NT 10.0; Win64; x64) AppleWebKit/537.36 (KHTML, like Gecko) Chrome/124.0.0.0 Safari/537.36"
174.138.66.217 - - [06/May/2026:10:04:08 +0000] "GET /wp-login.php HTTP/1.1" 200 1968 "-" "Mozilla/5.0 (Macintosh; Intel Mac OS X 10_13_4) AppleWebKit/537.36 (KHTML, like Gecko) Chrome/66.0.3359.117 Safari/537.36"
20.123.172.228 - - [06/May/2026:10:04:17 +0000] "POST /wp-cron.php?doing_wp_cron=1778061857.1951520442962646484375 HTTP/1.1" 200 - "-" "WordPress/6.9.4; https://nipponia.com"
174.138.66.217 - - [06/May/2026:10:04:23 +0000] "POST /wp-login.php HTTP/1.1" 503 7314 "https://nipponia.com/wp-login.php" "Mozilla/5.0 (Macintosh; Intel Mac OS X 10_13_4) AppleWebKit/537.36 (KHTML, like Gecko) Chrome/66.0.3359.117 Safari/537.36"
47.163.39.246 - - [06/May/2026:10:04:42 +0000] "POST /xmlrpc.php HTTP/1.1" 503 7314 "-" "Mozilla/5.0 (Macintosh; Intel Mac OS X 10_12_5) AppleWebKit/537.36 (KHTML, like Gecko) Chrome/65.0.3325.181 Safari/537.36"
20.123.172.228 - - [06/May/2026:10:04:51 +0000] "POST /wp-cron.php?doing_wp_cron=1778061891.0728149414062500000000 HTTP/1.1" 200 - "-" "WordPress/6.9.4; https://nipponia.com"
202.89.74.10 - - [06/May/2026:10:06:46 +0000] "POST /xmlrpc.php HTTP/1.1" 503 7928 "-" "Jetpack/12.5; WordPress/6.2; http://site42856833.com"
20.123.172.228 - - [06/May/2026:10:06:56 +0000] "POST /wp-cron.php?doing_wp_cron=1778062016.6543440818786621093750 HTTP/1.1" 200 - "-" "WordPress/6.9.4; https://nipponia.com"
202.89.74.10 - - [06/May/2026:10:06:57 +0000] "POST /xmlrpc.php HTTP/1.1" 503 18944 "-" "WordPress.com; https://wordpress.com"
202.89.74.10 - - [06/May/2026:10:07:08 +0000] "POST /xmlrpc.php HTTP/1.1" 503 18030 "-" "Jetpack by WordPress.com (Jetpack 12.1; WordPress 6.3)"
202.89.74.10 - - [06/May/2026:10:07:18 +0000] "POST /xmlrpc.php HTTP/1.1" 503 18030 "-" "WordPress.com; https://wordpress.com"
202.89.74.10 - - [06/May/2026:10:07:29 +0000] "POST /xmlrpc.php HTTP/1.1" 503 18030 "-" "Jetpack by WordPress.com"
202.89.74.10 - - [06/May/2026:10:07:40 +0000] "POST /xmlrpc.php HTTP/1.1" 503 18030 "-" "Jetpack/12.1; WordPress/6.4; http://site60520579.com"
202.89.74.10 - - [06/May/2026:10:07:51 +0000] "POST /xmlrpc.php HTTP/1.1" 503 18030 "-" "Jetpack by WordPress.com (Jetpack 12.1; WordPress 6.1)"
202.89.74.10 - - [06/May/2026:10:08:01 +0000] "POST /xmlrpc.php HTTP/1.1" 503 18030 "-" "Jetpack by WordPress.com"
202.89.74.10 - - [06/May/2026:10:08:12 +0000] "POST /xmlrpc.php HTTP/1.1" 503 18030 "-" "WordPress.com; https://wordpress.com"
202.89.74.10 - - [06/May/2026:10:08:23 +0000] "POST /xmlrpc.php HTTP/1.1" 503 18030 "-" "WordPress.com; https://wordpress.com"
202.89.74.10 - - [06/May/2026:10:08:33 +0000] "POST /xmlrpc.php HTTP/1.1" 503 18030 "-" "Jetpack by WordPress.com"
202.89.74.10 - - [06/May/2026:10:08:44 +0000] "POST /xmlrpc.php HTTP/1.1" 503 18030 "-" "Jetpack by WordPress.com"
202.89.74.10 - - [06/May/2026:10:08:54 +0000] "POST /xmlrpc.php HTTP/1.1" 503 18030 "-" "Jetpack/12.5; WordPress/6.3; http://site56834042.com"
202.89.74.10 - - [06/May/2026:10:09:05 +0000] "POST /xmlrpc.php HTTP/1.1" 503 18030 "-" "Jetpack by WordPress.com"
202.89.74.10 - - [06/May/2026:10:09:16 +0000] "POST /xmlrpc.php HTTP/1.1" 503 18030 "-" "Jetpack by WordPress.com"
202.89.74.10 - - [06/May/2026:10:09:27 +0000] "POST /xmlrpc.php HTTP/1.1" 503 18030 "-" "WordPress.com; https://wordpress.com"
202.89.74.10 - - [06/May/2026:10:09:37 +0000] "POST /xmlrpc.php HTTP/1.1" 503 18030 "-" "WordPress.com; https://wordpress.com"
202.89.74.10 - - [06/May/2026:10:09:48 +0000] "POST /xmlrpc.php HTTP/1.1" 503 18030 "-" "WordPress.com; https://wordpress.com"
202.89.74.10 - - [06/May/2026:10:09:58 +0000] "POST /xmlrpc.php HTTP/1.1" 503 18030 "-" "WordPress.com; https://wordpress.com"
202.89.74.10 - - [06/May/2026:10:10:09 +0000] "POST /xmlrpc.php HTTP/1.1" 503 18030 "-" "Jetpack by WordPress.com (Jetpack 12.1; WordPress 6.3)"
202.89.74.10 - - [06/May/2026:10:10:20 +0000] "POST /xmlrpc.php HTTP/1.1" 503 18030 "-" "Jetpack by WordPress.com"
103.38.37.25 - - [06/May/2026:10:10:18 +0000] "POST /xmlrpc.php HTTP/1.1" 503 18944 "-" "WordPress.com; https://wordpress.com"
20.123.172.228 - - [06/May/2026:10:10:29 +0000] "POST /wp-cron.php?doing_wp_cron=1778062229.6958570480346679687500 HTTP/1.1" 200 - "-" "WordPress/6.9.4; https://nipponia.com"
202.89.74.10 - - [06/May/2026:10:10:30 +0000] "POST /xmlrpc.php HTTP/1.1" 503 18030 "-" "Jetpack/12.5; WordPress/6.3; http://site89978896.com"
20.123.172.228 - - [06/May/2026:10:10:24 +0000] "POST /?wordfence_syncAttackData=1778062224.6368 HTTP/1.1" 200 - "-" "WordPress/6.9.4; https://nipponia.com"
103.38.37.25 - - [06/May/2026:10:10:29 +0000] "POST /xmlrpc.php HTTP/1.1" 503 18944 "-" "Jetpack by WordPress.com (Jetpack 12.1; WordPress 6.1)"
103.38.37.25 - - [06/May/2026:10:10:40 +0000] "POST /xmlrpc.php HTTP/1.1" 503 18030 "-" "Jetpack by WordPress.com (Jetpack 12.1; WordPress 6.3)"
202.89.74.10 - - [06/May/2026:10:10:41 +0000] "POST /xmlrpc.php HTTP/1.1" 503 18030 "-" "WordPress.com; https://wordpress.com"
103.38.37.25 - - [06/May/2026:10:10:51 +0000] "POST /xmlrpc.php HTTP/1.1" 503 18030 "-" "WordPress.com; https://wordpress.com"
202.89.74.10 - - [06/May/2026:10:10:52 +0000] "POST /xmlrpc.php HTTP/1.1" 503 18030 "-" "Jetpack by WordPress.com (Jetpack 12.5; WordPress 6.3)"
103.38.37.25 - - [06/May/2026:10:11:01 +0000] "POST /xmlrpc.php HTTP/1.1" 503 18030 "-" "Jetpack by WordPress.com (Jetpack 12.1; WordPress 6.4)"
202.89.74.10 - - [06/May/2026:10:11:02 +0000] "POST /xmlrpc.php HTTP/1.1" 503 18030 "-" "Jetpack by WordPress.com"
103.38.37.25 - - [06/May/2026:10:11:12 +0000] "POST /xmlrpc.php HTTP/1.1" 503 18030 "-" "Jetpack by WordPress.com"
202.89.74.10 - - [06/May/2026:10:11:13 +0000] "POST /xmlrpc.php HTTP/1.1" 503 18030 "-" "Jetpack by WordPress.com (Jetpack 12.5; WordPress 6.2)"
103.38.37.25 - - [06/May/2026:10:11:22 +0000] "POST /xmlrpc.php HTTP/1.1" 503 18030 "-" "Jetpack/13.0; WordPress/6.1; http://site55786585.com"
202.89.74.10 - - [06/May/2026:10:11:24 +0000] "POST /xmlrpc.php HTTP/1.1" 503 18030 "-" "Jetpack/12.1; WordPress/6.3; http://site78648294.com"
103.38.37.25 - - [06/May/2026:10:11:33 +0000] "POST /xmlrpc.php HTTP/1.1" 503 18030 "-" "Jetpack by WordPress.com (Jetpack 12.0; WordPress 6.2)"
202.89.74.10 - - [06/May/2026:10:11:34 +0000] "POST /xmlrpc.php HTTP/1.1" 503 18030 "-" "Jetpack by WordPress.com"
103.38.37.25 - - [06/May/2026:10:11:44 +0000] "POST /xmlrpc.php HTTP/1.1" 503 18030 "-" "Jetpack by WordPress.com"
202.89.74.10 - - [06/May/2026:10:11:45 +0000] "POST /xmlrpc.php HTTP/1.1" 503 18030 "-" "Jetpack/12.1; WordPress/6.4; http://site44187660.com"
103.38.37.25 - - [06/May/2026:10:11:55 +0000] "POST /xmlrpc.php HTTP/1.1" 503 18030 "-" "Jetpack by WordPress.com"
202.89.74.10 - - [06/May/2026:10:11:56 +0000] "POST /xmlrpc.php HTTP/1.1" 503 18030 "-" "Jetpack/12.0; WordPress/6.4; http://site60334011.com"
51.159.109.208 - - [06/May/2026:10:11:56 +0000] "GET /9fZ3xTCHB1/5LrzR9Zb9j.php HTTP/1.1" 200 121 "-" "python-requests/2.25.1"
103.38.37.25 - - [06/May/2026:10:12:05 +0000] "POST /xmlrpc.php HTTP/1.1" 503 18030 "-" "WordPress.com; https://wordpress.com"
202.89.74.10 - - [06/May/2026:10:12:06 +0000] "POST /xmlrpc.php HTTP/1.1" 503 18030 "-" "WordPress.com; https://wordpress.com"
103.38.37.25 - - [06/May/2026:10:12:16 +0000] "POST /xmlrpc.php HTTP/1.1" 503 18030 "-" "WordPress.com; https://wordpress.com"
202.89.74.10 - - [06/May/2026:10:12:17 +0000] "POST /xmlrpc.php HTTP/1.1" 503 18030 "-" "WordPress.com; https://wordpress.com"
103.38.37.25 - - [06/May/2026:10:12:26 +0000] "POST /xmlrpc.php HTTP/1.1" 503 18030 "-" "WordPress.com; https://wordpress.com"
202.89.74.10 - - [06/May/2026:10:12:28 +0000] "POST /xmlrpc.php HTTP/1.1" 503 18030 "-" "Jetpack by WordPress.com (Jetpack 12.1; WordPress 6.1)"
103.38.37.25 - - [06/May/2026:10:12:37 +0000] "POST /xmlrpc.php HTTP/1.1" 503 18030 "-" "WordPress.com; https://wordpress.com"
202.89.74.10 - - [06/May/2026:10:12:38 +0000] "POST /xmlrpc.php HTTP/1.1" 503 18030 "-" "WordPress.com; https://wordpress.com"
103.38.37.25 - - [06/May/2026:10:12:48 +0000] "POST /xmlrpc.php HTTP/1.1" 503 18030 "-" "WordPress.com; https://wordpress.com"
202.89.74.10 - - [06/May/2026:10:12:49 +0000] "POST /xmlrpc.php HTTP/1.1" 503 18030 "-" "Jetpack by WordPress.com (Jetpack 12.0; WordPress 6.4)"
103.38.37.25 - - [06/May/2026:10:12:58 +0000] "POST /xmlrpc.php HTTP/1.1" 503 18030 "-" "Jetpack by WordPress.com"
202.89.74.10 - - [06/May/2026:10:13:00 +0000] "POST /xmlrpc.php HTTP/1.1" 503 18030 "-" "Jetpack by WordPress.com (Jetpack 12.0; WordPress 6.4)"
103.38.37.25 - - [06/May/2026:10:13:09 +0000] "POST /xmlrpc.php HTTP/1.1" 503 18030 "-" "WordPress.com; https://wordpress.com"
202.89.74.10 - - [06/May/2026:10:13:10 +0000] "POST /xmlrpc.php HTTP/1.1" 503 18030 "-" "Jetpack by WordPress.com (Jetpack 12.5; WordPress 6.4)"
103.38.37.25 - - [06/May/2026:10:13:20 +0000] "POST /xmlrpc.php HTTP/1.1" 503 18030 "-" "WordPress.com; https://wordpress.com"
202.89.74.10 - - [06/May/2026:10:13:21 +0000] "POST /xmlrpc.php HTTP/1.1" 503 18030 "-" "Jetpack by WordPress.com (Jetpack 12.0; WordPress 6.2)"
103.38.37.25 - - [06/May/2026:10:13:31 +0000] "POST /xmlrpc.php HTTP/1.1" 503 18030 "-" "WordPress.com; https://wordpress.com"
202.89.74.10 - - [06/May/2026:10:13:32 +0000] "POST /xmlrpc.php HTTP/1.1" 503 18030 "-" "Jetpack/12.0; WordPress/6.1; http://site31902638.com"
103.38.37.25 - - [06/May/2026:10:13:41 +0000] "POST /xmlrpc.php HTTP/1.1" 503 18030 "-" "WordPress.com; https://wordpress.com"
202.89.74.10 - - [06/May/2026:10:13:42 +0000] "POST /xmlrpc.php HTTP/1.1" 503 18030 "-" "Jetpack by WordPress.com"
103.38.37.25 - - [06/May/2026:10:13:52 +0000] "POST /xmlrpc.php HTTP/1.1" 503 18030 "-" "Jetpack by WordPress.com"
202.89.74.10 - - [06/May/2026:10:13:53 +0000] "POST /xmlrpc.php HTTP/1.1" 503 18030 "-" "WordPress.com; https://wordpress.com"
103.38.37.25 - - [06/May/2026:10:14:03 +0000] "POST /xmlrpc.php HTTP/1.1" 503 18030 "-" "Jetpack by WordPress.com (Jetpack 12.5; WordPress 6.4)"
202.89.74.10 - - [06/May/2026:10:14:04 +0000] "POST /xmlrpc.php HTTP/1.1" 503 18030 "-" "WordPress.com; https://wordpress.com"
103.38.37.25 - - [06/May/2026:10:14:13 +0000] "POST /xmlrpc.php HTTP/1.1" 503 18030 "-" "WordPress.com; https://wordpress.com"
202.89.74.10 - - [06/May/2026:10:14:14 +0000] "POST /xmlrpc.php HTTP/1.1" 503 18030 "-" "Jetpack/13.0; WordPress/6.1; http://site91174152.com"
103.38.37.25 - - [06/May/2026:10:14:24 +0000] "POST /xmlrpc.php HTTP/1.1" 503 18030 "-" "WordPress.com; https://wordpress.com"
202.89.74.10 - - [06/May/2026:10:14:25 +0000] "POST /xmlrpc.php HTTP/1.1" 503 18030 "-" "Jetpack by WordPress.com"
103.38.37.25 - - [06/May/2026:10:14:34 +0000] "POST /xmlrpc.php HTTP/1.1" 503 18030 "-" "WordPress.com; https://wordpress.com"
202.89.74.10 - - [06/May/2026:10:14:36 +0000] "POST /xmlrpc.php HTTP/1.1" 503 18030 "-" "Jetpack/13.0; WordPress/6.3; http://site15193063.com"
103.38.37.25 - - [06/May/2026:10:14:45 +0000] "POST /xmlrpc.php HTTP/1.1" 503 18029 "-" "WordPress.com; https://wordpress.com"
202.89.74.10 - - [06/May/2026:10:14:46 +0000] "POST /xmlrpc.php HTTP/1.1" 503 18029 "-" "WordPress.com; https://wordpress.com"
103.38.37.25 - - [06/May/2026:10:14:56 +0000] "POST /xmlrpc.php HTTP/1.1" 503 18029 "-" "Jetpack/13.0; WordPress/6.3; http://site44231147.com"
202.89.74.10 - - [06/May/2026:10:14:57 +0000] "POST /xmlrpc.php HTTP/1.1" 503 18029 "-" "Jetpack by WordPress.com (Jetpack 13.0; WordPress 6.2)"
103.38.37.25 - - [06/May/2026:10:15:06 +0000] "POST /xmlrpc.php HTTP/1.1" 503 18029 "-" "Jetpack by WordPress.com"
202.89.74.10 - - [06/May/2026:10:15:08 +0000] "POST /xmlrpc.php HTTP/1.1" 503 18029 "-" "WordPress.com; https://wordpress.com"
103.38.37.25 - - [06/May/2026:10:15:17 +0000] "POST /xmlrpc.php HTTP/1.1" 503 18029 "-" "Jetpack by WordPress.com"
202.89.74.10 - - [06/May/2026:10:15:18 +0000] "POST /xmlrpc.php HTTP/1.1" 503 18029 "-" "Jetpack by WordPress.com (Jetpack 12.0; WordPress 6.1)"
103.38.37.25 - - [06/May/2026:10:15:27 +0000] "POST /xmlrpc.php HTTP/1.1" 503 18029 "-" "Jetpack by WordPress.com"
202.89.74.10 - - [06/May/2026:10:15:29 +0000] "POST /xmlrpc.php HTTP/1.1" 503 18029 "-" "Jetpack by WordPress.com (Jetpack 12.0; WordPress 6.4)"
103.38.37.25 - - [06/May/2026:10:15:38 +0000] "POST /xmlrpc.php HTTP/1.1" 503 18029 "-" "Jetpack by WordPress.com (Jetpack 12.5; WordPress 6.1)"
202.89.74.10 - - [06/May/2026:10:15:40 +0000] "POST /xmlrpc.php HTTP/1.1" 503 18029 "-" "Jetpack/12.0; WordPress/6.1; http://site52264899.com"
103.38.37.25 - - [06/May/2026:10:15:49 +0000] "POST /xmlrpc.php HTTP/1.1" 503 18029 "-" "WordPress.com; https://wordpress.com"
202.89.74.10 - - [06/May/2026:10:15:50 +0000] "POST /xmlrpc.php HTTP/1.1" 503 18029 "-" "WordPress.com; https://wordpress.com"
103.38.37.25 - - [06/May/2026:10:15:59 +0000] "POST /xmlrpc.php HTTP/1.1" 503 18029 "-" "WordPress.com; https://wordpress.com"
202.89.74.10 - - [06/May/2026:10:16:01 +0000] "POST /xmlrpc.php HTTP/1.1" 503 18029 "-" "WordPress.com; https://wordpress.com"
