195.178.110.103 - - [06/May/2026:00:05:23 +0000] "GET /app/.env HTTP/1.1" 404 48691 "-" "Mozilla/5.0 (Windows NT 10.0; Win64; x64) AppleWebKit/537.36 (KHTML, like Gecko) Chrome/120.0.0.0 Safari/537.36"
195.178.110.103 - - [06/May/2026:00:05:26 +0000] "GET /auth.json HTTP/1.1" 404 48691 "-" "Mozilla/5.0 (Windows NT 10.0; Win64; x64) AppleWebKit/537.36 (KHTML, like Gecko) Chrome/120.0.0.0 Safari/537.36"
195.178.110.103 - - [06/May/2026:00:05:26 +0000] "GET /prisma/.env HTTP/1.1" 404 48691 "-" "Mozilla/5.0 (Macintosh; Intel Mac OS X 10_15_7) AppleWebKit/537.36 (KHTML, like Gecko) Chrome/120.0.0.0 Safari/537.36"
195.178.110.103 - - [06/May/2026:00:05:26 +0000] "GET /web/.env HTTP/1.1" 404 44736 "-" "Mozilla/5.0 (compatible; SecurityScanner/1.0)"
195.178.110.103 - - [06/May/2026:00:05:26 +0000] "GET /composer.json HTTP/1.1" 404 48691 "-" "Mozilla/5.0 (Windows NT 10.0; Win64; x64) AppleWebKit/537.36 (KHTML, like Gecko) Chrome/120.0.0.0 Safari/537.36"
195.178.110.103 - - [06/May/2026:00:05:26 +0000] "GET /config/.env HTTP/1.1" 404 48691 "-" "Mozilla/5.0 (Macintosh; Intel Mac OS X 10_15_7) AppleWebKit/537.36 (KHTML, like Gecko) Chrome/120.0.0.0 Safari/537.36"
195.178.110.103 - - [06/May/2026:00:05:26 +0000] "GET /app_dev.php HTTP/1.1" 404 48691 "-" "Mozilla/5.0 (Windows NT 10.0; Win64; x64) AppleWebKit/537.36 (KHTML, like Gecko) Chrome/120.0.0.0 Safari/537.36"
195.178.110.103 - - [06/May/2026:00:05:26 +0000] "GET /apps/.env HTTP/1.1" 404 48691 "-" "Mozilla/5.0 (compatible; SecurityScanner/1.0)"
195.178.110.103 - - [06/May/2026:00:05:26 +0000] "GET /.composer/auth.json HTTP/1.1" 404 48691 "-" "Mozilla/5.0 (Windows NT 10.0; Win64; x64) AppleWebKit/537.36 (KHTML, like Gecko) Chrome/120.0.0.0 Safari/537.36"
195.178.110.103 - - [06/May/2026:00:05:26 +0000] "GET /composer.lock HTTP/1.1" 404 48691 "-" "Mozilla/5.0 (Windows NT 10.0; Win64; x64) AppleWebKit/537.36 (KHTML, like Gecko) Chrome/120.0.0.0 Safari/537.36"
195.178.110.103 - - [06/May/2026:00:05:26 +0000] "GET /_profiler HTTP/1.1" 404 48691 "-" "Mozilla/5.0 (Windows NT 10.0; Win64; x64; rv:121.0) Gecko/20100101 Firefox/121.0"
195.178.110.103 - - [06/May/2026:00:05:26 +0000] "GET /?-s HTTP/1.1" 200 76527 "-" "Mozilla/5.0 (Windows NT 10.0; Win64; x64) AppleWebKit/537.36 (KHTML, like Gecko) Chrome/120.0.0.0 Safari/537.36"
195.178.110.103 - - [06/May/2026:00:05:26 +0000] "GET /nginx_status HTTP/1.1" 404 48691 "-" "Mozilla/5.0 (X11; Linux x86_64) AppleWebKit/537.36 (KHTML, like Gecko) Chrome/120.0.0.0 Safari/537.36"
195.178.110.103 - - [06/May/2026:00:05:28 +0000] "GET /laravel/.env HTTP/1.1" 404 48691 "-" "Mozilla/5.0 (Macintosh; Intel Mac OS X 10_15_7) AppleWebKit/537.36 (KHTML, like Gecko) Chrome/120.0.0.0 Safari/537.36"
195.178.110.103 - - [06/May/2026:00:05:29 +0000] "GET /actuator/configprops HTTP/1.1" 404 48691 "-" "Mozilla/5.0 (Macintosh; Intel Mac OS X 10_15_7) AppleWebKit/537.36 (KHTML, like Gecko) Chrome/120.0.0.0 Safari/537.36"
195.178.110.103 - - [06/May/2026:00:05:29 +0000] "GET /%61%63%74%75%61%74%6F%72/%63%6F%6E%66%69%67%70%72%6F%70%73 HTTP/1.1" 404 48691 "-" "Mozilla/5.0 (Windows NT 10.0; Win64; x64; rv:121.0) Gecko/20100101 Firefox/121.0"
195.178.110.103 - - [06/May/2026:00:05:29 +0000] "GET /%62%61%63%6B%65%6E%64/.%65%6Ev HTTP/1.1" 404 48691 "-" "Mozilla/5.0 (Macintosh; Intel Mac OS X 10_15_7) AppleWebKit/537.36 (KHTML, like Gecko) Chrome/120.0.0.0 Safari/537.36"
195.178.110.103 - - [06/May/2026:00:05:29 +0000] "GET /actuator/mappings HTTP/1.1" 404 48691 "-" "Mozilla/5.0 (Windows NT 10.0; Win64; x64) AppleWebKit/537.36 (KHTML, like Gecko) Chrome/120.0.0.0 Safari/537.36"
195.178.110.103 - - [06/May/2026:00:05:29 +0000] "GET /%61%70%70/.%65%6Ev HTTP/1.1" 404 48691 "-" "Mozilla/5.0 (compatible; SecurityScanner/1.0)"
195.178.110.103 - - [06/May/2026:00:05:29 +0000] "GET /%61%70%69/.%65%6Ev HTTP/1.1" 404 48691 "-" "Mozilla/5.0 (X11; Linux x86_64) AppleWebKit/537.36 (KHTML, like Gecko) Chrome/120.0.0.0 Safari/537.36"
195.178.110.103 - - [06/May/2026:00:05:29 +0000] "GET /actuator/health HTTP/1.1" 404 48691 "-" "Mozilla/5.0 (compatible; SecurityScanner/1.0)"
195.178.110.103 - - [06/May/2026:00:05:30 +0000] "GET /%70%75%62%6C%69%63/.%65%6Ev HTTP/1.1" 404 48691 "-" "Mozilla/5.0 (Windows NT 10.0; Win64; x64; rv:121.0) Gecko/20100101 Firefox/121.0"
195.178.110.103 - - [06/May/2026:00:05:31 +0000] "GET /%63%6F%6E%66%69%67/.%65%6Ev HTTP/1.1" 404 48691 "-" "Mozilla/5.0 (Windows NT 10.0; Win64; x64; rv:121.0) Gecko/20100101 Firefox/121.0"
195.178.110.103 - - [06/May/2026:00:05:31 +0000] "GET /%73%72%63/.%65%6Ev HTTP/1.1" 404 48690 "-" "Mozilla/5.0 (compatible; SecurityScanner/1.0)"
195.178.110.103 - - [06/May/2026:00:05:31 +0000] "GET /%61%63%74%75%61%74%6F%72/%62%65%61%6E%73 HTTP/1.1" 404 48691 "-" "Mozilla/5.0 (Windows NT 10.0; Win64; x64) AppleWebKit/537.36 (KHTML, like Gecko) Chrome/120.0.0.0 Safari/537.36"
195.178.110.103 - - [06/May/2026:00:05:32 +0000] "GET /%6C%61%72%61%76%65%6C/.%65%6Ev HTTP/1.1" 404 48691 "-" "Mozilla/5.0 (Windows NT 10.0; Win64; x64) AppleWebKit/537.36 (KHTML, like Gecko) Chrome/120.0.0.0 Safari/537.36"
195.178.110.103 - - [06/May/2026:00:05:31 +0000] "GET /actuator/loggers HTTP/1.1" 404 48691 "-" "Mozilla/5.0 (compatible; SecurityScanner/1.0)"
195.178.110.103 - - [06/May/2026:00:05:32 +0000] "GET /actuator/beans HTTP/1.1" 404 48691 "-" "Mozilla/5.0 (Windows NT 10.0; Win64; x64; rv:121.0) Gecko/20100101 Firefox/121.0"
195.178.110.103 - - [06/May/2026:00:05:33 +0000] "GET /actuator/httptrace HTTP/1.1" 404 44736 "-" "Mozilla/5.0 (Windows NT 10.0; Win64; x64; rv:121.0) Gecko/20100101 Firefox/121.0"
195.178.110.103 - - [06/May/2026:00:05:32 +0000] "GET /%61%64%6D%69%6E/.%65%6Ev HTTP/1.1" 404 48691 "-" "Mozilla/5.0 (Windows NT 10.0; Win64; x64) AppleWebKit/537.36 (KHTML, like Gecko) Chrome/120.0.0.0 Safari/537.36"
195.178.110.103 - - [06/May/2026:00:05:33 +0000] "GET /env HTTP/1.1" 404 48691 "-" "Mozilla/5.0 (compatible; SecurityScanner/1.0)"
195.178.110.103 - - [06/May/2026:00:05:33 +0000] "GET /%73%65%72%76%65%72/.%65%6Ev HTTP/1.1" 404 48691 "-" "Mozilla/5.0 (compatible; SecurityScanner/1.0)"
195.178.110.103 - - [06/May/2026:00:05:33 +0000] "GET /actuator/threaddump HTTP/1.1" 404 16384 "-" "Mozilla/5.0 (Windows NT 10.0; Win64; x64) AppleWebKit/537.36 (KHTML, like Gecko) Chrome/120.0.0.0 Safari/537.36"
195.178.110.103 - - [06/May/2026:00:05:33 +0000] "GET /actuator/trace HTTP/1.1" 404 48691 "-" "Mozilla/5.0 (Windows NT 10.0; Win64; x64) AppleWebKit/537.36 (KHTML, like Gecko) Chrome/120.0.0.0 Safari/537.36"
195.178.110.103 - - [06/May/2026:00:05:33 +0000] "GET /dump.sql HTTP/1.1" 404 48691 "-" "Mozilla/5.0 (compatible; SecurityScanner/1.0)"
107.189.12.157 - - [06/May/2026:00:05:34 +0000] "GET /dominican-republic/ HTTP/1.1" 200 12509 "-" "Mozilla/5.0 (Windows NT 10.0; Win64; x64) AppleWebKit/537.36 (KHTML, like Gecko) Chrome/84.0.4147.105 Safari/537.36"
195.178.110.103 - - [06/May/2026:00:05:34 +0000] "GET /database.sql HTTP/1.1" 404 44736 "-" "Mozilla/5.0 (Windows NT 10.0; Win64; x64; rv:121.0) Gecko/20100101 Firefox/121.0"
195.178.110.103 - - [06/May/2026:00:05:34 +0000] "GET /db.sql HTTP/1.1" 404 48690 "-" "Mozilla/5.0 (Windows NT 10.0; Win64; x64) AppleWebKit/537.36 (KHTML, like Gecko) Chrome/120.0.0.0 Safari/537.36"
195.178.110.103 - - [06/May/2026:00:05:35 +0000] "GET /data.sql HTTP/1.1" 404 48691 "-" "Mozilla/5.0 (Windows NT 10.0; Win64; x64) AppleWebKit/537.36 (KHTML, like Gecko) Chrome/120.0.0.0 Safari/537.36"
195.178.110.103 - - [06/May/2026:00:05:35 +0000] "GET /env.json HTTP/1.1" 404 48691 "-" "Mozilla/5.0 (Windows NT 10.0; Win64; x64; rv:121.0) Gecko/20100101 Firefox/121.0"
195.178.110.103 - - [06/May/2026:00:05:35 +0000] "GET /all-databases.sql HTTP/1.1" 404 48691 "-" "Mozilla/5.0 (Macintosh; Intel Mac OS X 10_15_7) AppleWebKit/537.36 (KHTML, like Gecko) Chrome/120.0.0.0 Safari/537.36"
195.178.110.103 - - [06/May/2026:00:05:35 +0000] "GET /database_backup.sql HTTP/1.1" 404 48690 "-" "Mozilla/5.0 (Windows NT 10.0; Win64; x64) AppleWebKit/537.36 (KHTML, like Gecko) Chrome/120.0.0.0 Safari/537.36"
195.178.110.103 - - [06/May/2026:00:05:35 +0000] "GET /mysqldump.sql HTTP/1.1" 404 48691 "-" "Mozilla/5.0 (X11; Linux x86_64) AppleWebKit/537.36 (KHTML, like Gecko) Chrome/120.0.0.0 Safari/537.36"
195.178.110.103 - - [06/May/2026:00:05:35 +0000] "GET /env.txt HTTP/1.1" 404 48691 "-" "Mozilla/5.0 (Macintosh; Intel Mac OS X 10_15_7) AppleWebKit/537.36 (KHTML, like Gecko) Chrome/120.0.0.0 Safari/537.36"
195.178.110.103 - - [06/May/2026:00:05:35 +0000] "GET /db_backup.sql HTTP/1.1" 404 48691 "-" "Mozilla/5.0 (Macintosh; Intel Mac OS X 10_15_7) AppleWebKit/537.36 (KHTML, like Gecko) Chrome/120.0.0.0 Safari/537.36"
195.178.110.103 - - [06/May/2026:00:05:35 +0000] "GET /backup.sql HTTP/1.1" 404 48691 "-" "Mozilla/5.0 (Macintosh; Intel Mac OS X 10_15_7) AppleWebKit/537.36 (KHTML, like Gecko) Chrome/120.0.0.0 Safari/537.36"
195.178.110.103 - - [06/May/2026:00:05:35 +0000] "GET /pg_dump.sql HTTP/1.1" 404 48690 "-" "Mozilla/5.0 (compatible; SecurityScanner/1.0)"
195.178.110.103 - - [06/May/2026:00:05:38 +0000] "GET /wp.sql HTTP/1.1" 404 48691 "-" "Mozilla/5.0 (Windows NT 10.0; Win64; x64; rv:121.0) Gecko/20100101 Firefox/121.0"
195.178.110.103 - - [06/May/2026:00:05:38 +0000] "GET /wordpress.sql HTTP/1.1" 404 48691 "-" "Mozilla/5.0 (X11; Linux x86_64) AppleWebKit/537.36 (KHTML, like Gecko) Chrome/120.0.0.0 Safari/537.36"
195.178.110.103 - - [06/May/2026:00:05:38 +0000] "GET /export.sql HTTP/1.1" 404 48690 "-" "Mozilla/5.0 (X11; Linux x86_64) AppleWebKit/537.36 (KHTML, like Gecko) Chrome/120.0.0.0 Safari/537.36"
195.178.110.103 - - [06/May/2026:00:05:38 +0000] "GET /site.sql HTTP/1.1" 404 48691 "-" "Mozilla/5.0 (Macintosh; Intel Mac OS X 10_15_7) AppleWebKit/537.36 (KHTML, like Gecko) Chrome/120.0.0.0 Safari/537.36"
195.178.110.103 - - [06/May/2026:00:05:39 +0000] "GET /full_backup.sql HTTP/1.1" 404 48691 "-" "Mozilla/5.0 (Windows NT 10.0; Win64; x64; rv:121.0) Gecko/20100101 Firefox/121.0"
195.178.110.103 - - [06/May/2026:00:05:40 +0000] "GET /config/credentials/development.key HTTP/1.1" 404 48691 "-" "Mozilla/5.0 (X11; Linux x86_64) AppleWebKit/537.36 (KHTML, like Gecko) Chrome/120.0.0.0 Safari/537.36"
195.178.110.103 - - [06/May/2026:00:05:40 +0000] "GET /config/credentials.yml.enc HTTP/1.1" 404 48691 "-" "Mozilla/5.0 (Windows NT 10.0; Win64; x64) AppleWebKit/537.36 (KHTML, like Gecko) Chrome/120.0.0.0 Safari/537.36"
195.178.110.103 - - [06/May/2026:00:05:40 +0000] "GET /config/credentials/production.key HTTP/1.1" 404 48691 "-" "Mozilla/5.0 (Macintosh; Intel Mac OS X 10_15_7) AppleWebKit/537.36 (KHTML, like Gecko) Chrome/120.0.0.0 Safari/537.36"
195.178.110.103 - - [06/May/2026:00:05:40 +0000] "GET /config/master.key HTTP/1.1" 404 48691 "-" "Mozilla/5.0 (X11; Linux x86_64) AppleWebKit/537.36 (KHTML, like Gecko) Chrome/120.0.0.0 Safari/537.36"
195.178.110.103 - - [06/May/2026:00:05:40 +0000] "GET /config/credentials/production.yml.enc HTTP/1.1" 404 48691 "-" "Mozilla/5.0 (Windows NT 10.0; Win64; x64; rv:121.0) Gecko/20100101 Firefox/121.0"
195.178.110.103 - - [06/May/2026:00:05:42 +0000] "GET /config/database.yml HTTP/1.1" 404 48691 "-" "Mozilla/5.0 (Macintosh; Intel Mac OS X 10_15_7) AppleWebKit/537.36 (KHTML, like Gecko) Chrome/120.0.0.0 Safari/537.36"
195.178.110.103 - - [06/May/2026:00:05:42 +0000] "GET /config/secrets.yml HTTP/1.1" 404 48691 "-" "Mozilla/5.0 (X11; Linux x86_64) AppleWebKit/537.36 (KHTML, like Gecko) Chrome/120.0.0.0 Safari/537.36"
195.178.110.103 - - [06/May/2026:00:05:43 +0000] "GET /appsettings.json HTTP/1.1" 404 48691 "-" "Mozilla/5.0 (compatible; SecurityScanner/1.0)"
195.178.110.103 - - [06/May/2026:00:05:43 +0000] "GET /config/storage.yml HTTP/1.1" 404 48691 "-" "Mozilla/5.0 (compatible; SecurityScanner/1.0)"
195.178.110.103 - - [06/May/2026:00:05:44 +0000] "GET /appsettings.Production.json HTTP/1.1" 404 48691 "-" "Mozilla/5.0 (X11; Linux x86_64) AppleWebKit/537.36 (KHTML, like Gecko) Chrome/120.0.0.0 Safari/537.36"
195.178.110.103 - - [06/May/2026:00:05:44 +0000] "GET /appsettings.Development.json HTTP/1.1" 404 48691 "-" "Mozilla/5.0 (Macintosh; Intel Mac OS X 10_15_7) AppleWebKit/537.36 (KHTML, like Gecko) Chrome/120.0.0.0 Safari/537.36"
195.178.110.103 - - [06/May/2026:00:05:45 +0000] "GET /appsettings.json.bak HTTP/1.1" 404 48691 "-" "Mozilla/5.0 (Macintosh; Intel Mac OS X 10_15_7) AppleWebKit/537.36 (KHTML, like Gecko) Chrome/120.0.0.0 Safari/537.36"
195.178.110.103 - - [06/May/2026:00:05:45 +0000] "GET /appsettings.Staging.json HTTP/1.1" 404 48691 "-" "Mozilla/5.0 (compatible; SecurityScanner/1.0)"
195.178.110.103 - - [06/May/2026:00:05:45 +0000] "GET /appsettings.local.json HTTP/1.1" 404 48691 "-" "Mozilla/5.0 (compatible; SecurityScanner/1.0)"
195.178.110.103 - - [06/May/2026:00:05:46 +0000] "GET /web.config HTTP/1.1" 404 48691 "-" "Mozilla/5.0 (Windows NT 10.0; Win64; x64; rv:121.0) Gecko/20100101 Firefox/121.0"
195.178.110.103 - - [06/May/2026:00:05:49 +0000] "GET /Web.Debug.config HTTP/1.1" 404 48691 "-" "Mozilla/5.0 (Windows NT 10.0; Win64; x64) AppleWebKit/537.36 (KHTML, like Gecko) Chrome/120.0.0.0 Safari/537.36"
20.123.172.228 - - [06/May/2026:00:05:49 +0000] "POST /wp-cron.php?doing_wp_cron=1778025949.3068399429321289062500 HTTP/1.1" 200 - "-" "WordPress/6.9.4; https://nipponia.com"
195.178.110.103 - - [06/May/2026:00:05:49 +0000] "GET /web.config~ HTTP/1.1" 404 48690 "-" "Mozilla/5.0 (Windows NT 10.0; Win64; x64; rv:121.0) Gecko/20100101 Firefox/121.0"
195.178.110.103 - - [06/May/2026:00:05:49 +0000] "GET /web.config.bak HTTP/1.1" 404 48691 "-" "Mozilla/5.0 (Windows NT 10.0; Win64; x64) AppleWebKit/537.36 (KHTML, like Gecko) Chrome/120.0.0.0 Safari/537.36"
20.123.172.228 - - [06/May/2026:00:05:49 +0000] "POST /wp-cron.php?doing_wp_cron=1778025949.9064381122589111328125 HTTP/1.1" 200 - "-" "WordPress/6.9.4; https://nipponia.com"
195.178.110.103 - - [06/May/2026:00:05:49 +0000] "GET /web.config.old HTTP/1.1" 404 48691 "-" "Mozilla/5.0 (Windows NT 10.0; Win64; x64; rv:121.0) Gecko/20100101 Firefox/121.0"
195.178.110.103 - - [06/May/2026:00:05:49 +0000] "GET /Web.Release.config HTTP/1.1" 404 48691 "-" "Mozilla/5.0 (Macintosh; Intel Mac OS X 10_15_7) AppleWebKit/537.36 (KHTML, like Gecko) Chrome/120.0.0.0 Safari/537.36"
195.178.110.103 - - [06/May/2026:00:05:49 +0000] "GET /connectionstrings.config HTTP/1.1" 404 48691 "-" "Mozilla/5.0 (X11; Linux x86_64) AppleWebKit/537.36 (KHTML, like Gecko) Chrome/120.0.0.0 Safari/537.36"
20.123.172.228 - - [06/May/2026:00:05:51 +0000] "POST /wp-cron.php?doing_wp_cron=1778025950.6610519886016845703125 HTTP/1.1" 200 - "-" "WordPress/6.9.4; https://nipponia.com"
195.178.110.103 - - [06/May/2026:00:05:50 +0000] "GET /swagger.json HTTP/1.1" 404 48691 "-" "Mozilla/5.0 (Windows NT 10.0; Win64; x64; rv:121.0) Gecko/20100101 Firefox/121.0"
20.123.172.228 - - [06/May/2026:00:05:51 +0000] "POST /wp-cron.php?doing_wp_cron=1778025950.8687319755554199218750 HTTP/1.1" 200 - "-" "WordPress/6.9.4; https://nipponia.com"
195.178.110.103 - - [06/May/2026:00:05:50 +0000] "GET /global.asax HTTP/1.1" 404 48691 "-" "Mozilla/5.0 (Windows NT 10.0; Win64; x64; rv:121.0) Gecko/20100101 Firefox/121.0"
195.178.110.103 - - [06/May/2026:00:05:50 +0000] "GET /local.settings.json HTTP/1.1" 404 48691 "-" "Mozilla/5.0 (compatible; SecurityScanner/1.0)"
195.178.110.103 - - [06/May/2026:00:05:51 +0000] "GET /swagger.yaml HTTP/1.1" 404 48691 "-" "Mozilla/5.0 (X11; Linux x86_64) AppleWebKit/537.36 (KHTML, like Gecko) Chrome/120.0.0.0 Safari/537.36"
195.178.110.103 - - [06/May/2026:00:05:53 +0000] "GET /openapi.json HTTP/1.1" 404 48691 "-" "Mozilla/5.0 (compatible; SecurityScanner/1.0)"
195.178.110.103 - - [06/May/2026:00:05:53 +0000] "GET /v2/api-docs HTTP/1.1" 404 48691 "-" "Mozilla/5.0 (Macintosh; Intel Mac OS X 10_15_7) AppleWebKit/537.36 (KHTML, like Gecko) Chrome/120.0.0.0 Safari/537.36"
195.178.110.103 - - [06/May/2026:00:05:53 +0000] "GET /api-docs HTTP/1.1" 404 48691 "-" "Mozilla/5.0 (compatible; SecurityScanner/1.0)"
195.178.110.103 - - [06/May/2026:00:05:53 +0000] "GET /openapi.yaml HTTP/1.1" 404 48691 "-" "Mozilla/5.0 (Macintosh; Intel Mac OS X 10_15_7) AppleWebKit/537.36 (KHTML, like Gecko) Chrome/120.0.0.0 Safari/537.36"
195.178.110.103 - - [06/May/2026:00:05:55 +0000] "GET /v3/api-docs HTTP/1.1" 404 48691 "-" "Mozilla/5.0 (Windows NT 10.0; Win64; x64) AppleWebKit/537.36 (KHTML, like Gecko) Chrome/120.0.0.0 Safari/537.36"
195.178.110.103 - - [06/May/2026:00:05:55 +0000] "GET /ecosystem.config.js HTTP/1.1" 404 48691 "-" "Mozilla/5.0 (Macintosh; Intel Mac OS X 10_15_7) AppleWebKit/537.36 (KHTML, like Gecko) Chrome/120.0.0.0 Safari/537.36"
195.178.110.103 - - [06/May/2026:00:05:55 +0000] "GET /swagger-ui/index.html HTTP/1.1" 404 48691 "-" "Mozilla/5.0 (Macintosh; Intel Mac OS X 10_15_7) AppleWebKit/537.36 (KHTML, like Gecko) Chrome/120.0.0.0 Safari/537.36"
195.178.110.103 - - [06/May/2026:00:05:57 +0000] "GET /swagger-ui.html HTTP/1.1" 404 48691 "-" "Mozilla/5.0 (compatible; SecurityScanner/1.0)"
195.178.110.103 - - [06/May/2026:00:05:57 +0000] "GET /config/default.json HTTP/1.1" 404 48691 "-" "Mozilla/5.0 (compatible; SecurityScanner/1.0)"
195.178.110.103 - - [06/May/2026:00:05:59 +0000] "GET /parameters.yml HTTP/1.1" 404 48691 "-" "Mozilla/5.0 (Windows NT 10.0; Win64; x64) AppleWebKit/537.36 (KHTML, like Gecko) Chrome/120.0.0.0 Safari/537.36"
195.178.110.103 - - [06/May/2026:00:06:00 +0000] "GET /config/server.js HTTP/1.1" 404 48691 "-" "Mozilla/5.0 (Macintosh; Intel Mac OS X 10_15_7) AppleWebKit/537.36 (KHTML, like Gecko) Chrome/120.0.0.0 Safari/537.36"
195.178.110.103 - - [06/May/2026:00:06:00 +0000] "GET /app/config/parameters.yml HTTP/1.1" 404 48691 "-" "Mozilla/5.0 (Macintosh; Intel Mac OS X 10_15_7) AppleWebKit/537.36 (KHTML, like Gecko) Chrome/120.0.0.0 Safari/537.36"
195.178.110.103 - - [06/May/2026:00:06:03 +0000] "GET /backup.sql HTTP/1.1" 404 48691 "-" "Mozilla/5.0 (Windows NT 10.0; Win64; x64) AppleWebKit/537.36 (KHTML, like Gecko) Chrome/120.0.0.0 Safari/537.36"
104.244.73.14 - - [06/May/2026:00:06:09 +0000] "GET /dominican-republic/ HTTP/1.1" 200 12510 "-" "Mozilla/5.0 (Windows NT 10.0; Win64; x64) AppleWebKit/537.36 (KHTML, like Gecko) Chrome/84.0.4147.105 Safari/537.36"
161.115.234.215 - - [06/May/2026:00:06:31 +0000] "GET / HTTP/1.1" 200 15360 "https://www.google.com" "Mozilla/5.0 (Windows NT 10.0; Win64; x64) AppleWebKit/537.36 (KHTML, like Gecko) Chrome/99.0.4844.51 Safari/537.36 Edg/99.0.1150.30"
20.123.172.228 - - [06/May/2026:00:06:35 +0000] "POST /?wordfence_syncAttackData=1778025995.4694 HTTP/1.1" 200 - "-" "WordPress/6.9.4; https://nipponia.com"
20.123.172.228 - - [06/May/2026:00:06:37 +0000] "POST /?wordfence_syncAttackData=1778025997.871 HTTP/1.1" 200 14709 "-" "WordPress/6.9.4; https://nipponia.com"
20.123.172.228 - - [06/May/2026:00:06:38 +0000] "POST /?wordfence_syncAttackData=1778025998.8365 HTTP/1.1" 200 14709 "-" "WordPress/6.9.4; https://nipponia.com"
20.123.172.228 - - [06/May/2026:00:06:39 +0000] "POST /?wordfence_syncAttackData=1778025999.4293 HTTP/1.1" 200 14709 "-" "WordPress/6.9.4; https://nipponia.com"
20.123.172.228 - - [06/May/2026:00:06:40 +0000] "POST /?wordfence_syncAttackData=1778026000.411 HTTP/1.1" 200 14709 "-" "WordPress/6.9.4; https://nipponia.com"
20.123.172.228 - - [06/May/2026:00:06:43 +0000] "POST /?wordfence_syncAttackData=1778026003.1686 HTTP/1.1" 200 14709 "-" "WordPress/6.9.4; https://nipponia.com"
20.123.172.228 - - [06/May/2026:00:06:46 +0000] "POST /?wordfence_syncAttackData=1778026006.0055 HTTP/1.1" 200 - "-" "WordPress/6.9.4; https://nipponia.com"
161.115.234.215 - - [06/May/2026:00:06:44 +0000] "GET / HTTP/1.1" 200 15314 "https://www.google.com" "Mozilla/5.0 (Windows NT 10.0; Win64; x64) AppleWebKit/537.36 (KHTML, like Gecko) Chrome/99.0.4844.51 Safari/537.36 Edg/99.0.1150.30"
38.135.24.245 - - [06/May/2026:00:06:46 +0000] "GET /dominican-republic/ HTTP/1.1" 200 12460 "-" "Mozilla/5.0 (Windows NT 10.0; Win64; x64) AppleWebKit/537.36 (KHTML, like Gecko) Chrome/84.0.4147.105 Safari/537.36"
20.123.172.228 - - [06/May/2026:00:06:51 +0000] "POST /wp-cron.php?doing_wp_cron=1778026011.3375689983367919921875 HTTP/1.1" 200 - "-" "WordPress/6.9.4; https://nipponia.com"
20.123.172.228 - - [06/May/2026:00:06:46 +0000] "POST /?wordfence_syncAttackData=1778026006.8489 HTTP/1.1" 200 14709 "-" "WordPress/6.9.4; https://nipponia.com"
20.123.172.228 - - [06/May/2026:00:06:51 +0000] "POST /wp-cron.php?doing_wp_cron=1778026011.3400731086730957031250 HTTP/1.1" 200 - "-" "WordPress/6.9.4; https://nipponia.com"
20.123.172.228 - - [06/May/2026:00:06:46 +0000] "POST /?wordfence_syncAttackData=1778026006.9328 HTTP/1.1" 200 14709 "-" "WordPress/6.9.4; https://nipponia.com"
20.123.172.228 - - [06/May/2026:00:06:47 +0000] "POST /?wordfence_syncAttackData=1778026007.2033 HTTP/1.1" 200 14709 "-" "WordPress/6.9.4; https://nipponia.com"
20.123.172.228 - - [06/May/2026:00:06:51 +0000] "POST /wp-cron.php?doing_wp_cron=1778026011.5431540012359619140625 HTTP/1.1" 200 - "-" "WordPress/6.9.4; https://nipponia.com"
20.123.172.228 - - [06/May/2026:00:06:55 +0000] "POST /wp-cron.php?doing_wp_cron=1778026015.3391630649566650390625 HTTP/1.1" 200 - "-" "WordPress/6.9.4; https://nipponia.com"
20.123.172.228 - - [06/May/2026:00:06:56 +0000] "POST /wp-cron.php?doing_wp_cron=1778026016.2151389122009277343750 HTTP/1.1" 200 - "-" "WordPress/6.9.4; https://nipponia.com"
20.123.172.228 - - [06/May/2026:00:06:51 +0000] "POST /?wordfence_syncAttackData=1778026010.9908 HTTP/1.1" 200 14709 "-" "WordPress/6.9.4; https://nipponia.com"
20.123.172.228 - - [06/May/2026:00:07:57 +0000] "POST /wp-cron.php?doing_wp_cron=1778026077.3491799831390380859375 HTTP/1.1" 200 - "-" "WordPress/6.9.4; https://nipponia.com"
72.167.150.128 - - [06/May/2026:00:07:04 +0000] "GET /wp-login.php HTTP/1.1" 200 1968 "-" "Mozilla/5.0 (Macintosh; Intel Mac OS X 10_12_5) AppleWebKit/537.36 (KHTML, like Gecko) Chrome/65.0.3325.181 Safari/537.36"
20.123.172.228 - - [06/May/2026:00:07:59 +0000] "POST /wp-cron.php?doing_wp_cron=1778026079.8281788825988769531250 HTTP/1.1" 200 - "-" "WordPress/6.9.4; https://nipponia.com"
104.244.73.14 - - [06/May/2026:00:07:21 +0000] "GET /dominican-republic/ HTTP/1.1" 200 12460 "-" "Mozilla/5.0 (Windows NT 10.0; Win64; x64) AppleWebKit/537.36 (KHTML, like Gecko) Chrome/84.0.4147.105 Safari/537.36"
20.123.172.228 - - [06/May/2026:00:08:00 +0000] "POST /wp-cron.php?doing_wp_cron=1778026080.0722899436950683593750 HTTP/1.1" 200 - "-" "WordPress/6.9.4; https://nipponia.com"
20.123.172.228 - - [06/May/2026:00:08:02 +0000] "POST /wp-cron.php?doing_wp_cron=1778026082.7699770927429199218750 HTTP/1.1" 200 - "-" "WordPress/6.9.4; https://nipponia.com"
161.115.235.62 - - [06/May/2026:00:07:49 +0000] "GET / HTTP/1.1" 200 15314 "https://www.google.com" "Mozilla/5.0 (Windows NT 10.0; Win64; x64) AppleWebKit/537.36 (KHTML, like Gecko) Chrome/99.0.4844.51 Safari/537.36 Edg/99.0.1150.30"
161.115.235.62 - - [06/May/2026:00:07:39 +0000] "GET / HTTP/1.1" 200 15314 "https://www.google.com" "Mozilla/5.0 (Windows NT 10.0; Win64; x64) AppleWebKit/537.36 (KHTML, like Gecko) Chrome/99.0.4844.51 Safari/537.36 Edg/99.0.1150.30"
20.123.172.228 - - [06/May/2026:00:08:03 +0000] "POST /wp-cron.php?doing_wp_cron=1778026083.5251059532165527343750 HTTP/1.1" 200 - "-" "WordPress/6.9.4; https://nipponia.com"
20.123.172.228 - - [06/May/2026:00:09:06 +0000] "POST /wp-cron.php?doing_wp_cron=1778026146.0588970184326171875000 HTTP/1.1" 200 - "-" "WordPress/6.9.4; https://nipponia.com"
20.123.172.228 - - [06/May/2026:00:09:04 +0000] "POST /wp-cron.php?doing_wp_cron=1778026144.3781321048736572265625 HTTP/1.1" 200 - "-" "WordPress/6.9.4; https://nipponia.com"
20.123.172.228 - - [06/May/2026:00:09:07 +0000] "POST /wp-cron.php?doing_wp_cron=1778026146.9182209968566894531250 HTTP/1.1" 200 - "-" "WordPress/6.9.4; https://nipponia.com"
20.123.172.228 - - [06/May/2026:00:09:07 +0000] "POST /wp-cron.php?doing_wp_cron=1778026147.2230560779571533203125 HTTP/1.1" 200 - "-" "WordPress/6.9.4; https://nipponia.com"
20.123.172.228 - - [06/May/2026:00:09:09 +0000] "POST /wp-cron.php?doing_wp_cron=1778026149.6999349594116210937500 HTTP/1.1" 200 - "-" "WordPress/6.9.4; https://nipponia.com"
20.123.172.228 - - [06/May/2026:00:10:11 +0000] "POST /wp-cron.php?doing_wp_cron=1778026211.5966079235076904296875 HTTP/1.1" 200 - "-" "WordPress/6.9.4; https://nipponia.com"
20.123.172.228 - - [06/May/2026:00:10:13 +0000] "POST /wp-cron.php?doing_wp_cron=1778026212.9973130226135253906250 HTTP/1.1" 200 - "-" "WordPress/6.9.4; https://nipponia.com"
20.123.172.228 - - [06/May/2026:00:10:14 +0000] "POST /wp-cron.php?doing_wp_cron=1778026214.7154300212860107421875 HTTP/1.1" 200 - "-" "WordPress/6.9.4; https://nipponia.com"
20.123.172.228 - - [06/May/2026:00:10:16 +0000] "POST /wp-cron.php?doing_wp_cron=1778026216.8501060009002685546875 HTTP/1.1" 200 - "-" "WordPress/6.9.4; https://nipponia.com"
20.123.172.228 - - [06/May/2026:00:10:17 +0000] "POST /wp-cron.php?doing_wp_cron=1778026217.1403679847717285156250 HTTP/1.1" 200 - "-" "WordPress/6.9.4; https://nipponia.com"
43.135.107.233 - - [06/May/2026:00:10:04 +0000] "GET / HTTP/1.1" 200 15314 "-" "Mozilla/5.0 (Macintosh; Intel Mac OS X 10_15_7) AppleWebKit/605.1.15 (KHTML, like Gecko) Version/15.5 Safari/605.1.15"
119.28.115.137 - - [06/May/2026:00:10:25 +0000] "GET / HTTP/1.1" 200 15314 "-" "Mozilla/5.0 (Macintosh; Intel Mac OS X 10_15_7) AppleWebKit/605.1.15 (KHTML, like Gecko) Version/15.5 Safari/605.1.15"
43.134.102.151 - - [06/May/2026:00:10:45 +0000] "GET / HTTP/1.1" 200 15314 "-" "Mozilla/5.0 (Macintosh; Intel Mac OS X 10_15_7) AppleWebKit/605.1.15 (KHTML, like Gecko) Version/15.5 Safari/605.1.15"
20.239.192.136 - - [06/May/2026:00:11:05 +0000] "GET /wp-admin/a.php HTTP/1.1" 404 10742 "-" "Mozilla/5.0 (Windows NT 10.0; Win64; x64) AppleWebKit/537.36 (KHTML, like Gecko) Chrome/120.0.0.0 Safari/537.36"
20.239.192.136 - - [06/May/2026:00:11:10 +0000] "GET /init.php HTTP/1.1" 404 10742 "-" "Mozilla/5.0 (Windows NT 10.0; Win64; x64) AppleWebKit/537.36 (KHTML, like Gecko) Chrome/120.0.0.0 Safari/537.36"
20.239.192.136 - - [06/May/2026:00:11:16 +0000] "GET /asd.php HTTP/1.1" 404 10742 "-" "Mozilla/5.0 (Windows NT 10.0; Win64; x64) AppleWebKit/537.36 (KHTML, like Gecko) Chrome/120.0.0.0 Safari/537.36"
20.239.192.136 - - [06/May/2026:00:11:21 +0000] "GET /simple.php HTTP/1.1" 404 10742 "-" "Mozilla/5.0 (Windows NT 10.0; Win64; x64) AppleWebKit/537.36 (KHTML, like Gecko) Chrome/120.0.0.0 Safari/537.36"
20.239.192.136 - - [06/May/2026:00:11:26 +0000] "GET /alfa.php HTTP/1.1" 404 10742 "-" "Mozilla/5.0 (Windows NT 10.0; Win64; x64) AppleWebKit/537.36 (KHTML, like Gecko) Chrome/120.0.0.0 Safari/537.36"
20.239.192.136 - - [06/May/2026:00:11:33 +0000] "GET /plugin.php HTTP/1.1" 404 10742 "-" "Mozilla/5.0 (Windows NT 10.0; Win64; x64) AppleWebKit/537.36 (KHTML, like Gecko) Chrome/120.0.0.0 Safari/537.36"
20.239.192.136 - - [06/May/2026:00:11:38 +0000] "GET /plugins.php HTTP/1.1" 404 10742 "-" "Mozilla/5.0 (Windows NT 10.0; Win64; x64) AppleWebKit/537.36 (KHTML, like Gecko) Chrome/120.0.0.0 Safari/537.36"
20.123.172.228 - - [06/May/2026:00:11:49 +0000] "POST /wp-cron.php?doing_wp_cron=1778026309.1680529117584228515625 HTTP/1.1" 200 - "-" "WordPress/6.9.4; https://nipponia.com"
20.239.192.136 - - [06/May/2026:00:11:44 +0000] "GET /indeex.php HTTP/1.1" 404 10742 "-" "Mozilla/5.0 (Windows NT 10.0; Win64; x64) AppleWebKit/537.36 (KHTML, like Gecko) Chrome/120.0.0.0 Safari/537.36"
20.239.192.136 - - [06/May/2026:00:11:50 +0000] "GET /wp-admin/css/wp-login.php HTTP/1.1" 404 10742 "-" "Mozilla/5.0 (Windows NT 10.0; Win64; x64) AppleWebKit/537.36 (KHTML, like Gecko) Chrome/120.0.0.0 Safari/537.36"
20.239.192.136 - - [06/May/2026:00:11:56 +0000] "GET /gmo.php HTTP/1.1" 404 10742 "-" "Mozilla/5.0 (Windows NT 10.0; Win64; x64) AppleWebKit/537.36 (KHTML, like Gecko) Chrome/120.0.0.0 Safari/537.36"
20.239.192.136 - - [06/May/2026:00:12:01 +0000] "GET /sh.php HTTP/1.1" 404 10742 "-" "Mozilla/5.0 (Windows NT 10.0; Win64; x64) AppleWebKit/537.36 (KHTML, like Gecko) Chrome/120.0.0.0 Safari/537.36"
20.239.192.136 - - [06/May/2026:00:12:07 +0000] "GET /wp-includes/IXR/wp-login.php HTTP/1.1" 404 10742 "-" "Mozilla/5.0 (Windows NT 10.0; Win64; x64) AppleWebKit/537.36 (KHTML, like Gecko) Chrome/120.0.0.0 Safari/537.36"
20.239.192.136 - - [06/May/2026:00:12:12 +0000] "GET /abcd.php HTTP/1.1" 404 10742 "-" "Mozilla/5.0 (Windows NT 10.0; Win64; x64) AppleWebKit/537.36 (KHTML, like Gecko) Chrome/120.0.0.0 Safari/537.36"
20.239.192.136 - - [06/May/2026:00:12:17 +0000] "GET /edit.php HTTP/1.1" 404 10742 "-" "Mozilla/5.0 (Windows NT 10.0; Win64; x64) AppleWebKit/537.36 (KHTML, like Gecko) Chrome/120.0.0.0 Safari/537.36"
20.239.192.136 - - [06/May/2026:00:12:23 +0000] "GET /wp-admin/js/widgets/index.php HTTP/1.1" 301 - "-" "Mozilla/5.0 (Windows NT 10.0; Win64; x64) AppleWebKit/537.36 (KHTML, like Gecko) Chrome/120.0.0.0 Safari/537.36"
20.239.192.136 - - [06/May/2026:00:12:26 +0000] "GET /mah.php HTTP/1.1" 404 10742 "-" "Mozilla/5.0 (Windows NT 10.0; Win64; x64) AppleWebKit/537.36 (KHTML, like Gecko) Chrome/120.0.0.0 Safari/537.36"
20.239.192.136 - - [06/May/2026:00:12:32 +0000] "GET /4.php HTTP/1.1" 404 10742 "-" "Mozilla/5.0 (Windows NT 10.0; Win64; x64) AppleWebKit/537.36 (KHTML, like Gecko) Chrome/120.0.0.0 Safari/537.36"
20.239.192.136 - - [06/May/2026:00:12:37 +0000] "GET /wp-includes/blocks/about.php HTTP/1.1" 404 10742 "-" "Mozilla/5.0 (Windows NT 10.0; Win64; x64) AppleWebKit/537.36 (KHTML, like Gecko) Chrome/120.0.0.0 Safari/537.36"
20.123.172.228 - - [06/May/2026:00:12:48 +0000] "POST /wp-cron.php?doing_wp_cron=1778026368.7393519878387451171875 HTTP/1.1" 200 - "-" "WordPress/6.9.4; https://nipponia.com"
20.239.192.136 - - [06/May/2026:00:12:43 +0000] "GET /send.php HTTP/1.1" 404 10742 "-" "Mozilla/5.0 (Windows NT 10.0; Win64; x64) AppleWebKit/537.36 (KHTML, like Gecko) Chrome/120.0.0.0 Safari/537.36"
20.239.192.136 - - [06/May/2026:00:12:49 +0000] "GET /xleet.php HTTP/1.1" 404 10742 "-" "Mozilla/5.0 (Windows NT 10.0; Win64; x64) AppleWebKit/537.36 (KHTML, like Gecko) Chrome/120.0.0.0 Safari/537.36"
20.239.192.136 - - [06/May/2026:00:12:55 +0000] "GET /sid3.php HTTP/1.1" 404 10742 "-" "Mozilla/5.0 (Windows NT 10.0; Win64; x64) AppleWebKit/537.36 (KHTML, like Gecko) Chrome/120.0.0.0 Safari/537.36"
20.239.192.136 - - [06/May/2026:00:13:00 +0000] "GET /file56.php HTTP/1.1" 404 10742 "-" "Mozilla/5.0 (Windows NT 10.0; Win64; x64) AppleWebKit/537.36 (KHTML, like Gecko) Chrome/120.0.0.0 Safari/537.36"
20.239.192.136 - - [06/May/2026:00:13:05 +0000] "GET /wp-includes/js/codemirror/about.php HTTP/1.1" 404 10742 "-" "Mozilla/5.0 (Windows NT 10.0; Win64; x64) AppleWebKit/537.36 (KHTML, like Gecko) Chrome/120.0.0.0 Safari/537.36"
20.239.192.136 - - [06/May/2026:00:13:10 +0000] "GET /wp-content/x/index.php HTTP/1.1" 301 - "-" "Mozilla/5.0 (Windows NT 10.0; Win64; x64) AppleWebKit/537.36 (KHTML, like Gecko) Chrome/120.0.0.0 Safari/537.36"
20.239.192.136 - - [06/May/2026:00:13:14 +0000] "GET /images/class-config.php HTTP/1.1" 404 10742 "-" "Mozilla/5.0 (Windows NT 10.0; Win64; x64) AppleWebKit/537.36 (KHTML, like Gecko) Chrome/120.0.0.0 Safari/537.36"
20.239.192.136 - - [06/May/2026:00:13:19 +0000] "GET /aa.php HTTP/1.1" 404 10742 "-" "Mozilla/5.0 (Windows NT 10.0; Win64; x64) AppleWebKit/537.36 (KHTML, like Gecko) Chrome/120.0.0.0 Safari/537.36"
20.239.192.136 - - [06/May/2026:00:13:24 +0000] "GET /wp-content/themes/alera/alpha.php HTTP/1.1" 404 10742 "-" "Mozilla/5.0 (Windows NT 10.0; Win64; x64) AppleWebKit/537.36 (KHTML, like Gecko) Chrome/120.0.0.0 Safari/537.36"
20.239.192.136 - - [06/May/2026:00:13:30 +0000] "GET /.well-known/acme-challenge/doc.php HTTP/1.1" 404 10742 "-" "Mozilla/5.0 (Windows NT 10.0; Win64; x64) AppleWebKit/537.36 (KHTML, like Gecko) Chrome/120.0.0.0 Safari/537.36"
20.239.192.136 - - [06/May/2026:00:13:36 +0000] "GET /gifclass.php HTTP/1.1" 404 10742 "-" "Mozilla/5.0 (Windows NT 10.0; Win64; x64) AppleWebKit/537.36 (KHTML, like Gecko) Chrome/120.0.0.0 Safari/537.36"
20.123.172.228 - - [06/May/2026:00:13:47 +0000] "POST /wp-cron.php?doing_wp_cron=1778026427.8936569690704345703125 HTTP/1.1" 200 - "-" "WordPress/6.9.4; https://nipponia.com"
20.239.192.136 - - [06/May/2026:00:13:42 +0000] "GET /theme.php HTTP/1.1" 404 10742 "-" "Mozilla/5.0 (Windows NT 10.0; Win64; x64) AppleWebKit/537.36 (KHTML, like Gecko) Chrome/120.0.0.0 Safari/537.36"
20.239.192.136 - - [06/May/2026:00:13:48 +0000] "GET /wp-admin/css/colors/blue/ HTTP/1.1" 404 10742 "-" "Mozilla/5.0 (Windows NT 10.0; Win64; x64) AppleWebKit/537.36 (KHTML, like Gecko) Chrome/120.0.0.0 Safari/537.36"
20.239.192.136 - - [06/May/2026:00:13:54 +0000] "GET /wp-content/plugins/dummyyummy/wp-signup.php HTTP/1.1" 404 10742 "-" "Mozilla/5.0 (Windows NT 10.0; Win64; x64) AppleWebKit/537.36 (KHTML, like Gecko) Chrome/120.0.0.0 Safari/537.36"
20.239.192.136 - - [06/May/2026:00:13:59 +0000] "GET /wp-theme.php HTTP/1.1" 404 10742 "-" "Mozilla/5.0 (Windows NT 10.0; Win64; x64) AppleWebKit/537.36 (KHTML, like Gecko) Chrome/120.0.0.0 Safari/537.36"
20.239.192.136 - - [06/May/2026:00:14:04 +0000] "GET /wp-info.php HTTP/1.1" 404 10742 "-" "Mozilla/5.0 (Windows NT 10.0; Win64; x64) AppleWebKit/537.36 (KHTML, like Gecko) Chrome/120.0.0.0 Safari/537.36"
20.239.192.136 - - [06/May/2026:00:14:09 +0000] "GET /config.php HTTP/1.1" 404 10742 "-" "Mozilla/5.0 (Windows NT 10.0; Win64; x64) AppleWebKit/537.36 (KHTML, like Gecko) Chrome/120.0.0.0 Safari/537.36"
20.239.192.136 - - [06/May/2026:00:14:15 +0000] "GET /wp-admin/install.php HTTP/1.1" 403 6626 "-" "Mozilla/5.0 (Windows NT 10.0; Win64; x64) AppleWebKit/537.36 (KHTML, like Gecko) Chrome/120.0.0.0 Safari/537.36"
20.239.192.136 - - [06/May/2026:00:14:15 +0000] "GET /wp-includes/Text/Diff/Engine/index.php HTTP/1.1" 301 - "-" "Mozilla/5.0 (Windows NT 10.0; Win64; x64) AppleWebKit/537.36 (KHTML, like Gecko) Chrome/120.0.0.0 Safari/537.36"
20.123.172.228 - - [06/May/2026:00:14:18 +0000] "POST /?wordfence_syncAttackData=1778026458.6329 HTTP/1.1" 200 - "-" "WordPress/6.9.4; https://nipponia.com"
20.239.192.136 - - [06/May/2026:00:14:21 +0000] "GET /cd.php HTTP/1.1" 404 10742 "-" "Mozilla/5.0 (Windows NT 10.0; Win64; x64) AppleWebKit/537.36 (KHTML, like Gecko) Chrome/120.0.0.0 Safari/537.36"
20.239.192.136 - - [06/May/2026:00:14:27 +0000] "GET /size.php HTTP/1.1" 404 10742 "-" "Mozilla/5.0 (Windows NT 10.0; Win64; x64) AppleWebKit/537.36 (KHTML, like Gecko) Chrome/120.0.0.0 Safari/537.36"
20.239.192.136 - - [06/May/2026:00:14:32 +0000] "GET /wp-includes/js/crop/ HTTP/1.1" 404 10742 "-" "Mozilla/5.0 (Windows NT 10.0; Win64; x64) AppleWebKit/537.36 (KHTML, like Gecko) Chrome/120.0.0.0 Safari/537.36"
20.239.192.136 - - [06/May/2026:00:14:37 +0000] "GET /wp-admin/file-manaager2.php HTTP/1.1" 404 10742 "-" "Mozilla/5.0 (Windows NT 10.0; Win64; x64) AppleWebKit/537.36 (KHTML, like Gecko) Chrome/120.0.0.0 Safari/537.36"
20.123.172.228 - - [06/May/2026:00:14:49 +0000] "POST /wp-cron.php?doing_wp_cron=1778026489.4930460453033447265625 HTTP/1.1" 200 - "-" "WordPress/6.9.4; https://nipponia.com"
20.239.192.136 - - [06/May/2026:00:14:43 +0000] "GET /wp-content/plugins/core-plugin/include.php HTTP/1.1" 404 10742 "-" "Mozilla/5.0 (Windows NT 10.0; Win64; x64) AppleWebKit/537.36 (KHTML, like Gecko) Chrome/120.0.0.0 Safari/537.36"
20.239.192.136 - - [06/May/2026:00:14:50 +0000] "GET /mini.php HTTP/1.1" 404 10742 "-" "Mozilla/5.0 (Windows NT 10.0; Win64; x64) AppleWebKit/537.36 (KHTML, like Gecko) Chrome/120.0.0.0 Safari/537.36"
20.239.192.136 - - [06/May/2026:00:14:57 +0000] "GET /wp-index.php HTTP/1.1" 404 10742 "-" "Mozilla/5.0 (Windows NT 10.0; Win64; x64) AppleWebKit/537.36 (KHTML, like Gecko) Chrome/120.0.0.0 Safari/537.36"
20.239.192.136 - - [06/May/2026:00:15:04 +0000] "GET /wp-signin.php HTTP/1.1" 404 10742 "-" "Mozilla/5.0 (Windows NT 10.0; Win64; x64) AppleWebKit/537.36 (KHTML, like Gecko) Chrome/120.0.0.0 Safari/537.36"
121.200.217.27 - - [06/May/2026:00:15:07 +0000] "GET /wp-login.php HTTP/1.1" 200 1968 "-" "Mozilla/5.0 (Macintosh; Intel Mac OS X 10_13_3) AppleWebKit/537.36 (KHTML, like Gecko) Chrome/65.0.3325.146 Safari/537.36"
20.239.192.136 - - [06/May/2026:00:15:11 +0000] "GET /wp-content/languages/index.php HTTP/1.1" 301 - "-" "Mozilla/5.0 (Windows NT 10.0; Win64; x64) AppleWebKit/537.36 (KHTML, like Gecko) Chrome/120.0.0.0 Safari/537.36"
121.200.217.27 - - [06/May/2026:00:15:12 +0000] "POST /wp-login.php HTTP/1.1" 503 7313 "https://nipponia.com/wp-login.php" "Mozilla/5.0 (Macintosh; Intel Mac OS X 10_13_3) AppleWebKit/537.36 (KHTML, like Gecko) Chrome/65.0.3325.146 Safari/537.36"
20.239.192.136 - - [06/May/2026:00:15:16 +0000] "GET /wp-includes/customize/index.php HTTP/1.1" 301 - "-" "Mozilla/5.0 (Windows NT 10.0; Win64; x64) AppleWebKit/537.36 (KHTML, like Gecko) Chrome/120.0.0.0 Safari/537.36"
20.239.192.136 - - [06/May/2026:00:15:21 +0000] "GET /adminer.php HTTP/1.1" 404 10742 "-" "Mozilla/5.0 (Windows NT 10.0; Win64; x64) AppleWebKit/537.36 (KHTML, like Gecko) Chrome/120.0.0.0 Safari/537.36"
20.239.192.136 - - [06/May/2026:00:15:28 +0000] "GET /6xBAm3vODE05BSzkJZRAws.php HTTP/1.1" 404 10742 "-" "Mozilla/5.0 (Windows NT 10.0; Win64; x64) AppleWebKit/537.36 (KHTML, like Gecko) Chrome/120.0.0.0 Safari/537.36"
20.239.192.136 - - [06/May/2026:00:15:34 +0000] "GET /wp-admin/license.php HTTP/1.1" 404 10742 "-" "Mozilla/5.0 (Windows NT 10.0; Win64; x64) AppleWebKit/537.36 (KHTML, like Gecko) Chrome/120.0.0.0 Safari/537.36"
20.123.172.228 - - [06/May/2026:00:15:48 +0000] "POST /wp-cron.php?doing_wp_cron=1778026548.6892590522766113281250 HTTP/1.1" 200 - "-" "WordPress/6.9.4; https://nipponia.com"
20.239.192.136 - - [06/May/2026:00:15:41 +0000] "GET /wp-content/languages/about.php HTTP/1.1" 404 10742 "-" "Mozilla/5.0 (Windows NT 10.0; Win64; x64) AppleWebKit/537.36 (KHTML, like Gecko) Chrome/120.0.0.0 Safari/537.36"
20.239.192.136 - - [06/May/2026:00:15:49 +0000] "GET /wp-admin/css/colors/ocean/ HTTP/1.1" 404 10742 "-" "Mozilla/5.0 (Windows NT 10.0; Win64; x64) AppleWebKit/537.36 (KHTML, like Gecko) Chrome/120.0.0.0 Safari/537.36"
20.239.192.136 - - [06/May/2026:00:15:56 +0000] "GET /moon.php HTTP/1.1" 404 10742 "-" "Mozilla/5.0 (Windows NT 10.0; Win64; x64) AppleWebKit/537.36 (KHTML, like Gecko) Chrome/120.0.0.0 Safari/537.36"
123.30.233.12 - - [06/May/2026:00:16:01 +0000] "POST /xmlrpc.php HTTP/1.1" 503 7313 "-" "Mozilla/5.0 (Windows NT 6.3; WOW64; Trident/7.0; MASEJS; rv:11.0) like Gecko"
20.239.192.136 - - [06/May/2026:00:16:03 +0000] "GET /options.php HTTP/1.1" 404 10742 "-" "Mozilla/5.0 (Windows NT 10.0; Win64; x64) AppleWebKit/537.36 (KHTML, like Gecko) Chrome/120.0.0.0 Safari/537.36"
20.239.192.136 - - [06/May/2026:00:16:10 +0000] "GET /index/function.php HTTP/1.1" 404 10742 "-" "Mozilla/5.0 (Windows NT 10.0; Win64; x64) AppleWebKit/537.36 (KHTML, like Gecko) Chrome/120.0.0.0 Safari/537.36"
20.239.192.136 - - [06/May/2026:00:16:16 +0000] "GET /wp-admin/network/network.php HTTP/1.1" 404 10742 "-" "Mozilla/5.0 (Windows NT 10.0; Win64; x64) AppleWebKit/537.36 (KHTML, like Gecko) Chrome/120.0.0.0 Safari/537.36"
20.239.192.136 - - [06/May/2026:00:16:23 +0000] "GET /wp-admin/classwithtostring.php HTTP/1.1" 404 10742 "-" "Mozilla/5.0 (Windows NT 10.0; Win64; x64) AppleWebKit/537.36 (KHTML, like Gecko) Chrome/120.0.0.0 Safari/537.36"
20.239.192.136 - - [06/May/2026:00:16:28 +0000] "GET /wp-admin/includes/about.php HTTP/1.1" 404 10742 "-" "Mozilla/5.0 (Windows NT 10.0; Win64; x64) AppleWebKit/537.36 (KHTML, like Gecko) Chrome/120.0.0.0 Safari/537.36"
20.123.172.228 - - [06/May/2026:00:16:40 +0000] "POST /wp-cron.php?doing_wp_cron=1778026600.3100519180297851562500 HTTP/1.1" 200 - "-" "WordPress/6.9.4; https://nipponia.com"
20.239.192.136 - - [06/May/2026:00:16:35 +0000] "GET /wp-content/shell20211028.php HTTP/1.1" 404 10742 "-" "Mozilla/5.0 (Windows NT 10.0; Win64; x64) AppleWebKit/537.36 (KHTML, like Gecko) Chrome/120.0.0.0 Safari/537.36"
20.239.192.136 - - [06/May/2026:00:16:41 +0000] "GET /jquery.php HTTP/1.1" 404 10742 "-" "Mozilla/5.0 (Windows NT 10.0; Win64; x64) AppleWebKit/537.36 (KHTML, like Gecko) Chrome/120.0.0.0 Safari/537.36"
20.123.172.228 - - [06/May/2026:00:16:54 +0000] "POST /wp-cron.php?doing_wp_cron=1778026613.9686000347137451171875 HTTP/1.1" 200 - "-" "WordPress/6.9.4; https://nipponia.com"
20.239.192.136 - - [06/May/2026:00:16:47 +0000] "GET /wp-includes/fonts/wp-login.php HTTP/1.1" 404 10742 "-" "Mozilla/5.0 (Windows NT 10.0; Win64; x64) AppleWebKit/537.36 (KHTML, like Gecko) Chrome/120.0.0.0 Safari/537.36"
20.239.192.136 - - [06/May/2026:00:16:54 +0000] "GET /wp-includes/wp-class.php HTTP/1.1" 404 10742 "-" "Mozilla/5.0 (Windows NT 10.0; Win64; x64) AppleWebKit/537.36 (KHTML, like Gecko) Chrome/120.0.0.0 Safari/537.36"
20.239.192.136 - - [06/May/2026:00:17:00 +0000] "GET /wp-block.php HTTP/1.1" 404 10742 "-" "Mozilla/5.0 (Windows NT 10.0; Win64; x64) AppleWebKit/537.36 (KHTML, like Gecko) Chrome/120.0.0.0 Safari/537.36"
20.239.192.136 - - [06/May/2026:00:17:06 +0000] "GET /goat1.php HTTP/1.1" 404 10742 "-" "Mozilla/5.0 (Windows NT 10.0; Win64; x64) AppleWebKit/537.36 (KHTML, like Gecko) Chrome/120.0.0.0 Safari/537.36"
20.123.172.228 - - [06/May/2026:00:23:09 +0000] "POST /wp-cron.php?doing_wp_cron=1778026989.0377199649810791015625 HTTP/1.1" 200 - "-" "WordPress/6.9.4; https://nipponia.com"
63.247.93.90 - - [06/May/2026:00:23:05 +0000] "GET /wp-login.php HTTP/1.1" 200 1968 "-" "Mozilla/5.0 (Windows NT 6.1; Win64; x64) AppleWebKit/537.36 (KHTML, like Gecko) Chrome/65.0.3325.146 Safari/537.36"
63.247.93.90 - - [06/May/2026:00:23:09 +0000] "POST /wp-login.php HTTP/1.1" 503 7314 "https://nipponia.com/wp-login.php" "Mozilla/5.0 (Windows NT 6.1; Win64; x64) AppleWebKit/537.36 (KHTML, like Gecko) Chrome/65.0.3325.146 Safari/537.36"
20.123.172.228 - - [06/May/2026:00:31:11 +0000] "POST /wp-cron.php?doing_wp_cron=1778027471.4552330970764160156250 HTTP/1.1" 200 - "-" "WordPress/6.9.4; https://nipponia.com"
195.250.21.26 - - [06/May/2026:00:31:07 +0000] "GET /wp-login.php HTTP/1.1" 200 1968 "-" "Mozilla/5.0 (Windows NT 6.1) AppleWebKit/537.36 (KHTML, like Gecko) Chrome/67.0.3396.79 Safari/537.36"
195.250.21.26 - - [06/May/2026:00:31:12 +0000] "POST /wp-login.php HTTP/1.1" 503 7313 "https://nipponia.com/wp-login.php" "Mozilla/5.0 (Windows NT 6.1) AppleWebKit/537.36 (KHTML, like Gecko) Chrome/67.0.3396.79 Safari/537.36"
20.123.172.228 - - [06/May/2026:00:32:53 +0000] "POST /wp-cron.php?doing_wp_cron=1778027572.9694819450378417968750 HTTP/1.1" 200 - "-" "WordPress/6.9.4; https://nipponia.com"
217.195.207.177 - - [06/May/2026:00:32:48 +0000] "POST /xmlrpc.php HTTP/1.1" 503 7314 "-" "Mozilla/5.0 (Windows NT 6.1; WOW64; Trident/7.0; NP06; rv:11.0) like Gecko"
20.123.172.228 - - [06/May/2026:00:39:11 +0000] "POST /wp-cron.php?doing_wp_cron=1778027950.9788930416107177734375 HTTP/1.1" 200 - "-" "WordPress/6.9.4; https://nipponia.com"
94.130.219.13 - - [06/May/2026:00:39:06 +0000] "GET /wp-login.php HTTP/1.1" 200 1968 "-" "Mozilla/5.0 (Windows NT 6.1; Win64; x64) AppleWebKit/537.36 (KHTML, like Gecko) Chrome/66.0.3359.170 Safari/537.36"
94.130.219.13 - - [06/May/2026:00:39:11 +0000] "POST /wp-login.php HTTP/1.1" 503 7314 "https://nipponia.com/wp-login.php" "Mozilla/5.0 (Windows NT 6.1; Win64; x64) AppleWebKit/537.36 (KHTML, like Gecko) Chrome/66.0.3359.170 Safari/537.36"
20.123.172.228 - - [06/May/2026:00:41:05 +0000] "POST /wp-cron.php?doing_wp_cron=1778028065.7820289134979248046875 HTTP/1.1" 200 - "-" "WordPress/6.9.4; https://nipponia.com"
178.18.243.17 - - [06/May/2026:00:41:00 +0000] "POST /xmlrpc.php HTTP/1.1" 503 7314 "-" "Mozilla/5.0 (X11; Ubuntu; Linux x86_64; rv:60.0) Gecko/20100101 Firefox/60.0"
20.123.172.228 - - [06/May/2026:00:47:16 +0000] "POST /wp-cron.php?doing_wp_cron=1778028436.7531170845031738281250 HTTP/1.1" 200 - "-" "WordPress/6.9.4; https://nipponia.com"
45.14.225.211 - - [06/May/2026:00:47:12 +0000] "GET /wp-login.php HTTP/1.1" 200 1968 "-" "Mozilla/5.0 (X11; CrOS x86_64 10452.85.0) AppleWebKit/537.36 (KHTML, like Gecko) Chrome/66.0.3359.158 Safari/537.36"
45.14.225.211 - - [06/May/2026:00:47:18 +0000] "POST /wp-login.php HTTP/1.1" 503 7314 "https://nipponia.com/wp-login.php" "Mozilla/5.0 (X11; CrOS x86_64 10452.85.0) AppleWebKit/537.36 (KHTML, like Gecko) Chrome/66.0.3359.158 Safari/537.36"
20.123.172.228 - - [06/May/2026:00:54:17 +0000] "POST /wp-cron.php?doing_wp_cron=1778028857.1847729682922363281250 HTTP/1.1" 200 - "-" "WordPress/6.9.4; https://nipponia.com"
23.98.142.176 - - [06/May/2026:00:54:11 +0000] "GET / HTTP/1.1" 200 14709 "-" "Mozilla/5.0 AppleWebKit/537.36 (KHTML, like Gecko); compatible; ChatGPT-User/1.0; +https://openai.com/bot"
162.240.108.214 - - [06/May/2026:00:54:39 +0000] "GET /wp-login.php HTTP/1.1" 200 1968 "-" "Mozilla/5.0 (Windows NT 10.0; WOW64) AppleWebKit/537.36 (KHTML, like Gecko) Chrome/67.0.3396.62 Safari/537.36"
20.123.172.228 - - [06/May/2026:00:54:48 +0000] "POST /wp-cron.php?doing_wp_cron=1778028888.6104419231414794921875 HTTP/1.1" 200 - "-" "WordPress/6.9.4; https://nipponia.com"
162.240.108.214 - - [06/May/2026:00:54:44 +0000] "POST /wp-login.php HTTP/1.1" 503 7313 "https://nipponia.com/wp-login.php" "Mozilla/5.0 (Windows NT 10.0; WOW64) AppleWebKit/537.36 (KHTML, like Gecko) Chrome/67.0.3396.62 Safari/537.36"
45.148.10.246 - - [06/May/2026:00:56:17 +0000] "GET /.env.prod HTTP/1.1" 404 48582 "-" "Mozilla/5.0 (Macintosh; Intel Mac OS X 10_15_7) AppleWebKit/537.36 (KHTML, like Gecko) Chrome/120.0.0.0 Safari/537.36"
45.148.10.246 - - [06/May/2026:00:56:17 +0000] "GET /.env.production HTTP/1.1" 404 48582 "-" "Mozilla/5.0 (Windows NT 10.0; Win64; x64; rv:121.0) Gecko/20100101 Firefox/121.0"
45.148.10.246 - - [06/May/2026:00:56:17 +0000] "GET /.aws/config HTTP/1.1" 404 48582 "-" "Mozilla/5.0 (compatible; SecurityScanner/1.0)"
45.148.10.246 - - [06/May/2026:00:56:17 +0000] "GET /%69%6E%66%6F.%70%68%70 HTTP/1.1" 404 48582 "-" "Mozilla/5.0 (compatible; SecurityScanner/1.0)"
45.148.10.246 - - [06/May/2026:00:56:17 +0000] "GET /.env.stage HTTP/1.1" 404 48582 "-" "Mozilla/5.0 (Macintosh; Intel Mac OS X 10_15_7) AppleWebKit/537.36 (KHTML, like Gecko) Chrome/120.0.0.0 Safari/537.36"
45.148.10.246 - - [06/May/2026:00:56:17 +0000] "GET /.env.staging HTTP/1.1" 404 48582 "-" "Mozilla/5.0 (X11; Linux x86_64) AppleWebKit/537.36 (KHTML, like Gecko) Chrome/120.0.0.0 Safari/537.36"
45.148.10.246 - - [06/May/2026:00:56:17 +0000] "GET /.aws/credentials HTTP/1.1" 404 16384 "-" "Mozilla/5.0 (Windows NT 10.0; Win64; x64) AppleWebKit/537.36 (KHTML, like Gecko) Chrome/120.0.0.0 Safari/537.36"
45.148.10.246 - - [06/May/2026:00:56:17 +0000] "GET /.htpasswd HTTP/1.1" 404 48582 "-" "Mozilla/5.0 (Windows NT 10.0; Win64; x64; rv:121.0) Gecko/20100101 Firefox/121.0"
45.148.10.246 - - [06/May/2026:00:56:18 +0000] "GET /.env.test HTTP/1.1" 404 48582 "-" "Mozilla/5.0 (X11; Linux x86_64) AppleWebKit/537.36 (KHTML, like Gecko) Chrome/120.0.0.0 Safari/537.36"
45.148.10.246 - - [06/May/2026:00:56:17 +0000] "GET /.env.dev HTTP/1.1" 404 48582 "-" "Mozilla/5.0 (Macintosh; Intel Mac OS X 10_15_7) AppleWebKit/537.36 (KHTML, like Gecko) Chrome/120.0.0.0 Safari/537.36"
45.148.10.246 - - [06/May/2026:00:56:19 +0000] "GET / HTTP/1.1" 200 76418 "-" "Mozilla/5.0 (Macintosh; Intel Mac OS X 10_15_7) AppleWebKit/537.36 (KHTML, like Gecko) Chrome/120.0.0.0 Safari/537.36"
45.148.10.246 - - [06/May/2026:00:56:20 +0000] "GET /phpinfo.php HTTP/1.1" 404 48582 "-" "Mozilla/5.0 (X11; Linux x86_64) AppleWebKit/537.36 (KHTML, like Gecko) Chrome/120.0.0.0 Safari/537.36"
45.148.10.246 - - [06/May/2026:00:56:20 +0000] "GET /info.php HTTP/1.1" 404 48582 "-" "Mozilla/5.0 (Macintosh; Intel Mac OS X 10_15_7) AppleWebKit/537.36 (KHTML, like Gecko) Chrome/120.0.0.0 Safari/537.36"
45.148.10.246 - - [06/May/2026:00:56:19 +0000] "GET /.env.local HTTP/1.1" 404 16384 "-" "Mozilla/5.0 (Windows NT 10.0; Win64; x64) AppleWebKit/537.36 (KHTML, like Gecko) Chrome/120.0.0.0 Safari/537.36"
45.148.10.246 - - [06/May/2026:00:56:20 +0000] "GET /.dockerenv HTTP/1.1" 404 48582 "-" "Mozilla/5.0 (Macintosh; Intel Mac OS X 10_15_7) AppleWebKit/537.36 (KHTML, like Gecko) Chrome/120.0.0.0 Safari/537.36"
45.148.10.246 - - [06/May/2026:00:56:23 +0000] "GET /.%68%74%70%61%73%73%77%64 HTTP/1.1" 404 48582 "-" "Mozilla/5.0 (Windows NT 10.0; Win64; x64; rv:121.0) Gecko/20100101 Firefox/121.0"
45.148.10.246 - - [06/May/2026:00:56:23 +0000] "GET /.git/index HTTP/1.1" 404 44736 "-" "Mozilla/5.0 (Windows NT 10.0; Win64; x64) AppleWebKit/537.36 (KHTML, like Gecko) Chrome/120.0.0.0 Safari/537.36"
45.148.10.246 - - [06/May/2026:00:56:23 +0000] "GET /.%65%6Ev.%6C%6F%63%61%6C HTTP/1.1" 404 48582 "-" "Mozilla/5.0 (X11; Linux x86_64) AppleWebKit/537.36 (KHTML, like Gecko) Chrome/120.0.0.0 Safari/537.36"
45.148.10.246 - - [06/May/2026:00:56:23 +0000] "GET /.%65%6Ev.%74%65%73%74 HTTP/1.1" 404 48582 "-" "Mozilla/5.0 (X11; Linux x86_64) AppleWebKit/537.36 (KHTML, like Gecko) Chrome/120.0.0.0 Safari/537.36"
45.148.10.246 - - [06/May/2026:00:56:23 +0000] "GET /.%67%69%74/%63%6F%6E%66%69%67 HTTP/1.1" 404 48582 "-" "Mozilla/5.0 (Windows NT 10.0; Win64; x64) AppleWebKit/537.36 (KHTML, like Gecko) Chrome/120.0.0.0 Safari/537.36"
45.148.10.246 - - [06/May/2026:00:56:23 +0000] "GET /.%65%6Ev.%70%72%6F%64 HTTP/1.1" 404 48582 "-" "Mozilla/5.0 (Windows NT 10.0; Win64; x64; rv:121.0) Gecko/20100101 Firefox/121.0"
45.148.10.246 - - [06/May/2026:00:56:23 +0000] "GET /.%65%6Ev.%73%74%61%67%69%6E%67 HTTP/1.1" 404 48582 "-" "Mozilla/5.0 (Windows NT 10.0; Win64; x64; rv:121.0) Gecko/20100101 Firefox/121.0"
45.148.10.246 - - [06/May/2026:00:56:23 +0000] "GET /.git/config HTTP/1.1" 404 48582 "-" "Mozilla/5.0 (X11; Linux x86_64) AppleWebKit/537.36 (KHTML, like Gecko) Chrome/120.0.0.0 Safari/537.36"
45.148.10.246 - - [06/May/2026:00:56:24 +0000] "GET /.%2565%256Ev HTTP/1.1" 404 48582 "-" "Mozilla/5.0 (Macintosh; Intel Mac OS X 10_15_7) AppleWebKit/537.36 (KHTML, like Gecko) Chrome/120.0.0.0 Safari/537.36"
