PATH:
var
/
log
/
apache2
/
domlogs
/
centosnipponia
192.227.176.16 - - [06/May/2026:14:36:43 +0000] "GET / HTTP/1.1" 200 88 "-" "Mozilla/5.0 (Knoppix; Linux i686; rv:122.0) Gecko/20100101 Firefox/122.0"
192.227.176.16 - - [06/May/2026:14:36:51 +0000] "GET /favicon.ico HTTP/1.1" 404 - "-" "Mozilla/5.0 (Knoppix; Linux i686; rv:122.0) Gecko/20100101 Firefox/122.0"
160.202.35.122 - - [06/May/2026:17:31:58 +0000] "GET / HTTP/1.1" 200 88 "https://bi.nipponia.com:2087/" "Mozilla/5.0 (Windows NT 10.0; Win64; x64) AppleWebKit/537.36 (KHTML, like Gecko) Chrome/147.0.0.0 Safari/537.36"
160.202.35.122 - - [06/May/2026:17:31:58 +0000] "GET /favicon.ico HTTP/1.1" 404 - "https://centos.nipponia.eu/" "Mozilla/5.0 (Windows NT 10.0; Win64; x64) AppleWebKit/537.36 (KHTML, like Gecko) Chrome/147.0.0.0 Safari/537.36"
20.123.153.150 - - [06/May/2026:21:20:26 +0000] "GET /info.php HTTP/1.1" 200 186 "-" "WhmManager/Validator"
182.8.226.2 - - [06/May/2026:21:20:35 +0000] "GET / HTTP/1.1" 200 88 "-" "Mozilla/5.0 (Windows NT 10.0; Win64; x64) AppleWebKit/537.36 (KHTML, like Gecko) Chrome/147.0.0.0 Safari/537.36 Edg/147.0.0.0"
182.8.226.2 - - [06/May/2026:21:20:36 +0000] "GET /favicon.ico HTTP/1.1" 404 - "https://centos.nipponia.eu/" "Mozilla/5.0 (Windows NT 10.0; Win64; x64) AppleWebKit/537.36 (KHTML, like Gecko) Chrome/147.0.0.0 Safari/537.36 Edg/147.0.0.0"
107.172.180.205 - - [06/May/2026:23:47:28 +0000] "GET / HTTP/1.1" 200 88 "-" "Mozilla/5.0 (ZZ; Linux i686) AppleWebKit/537.36 (KHTML, like Gecko) Chrome/129.0.0.0 Safari/537.36"
107.172.180.205 - - [06/May/2026:23:47:35 +0000] "GET /favicon.ico HTTP/1.1" 404 - "-" "Mozilla/5.0 (ZZ; Linux i686) AppleWebKit/537.36 (KHTML, like Gecko) Chrome/129.0.0.0 Safari/537.36"
196.187.153.102 - - [07/May/2026:00:34:05 +0000] "GET / HTTP/1.1" 200 88 "https://lifan.nl:2087/" "Mozilla/5.0 (Windows NT 10.0; Win64; x64) AppleWebKit/537.36 (KHTML, like Gecko) Chrome/147.0.0.0 Safari/537.36"
196.187.153.102 - - [07/May/2026:00:34:06 +0000] "GET /favicon.ico HTTP/1.1" 404 - "https://centos.nipponia.eu/" "Mozilla/5.0 (Windows NT 10.0; Win64; x64) AppleWebKit/537.36 (KHTML, like Gecko) Chrome/147.0.0.0 Safari/537.36"
85.203.21.217 - - [07/May/2026:02:06:10 +0000] "GET / HTTP/1.1" 200 88 "https://20.123.172.228:2087/" "Mozilla/5.0 (Windows NT 10.0; Win64; x64; rv:150.0) Gecko/20100101 Firefox/150.0"
85.203.21.217 - - [07/May/2026:02:06:10 +0000] "GET /favicon.ico HTTP/1.1" 404 - "https://centos.nipponia.eu/" "Mozilla/5.0 (Windows NT 10.0; Win64; x64; rv:150.0) Gecko/20100101 Firefox/150.0"
20.123.153.150 - - [07/May/2026:02:33:15 +0000] "GET /readmeBQRmnyK.php HTTP/1.1" 200 186 "-" "WhmManager/Validator"
173.208.148.34 - - [07/May/2026:02:40:34 +0000] "GET / HTTP/1.1" 200 70 "-" "Mozilla/5.0 (Windows NT 10.0; Win64; x64) AppleWebKit/537.36 (KHTML, like Gecko) Chrome/131.0.0.0 Safari/537.36"
173.208.148.34 - - [07/May/2026:02:40:35 +0000] "GET / HTTP/1.1" 200 70 "-" "Mozilla/5.0 (compatible; Googlebot/2.1; +http://www.google.com/bot.html)"
165.232.168.183 - - [07/May/2026:03:18:32 +0000] "GET / HTTP/1.1" 200 88 "https://lifan.nl:2083/" "Mozilla/5.0 (Windows NT 10.0; Win64; x64) AppleWebKit/537.36 (KHTML, like Gecko) Chrome/109.0.0.0 Safari/537.36"
165.232.168.183 - - [07/May/2026:03:18:32 +0000] "GET /favicon.ico HTTP/1.1" 404 - "https://centos.nipponia.eu/" "Mozilla/5.0 (Windows NT 10.0; Win64; x64) AppleWebKit/537.36 (KHTML, like Gecko) Chrome/109.0.0.0 Safari/537.36"
165.232.168.183 - - [07/May/2026:03:18:35 +0000] "GET /ai.php HTTP/1.1" 200 1318 "-" "Mozilla/5.0 (Windows NT 10.0; Win64; x64) AppleWebKit/537.36 (KHTML, like Gecko) Chrome/109.0.0.0 Safari/537.36"
180.245.28.178 - - [07/May/2026:03:19:09 +0000] "GET /ai.php HTTP/1.1" 200 1318 "-" "WhatsApp/2.23.20.0"
180.245.28.178 - - [07/May/2026:03:19:11 +0000] "GET /ai.php HTTP/1.1" 200 1318 "-" "Mozilla/5.0 (Windows NT 10.0; Win64; x64) AppleWebKit/537.36 (KHTML, like Gecko) Chrome/147.0.0.0 Safari/537.36"
180.245.28.178 - - [07/May/2026:03:19:11 +0000] "GET /favicon.ico HTTP/1.1" 404 - "https://centos.nipponia.eu/ai.php" "Mozilla/5.0 (Windows NT 10.0; Win64; x64) AppleWebKit/537.36 (KHTML, like Gecko) Chrome/147.0.0.0 Safari/537.36"
182.8.65.47 - - [07/May/2026:03:19:26 +0000] "GET /ai.php HTTP/1.1" 200 1318 "-" "Mozilla/5.0 (Linux; Android 10; K) AppleWebKit/537.36 (KHTML, like Gecko) Chrome/147.0.0.0 Mobile Safari/537.36"
182.8.65.47 - - [07/May/2026:03:19:26 +0000] "GET /favicon.ico HTTP/1.1" 404 - "https://centos.nipponia.eu/ai.php" "Mozilla/5.0 (Linux; Android 10; K) AppleWebKit/537.36 (KHTML, like Gecko) Chrome/147.0.0.0 Mobile Safari/537.36"
110.139.127.89 - - [07/May/2026:03:19:26 +0000] "GET /ai.php?dir=%2Fhome%2Fcentosnipponia HTTP/1.1" 200 1170 "https://centos.nipponia.eu/ai.php" "Mozilla/5.0 (Windows NT 10.0; Win64; x64) AppleWebKit/537.36 (KHTML, like Gecko) Chrome/147.0.0.0 Safari/537.36"
110.139.127.89 - - [07/May/2026:03:19:35 +0000] "GET /ai.php?dir=%2Fhome%2Fcentosnipponia%2Faccess-logs HTTP/1.1" 200 1753 "https://centos.nipponia.eu/ai.php?dir=%2Fhome%2Fcentosnipponia" "Mozilla/5.0 (Windows NT 10.0; Win64; x64) AppleWebKit/537.36 (KHTML, like Gecko) Chrome/147.0.0.0 Safari/537.36"
180.245.28.178 - - [07/May/2026:03:19:48 +0000] "GET /ai.php? HTTP/1.1" 200 1318 "-" "Mozilla/5.0 (Windows NT 10.0; Win64; x64) AppleWebKit/537.36 (KHTML, like Gecko) Chrome/147.0.0.0 Safari/537.36"
180.245.28.178 - - [07/May/2026:03:19:55 +0000] "POST /ai.php? HTTP/1.1" 200 1360 "https://centos.nipponia.eu/ai.php?" "Mozilla/5.0 (Windows NT 10.0; Win64; x64) AppleWebKit/537.36 (KHTML, like Gecko) Chrome/147.0.0.0 Safari/537.36"
180.245.28.178 - - [07/May/2026:03:19:58 +0000] "GET /admin.php HTTP/1.1" 500 6132 "-" "Mozilla/5.0 (Windows NT 10.0; Win64; x64) AppleWebKit/537.36 (KHTML, like Gecko) Chrome/147.0.0.0 Safari/537.36"
180.245.28.178 - - [07/May/2026:03:20:26 +0000] "GET /admin.php?dir=/home/centosnipponia/public_html&item=&action=massdeface HTTP/1.1" 500 6284 "https://centos.nipponia.eu/admin.php" "Mozilla/5.0 (Windows NT 10.0; Win64; x64) AppleWebKit/537.36 (KHTML, like Gecko) Chrome/147.0.0.0 Safari/537.36"
180.245.28.178 - - [07/May/2026:03:20:34 +0000] "POST /admin.php?dir=/home/centosnipponia/public_html&item=&action=massdeface HTTP/1.1" 500 6099 "https://centos.nipponia.eu/admin.php?dir=/home/centosnipponia/public_html&item=&action=massdeface" "Mozilla/5.0 (Windows NT 10.0; Win64; x64) AppleWebKit/537.36 (KHTML, like Gecko) Chrome/147.0.0.0 Safari/537.36"
124.248.183.139 - - [07/May/2026:03:42:47 +0000] "GET / HTTP/1.1" 200 88 "https://server.nipponia.eu:2087/" "Mozilla/5.0 (Windows NT 10.0; Win64; x64) AppleWebKit/537.36 (KHTML, like Gecko) Chrome/147.0.0.0 Safari/537.36"
124.248.183.139 - - [07/May/2026:03:42:48 +0000] "GET /favicon.ico HTTP/1.1" 404 - "https://centos.nipponia.eu/" "Mozilla/5.0 (Windows NT 10.0; Win64; x64) AppleWebKit/537.36 (KHTML, like Gecko) Chrome/147.0.0.0 Safari/537.36"
173.208.148.34 - - [07/May/2026:06:10:21 +0000] "GET / HTTP/1.1" 200 70 "-" "Mozilla/5.0 (Windows NT 10.0; Win64; x64) AppleWebKit/537.36 (KHTML, like Gecko) Chrome/131.0.0.0 Safari/537.36"
173.208.148.34 - - [07/May/2026:06:10:21 +0000] "GET / HTTP/1.1" 200 70 "-" "Mozilla/5.0 (compatible; Googlebot/2.1; +http://www.google.com/bot.html)"
182.8.65.47 - - [07/May/2026:06:56:51 +0000] "GET /ai.php HTTP/1.1" 200 1354 "-" "Mozilla/5.0 (Linux; Android 10; K) AppleWebKit/537.36 (KHTML, like Gecko) Chrome/147.0.0.0 Mobile Safari/537.36"
182.8.65.47 - - [07/May/2026:06:56:51 +0000] "GET /favicon.ico HTTP/1.1" 404 - "https://centos.nipponia.eu/ai.php" "Mozilla/5.0 (Linux; Android 10; K) AppleWebKit/537.36 (KHTML, like Gecko) Chrome/147.0.0.0 Mobile Safari/537.36"
182.8.65.47 - - [07/May/2026:06:56:54 +0000] "GET /ai.php?dir=%2Fhome%2Fcentosnipponia%2Fpublic_html HTTP/1.1" 200 1354 "https://centos.nipponia.eu/ai.php" "Mozilla/5.0 (Linux; Android 10; K) AppleWebKit/537.36 (KHTML, like Gecko) Chrome/147.0.0.0 Mobile Safari/537.36"
182.8.65.47 - - [07/May/2026:06:57:04 +0000] "GET /ai.php?dir=%2Fhome%2Fcentosnipponia%2Fpublic_html%2Fnipponiacom HTTP/1.1" 200 1011 "https://centos.nipponia.eu/ai.php?dir=%2Fhome%2Fcentosnipponia%2Fpublic_html" "Mozilla/5.0 (Linux; Android 10; K) AppleWebKit/537.36 (KHTML, like Gecko) Chrome/147.0.0.0 Mobile Safari/537.36"
182.8.65.47 - - [07/May/2026:06:57:07 +0000] "GET /ai.php?edit=1.php&dir=%2Fhome%2Fcentosnipponia%2Fpublic_html%2Fnipponiacom HTTP/1.1" 200 2984 "https://centos.nipponia.eu/ai.php?dir=%2Fhome%2Fcentosnipponia%2Fpublic_html%2Fnipponiacom" "Mozilla/5.0 (Linux; Android 10; K) AppleWebKit/537.36 (KHTML, like Gecko) Chrome/147.0.0.0 Mobile Safari/537.36"
149.154.161.248 - - [07/May/2026:06:57:33 +0000] "GET /ai.php?dir=%2Fhome%2Fcentosnipponia%2Fpublic_html%2Fnipponiacom HTTP/1.1" 200 1011 "-" "TelegramBot (like TwitterBot)"
182.8.65.47 - - [07/May/2026:06:57:51 +0000] "GET /ai.php?edit=.htaccess&dir=%2Fhome%2Fcentosnipponia%2Fpublic_html%2Fnipponiacom HTTP/1.1" 200 1978 "https://centos.nipponia.eu/ai.php?dir=%2Fhome%2Fcentosnipponia%2Fpublic_html%2Fnipponiacom" "Mozilla/5.0 (Linux; Android 10; K) AppleWebKit/537.36 (KHTML, like Gecko) Chrome/147.0.0.0 Mobile Safari/537.36"
112.215.50.39 - - [07/May/2026:06:57:58 +0000] "GET /ai.php?dir=%2Fhome%2Fcentosnipponia%2Fpublic_html%2Fnipponiacom HTTP/1.1" 200 1011 "-" "Mozilla/5.0 (Linux; Android 11; K) AppleWebKit/537.36 (KHTML, like Gecko) Chrome/147.0.7727.111 Mobile Safari/537.36"
112.215.50.39 - - [07/May/2026:06:57:58 +0000] "GET /favicon.ico HTTP/1.1" 404 - "https://centos.nipponia.eu/ai.php?dir=%2Fhome%2Fcentosnipponia%2Fpublic_html%2Fnipponiacom" "Mozilla/5.0 (Linux; Android 11; K) AppleWebKit/537.36 (KHTML, like Gecko) Chrome/147.0.7727.111 Mobile Safari/537.36"
182.8.65.47 - - [07/May/2026:06:57:59 +0000] "GET /ai.php?dir=%2Fhome%2Fcentosnipponia%2Fpublic_html%2Fnipponiacom&rename=.htaccess HTTP/1.1" 200 1078 "https://centos.nipponia.eu/ai.php?dir=%2Fhome%2Fcentosnipponia%2Fpublic_html%2Fnipponiacom" "Mozilla/5.0 (Linux; Android 10; K) AppleWebKit/537.36 (KHTML, like Gecko) Chrome/147.0.0.0 Mobile Safari/537.36"
182.8.65.47 - - [07/May/2026:06:58:15 +0000] "POST /ai.php?dir=%2Fhome%2Fcentosnipponia%2Fpublic_html%2Fnipponiacom&rename=.htaccess HTTP/1.1" 200 1053 "https://centos.nipponia.eu/ai.php?dir=%2Fhome%2Fcentosnipponia%2Fpublic_html%2Fnipponiacom&rename=.htaccess" "Mozilla/5.0 (Linux; Android 10; K) AppleWebKit/537.36 (KHTML, like Gecko) Chrome/147.0.0.0 Mobile Safari/537.36"
103.22.182.235 - - [07/May/2026:06:58:35 +0000] "GET /ai.php?dir=%2Fhome%2Fcentosnipponia%2Fpublic_html%2Fnipponiacom HTTP/1.1" 200 1008 "-" "Mozilla/5.0 (Windows NT 10.0; Win64; x64) AppleWebKit/537.36 (KHTML, like Gecko) Chrome/147.0.0.0 Safari/537.36 Edg/147.0.0.0"
103.22.182.235 - - [07/May/2026:06:58:35 +0000] "GET /favicon.ico HTTP/1.1" 404 - "https://centos.nipponia.eu/ai.php?dir=%2Fhome%2Fcentosnipponia%2Fpublic_html%2Fnipponiacom" "Mozilla/5.0 (Windows NT 10.0; Win64; x64) AppleWebKit/537.36 (KHTML, like Gecko) Chrome/147.0.0.0 Safari/537.36 Edg/147.0.0.0"
182.8.65.47 - - [07/May/2026:06:58:35 +0000] "POST /ai.php?dir=%2Fhome%2Fcentosnipponia%2Fpublic_html%2Fnipponiacom&rename=.htaccess HTTP/1.1" 200 1066 "https://centos.nipponia.eu/ai.php?dir=%2Fhome%2Fcentosnipponia%2Fpublic_html%2Fnipponiacom&rename=.htaccess" "Mozilla/5.0 (Linux; Android 10; K) AppleWebKit/537.36 (KHTML, like Gecko) Chrome/147.0.0.0 Mobile Safari/537.36"
103.22.182.235 - - [07/May/2026:06:58:39 +0000] "GET /ai.php?dir=%2Fhome%2Fcentosnipponia%2Fpublic_html HTTP/1.1" 200 1354 "https://centos.nipponia.eu/ai.php?dir=%2Fhome%2Fcentosnipponia%2Fpublic_html%2Fnipponiacom" "Mozilla/5.0 (Windows NT 10.0; Win64; x64) AppleWebKit/537.36 (KHTML, like Gecko) Chrome/147.0.0.0 Safari/537.36 Edg/147.0.0.0"
140.213.185.2 - - [07/May/2026:06:58:49 +0000] "GET /ai.php?dir=%2Fhome%2Fcentosnipponia%2Fpublic_html%2Fnipponiacom HTTP/1.1" 200 1028 "-" "Mozilla/5.0 (Linux; Android 10; K) AppleWebKit/537.36 (KHTML, like Gecko) Chrome/139.0.0.0 Mobile Safari/537.36"
140.213.185.2 - - [07/May/2026:06:58:50 +0000] "GET /favicon.ico HTTP/1.1" 404 - "https://centos.nipponia.eu/ai.php?dir=%2Fhome%2Fcentosnipponia%2Fpublic_html%2Fnipponiacom" "Mozilla/5.0 (Linux; Android 10; K) AppleWebKit/537.36 (KHTML, like Gecko) Chrome/139.0.0.0 Mobile Safari/537.36"
149.154.161.201 - - [07/May/2026:06:59:03 +0000] "GET /ai.php?dir=%2Fhome%2Fcentosnipponia%2Fpublic_html HTTP/1.1" 200 1354 "-" "TelegramBot (like TwitterBot)"
140.213.185.197 - - [07/May/2026:07:00:22 +0000] "GET /ai.php HTTP/1.1" 200 1354 "-" "Mozilla/5.0 (Linux; Android 10; K) AppleWebKit/537.36 (KHTML, like Gecko) Chrome/139.0.0.0 Mobile Safari/537.36"
112.215.50.135 - - [07/May/2026:07:00:54 +0000] "GET /ai.php?dir=%2Fhome%2Fcentosnipponia HTTP/1.1" 200 1189 "https://centos.nipponia.eu/ai.php" "Mozilla/5.0 (Linux; Android 10; K) AppleWebKit/537.36 (KHTML, like Gecko) Chrome/139.0.0.0 Mobile Safari/537.36"
185.48.55.210 - - [07/May/2026:07:01:16 +0000] "GET / HTTP/1.1" 200 70 "-" "Mozilla/5.0+(compatible;+Googlebot/2.1;++http://www.google.com/bot.html)"
185.48.55.210 - - [07/May/2026:07:01:17 +0000] "GET / HTTP/1.1" 200 70 "-" "Mozilla/5.0 (Windows NT 10.0; Win64; x64) AppleWebKit/537.36 (KHTML, like Gecko) Chrome/132.0.0.0 Safari/537.36"
140.213.185.2 - - [07/May/2026:07:01:46 +0000] "GET /ai.php HTTP/1.1" 200 1354 "-" "Mozilla/5.0 (Linux; Android 10; K) AppleWebKit/537.36 (KHTML, like Gecko) Chrome/139.0.0.0 Mobile Safari/537.36"
182.8.65.47 - - [07/May/2026:07:01:53 +0000] "POST /ai.php?dir=%2Fhome%2Fcentosnipponia%2Fpublic_html%2Fnipponiacom&rename=.htaccess HTTP/1.1" 200 1066 "https://centos.nipponia.eu/ai.php?dir=%2Fhome%2Fcentosnipponia%2Fpublic_html%2Fnipponiacom&rename=.htaccess" "Mozilla/5.0 (Linux; Android 10; K) AppleWebKit/537.36 (KHTML, like Gecko) Chrome/147.0.0.0 Mobile Safari/537.36"
182.8.65.47 - - [07/May/2026:07:02:03 +0000] "GET /ai.php?dir=%2Fhome%2Fcentosnipponia%2Fpublic_html%2Fnipponiacom%2Fwp-includes HTTP/1.1" 200 6357 "https://centos.nipponia.eu/ai.php?dir=%2Fhome%2Fcentosnipponia%2Fpublic_html%2Fnipponiacom&rename=.htaccess" "Mozilla/5.0 (Linux; Android 10; K) AppleWebKit/537.36 (KHTML, like Gecko) Chrome/147.0.0.0 Mobile Safari/537.36"
182.8.65.47 - - [07/May/2026:07:02:13 +0000] "POST /ai.php?dir=%2Fhome%2Fcentosnipponia%2Fpublic_html%2Fnipponiacom%2Fwp-includes HTTP/1.1" 200 6397 "https://centos.nipponia.eu/ai.php?dir=%2Fhome%2Fcentosnipponia%2Fpublic_html%2Fnipponiacom%2Fwp-includes" "Mozilla/5.0 (Linux; Android 10; K) AppleWebKit/537.36 (KHTML, like Gecko) Chrome/147.0.0.0 Mobile Safari/537.36"
182.8.65.47 - - [07/May/2026:07:03:14 +0000] "POST /ai.php?dir=%2Fhome%2Fcentosnipponia%2Fpublic_html%2Fnipponiacom%2Fwp-includes HTTP/1.1" 200 6397 "https://centos.nipponia.eu/ai.php?dir=%2Fhome%2Fcentosnipponia%2Fpublic_html%2Fnipponiacom%2Fwp-includes" "Mozilla/5.0 (Linux; Android 10; K) AppleWebKit/537.36 (KHTML, like Gecko) Chrome/147.0.0.0 Mobile Safari/537.36"
182.8.65.47 - - [07/May/2026:07:03:17 +0000] "GET /ai.php?dir=%2Fhome%2Fcentosnipponia%2Fpublic_html HTTP/1.1" 200 1354 "https://centos.nipponia.eu/ai.php?dir=%2Fhome%2Fcentosnipponia%2Fpublic_html%2Fnipponiacom%2Fwp-includes" "Mozilla/5.0 (Linux; Android 10; K) AppleWebKit/537.36 (KHTML, like Gecko) Chrome/147.0.0.0 Mobile Safari/537.36"
182.8.65.47 - - [07/May/2026:07:03:20 +0000] "GET /ai.php?dir=%2Fhome%2Fcentosnipponia%2Fpublic_html%2Fnipponiacom HTTP/1.1" 200 1028 "https://centos.nipponia.eu/ai.php?dir=%2Fhome%2Fcentosnipponia%2Fpublic_html%2Fnipponiacom%2Fwp-includes" "Mozilla/5.0 (Linux; Android 10; K) AppleWebKit/537.36 (KHTML, like Gecko) Chrome/147.0.0.0 Mobile Safari/537.36"
182.8.65.47 - - [07/May/2026:07:03:22 +0000] "GET /ai.php?dir=%2Fhome%2Fcentosnipponia%2Fpublic_html%2Fnipponiacom HTTP/1.1" 200 1028 "https://centos.nipponia.eu/ai.php?dir=%2Fhome%2Fcentosnipponia%2Fpublic_html%2Fnipponiacom%2Fwp-includes" "Mozilla/5.0 (Linux; Android 10; K) AppleWebKit/537.36 (KHTML, like Gecko) Chrome/147.0.0.0 Mobile Safari/537.36"
182.8.65.47 - - [07/May/2026:07:03:53 +0000] "POST /ai.php?dir=%2Fhome%2Fcentosnipponia%2Fpublic_html%2Fnipponiacom HTTP/1.1" 200 1067 "https://centos.nipponia.eu/ai.php?dir=%2Fhome%2Fcentosnipponia%2Fpublic_html%2Fnipponiacom" "Mozilla/5.0 (Linux; Android 10; K) AppleWebKit/537.36 (KHTML, like Gecko) Chrome/147.0.0.0 Mobile Safari/537.36"
182.8.65.47 - - [07/May/2026:07:04:30 +0000] "GET /ai.php?dir=%2Fhome%2Fcentosnipponia%2Fpublic_html%2Fnipponiacom%2Fwp-content HTTP/1.1" 200 500 "https://centos.nipponia.eu/ai.php?dir=%2Fhome%2Fcentosnipponia%2Fpublic_html%2Fnipponiacom" "Mozilla/5.0 (Linux; Android 10; K) AppleWebKit/537.36 (KHTML, like Gecko) Chrome/147.0.0.0 Mobile Safari/537.36"
182.8.65.47 - - [07/May/2026:07:04:33 +0000] "GET /ai.php?dir=%2Fhome%2Fcentosnipponia%2Fpublic_html%2Fnipponiacom%2Fwp-content%2Fplugins HTTP/1.1" 200 651 "https://centos.nipponia.eu/ai.php?dir=%2Fhome%2Fcentosnipponia%2Fpublic_html%2Fnipponiacom%2Fwp-content" "Mozilla/5.0 (Linux; Android 10; K) AppleWebKit/537.36 (KHTML, like Gecko) Chrome/147.0.0.0 Mobile Safari/537.36"
182.8.65.47 - - [07/May/2026:07:04:38 +0000] "GET /ai.php?dir=%2Fhome%2Fcentosnipponia%2Fpublic_html%2Fnipponiacom%2Fwp-content%2Fplugins%2Fwordpress-seo HTTP/1.1" 200 708 "https://centos.nipponia.eu/ai.php?dir=%2Fhome%2Fcentosnipponia%2Fpublic_html%2Fnipponiacom%2Fwp-content%2Fplugins" "Mozilla/5.0 (Linux; Android 10; K) AppleWebKit/537.36 (KHTML, like Gecko) Chrome/147.0.0.0 Mobile Safari/537.36"
182.8.65.47 - - [07/May/2026:07:04:40 +0000] "GET /ai.php?dir=%2Fhome%2Fcentosnipponia%2Fpublic_html%2Fnipponiacom%2Fwp-content%2Fplugins%2Foptimole-wp HTTP/1.1" 200 611 "https://centos.nipponia.eu/ai.php?dir=%2Fhome%2Fcentosnipponia%2Fpublic_html%2Fnipponiacom%2Fwp-content%2Fplugins" "Mozilla/5.0 (Linux; Android 10; K) AppleWebKit/537.36 (KHTML, like Gecko) Chrome/147.0.0.0 Mobile Safari/537.36"
182.8.65.47 - - [07/May/2026:07:04:43 +0000] "GET /ai.php?edit=optimole-wp.php&dir=%2Fhome%2Fcentosnipponia%2Fpublic_html%2Fnipponiacom%2Fwp-content%2Fplugins%2Foptimole-wp HTTP/1.1" 200 1947 "https://centos.nipponia.eu/ai.php?dir=%2Fhome%2Fcentosnipponia%2Fpublic_html%2Fnipponiacom%2Fwp-content%2Fplugins%2Foptimole-wp" "Mozilla/5.0 (Linux; Android 10; K) AppleWebKit/537.36 (KHTML, like Gecko) Chrome/147.0.0.0 Mobile Safari/537.36"
140.213.184.14 - - [07/May/2026:07:04:47 +0000] "GET /ai.php?dir=%2Fhome%2Fcentosnipponia%2Fpublic_html%2Fnipponiacom HTTP/1.1" 200 1043 "https://centos.nipponia.eu/ai.php" "Mozilla/5.0 (Linux; Android 10; K) AppleWebKit/537.36 (KHTML, like Gecko) Chrome/139.0.0.0 Mobile Safari/537.36"
182.8.65.47 - - [07/May/2026:07:04:57 +0000] "GET /ai.php?dir=%2Fhome%2Fcentosnipponia%2Fpublic_html%2Fnipponiacom%2Fwp-content HTTP/1.1" 200 500 "https://centos.nipponia.eu/ai.php?dir=%2Fhome%2Fcentosnipponia%2Fpublic_html%2Fnipponiacom" "Mozilla/5.0 (Linux; Android 10; K) AppleWebKit/537.36 (KHTML, like Gecko) Chrome/147.0.0.0 Mobile Safari/537.36"
182.8.65.47 - - [07/May/2026:07:05:03 +0000] "GET /ai.php?dir=%2Fhome%2Fcentosnipponia%2Fpublic_html%2Fnipponiacom HTTP/1.1" 200 1043 "https://centos.nipponia.eu/ai.php?dir=%2Fhome%2Fcentosnipponia%2Fpublic_html%2Fnipponiacom%2Fwp-includes" "Mozilla/5.0 (Linux; Android 10; K) AppleWebKit/537.36 (KHTML, like Gecko) Chrome/147.0.0.0 Mobile Safari/537.36"
182.8.65.47 - - [07/May/2026:07:05:08 +0000] "GET /ai.php HTTP/1.1" 200 1354 "-" "Mozilla/5.0 (Linux; Android 10; K) AppleWebKit/537.36 (KHTML, like Gecko) Chrome/147.0.0.0 Mobile Safari/537.36"
182.8.65.47 - - [07/May/2026:07:05:20 +0000] "POST /ai.php HTTP/1.1" 200 1395 "https://centos.nipponia.eu/ai.php" "Mozilla/5.0 (Linux; Android 10; K) AppleWebKit/537.36 (KHTML, like Gecko) Chrome/147.0.0.0 Mobile Safari/537.36"
140.213.185.2 - - [07/May/2026:07:05:25 +0000] "GET /admin.php HTTP/1.1" 500 5911 "-" "Mozilla/5.0 (Linux; Android 10; K) AppleWebKit/537.36 (KHTML, like Gecko) Chrome/139.0.0.0 Mobile Safari/537.36"
182.8.65.47 - - [07/May/2026:07:05:27 +0000] "GET /db.php HTTP/1.1" 200 4204 "-" "Mozilla/5.0 (Linux; Android 10; K) AppleWebKit/537.36 (KHTML, like Gecko) Chrome/147.0.0.0 Mobile Safari/537.36"
182.8.65.47 - - [07/May/2026:07:05:35 +0000] "GET /db.php?loknya=/home/centosnipponia/public_html/nipponiaal HTTP/1.1" 200 2738 "https://centos.nipponia.eu/db.php" "Mozilla/5.0 (Linux; Android 10; K) AppleWebKit/537.36 (KHTML, like Gecko) Chrome/147.0.0.0 Mobile Safari/537.36"
182.8.65.47 - - [07/May/2026:07:05:37 +0000] "GET /db.php?loknya=/home/centosnipponia/public_html/nipponiaal HTTP/1.1" 200 2738 "https://centos.nipponia.eu/db.php" "Mozilla/5.0 (Linux; Android 10; K) AppleWebKit/537.36 (KHTML, like Gecko) Chrome/147.0.0.0 Mobile Safari/537.36"
149.154.161.250 - - [07/May/2026:07:05:41 +0000] "GET /admin.php HTTP/1.1" 500 5916 "-" "TelegramBot (like TwitterBot)"
182.8.65.47 - - [07/May/2026:07:05:42 +0000] "GET /db.php?loknya=/home/centosnipponia/public_html/nipponiacom HTTP/1.1" 200 3753 "https://centos.nipponia.eu/db.php" "Mozilla/5.0 (Linux; Android 10; K) AppleWebKit/537.36 (KHTML, like Gecko) Chrome/147.0.0.0 Mobile Safari/537.36"
182.8.65.47 - - [07/May/2026:07:05:50 +0000] "GET /db.php?loknya=/home/centosnipponia/public_html/nipponiacom/wp-content HTTP/1.1" 200 2563 "https://centos.nipponia.eu/db.php?loknya=/home/centosnipponia/public_html/nipponiacom" "Mozilla/5.0 (Linux; Android 10; K) AppleWebKit/537.36 (KHTML, like Gecko) Chrome/147.0.0.0 Mobile Safari/537.36"
112.215.50.213 - - [07/May/2026:07:05:51 +0000] "GET /admin.php?dir=/home/centosnipponia HTTP/1.1" 500 5733 "https://centos.nipponia.eu/admin.php" "Mozilla/5.0 (Linux; Android 10; K) AppleWebKit/537.36 (KHTML, like Gecko) Chrome/139.0.0.0 Mobile Safari/537.36"
182.8.65.47 - - [07/May/2026:07:05:53 +0000] "GET /db.php?loknya=/home/centosnipponia/public_html/nipponiacom/wp-content/plugins HTTP/1.1" 200 2869 "https://centos.nipponia.eu/db.php?loknya=/home/centosnipponia/public_html/nipponiacom/wp-content" "Mozilla/5.0 (Linux; Android 10; K) AppleWebKit/537.36 (KHTML, like Gecko) Chrome/147.0.0.0 Mobile Safari/537.36"
182.8.65.47 - - [07/May/2026:07:05:56 +0000] "POST /db.php?pilihan&loknya=/home/centosnipponia/public_html/nipponiacom/wp-content/plugins HTTP/1.1" 200 2959 "https://centos.nipponia.eu/db.php?loknya=/home/centosnipponia/public_html/nipponiacom/wp-content/plugins" "Mozilla/5.0 (Linux; Android 10; K) AppleWebKit/537.36 (KHTML, like Gecko) Chrome/147.0.0.0 Mobile Safari/537.36"
112.215.50.213 - - [07/May/2026:07:05:59 +0000] "GET /admin.php?dir=/home/centosnipponia/public_html HTTP/1.1" 500 5911 "https://centos.nipponia.eu/admin.php?dir=/home/centosnipponia" "Mozilla/5.0 (Linux; Android 10; K) AppleWebKit/537.36 (KHTML, like Gecko) Chrome/139.0.0.0 Mobile Safari/537.36"
182.8.65.47 - - [07/May/2026:07:06:00 +0000] "POST /db.php?pilihan&loknya=/home/centosnipponia/public_html/nipponiacom/wp-content/plugins HTTP/1.1" 200 2941 "https://centos.nipponia.eu/db.php?pilihan&loknya=/home/centosnipponia/public_html/nipponiacom/wp-content/plugins" "Mozilla/5.0 (Linux; Android 10; K) AppleWebKit/537.36 (KHTML, like Gecko) Chrome/147.0.0.0 Mobile Safari/537.36"
182.8.65.47 - - [07/May/2026:07:06:02 +0000] "GET /db.php?loknya=/home/centosnipponia/public_html/nipponiacom/wp-content HTTP/1.1" 200 2567 "https://centos.nipponia.eu/db.php?pilihan&loknya=/home/centosnipponia/public_html/nipponiacom/wp-content/plugins" "Mozilla/5.0 (Linux; Android 10; K) AppleWebKit/537.36 (KHTML, like Gecko) Chrome/147.0.0.0 Mobile Safari/537.36"
182.8.65.47 - - [07/May/2026:07:06:04 +0000] "GET /db.php?loknya=/home/centosnipponia/public_html/nipponiacom HTTP/1.1" 200 3753 "https://centos.nipponia.eu/db.php?loknya=/home/centosnipponia/public_html/nipponiacom/wp-content" "Mozilla/5.0 (Linux; Android 10; K) AppleWebKit/537.36 (KHTML, like Gecko) Chrome/147.0.0.0 Mobile Safari/537.36"
182.8.65.47 - - [07/May/2026:07:06:06 +0000] "GET /db.php?loknya=/home/centosnipponia/public_html/nipponiacom&opsi=bekup HTTP/1.1" 200 1820 "https://centos.nipponia.eu/db.php?loknya=/home/centosnipponia/public_html/nipponiacom" "Mozilla/5.0 (Linux; Android 10; K) AppleWebKit/537.36 (KHTML, like Gecko) Chrome/147.0.0.0 Mobile Safari/537.36"
182.8.65.47 - - [07/May/2026:07:06:07 +0000] "POST /db.php?loknya=/home/centosnipponia/public_html/nipponiacom&opsi=bekup HTTP/1.1" 200 1891 "https://centos.nipponia.eu/db.php?loknya=/home/centosnipponia/public_html/nipponiacom&opsi=bekup" "Mozilla/5.0 (Linux; Android 10; K) AppleWebKit/537.36 (KHTML, like Gecko) Chrome/147.0.0.0 Mobile Safari/537.36"
112.215.50.110 - - [07/May/2026:07:06:12 +0000] "GET /admin.php?dir=/home/centosnipponia/public_html/nipponiacom HTTP/1.1" 500 5034 "https://centos.nipponia.eu/admin.php?dir=/home/centosnipponia/public_html" "Mozilla/5.0 (Linux; Android 10; K) AppleWebKit/537.36 (KHTML, like Gecko) Chrome/139.0.0.0 Mobile Safari/537.36"
182.8.65.47 - - [07/May/2026:07:06:17 +0000] "GET /nipponiacom/wp-content/plugins/contact-form-7/includes/swv/rules/setting.php HTTP/1.1" 200 72 "https://centos.nipponia.eu/db.php?loknya=/home/centosnipponia/public_html/nipponiacom&opsi=bekup" "Mozilla/5.0 (Linux; Android 10; K) AppleWebKit/537.36 (KHTML, like Gecko) Chrome/147.0.0.0 Mobile Safari/537.36"
182.8.65.47 - - [07/May/2026:07:06:20 +0000] "GET /nipponiacom/wp-admin/css/colors/contact.php HTTP/1.1" 200 136 "https://centos.nipponia.eu/db.php?loknya=/home/centosnipponia/public_html/nipponiacom&opsi=bekup" "Mozilla/5.0 (Linux; Android 10; K) AppleWebKit/537.36 (KHTML, like Gecko) Chrome/147.0.0.0 Mobile Safari/537.36"
140.213.184.147 - - [07/May/2026:07:06:20 +0000] "GET /admin.php?dir=/home/centosnipponia/public_html/nipponiacom/wp-content HTTP/1.1" 500 3277 "https://centos.nipponia.eu/admin.php?dir=/home/centosnipponia/public_html/nipponiacom" "Mozilla/5.0 (Linux; Android 10; K) AppleWebKit/537.36 (KHTML, like Gecko) Chrome/139.0.0.0 Mobile Safari/537.36"
140.213.185.197 - - [07/May/2026:07:06:23 +0000] "GET /admin.php?dir=/home/centosnipponia/public_html/nipponiacom/wp-content/wflogs HTTP/1.1" 500 3709 "https://centos.nipponia.eu/admin.php?dir=/home/centosnipponia/public_html/nipponiacom/wp-content" "Mozilla/5.0 (Linux; Android 10; K) AppleWebKit/537.36 (KHTML, like Gecko) Chrome/139.0.0.0 Mobile Safari/537.36"
140.213.184.14 - - [07/May/2026:07:06:28 +0000] "GET /admin.php?dir=/home/centosnipponia/public_html/nipponiacom/wp-content HTTP/1.1" 500 3275 "https://centos.nipponia.eu/admin.php?dir=/home/centosnipponia/public_html/nipponiacom" "Mozilla/5.0 (Linux; Android 10; K) AppleWebKit/537.36 (KHTML, like Gecko) Chrome/139.0.0.0 Mobile Safari/537.36"
112.215.50.213 - - [07/May/2026:07:06:32 +0000] "GET /admin.php?dir=/home/centosnipponia/public_html/nipponiacom HTTP/1.1" 500 5032 "https://centos.nipponia.eu/admin.php?dir=/home/centosnipponia/public_html" "Mozilla/5.0 (Linux; Android 10; K) AppleWebKit/537.36 (KHTML, like Gecko) Chrome/139.0.0.0 Mobile Safari/537.36"
182.8.65.47 - - [07/May/2026:07:06:32 +0000] "POST /nipponiacom/wp-admin/css/colors/contact.php HTTP/1.1" 200 141 "https://centos.nipponia.eu/nipponiacom/wp-admin/css/colors/contact.php" "Mozilla/5.0 (Linux; Android 10; K) AppleWebKit/537.36 (KHTML, like Gecko) Chrome/147.0.0.0 Mobile Safari/537.36"
140.213.185.2 - - [07/May/2026:07:06:34 +0000] "GET /admin.php?dir=/home/centosnipponia/public_html HTTP/1.1" 500 5911 "https://centos.nipponia.eu/admin.php?dir=/home/centosnipponia" "Mozilla/5.0 (Linux; Android 10; K) AppleWebKit/537.36 (KHTML, like Gecko) Chrome/139.0.0.0 Mobile Safari/537.36"
182.8.65.47 - - [07/May/2026:07:06:41 +0000] "GET /nipponiacom/wp-admin/css/colors/db.php HTTP/1.1" 200 2833 "-" "Mozilla/5.0 (Linux; Android 10; K) AppleWebKit/537.36 (KHTML, like Gecko) Chrome/147.0.0.0 Mobile Safari/537.36"
149.154.161.196 - - [07/May/2026:07:06:49 +0000] "GET /nipponiacom/wp-admin/css/colors/db.php HTTP/1.1" 200 2836 "-" "TelegramBot (like TwitterBot)"
149.154.161.244 - - [07/May/2026:07:06:55 +0000] "GET /nipponiacom/wp-admin/css/colors/contact.php HTTP/1.1" 200 136 "-" "TelegramBot (like TwitterBot)"
140.213.184.14 - - [07/May/2026:07:07:02 +0000] "GET /nipponiacom/wp-admin/css/colors/contact.php HTTP/1.1" 200 136 "-" "Mozilla/5.0 (Linux; Android 11; K) AppleWebKit/537.36 (KHTML, like Gecko) Chrome/147.0.7727.111 Mobile Safari/537.36"
140.213.184.14 - - [07/May/2026:07:07:03 +0000] "GET /favicon.ico HTTP/1.1" 404 - "https://centos.nipponia.eu/nipponiacom/wp-admin/css/colors/contact.php" "Mozilla/5.0 (Linux; Android 11; K) AppleWebKit/537.36 (KHTML, like Gecko) Chrome/147.0.7727.111 Mobile Safari/537.36"
112.215.50.213 - - [07/May/2026:07:07:09 +0000] "GET /nipponiacom/wp-admin/css/colors/db.php HTTP/1.1" 200 2832 "-" "Mozilla/5.0 (Linux; Android 11; K) AppleWebKit/537.36 (KHTML, like Gecko) Chrome/147.0.7727.111 Mobile Safari/537.36"
182.8.65.47 - - [07/May/2026:07:07:10 +0000] "GET /nipponiacom/wp-admin/css/colors/contact.php HTTP/1.1" 200 136 "https://centos.nipponia.eu/db.php?loknya=/home/centosnipponia/public_html/nipponiacom&opsi=bekup" "Mozilla/5.0 (Linux; Android 10; K) AppleWebKit/537.36 (KHTML, like Gecko) Chrome/147.0.0.0 Mobile Safari/537.36"
182.8.65.47 - - [07/May/2026:07:07:14 +0000] "GET /db.php?loknya=/home/centosnipponia/public_html/nipponiacom HTTP/1.1" 200 3753 "https://centos.nipponia.eu/db.php?loknya=/home/centosnipponia/public_html/nipponiacom&opsi=bekup" "Mozilla/5.0 (Linux; Android 10; K) AppleWebKit/537.36 (KHTML, like Gecko) Chrome/147.0.0.0 Mobile Safari/537.36"
103.206.79.93 - - [07/May/2026:07:07:17 +0000] "GET /ai.php?dir=%2Fhome%2Fcentosnipponia%2Fpublic_html HTTP/1.1" 200 1372 "-" "Mozilla/5.0 (Windows NT 10.0; Win64; x64) AppleWebKit/537.36 (KHTML, like Gecko) Chrome/147.0.0.0 Safari/537.36 Edg/147.0.0.0"
103.206.79.93 - - [07/May/2026:07:07:18 +0000] "GET /favicon.ico HTTP/1.1" 404 - "https://centos.nipponia.eu/ai.php?dir=%2Fhome%2Fcentosnipponia%2Fpublic_html" "Mozilla/5.0 (Windows NT 10.0; Win64; x64) AppleWebKit/537.36 (KHTML, like Gecko) Chrome/147.0.0.0 Safari/537.36 Edg/147.0.0.0"
103.206.79.93 - - [07/May/2026:07:07:53 +0000] "GET /ai.php?dir=%2Fhome%2Fcentosnipponia%2Fpublic_html HTTP/1.1" 200 1372 "-" "Mozilla/5.0 (Windows NT 10.0; Win64; x64) AppleWebKit/537.36 (KHTML, like Gecko) Chrome/147.0.0.0 Safari/537.36"
103.206.79.93 - - [07/May/2026:07:07:53 +0000] "GET /favicon.ico HTTP/1.1" 404 - "https://centos.nipponia.eu/ai.php?dir=%2Fhome%2Fcentosnipponia%2Fpublic_html" "Mozilla/5.0 (Windows NT 10.0; Win64; x64) AppleWebKit/537.36 (KHTML, like Gecko) Chrome/147.0.0.0 Safari/537.36"
182.8.65.47 - - [07/May/2026:07:08:03 +0000] "GET /nipponiacom/wp-admin/css/colors/contact.php HTTP/1.1" 200 136 "-" "Mozilla/5.0 (Linux; Android 10; K) AppleWebKit/537.36 (KHTML, like Gecko) Chrome/147.0.0.0 Mobile Safari/537.36"
140.213.184.147 - - [07/May/2026:07:08:13 +0000] "GET /admin.php?dir=/home/centosnipponia/public_html/nipponiacom HTTP/1.1" 500 5034 "https://centos.nipponia.eu/admin.php?dir=/home/centosnipponia/public_html" "Mozilla/5.0 (Linux; Android 10; K) AppleWebKit/537.36 (KHTML, like Gecko) Chrome/139.0.0.0 Mobile Safari/537.36"
103.206.79.93 - - [07/May/2026:07:08:20 +0000] "POST /ai.php?dir=%2Fhome%2Fcentosnipponia%2Fpublic_html HTTP/1.1" 200 1416 "https://centos.nipponia.eu/ai.php?dir=%2Fhome%2Fcentosnipponia%2Fpublic_html" "Mozilla/5.0 (Windows NT 10.0; Win64; x64) AppleWebKit/537.36 (KHTML, like Gecko) Chrome/147.0.0.0 Safari/537.36"
140.213.184.14 - - [07/May/2026:07:08:24 +0000] "GET /admin.php?dir=/home/centosnipponia/public_html/nipponiacom&item=wp-content&action=rename HTTP/1.1" 500 5135 "https://centos.nipponia.eu/admin.php?dir=/home/centosnipponia/public_html/nipponiacom" "Mozilla/5.0 (Linux; Android 10; K) AppleWebKit/537.36 (KHTML, like Gecko) Chrome/139.0.0.0 Mobile Safari/537.36"
103.206.79.93 - - [07/May/2026:07:08:25 +0000] "GET /hxr3.php HTTP/1.1" 200 134 "-" "Mozilla/5.0 (Windows NT 10.0; Win64; x64) AppleWebKit/537.36 (KHTML, like Gecko) Chrome/147.0.0.0 Safari/537.36"
112.215.50.213 - - [07/May/2026:07:08:28 +0000] "POST /admin.php?dir=/home/centosnipponia/public_html/nipponiacom&item=wp-content&action=rename HTTP/1.1" 302 - "https://centos.nipponia.eu/admin.php?dir=/home/centosnipponia/public_html/nipponiacom&item=wp-content&action=rename" "Mozilla/5.0 (Linux; Android 10; K) AppleWebKit/537.36 (KHTML, like Gecko) Chrome/139.0.0.0 Mobile Safari/537.36"
112.215.50.213 - - [07/May/2026:07:08:28 +0000] "GET /admin.php?dir=/home/centosnipponia/public_html/nipponiacom HTTP/1.1" 500 5059 "https://centos.nipponia.eu/admin.php?dir=/home/centosnipponia/public_html/nipponiacom&item=wp-content&action=rename" "Mozilla/5.0 (Linux; Android 10; K) AppleWebKit/537.36 (KHTML, like Gecko) Chrome/139.0.0.0 Mobile Safari/537.36"
103.206.79.93 - - [07/May/2026:07:08:34 +0000] "POST /hxr3.php HTTP/1.1" 200 - "https://centos.nipponia.eu/hxr3.php" "Mozilla/5.0 (Windows NT 10.0; Win64; x64) AppleWebKit/537.36 (KHTML, like Gecko) Chrome/147.0.0.0 Safari/537.36"
103.206.79.93 - - [07/May/2026:07:08:34 +0000] "GET /hxr3.php HTTP/1.1" 200 5251 "https://centos.nipponia.eu/hxr3.php" "Mozilla/5.0 (Windows NT 10.0; Win64; x64) AppleWebKit/537.36 (KHTML, like Gecko) Chrome/147.0.0.0 Safari/537.36"
103.206.79.93 - - [07/May/2026:07:09:00 +0000] "POST /hxr3.php?pilihan&path=/home/centosnipponia/public_html HTTP/1.1" 200 2680 "https://centos.nipponia.eu/hxr3.php" "Mozilla/5.0 (Windows NT 10.0; Win64; x64) AppleWebKit/537.36 (KHTML, like Gecko) Chrome/147.0.0.0 Safari/537.36"
103.206.79.93 - - [07/May/2026:07:09:04 +0000] "POST /hxr3.php?pilihan&path=/home/centosnipponia/public_html HTTP/1.1" 200 2709 "https://centos.nipponia.eu/hxr3.php?pilihan&path=/home/centosnipponia/public_html" "Mozilla/5.0 (Windows NT 10.0; Win64; x64) AppleWebKit/537.36 (KHTML, like Gecko) Chrome/147.0.0.0 Safari/537.36"
103.206.79.93 - - [07/May/2026:07:09:08 +0000] "GET /load.php HTTP/1.1" 200 5250 "-" "Mozilla/5.0 (Windows NT 10.0; Win64; x64) AppleWebKit/537.36 (KHTML, like Gecko) Chrome/147.0.0.0 Safari/537.36"
103.206.79.93 - - [07/May/2026:07:09:24 +0000] "GET /load.php?viewfile=/home/centosnipponia/public_html/info.php&path=/home/centosnipponia/public_html HTTP/1.1" 200 127496 "https://centos.nipponia.eu/load.php" "Mozilla/5.0 (Windows NT 10.0; Win64; x64) AppleWebKit/537.36 (KHTML, like Gecko) Chrome/147.0.0.0 Safari/537.36"
103.206.79.93 - - [07/May/2026:07:09:28 +0000] "GET /load.php?path=/home/centosnipponia/public_html HTTP/1.1" 200 5250 "https://centos.nipponia.eu/load.php?viewfile=/home/centosnipponia/public_html/info.php&path=/home/centosnipponia/public_html" "Mozilla/5.0 (Windows NT 10.0; Win64; x64) AppleWebKit/537.36 (KHTML, like Gecko) Chrome/147.0.0.0 Safari/537.36"
103.206.79.93 - - [07/May/2026:07:09:39 +0000] "GET /load.php?path=/home/centosnipponia/public_html/BAK_doohannl HTTP/1.1" 200 4624 "https://centos.nipponia.eu/load.php?path=/home/centosnipponia/public_html" "Mozilla/5.0 (Windows NT 10.0; Win64; x64) AppleWebKit/537.36 (KHTML, like Gecko) Chrome/147.0.0.0 Safari/537.36"
140.213.185.2 - - [07/May/2026:07:09:41 +0000] "GET /admin.php?dir=/home/centosnipponia/public_html/nipponiacom HTTP/1.1" 500 5026 "https://centos.nipponia.eu/admin.php?dir=/home/centosnipponia/public_html/nipponiacom&item=wp-content&action=rename" "Mozilla/5.0 (Linux; Android 10; K) AppleWebKit/537.36 (KHTML, like Gecko) Chrome/139.0.0.0 Mobile Safari/537.36"
103.206.79.93 - - [07/May/2026:07:09:44 +0000] "GET /load.php?path=/home/centosnipponia/public_html HTTP/1.1" 200 5250 "https://centos.nipponia.eu/load.php?path=/home/centosnipponia/public_html/BAK_doohannl" "Mozilla/5.0 (Windows NT 10.0; Win64; x64) AppleWebKit/537.36 (KHTML, like Gecko) Chrome/147.0.0.0 Safari/537.36"
103.206.79.93 - - [07/May/2026:07:10:24 +0000] "GET /load.php?path=/home/centosnipponia/public_html/centos.nipponia.eu HTTP/1.1" 200 3079 "https://centos.nipponia.eu/load.php?path=/home/centosnipponia/public_html" "Mozilla/5.0 (Windows NT 10.0; Win64; x64) AppleWebKit/537.36 (KHTML, like Gecko) Chrome/147.0.0.0 Safari/537.36"
103.206.79.93 - - [07/May/2026:07:10:28 +0000] "GET /load.php?path=/home/centosnipponia/public_html/BAK_doohannl HTTP/1.1" 200 4624 "https://centos.nipponia.eu/load.php?path=/home/centosnipponia/public_html" "Mozilla/5.0 (Windows NT 10.0; Win64; x64) AppleWebKit/537.36 (KHTML, like Gecko) Chrome/147.0.0.0 Safari/537.36"
103.206.79.93 - - [07/May/2026:07:10:31 +0000] "GET /load.php?path=/home/centosnipponia/public_html/BAK_driewielscootercom HTTP/1.1" 200 4671 "https://centos.nipponia.eu/load.php?path=/home/centosnipponia/public_html" "Mozilla/5.0 (Windows NT 10.0; Win64; x64) AppleWebKit/537.36 (KHTML, like Gecko) Chrome/147.0.0.0 Safari/537.36"
103.206.79.93 - - [07/May/2026:07:10:36 +0000] "GET /load.php?path=/home/centosnipponia/public_html/BAK_tradeandtraffic HTTP/1.1" 200 4741 "https://centos.nipponia.eu/load.php?path=/home/centosnipponia/public_html" "Mozilla/5.0 (Windows NT 10.0; Win64; x64) AppleWebKit/537.36 (KHTML, like Gecko) Chrome/147.0.0.0 Safari/537.36"
103.206.79.93 - - [07/May/2026:07:10:42 +0000] "GET /load.php?path=/home/centosnipponia/public_html/centos.nipponia.eu HTTP/1.1" 200 3079 "https://centos.nipponia.eu/load.php?path=/home/centosnipponia/public_html" "Mozilla/5.0 (Windows NT 10.0; Win64; x64) AppleWebKit/537.36 (KHTML, like Gecko) Chrome/147.0.0.0 Safari/537.36"
103.206.79.93 - - [07/May/2026:07:11:00 +0000] "GET /load.php?path=/home/centosnipponia/public_html/centos.nipponia.eu HTTP/1.1" 200 3079 "https://centos.nipponia.eu/load.php?path=/home/centosnipponia/public_html" "Mozilla/5.0 (Windows NT 10.0; Win64; x64) AppleWebKit/537.36 (KHTML, like Gecko) Chrome/147.0.0.0 Safari/537.36"
103.206.79.93 - - [07/May/2026:07:11:03 +0000] "GET /load.php?path=/home/centosnipponia/public_html HTTP/1.1" 200 5250 "https://centos.nipponia.eu/load.php?path=/home/centosnipponia/public_html/centos.nipponia.eu" "Mozilla/5.0 (Windows NT 10.0; Win64; x64) AppleWebKit/537.36 (KHTML, like Gecko) Chrome/147.0.0.0 Safari/537.36"
103.206.79.93 - - [07/May/2026:07:11:06 +0000] "GET /load.php?path=/home/centosnipponia/public_html/content HTTP/1.1" 200 3264 "https://centos.nipponia.eu/load.php?path=/home/centosnipponia/public_html" "Mozilla/5.0 (Windows NT 10.0; Win64; x64) AppleWebKit/537.36 (KHTML, like Gecko) Chrome/147.0.0.0 Safari/537.36"
103.206.79.93 - - [07/May/2026:07:11:07 +0000] "GET /load.php?path=/home/centosnipponia/public_html/content/azure_ext HTTP/1.1" 200 3219 "https://centos.nipponia.eu/load.php?path=/home/centosnipponia/public_html/content" "Mozilla/5.0 (Windows NT 10.0; Win64; x64) AppleWebKit/537.36 (KHTML, like Gecko) Chrome/147.0.0.0 Safari/537.36"
103.206.79.93 - - [07/May/2026:07:11:08 +0000] "GET /load.php?path=/home/centosnipponia/public_html/content/azure_ext/23 HTTP/1.1" 200 3048 "https://centos.nipponia.eu/load.php?path=/home/centosnipponia/public_html/content/azure_ext" "Mozilla/5.0 (Windows NT 10.0; Win64; x64) AppleWebKit/537.36 (KHTML, like Gecko) Chrome/147.0.0.0 Safari/537.36"
103.206.79.93 - - [07/May/2026:07:11:09 +0000] "GET /load.php?path=/home/centosnipponia/public_html/content/azure_ext/23/29 HTTP/1.1" 200 3089 "https://centos.nipponia.eu/load.php?path=/home/centosnipponia/public_html/content/azure_ext/23" "Mozilla/5.0 (Windows NT 10.0; Win64; x64) AppleWebKit/537.36 (KHTML, like Gecko) Chrome/147.0.0.0 Safari/537.36"
103.206.79.93 - - [07/May/2026:07:11:11 +0000] "GET /load.php?path=/home/centosnipponia/public_html/content/azure_ext/23/29&636d64=opet HTTP/1.1" 200 2706 "https://centos.nipponia.eu/load.php?path=/home/centosnipponia/public_html/content/azure_ext/23/29" "Mozilla/5.0 (Windows NT 10.0; Win64; x64) AppleWebKit/537.36 (KHTML, like Gecko) Chrome/147.0.0.0 Safari/537.36"
140.213.184.147 - - [07/May/2026:07:11:18 +0000] "GET /admin.php?dir=/home/centosnipponia/public_html HTTP/1.1" 500 5978 "https://centos.nipponia.eu/admin.php?dir=/home/centosnipponia/public_html/nipponiacom" "Mozilla/5.0 (Linux; Android 10; K) AppleWebKit/537.36 (KHTML, like Gecko) Chrome/139.0.0.0 Mobile Safari/537.36"
103.206.79.93 - - [07/May/2026:07:11:24 +0000] "POST /load.php?path=/home/centosnipponia/public_html/content/azure_ext/23/29&636d64=opet HTTP/1.1" 200 2924 "https://centos.nipponia.eu/load.php?path=/home/centosnipponia/public_html/content/azure_ext/23/29&636d64=opet" "Mozilla/5.0 (Windows NT 10.0; Win64; x64) AppleWebKit/537.36 (KHTML, like Gecko) Chrome/147.0.0.0 Safari/537.36"
140.213.184.14 - - [07/May/2026:07:11:26 +0000] "GET /admin.php?dir=/home/centosnipponia/public_html/ticketing.nipponia.com HTTP/1.1" 500 5168 "https://centos.nipponia.eu/admin.php?dir=/home/centosnipponia/public_html" "Mozilla/5.0 (Linux; Android 10; K) AppleWebKit/537.36 (KHTML, like Gecko) Chrome/139.0.0.0 Mobile Safari/537.36"
103.206.79.93 - - [07/May/2026:07:11:46 +0000] "GET /content/azure_ext/23/29/admin.php HTTP/1.1" 200 3182 "-" "Mozilla/5.0 (Windows NT 10.0; Win64; x64) AppleWebKit/537.36 (KHTML, like Gecko) Chrome/147.0.0.0 Safari/537.36"
103.206.79.93 - - [07/May/2026:07:11:50 +0000] "GET /load.php?path=/home/centosnipponia/public_html/content/azure_ext HTTP/1.1" 200 3219 "https://centos.nipponia.eu/load.php?path=/home/centosnipponia/public_html/content/azure_ext/23/29&636d64=opet" "Mozilla/5.0 (Windows NT 10.0; Win64; x64) AppleWebKit/537.36 (KHTML, like Gecko) Chrome/147.0.0.0 Safari/537.36"
103.206.79.93 - - [07/May/2026:07:11:52 +0000] "GET /load.php?path=/home/centosnipponia/public_html/content/azure_ext/24 HTTP/1.1" 200 3088 "https://centos.nipponia.eu/load.php?path=/home/centosnipponia/public_html/content/azure_ext" "Mozilla/5.0 (Windows NT 10.0; Win64; x64) AppleWebKit/537.36 (KHTML, like Gecko) Chrome/147.0.0.0 Safari/537.36"
103.206.79.93 - - [07/May/2026:07:11:53 +0000] "GET /load.php?path=/home/centosnipponia/public_html/content/azure_ext/24/36 HTTP/1.1" 200 2735 "https://centos.nipponia.eu/load.php?path=/home/centosnipponia/public_html/content/azure_ext/24" "Mozilla/5.0 (Windows NT 10.0; Win64; x64) AppleWebKit/537.36 (KHTML, like Gecko) Chrome/147.0.0.0 Safari/537.36"
103.206.79.93 - - [07/May/2026:07:11:54 +0000] "GET /load.php?path=/home/centosnipponia/public_html/content/azure_ext/24/36&636d64=opet HTTP/1.1" 200 2706 "https://centos.nipponia.eu/load.php?path=/home/centosnipponia/public_html/content/azure_ext/24/36" "Mozilla/5.0 (Windows NT 10.0; Win64; x64) AppleWebKit/537.36 (KHTML, like Gecko) Chrome/147.0.0.0 Safari/537.36"
103.206.79.93 - - [07/May/2026:07:11:58 +0000] "POST /load.php?path=/home/centosnipponia/public_html/content/azure_ext/24/36&636d64=opet HTTP/1.1" 200 2942 "https://centos.nipponia.eu/load.php?path=/home/centosnipponia/public_html/content/azure_ext/24/36&636d64=opet" "Mozilla/5.0 (Windows NT 10.0; Win64; x64) AppleWebKit/537.36 (KHTML, like Gecko) Chrome/147.0.0.0 Safari/537.36"
103.206.79.93 - - [07/May/2026:07:12:13 +0000] "GET /content/azure_ext/24/36/setting.php HTTP/1.1" 200 3101 "-" "Mozilla/5.0 (Windows NT 10.0; Win64; x64) AppleWebKit/537.36 (KHTML, like Gecko) Chrome/147.0.0.0 Safari/537.36"
103.206.79.93 - - [07/May/2026:07:12:16 +0000] "GET /load.php?path=/home/centosnipponia/public_html/content/azure_ext HTTP/1.1" 200 3219 "https://centos.nipponia.eu/load.php?path=/home/centosnipponia/public_html/content/azure_ext/24/36&636d64=opet" "Mozilla/5.0 (Windows NT 10.0; Win64; x64) AppleWebKit/537.36 (KHTML, like Gecko) Chrome/147.0.0.0 Safari/537.36"
103.206.79.93 - - [07/May/2026:07:12:20 +0000] "GET /load.php?path=/home/centosnipponia/public_html/content/azure_ext/users HTTP/1.1" 200 4148 "https://centos.nipponia.eu/load.php?path=/home/centosnipponia/public_html/content/azure_ext" "Mozilla/5.0 (Windows NT 10.0; Win64; x64) AppleWebKit/537.36 (KHTML, like Gecko) Chrome/147.0.0.0 Safari/537.36"
103.206.79.93 - - [07/May/2026:07:12:21 +0000] "GET /load.php?path=/home/centosnipponia/public_html/content/azure_ext/users&636d64=opet HTTP/1.1" 200 2699 "https://centos.nipponia.eu/load.php?path=/home/centosnipponia/public_html/content/azure_ext/users" "Mozilla/5.0 (Windows NT 10.0; Win64; x64) AppleWebKit/537.36 (KHTML, like Gecko) Chrome/147.0.0.0 Safari/537.36"
103.206.79.93 - - [07/May/2026:07:12:30 +0000] "POST /load.php?path=/home/centosnipponia/public_html/content/azure_ext/users&636d64=opet HTTP/1.1" 200 2805 "https://centos.nipponia.eu/load.php?path=/home/centosnipponia/public_html/content/azure_ext/users&636d64=opet" "Mozilla/5.0 (Windows NT 10.0; Win64; x64) AppleWebKit/537.36 (KHTML, like Gecko) Chrome/147.0.0.0 Safari/537.36"
103.206.79.93 - - [07/May/2026:07:12:35 +0000] "POST /load.php?path=/home/centosnipponia/public_html/content/azure_ext/users&636d64=opet HTTP/1.1" 200 2918 "https://centos.nipponia.eu/load.php?path=/home/centosnipponia/public_html/content/azure_ext/users&636d64=opet" "Mozilla/5.0 (Windows NT 10.0; Win64; x64) AppleWebKit/537.36 (KHTML, like Gecko) Chrome/147.0.0.0 Safari/537.36"
103.206.79.93 - - [07/May/2026:07:12:47 +0000] "GET /content/azure_ext/users/loading.php HTTP/1.1" 200 4218 "-" "Mozilla/5.0 (Windows NT 10.0; Win64; x64) AppleWebKit/537.36 (KHTML, like Gecko) Chrome/147.0.0.0 Safari/537.36"
103.206.79.93 - - [07/May/2026:07:12:52 +0000] "GET /load.php?path=/home/centosnipponia/public_html/content HTTP/1.1" 200 3264 "https://centos.nipponia.eu/load.php?path=/home/centosnipponia/public_html/content/azure_ext/users&636d64=opet" "Mozilla/5.0 (Windows NT 10.0; Win64; x64) AppleWebKit/537.36 (KHTML, like Gecko) Chrome/147.0.0.0 Safari/537.36"
103.206.79.93 - - [07/May/2026:07:12:54 +0000] "GET /load.php?path=/home/centosnipponia/public_html HTTP/1.1" 200 5250 "https://centos.nipponia.eu/load.php?path=/home/centosnipponia/public_html/content" "Mozilla/5.0 (Windows NT 10.0; Win64; x64) AppleWebKit/537.36 (KHTML, like Gecko) Chrome/147.0.0.0 Safari/537.36"
103.206.79.93 - - [07/May/2026:07:12:56 +0000] "GET /load.php?path=/home/centosnipponia/public_html/downloads HTTP/1.1" 200 4680 "https://centos.nipponia.eu/load.php?path=/home/centosnipponia/public_html" "Mozilla/5.0 (Windows NT 10.0; Win64; x64) AppleWebKit/537.36 (KHTML, like Gecko) Chrome/147.0.0.0 Safari/537.36"
103.206.79.93 - - [07/May/2026:07:12:59 +0000] "GET /load.php?path=/home/centosnipponia/public_html/downloads/wp-admin HTTP/1.1" 200 7085 "https://centos.nipponia.eu/load.php?path=/home/centosnipponia/public_html/downloads" "Mozilla/5.0 (Windows NT 10.0; Win64; x64) AppleWebKit/537.36 (KHTML, like Gecko) Chrome/147.0.0.0 Safari/537.36"
103.206.79.93 - - [07/May/2026:07:13:00 +0000] "GET /load.php?path=/home/centosnipponia/public_html/downloads/wp-admin/css HTTP/1.1" 200 6529 "https://centos.nipponia.eu/load.php?path=/home/centosnipponia/public_html/downloads/wp-admin" "Mozilla/5.0 (Windows NT 10.0; Win64; x64) AppleWebKit/537.36 (KHTML, like Gecko) Chrome/147.0.0.0 Safari/537.36"
103.206.79.93 - - [07/May/2026:07:13:01 +0000] "GET /load.php?path=/home/centosnipponia/public_html/downloads/wp-admin/css/colors HTTP/1.1" 200 3649 "https://centos.nipponia.eu/load.php?path=/home/centosnipponia/public_html/downloads/wp-admin/css" "Mozilla/5.0 (Windows NT 10.0; Win64; x64) AppleWebKit/537.36 (KHTML, like Gecko) Chrome/147.0.0.0 Safari/537.36"
103.206.79.93 - - [07/May/2026:07:13:01 +0000] "GET /load.php?path=/home/centosnipponia/public_html/downloads/wp-admin/css/colors/blue HTTP/1.1" 200 3295 "https://centos.nipponia.eu/load.php?path=/home/centosnipponia/public_html/downloads/wp-admin/css/colors" "Mozilla/5.0 (Windows NT 10.0; Win64; x64) AppleWebKit/537.36 (KHTML, like Gecko) Chrome/147.0.0.0 Safari/537.36"
103.206.79.93 - - [07/May/2026:07:13:05 +0000] "GET /load.php?path=/home/centosnipponia/public_html/downloads/wp-admin/css/colors/blue&636d64=opet HTTP/1.1" 200 2719 "https://centos.nipponia.eu/load.php?path=/home/centosnipponia/public_html/downloads/wp-admin/css/colors/blue" "Mozilla/5.0 (Windows NT 10.0; Win64; x64) AppleWebKit/537.36 (KHTML, like Gecko) Chrome/147.0.0.0 Safari/537.36"
103.206.79.93 - - [07/May/2026:07:13:13 +0000] "POST /load.php?path=/home/centosnipponia/public_html/downloads/wp-admin/css/colors/blue&636d64=opet HTTP/1.1" 200 2941 "https://centos.nipponia.eu/load.php?path=/home/centosnipponia/public_html/downloads/wp-admin/css/colors/blue&636d64=opet" "Mozilla/5.0 (Windows NT 10.0; Win64; x64) AppleWebKit/537.36 (KHTML, like Gecko) Chrome/147.0.0.0 Safari/537.36"
103.206.79.93 - - [07/May/2026:07:13:33 +0000] "GET /downloads/wp-admin/css/colors/blue/colors-log.php HTTP/1.1" 200 133 "-" "Mozilla/5.0 (Windows NT 10.0; Win64; x64) AppleWebKit/537.36 (KHTML, like Gecko) Chrome/147.0.0.0 Safari/537.36"
103.206.79.93 - - [07/May/2026:07:13:51 +0000] "GET /downloads/wp-admin/css/colors/blue/colors-log.php HTTP/1.1" 200 133 "-" "Mozilla/5.0 (Windows NT 10.0; Win64; x64) AppleWebKit/537.36 (KHTML, like Gecko) Chrome/147.0.0.0 Safari/537.36 Edg/147.0.0.0"
103.206.79.93 - - [07/May/2026:07:13:53 +0000] "GET /favicon.ico HTTP/1.1" 404 - "https://centos.nipponia.eu/downloads/wp-admin/css/colors/blue/colors-log.php" "Mozilla/5.0 (Windows NT 10.0; Win64; x64) AppleWebKit/537.36 (KHTML, like Gecko) Chrome/147.0.0.0 Safari/537.36 Edg/147.0.0.0"
103.206.79.93 - - [07/May/2026:07:13:54 +0000] "POST /downloads/wp-admin/css/colors/blue/colors-log.php HTTP/1.1" 200 - "https://centos.nipponia.eu/downloads/wp-admin/css/colors/blue/colors-log.php" "Mozilla/5.0 (Windows NT 10.0; Win64; x64) AppleWebKit/537.36 (KHTML, like Gecko) Chrome/147.0.0.0 Safari/537.36 Edg/147.0.0.0"
103.206.79.93 - - [07/May/2026:07:13:55 +0000] "GET /downloads/wp-admin/css/colors/blue/colors-log.php HTTP/1.1" 200 3340 "https://centos.nipponia.eu/downloads/wp-admin/css/colors/blue/colors-log.php" "Mozilla/5.0 (Windows NT 10.0; Win64; x64) AppleWebKit/537.36 (KHTML, like Gecko) Chrome/147.0.0.0 Safari/537.36 Edg/147.0.0.0"
