216.73.216.75 - - [07/May/2026:17:40:15 +0000] "GET /views/F35848643579 HTTP/1.1" 500 - "-" "Mozilla/5.0 AppleWebKit/537.36 (KHTML, like Gecko; compatible; ClaudeBot/1.0; +claudebot@anthropic.com)"
216.73.216.75 - - [07/May/2026:17:40:21 +0000] "GET /views/F35845879114 HTTP/1.1" 500 - "-" "Mozilla/5.0 AppleWebKit/537.36 (KHTML, like Gecko; compatible; ClaudeBot/1.0; +claudebot@anthropic.com)"
216.73.216.75 - - [07/May/2026:17:40:26 +0000] "GET /views/F3579642320 HTTP/1.1" 500 - "-" "Mozilla/5.0 AppleWebKit/537.36 (KHTML, like Gecko; compatible; ClaudeBot/1.0; +claudebot@anthropic.com)"
216.73.216.75 - - [07/May/2026:17:40:31 +0000] "GET /views/F35796746571 HTTP/1.1" 500 - "-" "Mozilla/5.0 AppleWebKit/537.36 (KHTML, like Gecko; compatible; ClaudeBot/1.0; +claudebot@anthropic.com)"
216.73.216.75 - - [07/May/2026:17:40:36 +0000] "GET /views/F35807382919 HTTP/1.1" 500 - "-" "Mozilla/5.0 AppleWebKit/537.36 (KHTML, like Gecko; compatible; ClaudeBot/1.0; +claudebot@anthropic.com)"
216.73.216.75 - - [07/May/2026:17:40:41 +0000] "GET /views/F35793736359 HTTP/1.1" 500 - "-" "Mozilla/5.0 AppleWebKit/537.36 (KHTML, like Gecko; compatible; ClaudeBot/1.0; +claudebot@anthropic.com)"
216.73.216.75 - - [07/May/2026:17:40:46 +0000] "GET /views/F358452867546 HTTP/1.1" 500 - "-" "Mozilla/5.0 AppleWebKit/537.36 (KHTML, like Gecko; compatible; ClaudeBot/1.0; +claudebot@anthropic.com)"
216.73.216.75 - - [07/May/2026:17:40:51 +0000] "GET /views/F35804347980 HTTP/1.1" 500 - "-" "Mozilla/5.0 AppleWebKit/537.36 (KHTML, like Gecko; compatible; ClaudeBot/1.0; +claudebot@anthropic.com)"
216.73.216.75 - - [07/May/2026:17:40:57 +0000] "GET /views/F35804240926 HTTP/1.1" 500 - "-" "Mozilla/5.0 AppleWebKit/537.36 (KHTML, like Gecko; compatible; ClaudeBot/1.0; +claudebot@anthropic.com)"
216.73.216.75 - - [07/May/2026:17:41:01 +0000] "GET /views/F35807390436 HTTP/1.1" 500 - "-" "Mozilla/5.0 AppleWebKit/537.36 (KHTML, like Gecko; compatible; ClaudeBot/1.0; +claudebot@anthropic.com)"
216.73.216.75 - - [07/May/2026:17:41:06 +0000] "GET /views/F35845479048 HTTP/1.1" 500 - "-" "Mozilla/5.0 AppleWebKit/537.36 (KHTML, like Gecko; compatible; ClaudeBot/1.0; +claudebot@anthropic.com)"
216.73.216.75 - - [07/May/2026:17:41:11 +0000] "GET /views/F35814698974 HTTP/1.1" 500 - "-" "Mozilla/5.0 AppleWebKit/537.36 (KHTML, like Gecko; compatible; ClaudeBot/1.0; +claudebot@anthropic.com)"
216.73.216.75 - - [07/May/2026:17:41:16 +0000] "GET /views/F35801229915 HTTP/1.1" 500 - "-" "Mozilla/5.0 AppleWebKit/537.36 (KHTML, like Gecko; compatible; ClaudeBot/1.0; +claudebot@anthropic.com)"
216.73.216.75 - - [07/May/2026:17:41:22 +0000] "GET /views/F358464537264 HTTP/1.1" 500 - "-" "Mozilla/5.0 AppleWebKit/537.36 (KHTML, like Gecko; compatible; ClaudeBot/1.0; +claudebot@anthropic.com)"
216.73.216.75 - - [07/May/2026:17:41:27 +0000] "GET /views/F358213600360 HTTP/1.1" 500 - "-" "Mozilla/5.0 AppleWebKit/537.36 (KHTML, like Gecko; compatible; ClaudeBot/1.0; +claudebot@anthropic.com)"
216.73.216.75 - - [07/May/2026:17:41:32 +0000] "GET /views/F357965459235 HTTP/1.1" 500 - "-" "Mozilla/5.0 AppleWebKit/537.36 (KHTML, like Gecko; compatible; ClaudeBot/1.0; +claudebot@anthropic.com)"
216.73.216.75 - - [07/May/2026:17:41:37 +0000] "GET /views/F358349385006 HTTP/1.1" 500 - "-" "Mozilla/5.0 AppleWebKit/537.36 (KHTML, like Gecko; compatible; ClaudeBot/1.0; +claudebot@anthropic.com)"
216.73.216.75 - - [07/May/2026:17:41:42 +0000] "GET /views/F35809988261 HTTP/1.1" 500 - "-" "Mozilla/5.0 AppleWebKit/537.36 (KHTML, like Gecko; compatible; ClaudeBot/1.0; +claudebot@anthropic.com)"
216.73.216.75 - - [07/May/2026:17:41:47 +0000] "GET /views/F35837990388 HTTP/1.1" 500 - "-" "Mozilla/5.0 AppleWebKit/537.36 (KHTML, like Gecko; compatible; ClaudeBot/1.0; +claudebot@anthropic.com)"
216.73.216.75 - - [07/May/2026:17:41:52 +0000] "GET /views/F35801376685 HTTP/1.1" 500 - "-" "Mozilla/5.0 AppleWebKit/537.36 (KHTML, like Gecko; compatible; ClaudeBot/1.0; +claudebot@anthropic.com)"
216.73.216.75 - - [07/May/2026:17:41:57 +0000] "GET /views/F35793790086 HTTP/1.1" 500 - "-" "Mozilla/5.0 AppleWebKit/537.36 (KHTML, like Gecko; compatible; ClaudeBot/1.0; +claudebot@anthropic.com)"
216.73.216.75 - - [07/May/2026:17:42:02 +0000] "GET /views/F35796486305 HTTP/1.1" 500 - "-" "Mozilla/5.0 AppleWebKit/537.36 (KHTML, like Gecko; compatible; ClaudeBot/1.0; +claudebot@anthropic.com)"
216.73.216.75 - - [07/May/2026:17:42:08 +0000] "GET /views/F358013100405 HTTP/1.1" 500 - "-" "Mozilla/5.0 AppleWebKit/537.36 (KHTML, like Gecko; compatible; ClaudeBot/1.0; +claudebot@anthropic.com)"
216.73.216.75 - - [07/May/2026:17:42:13 +0000] "GET /views/F35811737729 HTTP/1.1" 500 - "-" "Mozilla/5.0 AppleWebKit/537.36 (KHTML, like Gecko; compatible; ClaudeBot/1.0; +claudebot@anthropic.com)"
216.73.216.75 - - [07/May/2026:17:42:18 +0000] "GET /views/F358015935685 HTTP/1.1" 500 - "-" "Mozilla/5.0 AppleWebKit/537.36 (KHTML, like Gecko; compatible; ClaudeBot/1.0; +claudebot@anthropic.com)"
216.73.216.75 - - [07/May/2026:17:42:23 +0000] "GET /views/F35786374316 HTTP/1.1" 500 - "-" "Mozilla/5.0 AppleWebKit/537.36 (KHTML, like Gecko; compatible; ClaudeBot/1.0; +claudebot@anthropic.com)"
216.73.216.75 - - [07/May/2026:17:42:28 +0000] "GET /views/F358378803563 HTTP/1.1" 500 - "-" "Mozilla/5.0 AppleWebKit/537.36 (KHTML, like Gecko; compatible; ClaudeBot/1.0; +claudebot@anthropic.com)"
216.73.216.75 - - [07/May/2026:17:42:33 +0000] "GET /views/F35832371931 HTTP/1.1" 500 - "-" "Mozilla/5.0 AppleWebKit/537.36 (KHTML, like Gecko; compatible; ClaudeBot/1.0; +claudebot@anthropic.com)"
216.73.216.75 - - [07/May/2026:17:42:38 +0000] "GET /views/F35842764055 HTTP/1.1" 500 - "-" "Mozilla/5.0 AppleWebKit/537.36 (KHTML, like Gecko; compatible; ClaudeBot/1.0; +claudebot@anthropic.com)"
216.73.216.75 - - [07/May/2026:17:42:43 +0000] "GET /views/F358355455777 HTTP/1.1" 500 - "-" "Mozilla/5.0 AppleWebKit/537.36 (KHTML, like Gecko; compatible; ClaudeBot/1.0; +claudebot@anthropic.com)"
216.73.216.75 - - [07/May/2026:17:42:48 +0000] "GET /views/F357936307356 HTTP/1.1" 500 - "-" "Mozilla/5.0 AppleWebKit/537.36 (KHTML, like Gecko; compatible; ClaudeBot/1.0; +claudebot@anthropic.com)"
216.73.216.75 - - [07/May/2026:17:42:53 +0000] "GET /views/F35827836700 HTTP/1.1" 500 - "-" "Mozilla/5.0 AppleWebKit/537.36 (KHTML, like Gecko; compatible; ClaudeBot/1.0; +claudebot@anthropic.com)"
216.73.216.75 - - [07/May/2026:17:42:58 +0000] "GET /views/F35786322410 HTTP/1.1" 500 - "-" "Mozilla/5.0 AppleWebKit/537.36 (KHTML, like Gecko; compatible; ClaudeBot/1.0; +claudebot@anthropic.com)"
216.73.216.75 - - [07/May/2026:17:43:03 +0000] "GET /views/F35804231038 HTTP/1.1" 500 - "-" "Mozilla/5.0 AppleWebKit/537.36 (KHTML, like Gecko; compatible; ClaudeBot/1.0; +claudebot@anthropic.com)"
216.73.216.75 - - [07/May/2026:17:43:08 +0000] "GET /views/F357912340485 HTTP/1.1" 500 - "-" "Mozilla/5.0 AppleWebKit/537.36 (KHTML, like Gecko; compatible; ClaudeBot/1.0; +claudebot@anthropic.com)"
216.73.216.75 - - [07/May/2026:17:43:13 +0000] "GET /views/F3578485538 HTTP/1.1" 500 - "-" "Mozilla/5.0 AppleWebKit/537.36 (KHTML, like Gecko; compatible; ClaudeBot/1.0; +claudebot@anthropic.com)"
66.249.66.72 - - [07/May/2026:17:43:14 +0000] "GET /views/S3578206383 HTTP/1.1" 200 25670 "-" "Mozilla/5.0 (Linux; Android 6.0.1; Nexus 5X Build/MMB29P) AppleWebKit/537.36 (KHTML, like Gecko) Chrome/147.0.7727.137 Mobile Safari/537.36 (compatible; Googlebot/2.1; +http://www.google.com/bot.html)"
216.73.216.75 - - [07/May/2026:17:43:18 +0000] "GET /views/F35834951235 HTTP/1.1" 500 - "-" "Mozilla/5.0 AppleWebKit/537.36 (KHTML, like Gecko; compatible; ClaudeBot/1.0; +claudebot@anthropic.com)"
216.73.216.75 - - [07/May/2026:17:43:23 +0000] "GET /views/F35793833169 HTTP/1.1" 500 - "-" "Mozilla/5.0 AppleWebKit/537.36 (KHTML, like Gecko; compatible; ClaudeBot/1.0; +claudebot@anthropic.com)"
216.73.216.75 - - [07/May/2026:17:43:28 +0000] "GET /views/F35814529390 HTTP/1.1" 500 - "-" "Mozilla/5.0 AppleWebKit/537.36 (KHTML, like Gecko; compatible; ClaudeBot/1.0; +claudebot@anthropic.com)"
216.73.216.75 - - [07/May/2026:17:43:33 +0000] "GET /views/F35807069169 HTTP/1.1" 500 - "-" "Mozilla/5.0 AppleWebKit/537.36 (KHTML, like Gecko; compatible; ClaudeBot/1.0; +claudebot@anthropic.com)"
216.73.216.75 - - [07/May/2026:17:43:38 +0000] "GET /views/F358089938709 HTTP/1.1" 500 - "-" "Mozilla/5.0 AppleWebKit/537.36 (KHTML, like Gecko; compatible; ClaudeBot/1.0; +claudebot@anthropic.com)"
216.73.216.75 - - [07/May/2026:17:43:43 +0000] "GET /views/F358461498519 HTTP/1.1" 500 - "-" "Mozilla/5.0 AppleWebKit/537.36 (KHTML, like Gecko; compatible; ClaudeBot/1.0; +claudebot@anthropic.com)"
216.73.216.75 - - [07/May/2026:17:43:48 +0000] "GET /views/F35783404376 HTTP/1.1" 500 - "-" "Mozilla/5.0 AppleWebKit/537.36 (KHTML, like Gecko; compatible; ClaudeBot/1.0; +claudebot@anthropic.com)"
216.73.216.75 - - [07/May/2026:17:43:53 +0000] "GET /views/F35817623721 HTTP/1.1" 500 - "-" "Mozilla/5.0 AppleWebKit/537.36 (KHTML, like Gecko; compatible; ClaudeBot/1.0; +claudebot@anthropic.com)"
216.73.216.75 - - [07/May/2026:17:43:58 +0000] "GET /views/F35848822074 HTTP/1.1" 500 - "-" "Mozilla/5.0 AppleWebKit/537.36 (KHTML, like Gecko; compatible; ClaudeBot/1.0; +claudebot@anthropic.com)"
216.73.216.75 - - [07/May/2026:17:44:03 +0000] "GET /views/F35842577091 HTTP/1.1" 500 - "-" "Mozilla/5.0 AppleWebKit/537.36 (KHTML, like Gecko; compatible; ClaudeBot/1.0; +claudebot@anthropic.com)"
216.73.216.75 - - [07/May/2026:17:44:08 +0000] "GET /views/F358411332201 HTTP/1.1" 500 - "-" "Mozilla/5.0 AppleWebKit/537.36 (KHTML, like Gecko; compatible; ClaudeBot/1.0; +claudebot@anthropic.com)"
216.73.216.75 - - [07/May/2026:17:44:13 +0000] "GET /views/F35796682325 HTTP/1.1" 500 - "-" "Mozilla/5.0 AppleWebKit/537.36 (KHTML, like Gecko; compatible; ClaudeBot/1.0; +claudebot@anthropic.com)"
66.249.66.9 - - [07/May/2026:17:44:13 +0000] "GET /views/S3579810047 HTTP/1.1" 200 25191 "-" "Mozilla/5.0 (Linux; Android 6.0.1; Nexus 5X Build/MMB29P) AppleWebKit/537.36 (KHTML, like Gecko) Chrome/147.0.7727.137 Mobile Safari/537.36 (compatible; GoogleOther)"
216.73.216.75 - - [07/May/2026:17:44:18 +0000] "GET /views/F358010109695 HTTP/1.1" 500 - "-" "Mozilla/5.0 AppleWebKit/537.36 (KHTML, like Gecko; compatible; ClaudeBot/1.0; +claudebot@anthropic.com)"
216.73.216.75 - - [07/May/2026:17:44:23 +0000] "GET /views/F35827812336 HTTP/1.1" 500 - "-" "Mozilla/5.0 AppleWebKit/537.36 (KHTML, like Gecko; compatible; ClaudeBot/1.0; +claudebot@anthropic.com)"
216.73.216.75 - - [07/May/2026:17:44:28 +0000] "GET /views/F358411518646 HTTP/1.1" 500 - "-" "Mozilla/5.0 AppleWebKit/537.36 (KHTML, like Gecko; compatible; ClaudeBot/1.0; +claudebot@anthropic.com)"
216.73.216.75 - - [07/May/2026:17:44:33 +0000] "GET /views/F357924423385 HTTP/1.1" 500 - "-" "Mozilla/5.0 AppleWebKit/537.36 (KHTML, like Gecko; compatible; ClaudeBot/1.0; +claudebot@anthropic.com)"
66.249.66.8 - - [07/May/2026:17:44:33 +0000] "GET /views/S357873759 HTTP/1.1" 200 26645 "-" "Mozilla/5.0 (Linux; Android 6.0.1; Nexus 5X Build/MMB29P) AppleWebKit/537.36 (KHTML, like Gecko) Chrome/147.0.7727.137 Mobile Safari/537.36 (compatible; GoogleOther)"
216.73.216.75 - - [07/May/2026:17:44:38 +0000] "GET /views/F358364276644 HTTP/1.1" 500 - "-" "Mozilla/5.0 AppleWebKit/537.36 (KHTML, like Gecko; compatible; ClaudeBot/1.0; +claudebot@anthropic.com)"
216.73.216.75 - - [07/May/2026:17:44:43 +0000] "GET /views/F358361291573 HTTP/1.1" 500 - "-" "Mozilla/5.0 AppleWebKit/537.36 (KHTML, like Gecko; compatible; ClaudeBot/1.0; +claudebot@anthropic.com)"
216.73.216.75 - - [07/May/2026:17:44:49 +0000] "GET /views/F358376140744 HTTP/1.1" 500 - "-" "Mozilla/5.0 AppleWebKit/537.36 (KHTML, like Gecko; compatible; ClaudeBot/1.0; +claudebot@anthropic.com)"
216.73.216.75 - - [07/May/2026:17:44:53 +0000] "GET /views/F35845550135 HTTP/1.1" 500 - "-" "Mozilla/5.0 AppleWebKit/537.36 (KHTML, like Gecko; compatible; ClaudeBot/1.0; +claudebot@anthropic.com)"
216.73.216.75 - - [07/May/2026:17:44:59 +0000] "GET /views/F358355400551 HTTP/1.1" 500 - "-" "Mozilla/5.0 AppleWebKit/537.36 (KHTML, like Gecko; compatible; ClaudeBot/1.0; +claudebot@anthropic.com)"
216.73.216.75 - - [07/May/2026:17:45:04 +0000] "GET /views/F358010293696 HTTP/1.1" 500 - "-" "Mozilla/5.0 AppleWebKit/537.36 (KHTML, like Gecko; compatible; ClaudeBot/1.0; +claudebot@anthropic.com)"
216.73.216.75 - - [07/May/2026:17:45:09 +0000] "GET /views/F358325548718 HTTP/1.1" 500 - "-" "Mozilla/5.0 AppleWebKit/537.36 (KHTML, like Gecko; compatible; ClaudeBot/1.0; +claudebot@anthropic.com)"
216.73.216.75 - - [07/May/2026:17:45:14 +0000] "GET /views/F358024619595 HTTP/1.1" 500 - "-" "Mozilla/5.0 AppleWebKit/537.36 (KHTML, like Gecko; compatible; ClaudeBot/1.0; +claudebot@anthropic.com)"
216.73.216.75 - - [07/May/2026:17:45:19 +0000] "GET /views/F358414539708 HTTP/1.1" 500 - "-" "Mozilla/5.0 AppleWebKit/537.36 (KHTML, like Gecko; compatible; ClaudeBot/1.0; +claudebot@anthropic.com)"
216.73.216.75 - - [07/May/2026:17:45:24 +0000] "GET /views/F358411660906 HTTP/1.1" 500 - "-" "Mozilla/5.0 AppleWebKit/537.36 (KHTML, like Gecko; compatible; ClaudeBot/1.0; +claudebot@anthropic.com)"
216.73.216.75 - - [07/May/2026:17:45:29 +0000] "GET /views/F358160773406 HTTP/1.1" 500 - "-" "Mozilla/5.0 AppleWebKit/537.36 (KHTML, like Gecko; compatible; ClaudeBot/1.0; +claudebot@anthropic.com)"
216.73.216.75 - - [07/May/2026:17:45:34 +0000] "GET /views/F357924528531 HTTP/1.1" 500 - "-" "Mozilla/5.0 AppleWebKit/537.36 (KHTML, like Gecko; compatible; ClaudeBot/1.0; +claudebot@anthropic.com)"
216.73.216.75 - - [07/May/2026:17:45:39 +0000] "GET /views/F35783212832 HTTP/1.1" 500 - "-" "Mozilla/5.0 AppleWebKit/537.36 (KHTML, like Gecko; compatible; ClaudeBot/1.0; +claudebot@anthropic.com)"
216.73.216.75 - - [07/May/2026:17:45:44 +0000] "GET /views/F358411468373 HTTP/1.1" 500 - "-" "Mozilla/5.0 AppleWebKit/537.36 (KHTML, like Gecko; compatible; ClaudeBot/1.0; +claudebot@anthropic.com)"
216.73.216.75 - - [07/May/2026:17:45:49 +0000] "GET /views/F358228491464 HTTP/1.1" 500 - "-" "Mozilla/5.0 AppleWebKit/537.36 (KHTML, like Gecko; compatible; ClaudeBot/1.0; +claudebot@anthropic.com)"
216.73.216.75 - - [07/May/2026:17:45:54 +0000] "GET /views/F35842797880 HTTP/1.1" 500 - "-" "Mozilla/5.0 AppleWebKit/537.36 (KHTML, like Gecko; compatible; ClaudeBot/1.0; +claudebot@anthropic.com)"
216.73.216.75 - - [07/May/2026:17:45:59 +0000] "GET /views/F35848514483 HTTP/1.1" 500 - "-" "Mozilla/5.0 AppleWebKit/537.36 (KHTML, like Gecko; compatible; ClaudeBot/1.0; +claudebot@anthropic.com)"
216.73.216.75 - - [07/May/2026:17:46:04 +0000] "GET /views/F35811689693 HTTP/1.1" 500 - "-" "Mozilla/5.0 AppleWebKit/537.36 (KHTML, like Gecko; compatible; ClaudeBot/1.0; +claudebot@anthropic.com)"
216.73.216.75 - - [07/May/2026:17:46:09 +0000] "GET /views/F358387723065 HTTP/1.1" 500 - "-" "Mozilla/5.0 AppleWebKit/537.36 (KHTML, like Gecko; compatible; ClaudeBot/1.0; +claudebot@anthropic.com)"
216.73.216.75 - - [07/May/2026:17:46:14 +0000] "GET /views/F357933119479 HTTP/1.1" 500 - "-" "Mozilla/5.0 AppleWebKit/537.36 (KHTML, like Gecko; compatible; ClaudeBot/1.0; +claudebot@anthropic.com)"
216.73.216.75 - - [07/May/2026:17:46:19 +0000] "GET /views/F358311096375 HTTP/1.1" 500 - "-" "Mozilla/5.0 AppleWebKit/537.36 (KHTML, like Gecko; compatible; ClaudeBot/1.0; +claudebot@anthropic.com)"
216.73.216.75 - - [07/May/2026:17:46:24 +0000] "GET /views/F357826880698 HTTP/1.1" 500 - "-" "Mozilla/5.0 AppleWebKit/537.36 (KHTML, like Gecko; compatible; ClaudeBot/1.0; +claudebot@anthropic.com)"
216.73.216.75 - - [07/May/2026:17:46:29 +0000] "GET /views/F35811717084 HTTP/1.1" 500 - "-" "Mozilla/5.0 AppleWebKit/537.36 (KHTML, like Gecko; compatible; ClaudeBot/1.0; +claudebot@anthropic.com)"
216.73.216.75 - - [07/May/2026:17:46:34 +0000] "GET /views/F358449702384 HTTP/1.1" 500 - "-" "Mozilla/5.0 AppleWebKit/537.36 (KHTML, like Gecko; compatible; ClaudeBot/1.0; +claudebot@anthropic.com)"
216.73.216.75 - - [07/May/2026:17:46:39 +0000] "GET /views/F35842459960 HTTP/1.1" 500 - "-" "Mozilla/5.0 AppleWebKit/537.36 (KHTML, like Gecko; compatible; ClaudeBot/1.0; +claudebot@anthropic.com)"
216.73.216.75 - - [07/May/2026:17:46:44 +0000] "GET /views/F35832151100 HTTP/1.1" 500 - "-" "Mozilla/5.0 AppleWebKit/537.36 (KHTML, like Gecko; compatible; ClaudeBot/1.0; +claudebot@anthropic.com)"
216.73.216.75 - - [07/May/2026:17:46:49 +0000] "GET /views/F35801494225 HTTP/1.1" 500 - "-" "Mozilla/5.0 AppleWebKit/537.36 (KHTML, like Gecko; compatible; ClaudeBot/1.0; +claudebot@anthropic.com)"
216.73.216.75 - - [07/May/2026:17:46:54 +0000] "GET /views/F358378957688 HTTP/1.1" 500 - "-" "Mozilla/5.0 AppleWebKit/537.36 (KHTML, like Gecko; compatible; ClaudeBot/1.0; +claudebot@anthropic.com)"
216.73.216.75 - - [07/May/2026:17:46:59 +0000] "GET /views/F35837929848 HTTP/1.1" 500 - "-" "Mozilla/5.0 AppleWebKit/537.36 (KHTML, like Gecko; compatible; ClaudeBot/1.0; +claudebot@anthropic.com)"
216.73.216.75 - - [07/May/2026:17:47:04 +0000] "GET /views/F358110489233 HTTP/1.1" 500 - "-" "Mozilla/5.0 AppleWebKit/537.36 (KHTML, like Gecko; compatible; ClaudeBot/1.0; +claudebot@anthropic.com)"
216.73.216.75 - - [07/May/2026:17:47:09 +0000] "GET /views/F358411479482 HTTP/1.1" 500 - "-" "Mozilla/5.0 AppleWebKit/537.36 (KHTML, like Gecko; compatible; ClaudeBot/1.0; +claudebot@anthropic.com)"
216.73.216.75 - - [07/May/2026:17:47:14 +0000] "GET /views/F35832090579 HTTP/1.1" 500 - "-" "Mozilla/5.0 AppleWebKit/537.36 (KHTML, like Gecko; compatible; ClaudeBot/1.0; +claudebot@anthropic.com)"
216.73.216.75 - - [07/May/2026:17:47:19 +0000] "GET /views/F35789097420 HTTP/1.1" 500 - "-" "Mozilla/5.0 AppleWebKit/537.36 (KHTML, like Gecko; compatible; ClaudeBot/1.0; +claudebot@anthropic.com)"
216.73.216.75 - - [07/May/2026:17:47:24 +0000] "GET /views/F358016157916 HTTP/1.1" 500 - "-" "Mozilla/5.0 AppleWebKit/537.36 (KHTML, like Gecko; compatible; ClaudeBot/1.0; +claudebot@anthropic.com)"
216.73.216.75 - - [07/May/2026:17:47:29 +0000] "GET /views/F358063060169 HTTP/1.1" 500 - "-" "Mozilla/5.0 AppleWebKit/537.36 (KHTML, like Gecko; compatible; ClaudeBot/1.0; +claudebot@anthropic.com)"
216.73.216.75 - - [07/May/2026:17:47:34 +0000] "GET /views/F357912664416 HTTP/1.1" 500 - "-" "Mozilla/5.0 AppleWebKit/537.36 (KHTML, like Gecko; compatible; ClaudeBot/1.0; +claudebot@anthropic.com)"
216.73.216.75 - - [07/May/2026:17:47:39 +0000] "GET /views/F357930132168 HTTP/1.1" 500 - "-" "Mozilla/5.0 AppleWebKit/537.36 (KHTML, like Gecko; compatible; ClaudeBot/1.0; +claudebot@anthropic.com)"
66.249.66.169 - - [07/May/2026:17:47:41 +0000] "GET /views/S3578403133 HTTP/1.1" 200 26025 "-" "Mozilla/5.0 (Linux; Android 6.0.1; Nexus 5X Build/MMB29P) AppleWebKit/537.36 (KHTML, like Gecko) Chrome/147.0.7727.137 Mobile Safari/537.36 (compatible; Googlebot/2.1; +http://www.google.com/bot.html)"
216.73.216.75 - - [07/May/2026:17:47:44 +0000] "GET /views/F358110540752 HTTP/1.1" 500 - "-" "Mozilla/5.0 AppleWebKit/537.36 (KHTML, like Gecko; compatible; ClaudeBot/1.0; +claudebot@anthropic.com)"
216.73.216.75 - - [07/May/2026:17:47:49 +0000] "GET /views/F358092857454 HTTP/1.1" 500 - "-" "Mozilla/5.0 AppleWebKit/537.36 (KHTML, like Gecko; compatible; ClaudeBot/1.0; +claudebot@anthropic.com)"
216.73.216.75 - - [07/May/2026:17:47:54 +0000] "GET /views/F358461760264 HTTP/1.1" 500 - "-" "Mozilla/5.0 AppleWebKit/537.36 (KHTML, like Gecko; compatible; ClaudeBot/1.0; +claudebot@anthropic.com)"
216.73.216.75 - - [07/May/2026:17:47:59 +0000] "GET /views/F357811980375 HTTP/1.1" 500 - "-" "Mozilla/5.0 AppleWebKit/537.36 (KHTML, like Gecko; compatible; ClaudeBot/1.0; +claudebot@anthropic.com)"
216.73.216.75 - - [07/May/2026:17:48:04 +0000] "GET /views/F35842507522 HTTP/1.1" 500 - "-" "Mozilla/5.0 AppleWebKit/537.36 (KHTML, like Gecko; compatible; ClaudeBot/1.0; +claudebot@anthropic.com)"
216.73.216.75 - - [07/May/2026:17:48:09 +0000] "GET /views/F357823701870 HTTP/1.1" 500 - "-" "Mozilla/5.0 AppleWebKit/537.36 (KHTML, like Gecko; compatible; ClaudeBot/1.0; +claudebot@anthropic.com)"
216.73.216.75 - - [07/May/2026:17:48:14 +0000] "GET /views/F358051264042 HTTP/1.1" 500 - "-" "Mozilla/5.0 AppleWebKit/537.36 (KHTML, like Gecko; compatible; ClaudeBot/1.0; +claudebot@anthropic.com)"
66.249.66.200 - - [07/May/2026:17:48:15 +0000] "GET /views/S3578366931 HTTP/1.1" 200 26742 "-" "Mozilla/5.0 (Linux; Android 6.0.1; Nexus 5X Build/MMB29P) AppleWebKit/537.36 (KHTML, like Gecko) Chrome/147.0.7727.137 Mobile Safari/537.36 (compatible; Googlebot/2.1; +http://www.google.com/bot.html)"
216.73.216.75 - - [07/May/2026:17:48:19 +0000] "GET /views/F35786278072 HTTP/1.1" 500 - "-" "Mozilla/5.0 AppleWebKit/537.36 (KHTML, like Gecko; compatible; ClaudeBot/1.0; +claudebot@anthropic.com)"
66.249.66.198 - - [07/May/2026:17:48:19 +0000] "GET /contents/reform HTTP/1.1" 200 26734 "-" "Mozilla/5.0 (Linux; Android 6.0.1; Nexus 5X Build/MMB29P) AppleWebKit/537.36 (KHTML, like Gecko) Chrome/147.0.7727.137 Mobile Safari/537.36 (compatible; Googlebot/2.1; +http://www.google.com/bot.html)"
216.73.216.75 - - [07/May/2026:17:48:24 +0000] "GET /views/F357951112867 HTTP/1.1" 500 - "-" "Mozilla/5.0 AppleWebKit/537.36 (KHTML, like Gecko; compatible; ClaudeBot/1.0; +claudebot@anthropic.com)"
216.73.216.75 - - [07/May/2026:17:48:29 +0000] "GET /views/F358266838997 HTTP/1.1" 500 - "-" "Mozilla/5.0 AppleWebKit/537.36 (KHTML, like Gecko; compatible; ClaudeBot/1.0; +claudebot@anthropic.com)"
216.73.216.75 - - [07/May/2026:17:48:34 +0000] "GET /views/F35807045793 HTTP/1.1" 500 - "-" "Mozilla/5.0 AppleWebKit/537.36 (KHTML, like Gecko; compatible; ClaudeBot/1.0; +claudebot@anthropic.com)"
216.73.216.75 - - [07/May/2026:17:48:39 +0000] "GET /views/F35796642195 HTTP/1.1" 500 - "-" "Mozilla/5.0 AppleWebKit/537.36 (KHTML, like Gecko; compatible; ClaudeBot/1.0; +claudebot@anthropic.com)"
216.73.216.75 - - [07/May/2026:17:48:44 +0000] "GET /views/F357888932275 HTTP/1.1" 500 - "-" "Mozilla/5.0 AppleWebKit/537.36 (KHTML, like Gecko; compatible; ClaudeBot/1.0; +claudebot@anthropic.com)"
216.73.216.75 - - [07/May/2026:17:48:49 +0000] "GET /views/F358455748138 HTTP/1.1" 500 - "-" "Mozilla/5.0 AppleWebKit/537.36 (KHTML, like Gecko; compatible; ClaudeBot/1.0; +claudebot@anthropic.com)"
66.249.66.71 - - [07/May/2026:17:48:49 +0000] "GET /views/S3578275639 HTTP/1.1" 200 26207 "-" "Mozilla/5.0 (Linux; Android 6.0.1; Nexus 5X Build/MMB29P) AppleWebKit/537.36 (KHTML, like Gecko) Chrome/147.0.7727.137 Mobile Safari/537.36 (compatible; Googlebot/2.1; +http://www.google.com/bot.html)"
216.73.216.75 - - [07/May/2026:17:48:54 +0000] "GET /views/F358361129623 HTTP/1.1" 500 - "-" "Mozilla/5.0 AppleWebKit/537.36 (KHTML, like Gecko; compatible; ClaudeBot/1.0; +claudebot@anthropic.com)"
216.73.216.75 - - [07/May/2026:17:48:59 +0000] "GET /views/F358429236766 HTTP/1.1" 500 - "-" "Mozilla/5.0 AppleWebKit/537.36 (KHTML, like Gecko; compatible; ClaudeBot/1.0; +claudebot@anthropic.com)"
216.73.216.75 - - [07/May/2026:17:49:04 +0000] "GET /views/F358467378431 HTTP/1.1" 500 - "-" "Mozilla/5.0 AppleWebKit/537.36 (KHTML, like Gecko; compatible; ClaudeBot/1.0; +claudebot@anthropic.com)"
216.73.216.75 - - [07/May/2026:17:49:09 +0000] "GET /views/F358423265360 HTTP/1.1" 500 - "-" "Mozilla/5.0 AppleWebKit/537.36 (KHTML, like Gecko; compatible; ClaudeBot/1.0; +claudebot@anthropic.com)"
216.73.216.75 - - [07/May/2026:17:49:14 +0000] "GET /views/F358210722319 HTTP/1.1" 500 - "-" "Mozilla/5.0 AppleWebKit/537.36 (KHTML, like Gecko; compatible; ClaudeBot/1.0; +claudebot@anthropic.com)"
216.73.216.75 - - [07/May/2026:17:49:19 +0000] "GET /views/F358187107039 HTTP/1.1" 500 - "-" "Mozilla/5.0 AppleWebKit/537.36 (KHTML, like Gecko; compatible; ClaudeBot/1.0; +claudebot@anthropic.com)"
66.249.66.198 - - [07/May/2026:17:49:23 +0000] "GET /views/S3578418873 HTTP/1.1" 200 25106 "-" "Mozilla/5.0 (Linux; Android 6.0.1; Nexus 5X Build/MMB29P) AppleWebKit/537.36 (KHTML, like Gecko) Chrome/147.0.7727.137 Mobile Safari/537.36 (compatible; Googlebot/2.1; +http://www.google.com/bot.html)"
216.73.216.75 - - [07/May/2026:17:49:24 +0000] "GET /views/F357912698756 HTTP/1.1" 500 - "-" "Mozilla/5.0 AppleWebKit/537.36 (KHTML, like Gecko; compatible; ClaudeBot/1.0; +claudebot@anthropic.com)"
216.73.216.75 - - [07/May/2026:17:49:29 +0000] "GET /views/F35817586801 HTTP/1.1" 500 - "-" "Mozilla/5.0 AppleWebKit/537.36 (KHTML, like Gecko; compatible; ClaudeBot/1.0; +claudebot@anthropic.com)"
216.73.216.75 - - [07/May/2026:17:49:34 +0000] "GET /views/F357811859174 HTTP/1.1" 500 - "-" "Mozilla/5.0 AppleWebKit/537.36 (KHTML, like Gecko; compatible; ClaudeBot/1.0; +claudebot@anthropic.com)"
216.73.216.75 - - [07/May/2026:17:49:40 +0000] "GET /views/F357977661186 HTTP/1.1" 500 - "-" "Mozilla/5.0 AppleWebKit/537.36 (KHTML, like Gecko; compatible; ClaudeBot/1.0; +claudebot@anthropic.com)"
216.73.216.75 - - [07/May/2026:17:49:45 +0000] "GET /views/F358110570441 HTTP/1.1" 500 - "-" "Mozilla/5.0 AppleWebKit/537.36 (KHTML, like Gecko; compatible; ClaudeBot/1.0; +claudebot@anthropic.com)"
216.73.216.75 - - [07/May/2026:17:49:50 +0000] "GET /views/F358349460571 HTTP/1.1" 500 - "-" "Mozilla/5.0 AppleWebKit/537.36 (KHTML, like Gecko; compatible; ClaudeBot/1.0; +claudebot@anthropic.com)"
216.73.216.75 - - [07/May/2026:17:49:50 +0000] "GET /robots.txt HTTP/1.1" 200 89 "-" "Mozilla/5.0 AppleWebKit/537.36 (KHTML, like Gecko; compatible; ClaudeBot/1.0; +claudebot@anthropic.com)"
216.73.216.75 - - [07/May/2026:17:49:55 +0000] "GET /views/F357980325523 HTTP/1.1" 500 - "-" "Mozilla/5.0 AppleWebKit/537.36 (KHTML, like Gecko; compatible; ClaudeBot/1.0; +claudebot@anthropic.com)"
216.73.216.75 - - [07/May/2026:17:50:00 +0000] "GET /views/F358128247558 HTTP/1.1" 500 - "-" "Mozilla/5.0 AppleWebKit/537.36 (KHTML, like Gecko; compatible; ClaudeBot/1.0; +claudebot@anthropic.com)"
216.73.216.75 - - [07/May/2026:17:50:05 +0000] "GET /views/F358423330668 HTTP/1.1" 500 - "-" "Mozilla/5.0 AppleWebKit/537.36 (KHTML, like Gecko; compatible; ClaudeBot/1.0; +claudebot@anthropic.com)"
216.73.216.75 - - [07/May/2026:17:50:10 +0000] "GET /views/F358128302629 HTTP/1.1" 500 - "-" "Mozilla/5.0 AppleWebKit/537.36 (KHTML, like Gecko; compatible; ClaudeBot/1.0; +claudebot@anthropic.com)"
216.73.216.75 - - [07/May/2026:17:50:15 +0000] "GET /views/F358311184922 HTTP/1.1" 500 - "-" "Mozilla/5.0 AppleWebKit/537.36 (KHTML, like Gecko; compatible; ClaudeBot/1.0; +claudebot@anthropic.com)"
216.73.216.75 - - [07/May/2026:17:50:20 +0000] "GET /views/F357812258507 HTTP/1.1" 500 - "-" "Mozilla/5.0 AppleWebKit/537.36 (KHTML, like Gecko; compatible; ClaudeBot/1.0; +claudebot@anthropic.com)"
216.73.216.75 - - [07/May/2026:17:50:25 +0000] "GET /views/F357826792389 HTTP/1.1" 500 - "-" "Mozilla/5.0 AppleWebKit/537.36 (KHTML, like Gecko; compatible; ClaudeBot/1.0; +claudebot@anthropic.com)"
216.73.216.75 - - [07/May/2026:17:50:30 +0000] "GET /views/F358063099222 HTTP/1.1" 500 - "-" "Mozilla/5.0 AppleWebKit/537.36 (KHTML, like Gecko; compatible; ClaudeBot/1.0; +claudebot@anthropic.com)"
216.73.216.75 - - [07/May/2026:17:50:35 +0000] "GET /views/F358364104383 HTTP/1.1" 500 - "-" "Mozilla/5.0 AppleWebKit/537.36 (KHTML, like Gecko; compatible; ClaudeBot/1.0; +claudebot@anthropic.com)"
216.73.216.75 - - [07/May/2026:17:50:40 +0000] "GET /views/F358461449576 HTTP/1.1" 500 - "-" "Mozilla/5.0 AppleWebKit/537.36 (KHTML, like Gecko; compatible; ClaudeBot/1.0; +claudebot@anthropic.com)"
216.73.216.75 - - [07/May/2026:17:50:45 +0000] "GET /views/F358311254873 HTTP/1.1" 500 - "-" "Mozilla/5.0 AppleWebKit/537.36 (KHTML, like Gecko; compatible; ClaudeBot/1.0; +claudebot@anthropic.com)"
216.73.216.75 - - [07/May/2026:17:50:50 +0000] "GET /views/F358013172052 HTTP/1.1" 500 - "-" "Mozilla/5.0 AppleWebKit/537.36 (KHTML, like Gecko; compatible; ClaudeBot/1.0; +claudebot@anthropic.com)"
216.73.216.75 - - [07/May/2026:17:50:55 +0000] "GET /views/F357815201132 HTTP/1.1" 500 - "-" "Mozilla/5.0 AppleWebKit/537.36 (KHTML, like Gecko; compatible; ClaudeBot/1.0; +claudebot@anthropic.com)"
216.73.216.75 - - [07/May/2026:17:51:00 +0000] "GET /views/F358355091317 HTTP/1.1" 500 - "-" "Mozilla/5.0 AppleWebKit/537.36 (KHTML, like Gecko; compatible; ClaudeBot/1.0; +claudebot@anthropic.com)"
216.73.216.75 - - [07/May/2026:17:51:05 +0000] "GET /views/F35801141379 HTTP/1.1" 500 - "-" "Mozilla/5.0 AppleWebKit/537.36 (KHTML, like Gecko; compatible; ClaudeBot/1.0; +claudebot@anthropic.com)"
216.73.216.75 - - [07/May/2026:17:51:10 +0000] "GET /views/F358461915622 HTTP/1.1" 500 - "-" "Mozilla/5.0 AppleWebKit/537.36 (KHTML, like Gecko; compatible; ClaudeBot/1.0; +claudebot@anthropic.com)"
216.73.216.75 - - [07/May/2026:17:51:15 +0000] "GET /views/F35824783793 HTTP/1.1" 500 - "-" "Mozilla/5.0 AppleWebKit/537.36 (KHTML, like Gecko; compatible; ClaudeBot/1.0; +claudebot@anthropic.com)"
216.73.216.75 - - [07/May/2026:17:51:20 +0000] "GET /views/F358376011738 HTTP/1.1" 500 - "-" "Mozilla/5.0 AppleWebKit/537.36 (KHTML, like Gecko; compatible; ClaudeBot/1.0; +claudebot@anthropic.com)"
216.73.216.75 - - [07/May/2026:17:51:25 +0000] "GET /views/F358231398958 HTTP/1.1" 500 - "-" "Mozilla/5.0 AppleWebKit/537.36 (KHTML, like Gecko; compatible; ClaudeBot/1.0; +claudebot@anthropic.com)"
216.73.216.75 - - [07/May/2026:17:51:30 +0000] "GET /views/F358128124420 HTTP/1.1" 500 - "-" "Mozilla/5.0 AppleWebKit/537.36 (KHTML, like Gecko; compatible; ClaudeBot/1.0; +claudebot@anthropic.com)"
216.73.216.75 - - [07/May/2026:17:51:35 +0000] "GET /views/F35842600242 HTTP/1.1" 500 - "-" "Mozilla/5.0 AppleWebKit/537.36 (KHTML, like Gecko; compatible; ClaudeBot/1.0; +claudebot@anthropic.com)"
216.73.216.75 - - [07/May/2026:17:51:40 +0000] "GET /views/F358260830138 HTTP/1.1" 500 - "-" "Mozilla/5.0 AppleWebKit/537.36 (KHTML, like Gecko; compatible; ClaudeBot/1.0; +claudebot@anthropic.com)"
103.215.75.70 - - [07/May/2026:17:51:44 +0000] "GET / HTTP/1.1" 500 - "-" "Mozilla/5.0 (Windows NT 10.0; Win64; x64) AppleWebKit/537.36 (KHTML, like Gecko) Chrome/124.0.0.0 Safari/537.36"
216.73.216.75 - - [07/May/2026:17:51:45 +0000] "GET /views/F358154660931 HTTP/1.1" 500 - "-" "Mozilla/5.0 AppleWebKit/537.36 (KHTML, like Gecko; compatible; ClaudeBot/1.0; +claudebot@anthropic.com)"
103.215.75.70 - - [07/May/2026:17:51:45 +0000] "POST / HTTP/1.1" 500 - "https://nipponia.fr" "Mozilla/5.0 (Windows NT 10.0; Win64; x64) AppleWebKit/537.36 (KHTML, like Gecko) Chrome/124.0.0.0 Safari/537.36"
103.215.75.70 - - [07/May/2026:17:51:46 +0000] "POST / HTTP/1.1" 500 - "https://nipponia.fr" "Mozilla/5.0 (Windows NT 10.0; Win64; x64) AppleWebKit/537.36 (KHTML, like Gecko) Chrome/124.0.0.0 Safari/537.36"
103.215.75.70 - - [07/May/2026:17:51:47 +0000] "POST / HTTP/1.1" 500 - "https://nipponia.fr" "Mozilla/5.0 (Windows NT 10.0; Win64; x64) AppleWebKit/537.36 (KHTML, like Gecko) Chrome/124.0.0.0 Safari/537.36"
103.215.75.70 - - [07/May/2026:17:51:48 +0000] "POST / HTTP/1.1" 500 - "https://nipponia.fr" "Mozilla/5.0 (Windows NT 10.0; Win64; x64) AppleWebKit/537.36 (KHTML, like Gecko) Chrome/124.0.0.0 Safari/537.36"
103.215.75.70 - - [07/May/2026:17:51:50 +0000] "POST / HTTP/1.1" 500 - "https://nipponia.fr" "Mozilla/5.0 (Windows NT 10.0; Win64; x64) AppleWebKit/537.36 (KHTML, like Gecko) Chrome/124.0.0.0 Safari/537.36"
216.73.216.75 - - [07/May/2026:17:51:50 +0000] "GET /views/F357951025771 HTTP/1.1" 500 - "-" "Mozilla/5.0 AppleWebKit/537.36 (KHTML, like Gecko; compatible; ClaudeBot/1.0; +claudebot@anthropic.com)"
103.215.75.70 - - [07/May/2026:17:51:50 +0000] "POST / HTTP/1.1" 500 - "https://nipponia.fr" "Mozilla/5.0 (Windows NT 10.0; Win64; x64) AppleWebKit/537.36 (KHTML, like Gecko) Chrome/124.0.0.0 Safari/537.36"
103.215.75.70 - - [07/May/2026:17:51:52 +0000] "POST / HTTP/1.1" 500 - "https://nipponia.fr" "Mozilla/5.0 (Windows NT 10.0; Win64; x64) AppleWebKit/537.36 (KHTML, like Gecko) Chrome/124.0.0.0 Safari/537.36"
103.215.75.70 - - [07/May/2026:17:51:53 +0000] "POST / HTTP/1.1" 500 - "https://nipponia.fr" "Mozilla/5.0 (Windows NT 10.0; Win64; x64) AppleWebKit/537.36 (KHTML, like Gecko) Chrome/124.0.0.0 Safari/537.36"
103.215.75.70 - - [07/May/2026:17:51:54 +0000] "POST / HTTP/1.1" 500 - "https://nipponia.fr" "Mozilla/5.0 (Windows NT 10.0; Win64; x64) AppleWebKit/537.36 (KHTML, like Gecko) Chrome/124.0.0.0 Safari/537.36"
103.215.75.70 - - [07/May/2026:17:51:55 +0000] "POST / HTTP/1.1" 500 - "https://nipponia.fr" "Mozilla/5.0 (Windows NT 10.0; Win64; x64) AppleWebKit/537.36 (KHTML, like Gecko) Chrome/124.0.0.0 Safari/537.36"
216.73.216.75 - - [07/May/2026:17:51:55 +0000] "GET /views/F358464543746 HTTP/1.1" 500 - "-" "Mozilla/5.0 AppleWebKit/537.36 (KHTML, like Gecko; compatible; ClaudeBot/1.0; +claudebot@anthropic.com)"
103.215.75.70 - - [07/May/2026:17:51:56 +0000] "POST / HTTP/1.1" 500 - "https://nipponia.fr" "Mozilla/5.0 (Windows NT 10.0; Win64; x64) AppleWebKit/537.36 (KHTML, like Gecko) Chrome/124.0.0.0 Safari/537.36"
103.215.75.70 - - [07/May/2026:17:51:57 +0000] "POST / HTTP/1.1" 500 - "https://nipponia.fr" "Mozilla/5.0 (Windows NT 10.0; Win64; x64) AppleWebKit/537.36 (KHTML, like Gecko) Chrome/124.0.0.0 Safari/537.36"
103.215.75.70 - - [07/May/2026:17:51:58 +0000] "POST / HTTP/1.1" 500 - "https://nipponia.fr" "Mozilla/5.0 (Windows NT 10.0; Win64; x64) AppleWebKit/537.36 (KHTML, like Gecko) Chrome/124.0.0.0 Safari/537.36"
103.215.75.70 - - [07/May/2026:17:51:59 +0000] "POST / HTTP/1.1" 500 - "https://nipponia.fr" "Mozilla/5.0 (Windows NT 10.0; Win64; x64) AppleWebKit/537.36 (KHTML, like Gecko) Chrome/124.0.0.0 Safari/537.36"
216.73.216.75 - - [07/May/2026:17:52:00 +0000] "GET /views/F358075002544 HTTP/1.1" 500 - "-" "Mozilla/5.0 AppleWebKit/537.36 (KHTML, like Gecko; compatible; ClaudeBot/1.0; +claudebot@anthropic.com)"
103.215.75.70 - - [07/May/2026:17:52:00 +0000] "POST / HTTP/1.1" 500 - "https://nipponia.fr" "Mozilla/5.0 (Windows NT 10.0; Win64; x64) AppleWebKit/537.36 (KHTML, like Gecko) Chrome/124.0.0.0 Safari/537.36"
103.215.75.70 - - [07/May/2026:17:52:01 +0000] "POST / HTTP/1.1" 500 - "https://nipponia.fr" "Mozilla/5.0 (Windows NT 10.0; Win64; x64) AppleWebKit/537.36 (KHTML, like Gecko) Chrome/124.0.0.0 Safari/537.36"
103.215.75.70 - - [07/May/2026:17:52:02 +0000] "GET /login HTTP/1.1" 500 - "-" "Mozilla/5.0 (iPhone; CPU iPhone OS 17_4_1 like Mac OS X) AppleWebKit/605.1.15 (KHTML, like Gecko) Version/17.4.1 Mobile/15E148 Safari/604.1"
103.215.75.70 - - [07/May/2026:17:52:03 +0000] "POST /login HTTP/1.1" 500 - "https://nipponia.fr/login" "Mozilla/5.0 (iPhone; CPU iPhone OS 17_4_1 like Mac OS X) AppleWebKit/605.1.15 (KHTML, like Gecko) Version/17.4.1 Mobile/15E148 Safari/604.1"
216.73.216.75 - - [07/May/2026:17:52:04 +0000] "GET /views/F357832827608 HTTP/1.1" 500 - "-" "Mozilla/5.0 AppleWebKit/537.36 (KHTML, like Gecko; compatible; ClaudeBot/1.0; +claudebot@anthropic.com)"
103.215.75.70 - - [07/May/2026:17:52:04 +0000] "POST /login HTTP/1.1" 500 - "https://nipponia.fr/login" "Mozilla/5.0 (iPhone; CPU iPhone OS 17_4_1 like Mac OS X) AppleWebKit/605.1.15 (KHTML, like Gecko) Version/17.4.1 Mobile/15E148 Safari/604.1"
103.215.75.70 - - [07/May/2026:17:52:05 +0000] "POST /login HTTP/1.1" 500 - "https://nipponia.fr/login" "Mozilla/5.0 (iPhone; CPU iPhone OS 17_4_1 like Mac OS X) AppleWebKit/605.1.15 (KHTML, like Gecko) Version/17.4.1 Mobile/15E148 Safari/604.1"
103.215.75.70 - - [07/May/2026:17:52:06 +0000] "POST /login HTTP/1.1" 500 - "https://nipponia.fr/login" "Mozilla/5.0 (iPhone; CPU iPhone OS 17_4_1 like Mac OS X) AppleWebKit/605.1.15 (KHTML, like Gecko) Version/17.4.1 Mobile/15E148 Safari/604.1"
103.215.75.70 - - [07/May/2026:17:52:07 +0000] "GET /signin HTTP/1.1" 500 - "-" "Mozilla/5.0 (iPhone; CPU iPhone OS 17_4_1 like Mac OS X) AppleWebKit/605.1.15 (KHTML, like Gecko) Version/17.4.1 Mobile/15E148 Safari/604.1"
103.215.75.70 - - [07/May/2026:17:52:08 +0000] "POST /signin HTTP/1.1" 500 - "https://nipponia.fr/signin" "Mozilla/5.0 (iPhone; CPU iPhone OS 17_4_1 like Mac OS X) AppleWebKit/605.1.15 (KHTML, like Gecko) Version/17.4.1 Mobile/15E148 Safari/604.1"
216.73.216.75 - - [07/May/2026:17:52:09 +0000] "GET /views/F358051314115 HTTP/1.1" 500 - "-" "Mozilla/5.0 AppleWebKit/537.36 (KHTML, like Gecko; compatible; ClaudeBot/1.0; +claudebot@anthropic.com)"
103.215.75.70 - - [07/May/2026:17:52:09 +0000] "POST /signin HTTP/1.1" 500 - "https://nipponia.fr/signin" "Mozilla/5.0 (iPhone; CPU iPhone OS 17_4_1 like Mac OS X) AppleWebKit/605.1.15 (KHTML, like Gecko) Version/17.4.1 Mobile/15E148 Safari/604.1"
103.215.75.70 - - [07/May/2026:17:52:10 +0000] "POST /signin HTTP/1.1" 500 - "https://nipponia.fr/signin" "Mozilla/5.0 (iPhone; CPU iPhone OS 17_4_1 like Mac OS X) AppleWebKit/605.1.15 (KHTML, like Gecko) Version/17.4.1 Mobile/15E148 Safari/604.1"
103.215.75.70 - - [07/May/2026:17:52:11 +0000] "POST /signin HTTP/1.1" 500 - "https://nipponia.fr/signin" "Mozilla/5.0 (iPhone; CPU iPhone OS 17_4_1 like Mac OS X) AppleWebKit/605.1.15 (KHTML, like Gecko) Version/17.4.1 Mobile/15E148 Safari/604.1"
103.215.75.70 - - [07/May/2026:17:52:12 +0000] "GET /signup HTTP/1.1" 500 - "-" "Mozilla/5.0 (iPhone; CPU iPhone OS 17_4_1 like Mac OS X) AppleWebKit/605.1.15 (KHTML, like Gecko) Version/17.4.1 Mobile/15E148 Safari/604.1"
103.215.75.70 - - [07/May/2026:17:52:13 +0000] "POST /signup HTTP/1.1" 500 - "https://nipponia.fr/signup" "Mozilla/5.0 (iPhone; CPU iPhone OS 17_4_1 like Mac OS X) AppleWebKit/605.1.15 (KHTML, like Gecko) Version/17.4.1 Mobile/15E148 Safari/604.1"
216.73.216.75 - - [07/May/2026:17:52:14 +0000] "GET /views/F358051211610 HTTP/1.1" 500 - "-" "Mozilla/5.0 AppleWebKit/537.36 (KHTML, like Gecko; compatible; ClaudeBot/1.0; +claudebot@anthropic.com)"
103.215.75.70 - - [07/May/2026:17:52:14 +0000] "POST /signup HTTP/1.1" 500 - "https://nipponia.fr/signup" "Mozilla/5.0 (iPhone; CPU iPhone OS 17_4_1 like Mac OS X) AppleWebKit/605.1.15 (KHTML, like Gecko) Version/17.4.1 Mobile/15E148 Safari/604.1"
103.215.75.70 - - [07/May/2026:17:52:15 +0000] "POST /signup HTTP/1.1" 500 - "https://nipponia.fr/signup" "Mozilla/5.0 (iPhone; CPU iPhone OS 17_4_1 like Mac OS X) AppleWebKit/605.1.15 (KHTML, like Gecko) Version/17.4.1 Mobile/15E148 Safari/604.1"
103.215.75.70 - - [07/May/2026:17:52:16 +0000] "POST /signup HTTP/1.1" 500 - "https://nipponia.fr/signup" "Mozilla/5.0 (iPhone; CPU iPhone OS 17_4_1 like Mac OS X) AppleWebKit/605.1.15 (KHTML, like Gecko) Version/17.4.1 Mobile/15E148 Safari/604.1"
103.215.75.70 - - [07/May/2026:17:52:17 +0000] "GET /register HTTP/1.1" 500 - "-" "Mozilla/5.0 (iPhone; CPU iPhone OS 17_4_1 like Mac OS X) AppleWebKit/605.1.15 (KHTML, like Gecko) Version/17.4.1 Mobile/15E148 Safari/604.1"
103.215.75.70 - - [07/May/2026:17:52:18 +0000] "POST /register HTTP/1.1" 500 - "https://nipponia.fr/register" "Mozilla/5.0 (iPhone; CPU iPhone OS 17_4_1 like Mac OS X) AppleWebKit/605.1.15 (KHTML, like Gecko) Version/17.4.1 Mobile/15E148 Safari/604.1"
216.73.216.75 - - [07/May/2026:17:52:19 +0000] "GET /views/F358449650687 HTTP/1.1" 500 - "-" "Mozilla/5.0 AppleWebKit/537.36 (KHTML, like Gecko; compatible; ClaudeBot/1.0; +claudebot@anthropic.com)"
103.215.75.70 - - [07/May/2026:17:52:19 +0000] "POST /register HTTP/1.1" 500 - "https://nipponia.fr/register" "Mozilla/5.0 (iPhone; CPU iPhone OS 17_4_1 like Mac OS X) AppleWebKit/605.1.15 (KHTML, like Gecko) Version/17.4.1 Mobile/15E148 Safari/604.1"
103.215.75.70 - - [07/May/2026:17:52:20 +0000] "POST /register HTTP/1.1" 500 - "https://nipponia.fr/register" "Mozilla/5.0 (iPhone; CPU iPhone OS 17_4_1 like Mac OS X) AppleWebKit/605.1.15 (KHTML, like Gecko) Version/17.4.1 Mobile/15E148 Safari/604.1"
103.215.75.70 - - [07/May/2026:17:52:21 +0000] "POST /register HTTP/1.1" 500 - "https://nipponia.fr/register" "Mozilla/5.0 (iPhone; CPU iPhone OS 17_4_1 like Mac OS X) AppleWebKit/605.1.15 (KHTML, like Gecko) Version/17.4.1 Mobile/15E148 Safari/604.1"
103.215.75.70 - - [07/May/2026:17:52:22 +0000] "GET /contact HTTP/1.1" 500 - "-" "Mozilla/5.0 (iPhone; CPU iPhone OS 17_4_1 like Mac OS X) AppleWebKit/605.1.15 (KHTML, like Gecko) Version/17.4.1 Mobile/15E148 Safari/604.1"
103.215.75.70 - - [07/May/2026:17:52:23 +0000] "POST /contact HTTP/1.1" 500 - "https://nipponia.fr/contact" "Mozilla/5.0 (iPhone; CPU iPhone OS 17_4_1 like Mac OS X) AppleWebKit/605.1.15 (KHTML, like Gecko) Version/17.4.1 Mobile/15E148 Safari/604.1"
216.73.216.75 - - [07/May/2026:17:52:24 +0000] "GET /views/F358054547471 HTTP/1.1" 500 - "-" "Mozilla/5.0 AppleWebKit/537.36 (KHTML, like Gecko; compatible; ClaudeBot/1.0; +claudebot@anthropic.com)"
103.215.75.70 - - [07/May/2026:17:52:24 +0000] "POST /contact HTTP/1.1" 500 - "https://nipponia.fr/contact" "Mozilla/5.0 (iPhone; CPU iPhone OS 17_4_1 like Mac OS X) AppleWebKit/605.1.15 (KHTML, like Gecko) Version/17.4.1 Mobile/15E148 Safari/604.1"
103.215.75.70 - - [07/May/2026:17:52:25 +0000] "POST /contact HTTP/1.1" 500 - "https://nipponia.fr/contact" "Mozilla/5.0 (iPhone; CPU iPhone OS 17_4_1 like Mac OS X) AppleWebKit/605.1.15 (KHTML, like Gecko) Version/17.4.1 Mobile/15E148 Safari/604.1"
103.215.75.70 - - [07/May/2026:17:52:26 +0000] "POST /contact HTTP/1.1" 500 - "https://nipponia.fr/contact" "Mozilla/5.0 (iPhone; CPU iPhone OS 17_4_1 like Mac OS X) AppleWebKit/605.1.15 (KHTML, like Gecko) Version/17.4.1 Mobile/15E148 Safari/604.1"
103.215.75.70 - - [07/May/2026:17:52:27 +0000] "GET /subscribe HTTP/1.1" 500 - "-" "Mozilla/5.0 (iPhone; CPU iPhone OS 17_4_1 like Mac OS X) AppleWebKit/605.1.15 (KHTML, like Gecko) Version/17.4.1 Mobile/15E148 Safari/604.1"
103.215.75.70 - - [07/May/2026:17:52:28 +0000] "POST /subscribe HTTP/1.1" 500 - "https://nipponia.fr/subscribe" "Mozilla/5.0 (iPhone; CPU iPhone OS 17_4_1 like Mac OS X) AppleWebKit/605.1.15 (KHTML, like Gecko) Version/17.4.1 Mobile/15E148 Safari/604.1"
103.215.75.70 - - [07/May/2026:17:52:28 +0000] "POST /subscribe HTTP/1.1" 500 - "https://nipponia.fr/subscribe" "Mozilla/5.0 (iPhone; CPU iPhone OS 17_4_1 like Mac OS X) AppleWebKit/605.1.15 (KHTML, like Gecko) Version/17.4.1 Mobile/15E148 Safari/604.1"
216.73.216.75 - - [07/May/2026:17:52:29 +0000] "GET /views/F357826678080 HTTP/1.1" 500 - "-" "Mozilla/5.0 AppleWebKit/537.36 (KHTML, like Gecko; compatible; ClaudeBot/1.0; +claudebot@anthropic.com)"
103.215.75.70 - - [07/May/2026:17:52:29 +0000] "POST /subscribe HTTP/1.1" 500 - "https://nipponia.fr/subscribe" "Mozilla/5.0 (iPhone; CPU iPhone OS 17_4_1 like Mac OS X) AppleWebKit/605.1.15 (KHTML, like Gecko) Version/17.4.1 Mobile/15E148 Safari/604.1"
103.215.75.70 - - [07/May/2026:17:52:30 +0000] "POST /subscribe HTTP/1.1" 500 - "https://nipponia.fr/subscribe" "Mozilla/5.0 (iPhone; CPU iPhone OS 17_4_1 like Mac OS X) AppleWebKit/605.1.15 (KHTML, like Gecko) Version/17.4.1 Mobile/15E148 Safari/604.1"
103.215.75.70 - - [07/May/2026:17:52:31 +0000] "GET /newsletter HTTP/1.1" 500 - "-" "Mozilla/5.0 (iPhone; CPU iPhone OS 17_4_1 like Mac OS X) AppleWebKit/605.1.15 (KHTML, like Gecko) Version/17.4.1 Mobile/15E148 Safari/604.1"
103.215.75.70 - - [07/May/2026:17:52:32 +0000] "POST /newsletter HTTP/1.1" 500 - "https://nipponia.fr/newsletter" "Mozilla/5.0 (iPhone; CPU iPhone OS 17_4_1 like Mac OS X) AppleWebKit/605.1.15 (KHTML, like Gecko) Version/17.4.1 Mobile/15E148 Safari/604.1"
103.215.75.70 - - [07/May/2026:17:52:33 +0000] "POST /newsletter HTTP/1.1" 500 - "https://nipponia.fr/newsletter" "Mozilla/5.0 (iPhone; CPU iPhone OS 17_4_1 like Mac OS X) AppleWebKit/605.1.15 (KHTML, like Gecko) Version/17.4.1 Mobile/15E148 Safari/604.1"
103.215.75.70 - - [07/May/2026:17:52:34 +0000] "POST /newsletter HTTP/1.1" 500 - "https://nipponia.fr/newsletter" "Mozilla/5.0 (iPhone; CPU iPhone OS 17_4_1 like Mac OS X) AppleWebKit/605.1.15 (KHTML, like Gecko) Version/17.4.1 Mobile/15E148 Safari/604.1"
216.73.216.75 - - [07/May/2026:17:52:34 +0000] "GET /views/F357826716273 HTTP/1.1" 500 - "-" "Mozilla/5.0 AppleWebKit/537.36 (KHTML, like Gecko; compatible; ClaudeBot/1.0; +claudebot@anthropic.com)"
103.215.75.70 - - [07/May/2026:17:52:35 +0000] "POST /newsletter HTTP/1.1" 500 - "https://nipponia.fr/newsletter" "Mozilla/5.0 (iPhone; CPU iPhone OS 17_4_1 like Mac OS X) AppleWebKit/605.1.15 (KHTML, like Gecko) Version/17.4.1 Mobile/15E148 Safari/604.1"
103.215.75.70 - - [07/May/2026:17:52:36 +0000] "GET /checkout HTTP/1.1" 500 - "-" "Mozilla/5.0 (iPhone; CPU iPhone OS 17_4_1 like Mac OS X) AppleWebKit/605.1.15 (KHTML, like Gecko) Version/17.4.1 Mobile/15E148 Safari/604.1"
103.215.75.70 - - [07/May/2026:17:52:37 +0000] "POST /checkout HTTP/1.1" 500 - "https://nipponia.fr/checkout" "Mozilla/5.0 (iPhone; CPU iPhone OS 17_4_1 like Mac OS X) AppleWebKit/605.1.15 (KHTML, like Gecko) Version/17.4.1 Mobile/15E148 Safari/604.1"
103.215.75.70 - - [07/May/2026:17:52:38 +0000] "POST /checkout HTTP/1.1" 500 - "https://nipponia.fr/checkout" "Mozilla/5.0 (iPhone; CPU iPhone OS 17_4_1 like Mac OS X) AppleWebKit/605.1.15 (KHTML, like Gecko) Version/17.4.1 Mobile/15E148 Safari/604.1"
103.215.75.70 - - [07/May/2026:17:52:39 +0000] "POST /checkout HTTP/1.1" 500 - "https://nipponia.fr/checkout" "Mozilla/5.0 (iPhone; CPU iPhone OS 17_4_1 like Mac OS X) AppleWebKit/605.1.15 (KHTML, like Gecko) Version/17.4.1 Mobile/15E148 Safari/604.1"
216.73.216.75 - - [07/May/2026:17:52:39 +0000] "GET /views/F35814622443 HTTP/1.1" 500 - "-" "Mozilla/5.0 AppleWebKit/537.36 (KHTML, like Gecko; compatible; ClaudeBot/1.0; +claudebot@anthropic.com)"
103.215.75.70 - - [07/May/2026:17:52:40 +0000] "POST /checkout HTTP/1.1" 500 - "https://nipponia.fr/checkout" "Mozilla/5.0 (iPhone; CPU iPhone OS 17_4_1 like Mac OS X) AppleWebKit/605.1.15 (KHTML, like Gecko) Version/17.4.1 Mobile/15E148 Safari/604.1"
103.215.75.70 - - [07/May/2026:17:52:41 +0000] "GET /cart HTTP/1.1" 500 - "-" "Mozilla/5.0 (iPhone; CPU iPhone OS 17_4_1 like Mac OS X) AppleWebKit/605.1.15 (KHTML, like Gecko) Version/17.4.1 Mobile/15E148 Safari/604.1"
103.215.75.70 - - [07/May/2026:17:52:42 +0000] "POST /cart HTTP/1.1" 500 - "https://nipponia.fr/cart" "Mozilla/5.0 (iPhone; CPU iPhone OS 17_4_1 like Mac OS X) AppleWebKit/605.1.15 (KHTML, like Gecko) Version/17.4.1 Mobile/15E148 Safari/604.1"
103.215.75.70 - - [07/May/2026:17:52:43 +0000] "POST /cart HTTP/1.1" 500 - "https://nipponia.fr/cart" "Mozilla/5.0 (iPhone; CPU iPhone OS 17_4_1 like Mac OS X) AppleWebKit/605.1.15 (KHTML, like Gecko) Version/17.4.1 Mobile/15E148 Safari/604.1"
103.215.75.70 - - [07/May/2026:17:52:44 +0000] "POST /cart HTTP/1.1" 500 - "https://nipponia.fr/cart" "Mozilla/5.0 (iPhone; CPU iPhone OS 17_4_1 like Mac OS X) AppleWebKit/605.1.15 (KHTML, like Gecko) Version/17.4.1 Mobile/15E148 Safari/604.1"
216.73.216.75 - - [07/May/2026:17:52:44 +0000] "GET /views/F35842577175 HTTP/1.1" 500 - "-" "Mozilla/5.0 AppleWebKit/537.36 (KHTML, like Gecko; compatible; ClaudeBot/1.0; +claudebot@anthropic.com)"
103.215.75.70 - - [07/May/2026:17:52:45 +0000] "POST /cart HTTP/1.1" 500 - "https://nipponia.fr/cart" "Mozilla/5.0 (iPhone; CPU iPhone OS 17_4_1 like Mac OS X) AppleWebKit/605.1.15 (KHTML, like Gecko) Version/17.4.1 Mobile/15E148 Safari/604.1"
103.215.75.70 - - [07/May/2026:17:52:46 +0000] "GET /search HTTP/1.1" 500 - "-" "Mozilla/5.0 (iPhone; CPU iPhone OS 17_4_1 like Mac OS X) AppleWebKit/605.1.15 (KHTML, like Gecko) Version/17.4.1 Mobile/15E148 Safari/604.1"
103.215.75.70 - - [07/May/2026:17:52:47 +0000] "POST /search HTTP/1.1" 500 - "https://nipponia.fr/search" "Mozilla/5.0 (iPhone; CPU iPhone OS 17_4_1 like Mac OS X) AppleWebKit/605.1.15 (KHTML, like Gecko) Version/17.4.1 Mobile/15E148 Safari/604.1"
103.215.75.70 - - [07/May/2026:17:52:47 +0000] "GET /?url=http://169.254.169.254/latest/meta-data/iam/security-credentials/ HTTP/1.1" 500 - "-" "Mozilla/5.0 (Macintosh; Intel Mac OS X 10_15_7) AppleWebKit/537.36 (KHTML, like Gecko) Chrome/123.0.0.0 Safari/537.36"
103.215.75.70 - - [07/May/2026:17:52:48 +0000] "GET /?redirect=http://169.254.169.254/latest/meta-data/iam/security-credentials/ HTTP/1.1" 500 - "-" "Mozilla/5.0 (Macintosh; Intel Mac OS X 10_15_7) AppleWebKit/537.36 (KHTML, like Gecko) Chrome/123.0.0.0 Safari/537.36"
216.73.216.75 - - [07/May/2026:17:52:49 +0000] "GET /views/F358213651480 HTTP/1.1" 500 - "-" "Mozilla/5.0 AppleWebKit/537.36 (KHTML, like Gecko; compatible; ClaudeBot/1.0; +claudebot@anthropic.com)"
103.215.75.70 - - [07/May/2026:17:52:49 +0000] "GET /?path=http://169.254.169.254/latest/meta-data/iam/security-credentials/ HTTP/1.1" 500 - "-" "Mozilla/5.0 (Macintosh; Intel Mac OS X 10_15_7) AppleWebKit/537.36 (KHTML, like Gecko) Chrome/123.0.0.0 Safari/537.36"
103.215.75.70 - - [07/May/2026:17:52:50 +0000] "GET /?webhook=http://169.254.169.254/latest/meta-data/iam/security-credentials/ HTTP/1.1" 500 - "-" "Mozilla/5.0 (Macintosh; Intel Mac OS X 10_15_7) AppleWebKit/537.36 (KHTML, like Gecko) Chrome/123.0.0.0 Safari/537.36"
103.215.75.70 - - [07/May/2026:17:52:51 +0000] "GET /?api=http://169.254.169.254/latest/meta-data/iam/security-credentials/ HTTP/1.1" 500 - "-" "Mozilla/5.0 (Macintosh; Intel Mac OS X 10_15_7) AppleWebKit/537.36 (KHTML, like Gecko) Chrome/123.0.0.0 Safari/537.36"
103.215.75.70 - - [07/May/2026:17:52:52 +0000] "GET /?fetch=http://169.254.169.254/latest/meta-data/iam/security-credentials/ HTTP/1.1" 500 - "-" "Mozilla/5.0 (Macintosh; Intel Mac OS X 10_15_7) AppleWebKit/537.36 (KHTML, like Gecko) Chrome/123.0.0.0 Safari/537.36"
103.215.75.70 - - [07/May/2026:17:52:53 +0000] "GET /?load=http://169.254.169.254/latest/meta-data/iam/security-credentials/ HTTP/1.1" 500 - "-" "Mozilla/5.0 (Macintosh; Intel Mac OS X 10_15_7) AppleWebKit/537.36 (KHTML, like Gecko) Chrome/123.0.0.0 Safari/537.36"
103.215.75.70 - - [07/May/2026:17:52:54 +0000] "GET /?dest=http://169.254.169.254/latest/meta-data/iam/security-credentials/ HTTP/1.1" 500 - "-" "Mozilla/5.0 (Macintosh; Intel Mac OS X 10_15_7) AppleWebKit/537.36 (KHTML, like Gecko) Chrome/123.0.0.0 Safari/537.36"
216.73.216.75 - - [07/May/2026:17:52:54 +0000] "GET /views/F357812099346 HTTP/1.1" 500 - "-" "Mozilla/5.0 AppleWebKit/537.36 (KHTML, like Gecko; compatible; ClaudeBot/1.0; +claudebot@anthropic.com)"
