20.123.172.228 - - [06/May/2026:19:09:27 +0000] "POST /wp-cron.php?doing_wp_cron=1778094567.3001389503479003906250 HTTP/1.1" 200 - "-" "WordPress/6.9.4; http://nipponia.com"
110.249.201.18 - - [06/May/2026:19:09:29 +0000] "GET /wp-includes/js/jquery/jquery.min.js?ver=3.7.1 HTTP/1.1" 200 30368 "http://nipponia.com/" "Mozilla/5.0 (Linux; Android 5.0) AppleWebKit/537.36 (KHTML, like Gecko) Mobile Safari/537.36 (compatible; Bytespider; https://zhanzhang.toutiao.com/)"
110.249.201.118 - - [06/May/2026:19:09:29 +0000] "GET /wp-includes/js/jquery/jquery-migrate.min.js?ver=3.4.1 HTTP/1.1" 200 4872 "http://nipponia.com/" "Mozilla/5.0 (Linux; Android 5.0) AppleWebKit/537.36 (KHTML, like Gecko) Mobile Safari/537.36 (compatible; Bytespider; https://zhanzhang.toutiao.com/)"
110.249.201.225 - - [06/May/2026:19:09:29 +0000] "GET /wp-content/plugins/elementor/assets/lib/waypoints/waypoints.min.js?ver=4.0.2 HTTP/1.1" 200 2993 "http://nipponia.com/" "Mozilla/5.0 (Linux; Android 5.0) AppleWebKit/537.36 (KHTML, like Gecko) Mobile Safari/537.36 (compatible; Bytespider; https://zhanzhang.toutiao.com/)"
52.167.144.136 - - [06/May/2026:19:23:29 +0000] "GET /sitemaps.xml HTTP/1.1" 404 10162 "-" "Mozilla/5.0 AppleWebKit/537.36 (KHTML, like Gecko; compatible; bingbot/2.0; +http://www.bing.com/bingbot.htm) Chrome/116.0.1938.76 Safari/537.36"
20.123.172.228 - - [06/May/2026:19:23:45 +0000] "POST /wp-cron.php?doing_wp_cron=1778095425.6712620258331298828125 HTTP/1.1" 200 - "-" "WordPress/6.9.4; http://nipponia.com"
20.123.172.228 - - [06/May/2026:19:23:36 +0000] "POST /?wordfence_syncAttackData=1778095416.9127 HTTP/1.1" 200 - "-" "WordPress/6.9.4; http://nipponia.com"
178.20.44.140 - - [06/May/2026:19:23:43 +0000] "GET / HTTP/1.0" 200 76495 "http://nipponia.com/" "Mozilla/5.0 (Windows NT 10.0; Win64; x64) AppleWebKit/537.36 (KHTML, like Gecko) Chrome/130.0.0.0 Safari/537.36 CCleaner/130.0.0.0"
178.20.44.140 - - [06/May/2026:19:24:01 +0000] "POST /wp-admin/admin-ajax.php HTTP/1.0" 200 111 "http://nipponia.com/" "Mozilla/5.0 (Windows NT 10.0; Win64; x64) AppleWebKit/537.36 (KHTML, like Gecko) Chrome/130.0.0.0 Safari/537.36 CCleaner/130.0.0.0"
20.123.172.228 - - [06/May/2026:19:24:21 +0000] "POST /wp-cron.php?doing_wp_cron=1778095461.0041201114654541015625 HTTP/1.1" 200 - "-" "WordPress/6.9.4; http://nipponia.com"
20.123.172.228 - - [06/May/2026:19:32:19 +0000] "POST /wp-cron.php?doing_wp_cron=1778095939.2571840286254882812500 HTTP/1.1" 200 - "-" "WordPress/6.9.4; http://nipponia.com"
192.175.111.248 - - [06/May/2026:19:32:50 +0000] "GET / HTTP/1.1" 200 76495 "-" "Mozilla/5.0 (Windows NT 10.0; Win64; x64) AppleWebKit/537.36 (KHTML, like Gecko) Chrome/147.0.0.0 Safari/537.36"
20.123.172.228 - - [06/May/2026:19:33:07 +0000] "POST /wp-cron.php?doing_wp_cron=1778095987.4592950344085693359375 HTTP/1.1" 200 - "-" "WordPress/6.9.4; http://nipponia.com"
192.175.111.252 - - [06/May/2026:19:33:00 +0000] "GET / HTTP/1.1" 200 76495 "-" "Mozilla/5.0 (Windows NT 10.0; Win64; x64) AppleWebKit/537.36 (KHTML, like Gecko) Chrome/147.0.0.0 Safari/537.36"
192.175.111.231 - - [06/May/2026:19:33:20 +0000] "GET / HTTP/1.1" 200 76495 "-" "Mozilla/5.0 (Windows NT 10.0; Win64; x64) AppleWebKit/537.36 (KHTML, like Gecko) Chrome/147.0.0.0 Safari/537.36"
89.124.117.79 - - [06/May/2026:19:32:01 +0000] "GET / HTTP/1.0" 200 76495 "http://nipponia.com/" "Mozilla/5.0 (Windows NT 10.0; Win64; x64) AppleWebKit/537.36 (KHTML, like Gecko) Chrome/130.0.0.0 Safari/537.36"
50.116.7.135 - - [06/May/2026:20:04:42 +0000] "GET / HTTP/1.1" 200 76495 "-" "Mozilla/4.0 (Compatible; MSIE 8.0; Windows NT 5.2; Trident/6.0)"
10.0.0.4 - - [06/May/2026:20:09:17 +0000] "GET /.well-known/acme-challenge/ZQSNQZIKNDFC_FSRV3W2ZTHBHXBY55B- HTTP/1.1" 200 64 "-" "Cpanel-HTTP-Client/1.0"
77.75.76.168 - - [06/May/2026:20:27:12 +0000] "GET /robots.txt HTTP/1.1" 200 122 "-" "Mozilla/5.0 (compatible; SeznamBot/4.0; +https://o-seznam.cz/napoveda/vyhledavani/en/seznambot-crawler/)"
20.123.172.228 - - [06/May/2026:20:27:23 +0000] "POST /wp-cron.php?doing_wp_cron=1778099243.6360011100769042968750 HTTP/1.1" 200 - "-" "WordPress/6.9.4; http://nipponia.com"
216.73.216.49 - - [06/May/2026:20:29:17 +0000] "GET /robots.txt HTTP/1.1" 200 122 "-" "Mozilla/5.0 AppleWebKit/537.36 (KHTML, like Gecko; compatible; ClaudeBot/1.0; +claudebot@anthropic.com)"
216.73.216.49 - - [06/May/2026:20:29:29 +0000] "GET /sitemap_index.xml HTTP/1.1" 200 336 "-" "Mozilla/5.0 AppleWebKit/537.36 (KHTML, like Gecko; compatible; ClaudeBot/1.0; +claudebot@anthropic.com)"
40.77.167.184 - - [06/May/2026:20:34:55 +0000] "GET /robots.txt HTTP/1.1" 200 122 "-" "Mozilla/5.0 AppleWebKit/537.36 (KHTML, like Gecko; compatible; bingbot/2.0; +http://www.bing.com/bingbot.htm) Chrome/116.0.1938.76 Safari/537.36"
20.123.172.228 - - [06/May/2026:20:35:06 +0000] "POST /wp-cron.php?doing_wp_cron=1778099706.7724800109863281250000 HTTP/1.1" 200 - "-" "WordPress/6.9.4; http://nipponia.com"
34.126.163.15 - - [06/May/2026:21:02:59 +0000] "GET /wp-login.php HTTP/1.1" 200 1961 "" "Mozilla/5.0 (Windows NT 10.0; Win64; x64; rv:149.0) Gecko/20100101 Firefox/149.0"
34.126.163.15 - - [06/May/2026:21:02:59 +0000] "GET /wp-login.php HTTP/1.1" 200 1961 "" "Mozilla/5.0 (Windows NT 10.0; Win64; x64; rv:149.0) Gecko/20100101 Firefox/149.0"
34.126.163.15 - - [06/May/2026:21:03:00 +0000] "GET /wp-login.php HTTP/1.1" 200 1961 "" "Mozilla/5.0 (Windows NT 10.0; Win64; x64; rv:149.0) Gecko/20100101 Firefox/149.0"
34.126.163.15 - - [06/May/2026:21:03:00 +0000] "GET /wp-login.php HTTP/1.1" 200 1961 "" "Mozilla/5.0 (Windows NT 10.0; Win64; x64; rv:149.0) Gecko/20100101 Firefox/149.0"
34.126.163.15 - - [06/May/2026:21:03:01 +0000] "GET /wp-login.php HTTP/1.1" 200 1961 "" "Mozilla/5.0 (Windows NT 10.0; Win64; x64; rv:149.0) Gecko/20100101 Firefox/149.0"
34.126.163.15 - - [06/May/2026:21:03:02 +0000] "GET /wp-login.php HTTP/1.1" 200 1961 "" "Mozilla/5.0 (Windows NT 10.0; Win64; x64; rv:149.0) Gecko/20100101 Firefox/149.0"
43.131.36.84 - - [06/May/2026:21:04:11 +0000] "GET / HTTP/1.1" 200 15366 "-" "Mozilla/5.0 (iPhone; CPU iPhone OS 13_2_3 like Mac OS X) AppleWebKit/605.1.15 (KHTML, like Gecko) Version/13.0.3 Mobile/15E148 Safari/604.1"
40.77.167.184 - - [06/May/2026:21:04:55 +0000] "GET /robots.txt HTTP/1.1" 200 122 "-" "Mozilla/5.0 AppleWebKit/537.36 (KHTML, like Gecko; compatible; bingbot/2.0; +http://www.bing.com/bingbot.htm) Chrome/116.0.1938.76 Safari/537.36"
185.2.4.12 - - [06/May/2026:21:14:07 +0000] "GET /wp-login.php HTTP/1.1" 200 1961 "" "Mozilla/5.0 (Windows NT 10.0; Win64; x64; rv:149.0) Gecko/20100101 Firefox/149.0"
185.2.4.12 - - [06/May/2026:21:14:07 +0000] "GET /wp-login.php HTTP/1.1" 200 1961 "" "Mozilla/5.0 (Windows NT 10.0; Win64; x64; rv:149.0) Gecko/20100101 Firefox/149.0"
185.2.4.12 - - [06/May/2026:21:14:07 +0000] "GET /wp-login.php HTTP/1.1" 200 1961 "" "Mozilla/5.0 (Windows NT 10.0; Win64; x64; rv:149.0) Gecko/20100101 Firefox/149.0"
20.123.172.228 - - [06/May/2026:21:14:19 +0000] "POST /wp-cron.php?doing_wp_cron=1778102059.6732449531555175781250 HTTP/1.1" 200 - "-" "WordPress/6.9.4; http://nipponia.com"
93.183.91.58 - - [06/May/2026:21:48:33 +0000] "GET / HTTP/1.0" 200 76495 "http://nipponia.com/" "Mozilla/5.0 (Windows NT 10.0; Win64; x64) AppleWebKit/537.36 (KHTML, like Gecko) Chrome/130.0.0.0 Safari/537.36"
20.123.172.228 - - [06/May/2026:21:48:50 +0000] "POST /wp-cron.php?doing_wp_cron=1778104130.6232059001922607421875 HTTP/1.1" 200 - "-" "WordPress/6.9.4; http://nipponia.com"
93.183.91.58 - - [06/May/2026:21:48:51 +0000] "POST /wp-admin/admin-ajax.php HTTP/1.0" 200 111 "http://nipponia.com/" "Mozilla/5.0 (Windows NT 10.0; Win64; x64) AppleWebKit/537.36 (KHTML, like Gecko) Chrome/130.0.0.0 Safari/537.36"
52.201.155.215 - - [06/May/2026:21:52:39 +0000] "GET /wp-json/wp/v2/pages/23 HTTP/1.1" 200 3771 "-" "Mozilla/5.0 AppleWebKit/537.36 (KHTML, like Gecko; compatible; Amazonbot/0.1; +https://developer.amazon.com/support/amazonbot) Chrome/119.0.6045.214 Safari/537.36"
20.123.172.228 - - [06/May/2026:21:52:55 +0000] "POST /wp-cron.php?doing_wp_cron=1778104375.2548120021820068359375 HTTP/1.1" 200 - "-" "WordPress/6.9.4; http://nipponia.com"
123.182.50.189 - - [06/May/2026:21:56:03 +0000] "GET /robots.txt HTTP/1.1" 200 122 "-" "YisouSpider"
20.123.172.228 - - [06/May/2026:21:56:17 +0000] "POST /wp-cron.php?doing_wp_cron=1778104577.2588779926300048828125 HTTP/1.1" 200 - "-" "WordPress/6.9.4; http://nipponia.com"
106.8.136.142 - - [06/May/2026:21:56:03 +0000] "GET / HTTP/1.1" 200 14760 "-" "Mozilla/5.0 (iPhone; CPU iPhone OS 10_3 like Mac OS X) AppleWebKit/602.1.50 (KHTML, like Gecko) CriOS/56.0.2924.75 Mobile/14E5239e YisouSpider/5.0 Safari/602.1"
60.167.27.202 - - [06/May/2026:21:56:29 +0000] "GET /robots.txt HTTP/1.1" 200 122 "-" "Mozilla/5.0 (Macintosh; Intel Mac OS X 10_13_5) AppleWebKit/537.36 (KHTML, like Gecko) Chrome/69.0.3497.100 Safari/537.36"
121.234.177.132 - - [06/May/2026:21:56:47 +0000] "GET /robots.txt HTTP/1.1" 200 122 "-" "Mozilla/5.0 (Macintosh; Intel Mac OS X 10_13_5) AppleWebKit/537.36 (KHTML, like Gecko) Chrome/69.0.3497.100 Safari/537.36"
121.237.36.31 - - [06/May/2026:22:00:46 +0000] "GET / HTTP/1.1" 200 15366 "-" "Mozilla/5.0 (Linux; U; Android 7.0; zh-CN; MI NOTE Pro Build/NRD90M) AppleWebKit/537.36 (KHTML, like Gecko) Version/4.0 Chrome/57.0.2987.108 UCBrowser/12.1.1.991 Mobile Safari/537.36"
20.123.172.228 - - [06/May/2026:22:01:07 +0000] "POST /wp-cron.php?doing_wp_cron=1778104867.1263799667358398437500 HTTP/1.1" 200 - "-" "WordPress/6.9.4; http://nipponia.com"
121.237.36.27 - - [06/May/2026:22:00:57 +0000] "GET / HTTP/1.1" 200 15366 "-" "Dalvik/2.1.0 (Linux; U; Android 9.0; ZTE BA520 Build/MRA58K)"
121.237.36.31 - - [06/May/2026:22:03:05 +0000] "GET /favicon.ico HTTP/1.1" 302 - "-" "Dalvik/2.1.0 (Linux; U; Android 9.0; ZTE BA520 Build/MRA58K)"
121.237.36.30 - - [06/May/2026:22:03:26 +0000] "GET /favicon.ico HTTP/1.1" 302 - "-" "Dalvik/2.1.0 (Linux; U; Android 9.0; ZTE BA520 Build/MRA58K)"
20.123.172.228 - - [06/May/2026:22:03:40 +0000] "POST /wp-cron.php?doing_wp_cron=1778105020.5016870498657226562500 HTTP/1.1" 200 - "-" "WordPress/6.9.4; http://nipponia.com"
121.237.36.31 - - [06/May/2026:22:03:29 +0000] "GET / HTTP/1.1" 200 15366 "-" "Mozilla/5.0 (Macintosh; Intel Mac OS X 10_11) AppleWebKit/601.1.27 (KHTML, like Gecko) Chrome/47.0.2526.106 Safari/601.1.27"
121.237.36.28 - - [06/May/2026:22:05:21 +0000] "GET / HTTP/1.1" 200 15366 "-" "Mozilla/5.0 (Macintosh; Intel Mac OS X 10_11) AppleWebKit/601.1.27 (KHTML, like Gecko) Chrome/47.0.2526.106 Safari/601.1.27"
20.123.172.228 - - [06/May/2026:22:05:44 +0000] "POST /wp-cron.php?doing_wp_cron=1778105144.2011070251464843750000 HTTP/1.1" 200 - "-" "WordPress/6.9.4; http://nipponia.com"
122.241.58.129 - - [06/May/2026:22:06:07 +0000] "GET / HTTP/1.1" 200 15366 "-" "Mozilla/5.0 (Macintosh; Intel Mac OS X 10_15_7) AppleWebKit/537.36 (KHTML, like Gecko) Chrome/145.0.0.0 Safari/537.36"
175.174.133.152 - - [06/May/2026:22:06:16 +0000] "GET / HTTP/1.1" 200 15366 "-" "Mozilla/5.0 (Macintosh; Intel Mac OS X 10_15_7) AppleWebKit/537.36 (KHTML, like Gecko) Chrome/145.0.0.0 Safari/537.36"
43.172.194.70 - - [06/May/2026:22:16:23 +0000] "GET / HTTP/1.1" 200 15366 "-" "Mozilla/5.0 (Windows NT 10.0; Win64; x64) AppleWebKit/537.36 (KHTML, like Gecko) Chrome/103.0.0.0 Safari/537.36"
20.123.172.228 - - [06/May/2026:22:16:42 +0000] "POST /wp-cron.php?doing_wp_cron=1778105802.4665739536285400390625 HTTP/1.1" 200 - "-" "WordPress/6.9.4; http://nipponia.com"
43.173.180.201 - - [06/May/2026:22:16:33 +0000] "GET / HTTP/1.1" 200 15366 "-" "Mozilla/5.0 (Windows NT 10.0; Win64; x64) AppleWebKit/537.36 (KHTML, like Gecko) Chrome/116.0.0.0 Safari/537.36"
20.123.172.228 - - [06/May/2026:22:16:54 +0000] "POST /wp-cron.php?doing_wp_cron=1778105814.2287659645080566406250 HTTP/1.1" 200 - "-" "WordPress/6.9.4; http://nipponia.com"
43.173.174.46 - - [06/May/2026:22:16:51 +0000] "GET / HTTP/1.1" 200 15366 "-" "Mozilla/5.0 (Windows NT 10.0; Win64; x64) AppleWebKit/537.36 (KHTML, like Gecko) Chrome/116.0.0.0 Safari/537.36"
37.139.53.148 - - [06/May/2026:22:18:13 +0000] "GET / HTTP/1.0" 200 76495 "http://nipponia.com/" "Mozilla/5.0 (Windows NT 10.0; Win64; x64) AppleWebKit/537.36 (KHTML, like Gecko) Chrome/130.0.0.0 Safari/537.36 CCleaner/130.0.0.0"
37.139.53.148 - - [06/May/2026:22:18:32 +0000] "POST /wp-admin/admin-ajax.php HTTP/1.0" 200 111 "http://nipponia.com/" "Mozilla/5.0 (Windows NT 10.0; Win64; x64) AppleWebKit/537.36 (KHTML, like Gecko) Chrome/130.0.0.0 Safari/537.36 CCleaner/130.0.0.0"
216.73.216.49 - - [06/May/2026:22:21:08 +0000] "GET /robots.txt HTTP/1.1" 200 122 "-" "Mozilla/5.0 AppleWebKit/537.36 (KHTML, like Gecko; compatible; ClaudeBot/1.0; +claudebot@anthropic.com)"
216.73.216.49 - - [06/May/2026:22:21:21 +0000] "GET /sitemap_index.xml HTTP/1.1" 200 336 "-" "Mozilla/5.0 AppleWebKit/537.36 (KHTML, like Gecko; compatible; ClaudeBot/1.0; +claudebot@anthropic.com)"
81.29.142.6 - - [06/May/2026:22:28:55 +0000] "GET / HTTP/1.1" 200 76495 "-" "Mozilla/5.0 (Windows NT 6.3; Win64; x64) AppleWebKit/537.36 (KHTML, like Gecko) Chrome/93.0.4577.63 Safari/537.36"
20.123.172.228 - - [06/May/2026:22:29:12 +0000] "POST /wp-cron.php?doing_wp_cron=1778106552.8230419158935546875000 HTTP/1.1" 200 - "-" "WordPress/6.9.4; http://nipponia.com"
20.123.172.228 - - [06/May/2026:22:29:24 +0000] "POST /wp-admin/admin-ajax.php?action=wordfence_testAjax HTTP/1.1" 200 32 "-" "WordPress/6.9.4; http://nipponia.com"
54.71.203.174 - - [06/May/2026:22:29:55 +0000] "POST /?_wfsf=detectProxy HTTP/1.1" 200 11 "-" "Wordfence API/1.0 (+https://www.wordfence.com/help/api-callbacks/)"
20.123.172.228 - - [06/May/2026:22:29:35 +0000] "GET /wp-admin/admin-ajax.php?action=wordfence_doScan&isFork=0&scanMode=standard&cronKey=4a12a43fc6892b84295e59231c32ddd0&signature=8b30c732ad845f3d4e57089011954d9c1ff6940c49853522b9b5112f235bae34 HTTP/1.1" 200 - "-" "WordPress/6.9.4; http://nipponia.com"
20.123.172.228 - - [06/May/2026:22:30:04 +0000] "GET /wp-admin/admin-ajax.php?action=wordfence_doScan&isFork=1&scanMode=standard&cronKey=ef2fcf4658073cc4d3f92104218aa889&signature=aed82830d566319589da76248a29174e6c8e51428a80279b6ba3b1d8c3a8c983 HTTP/1.1" 200 - "-" "WordPress/6.9.4; http://nipponia.com"
20.123.172.228 - - [06/May/2026:22:30:36 +0000] "GET /wp-admin/admin-ajax.php?action=wordfence_doScan&isFork=1&scanMode=standard&cronKey=879ba28668ea05962bcf332fbef08c53&signature=427ff21e20028928d6f06609fe2307562a652d9574dbd49bc81a259f5938bdd5 HTTP/1.1" 200 - "-" "WordPress/6.9.4; http://nipponia.com"
20.123.172.228 - - [06/May/2026:22:31:09 +0000] "POST /wp-cron.php?doing_wp_cron=1778106669.2652859687805175781250 HTTP/1.1" 200 - "-" "WordPress/6.9.4; http://nipponia.com"
20.123.172.228 - - [06/May/2026:22:31:08 +0000] "GET /wp-admin/admin-ajax.php?action=wordfence_doScan&isFork=1&scanMode=standard&cronKey=7884652649943208c5877ef9d74fe5dd&signature=94b812aabdc7ba224958619f8085ad19ced80ac68afde93450aa02572dd7b79a HTTP/1.1" 200 - "-" "WordPress/6.9.4; http://nipponia.com"
20.123.172.228 - - [06/May/2026:22:31:39 +0000] "GET /wp-admin/admin-ajax.php?action=wordfence_doScan&isFork=1&scanMode=standard&cronKey=f783da1641ee1e4f0cfebe198fbf7236&signature=7fa4182fb3785e3801eaeee6aef32b4337ed1f3ddb64963ae026fcc0a1b6c57e HTTP/1.1" 200 - "-" "WordPress/6.9.4; http://nipponia.com"
20.123.172.228 - - [06/May/2026:22:32:11 +0000] "POST /wp-cron.php?doing_wp_cron=1778106731.2800951004028320312500 HTTP/1.1" 200 - "-" "WordPress/6.9.4; http://nipponia.com"
20.123.172.228 - - [06/May/2026:22:32:10 +0000] "GET /wp-admin/admin-ajax.php?action=wordfence_doScan&isFork=1&scanMode=standard&cronKey=5a3c5578984097d9d6f6499a43ff1ca1&signature=fd09274d1e878a5dfc689711aaba087d063ae5c7d3d791c0e466629834770fc0 HTTP/1.1" 200 - "-" "WordPress/6.9.4; http://nipponia.com"
20.123.172.228 - - [06/May/2026:22:32:42 +0000] "GET /wp-admin/admin-ajax.php?action=wordfence_doScan&isFork=1&scanMode=standard&cronKey=0ae95d480353790e471e3cf8d471a6d8&signature=83462dc496ef808819873bfe4362700823c20ecf320a73b7805078f852fdf38e HTTP/1.1" 200 - "-" "WordPress/6.9.4; http://nipponia.com"
20.123.172.228 - - [06/May/2026:22:33:17 +0000] "POST /wp-cron.php?doing_wp_cron=1778106797.2412009239196777343750 HTTP/1.1" 200 - "-" "WordPress/6.9.4; http://nipponia.com"
157.250.206.93 - - [06/May/2026:22:33:09 +0000] "GET /company-profile/ HTTP/1.1" 200 12016 "-" "Mozilla/5.0 (Macintosh; Intel Mac OS X) AppleWebKit/537.36 (KHTML, like Gecko) Chrome Safari"
157.250.206.93 - - [06/May/2026:22:33:25 +0000] "GET /company-profile-2/ HTTP/1.1" 200 11207 "-" "Mozilla/5.0 (Macintosh; Intel Mac OS X) AppleWebKit/537.36 (KHTML, like Gecko) Chrome Safari"
20.123.172.228 - - [06/May/2026:22:33:16 +0000] "GET /wp-admin/admin-ajax.php?action=wordfence_doScan&isFork=1&scanMode=standard&cronKey=2abfb086561eba150e877fdabcc58e64&signature=787f120b748435f8dc321a1684d820dc5d4bd32f79df6088cf8a0cae7a7437f1 HTTP/1.1" 200 - "-" "WordPress/6.9.4; http://nipponia.com"
157.250.206.93 - - [06/May/2026:22:33:58 +0000] "GET / HTTP/1.1" 200 15366 "-" "Mozilla/5.0 (Macintosh; Intel Mac OS X) AppleWebKit/537.36 (KHTML, like Gecko) Chrome Safari"
20.123.172.228 - - [06/May/2026:22:33:47 +0000] "GET /wp-admin/admin-ajax.php?action=wordfence_doScan&isFork=1&scanMode=standard&cronKey=5644ce0edf6ebd0e94bb2864838767eb&signature=0154a34a61ba51ee126461cf0deb69b6db20121b32eb51401772a600072945e7 HTTP/1.1" 200 - "-" "WordPress/6.9.4; http://nipponia.com"
20.123.172.228 - - [06/May/2026:22:34:18 +0000] "POST /wp-cron.php?doing_wp_cron=1778106858.8594579696655273437500 HTTP/1.1" 200 - "-" "WordPress/6.9.4; http://nipponia.com"
20.123.172.228 - - [06/May/2026:22:34:32 +0000] "POST /wp-cron.php?doing_wp_cron=1778106872.5941538810729980468750 HTTP/1.1" 200 - "-" "WordPress/6.9.4; http://nipponia.com"
157.250.206.93 - - [06/May/2026:22:34:16 +0000] "GET /china-2/ HTTP/1.1" 200 12444 "-" "Mozilla/5.0 (Macintosh; Intel Mac OS X) AppleWebKit/537.36 (KHTML, like Gecko) Chrome Safari"
157.250.206.93 - - [06/May/2026:22:34:33 +0000] "GET /dominican-republic/ HTTP/1.1" 200 12465 "-" "Mozilla/5.0 (Macintosh; Intel Mac OS X) AppleWebKit/537.36 (KHTML, like Gecko) Chrome Safari"
20.123.172.228 - - [06/May/2026:22:34:17 +0000] "GET /wp-admin/admin-ajax.php?action=wordfence_doScan&isFork=1&scanMode=standard&cronKey=e7cbe28d5e14cf0e9226006e264496f7&signature=f07866466fec4f246cac39351db507824cb33b69992e05f8ff19c0e3f4bbabca HTTP/1.1" 200 - "-" "WordPress/6.9.4; http://nipponia.com"
157.250.206.93 - - [06/May/2026:22:34:49 +0000] "GET /greece/ HTTP/1.1" 200 12470 "-" "Mozilla/5.0 (Macintosh; Intel Mac OS X) AppleWebKit/537.36 (KHTML, like Gecko) Chrome Safari"
20.123.172.228 - - [06/May/2026:22:34:48 +0000] "GET /wp-admin/admin-ajax.php?action=wordfence_doScan&isFork=1&scanMode=standard&cronKey=8e356554d4598997e129dfa78c689ff2&signature=32d804105e6c87ae45eb38a58e392061db76b156c0f81b5a7aa5b33905f7e6ea HTTP/1.1" 200 - "-" "WordPress/6.9.4; http://nipponia.com"
157.250.206.93 - - [06/May/2026:22:35:06 +0000] "GET /netherlands/ HTTP/1.1" 200 12491 "-" "Mozilla/5.0 (Macintosh; Intel Mac OS X) AppleWebKit/537.36 (KHTML, like Gecko) Chrome Safari"
157.250.206.93 - - [06/May/2026:22:35:23 +0000] "GET /nipponia-global-footprint/ HTTP/1.1" 200 11864 "-" "Mozilla/5.0 (Macintosh; Intel Mac OS X) AppleWebKit/537.36 (KHTML, like Gecko) Chrome Safari"
20.123.172.228 - - [06/May/2026:22:35:38 +0000] "POST /wp-cron.php?doing_wp_cron=1778106938.1012220382690429687500 HTTP/1.1" 200 - "-" "WordPress/6.9.4; http://nipponia.com"
20.123.172.228 - - [06/May/2026:22:35:51 +0000] "POST /wp-cron.php?doing_wp_cron=1778106951.7603859901428222656250 HTTP/1.1" 200 - "-" "WordPress/6.9.4; http://nipponia.com"
20.123.172.228 - - [06/May/2026:22:35:18 +0000] "GET /wp-admin/admin-ajax.php?action=wordfence_doScan&isFork=1&scanMode=standard&cronKey=68777cf83f1cf4e4a143aa9a16f568f7&signature=c55c27a8630ca22902f3a0d951bd9d6247b842772c1436a020d813ad59000d9f HTTP/1.1" 200 - "-" "WordPress/6.9.4; http://nipponia.com"
20.123.172.228 - - [06/May/2026:22:35:50 +0000] "GET /wp-admin/admin-ajax.php?action=wordfence_doScan&isFork=1&scanMode=standard&cronKey=2c2cc3cbe478624afd5423f4db89433d&signature=14af482513d43ac858dd313b760df15ba607e5e65a23f279633ca9ecf3504867 HTTP/1.1" 200 - "-" "WordPress/6.9.4; http://nipponia.com"
20.123.172.228 - - [06/May/2026:22:36:24 +0000] "POST /wp-cron.php?doing_wp_cron=1778106984.2318639755249023437500 HTTP/1.1" 200 - "-" "WordPress/6.9.4; http://nipponia.com"
20.123.172.228 - - [06/May/2026:22:36:23 +0000] "GET /wp-admin/admin-ajax.php?action=wordfence_doScan&isFork=1&scanMode=standard&cronKey=ef0d70f274ed576794a3accfe074e045&signature=027e84ed718131b2648234f8de8e809622f10eaf78f147465d1d9c169d51a7e8 HTTP/1.1" 200 - "-" "WordPress/6.9.4; http://nipponia.com"
20.123.172.228 - - [06/May/2026:22:36:55 +0000] "GET /wp-admin/admin-ajax.php?action=wordfence_doScan&isFork=1&scanMode=standard&cronKey=d2e8bb1ecfb08d8079e365e9e65f2fe2&signature=5fce6e8630cb04ee48742a46330fec02d225f2249757150daa05fadd56662e70 HTTP/1.1" 200 - "-" "WordPress/6.9.4; http://nipponia.com"
20.123.172.228 - - [06/May/2026:22:37:26 +0000] "POST /wp-cron.php?doing_wp_cron=1778107046.0392971038818359375000 HTTP/1.1" 200 - "-" "WordPress/6.9.4; http://nipponia.com"
20.123.172.228 - - [06/May/2026:22:37:25 +0000] "GET /wp-admin/admin-ajax.php?action=wordfence_doScan&isFork=1&scanMode=standard&cronKey=a0f49d47a85be3127f2367554ebf289a&signature=dfff23bf02f56d578e7ee6b2ad031801011b9b4bb01ee197cb1262a387ca5054 HTTP/1.1" 200 - "-" "WordPress/6.9.4; http://nipponia.com"
20.123.172.228 - - [06/May/2026:22:37:55 +0000] "GET /wp-admin/admin-ajax.php?action=wordfence_doScan&isFork=1&scanMode=standard&cronKey=566048a029e63834930396029579751b&signature=54db09fd604d126a3b1d448194265bc28de3fba629ec07fd7b14dc5dc6907d5d HTTP/1.1" 200 - "-" "WordPress/6.9.4; http://nipponia.com"
20.123.172.228 - - [06/May/2026:22:38:28 +0000] "POST /wp-cron.php?doing_wp_cron=1778107108.1065320968627929687500 HTTP/1.1" 200 - "-" "WordPress/6.9.4; http://nipponia.com"
20.123.172.228 - - [06/May/2026:22:38:27 +0000] "GET /wp-admin/admin-ajax.php?action=wordfence_doScan&isFork=1&scanMode=standard&cronKey=ceecc5b5b682a13d66806bf9018ad6e1&signature=68d77a27475327516e6a71224628dd1dac5c51b83f78e546d1b33f1844a67975 HTTP/1.1" 200 - "-" "WordPress/6.9.4; http://nipponia.com"
20.123.172.228 - - [06/May/2026:22:38:58 +0000] "GET /wp-admin/admin-ajax.php?action=wordfence_doScan&isFork=1&scanMode=standard&cronKey=d2d22ba9604e79228a1d1d61300de591&signature=bf285d4d37b9c38103fd012c1936c0e19e508f6d02c98858518b57c8095167ee HTTP/1.1" 200 - "-" "WordPress/6.9.4; http://nipponia.com"
20.123.172.228 - - [06/May/2026:22:39:29 +0000] "POST /wp-cron.php?doing_wp_cron=1778107169.3103458881378173828125 HTTP/1.1" 200 - "-" "WordPress/6.9.4; http://nipponia.com"
20.123.172.228 - - [06/May/2026:22:39:28 +0000] "GET /wp-admin/admin-ajax.php?action=wordfence_doScan&isFork=1&scanMode=standard&cronKey=affe46478aecf019f3c3fc6b0eec0b32&signature=079bacfb3dee57282ffa51b3a91ff78fcfe21f515d9ad8955a45cb62113b6019 HTTP/1.1" 200 - "-" "WordPress/6.9.4; http://nipponia.com"
20.123.172.228 - - [06/May/2026:22:39:59 +0000] "GET /wp-admin/admin-ajax.php?action=wordfence_doScan&isFork=1&scanMode=standard&cronKey=faa31b9742945a621e44b8f56778ea2a&signature=927fd667dd5c5becddafa816b87eeec507b41f11fb9c60644bc8f6a6123339ff HTTP/1.1" 200 - "-" "WordPress/6.9.4; http://nipponia.com"
20.123.172.228 - - [06/May/2026:22:40:32 +0000] "POST /wp-cron.php?doing_wp_cron=1778107232.3140270709991455078125 HTTP/1.1" 200 - "-" "WordPress/6.9.4; http://nipponia.com"
20.123.172.228 - - [06/May/2026:22:40:31 +0000] "GET /wp-admin/admin-ajax.php?action=wordfence_doScan&isFork=1&scanMode=standard&cronKey=4437adcf971c378fb764787c34f1f721&signature=4a5a6ecf9f9944e0bf888b7b77f6de444654b09b21e40a7ce785dc97ae9ff5b3 HTTP/1.1" 200 - "-" "WordPress/6.9.4; http://nipponia.com"
20.123.172.228 - - [06/May/2026:22:41:02 +0000] "GET /wp-admin/admin-ajax.php?action=wordfence_doScan&isFork=1&scanMode=standard&cronKey=84fbf35f3327ad67c0258cbe0aacc884&signature=3f26f7c65233d6ceeeef8828036752428a0e5c762d0570dd5dadc1121e3d53ad HTTP/1.1" 200 - "-" "WordPress/6.9.4; http://nipponia.com"
20.123.172.228 - - [06/May/2026:22:41:34 +0000] "POST /wp-cron.php?doing_wp_cron=1778107294.3222000598907470703125 HTTP/1.1" 200 - "-" "WordPress/6.9.4; http://nipponia.com"
20.123.172.228 - - [06/May/2026:22:41:33 +0000] "GET /wp-admin/admin-ajax.php?action=wordfence_doScan&isFork=1&scanMode=standard&cronKey=08c1ccda5332fa6d7d251014460ea40b&signature=f8eaf2bb33ef3598caf94dc6de82e2880f3cd5dd0bb3ca5bfd66912b7eeaddba HTTP/1.1" 200 - "-" "WordPress/6.9.4; http://nipponia.com"
20.123.172.228 - - [06/May/2026:22:42:04 +0000] "GET /wp-admin/admin-ajax.php?action=wordfence_doScan&isFork=1&scanMode=standard&cronKey=176c028f4b75675a2e271bba06506ef6&signature=04951e1df96393396279763b8d32300322c74785ae60249332270670d06653ca HTTP/1.1" 200 - "-" "WordPress/6.9.4; http://nipponia.com"
20.123.172.228 - - [06/May/2026:22:42:37 +0000] "POST /wp-cron.php?doing_wp_cron=1778107357.1831579208374023437500 HTTP/1.1" 200 - "-" "WordPress/6.9.4; http://nipponia.com"
20.123.172.228 - - [06/May/2026:22:42:36 +0000] "GET /wp-admin/admin-ajax.php?action=wordfence_doScan&isFork=1&scanMode=standard&cronKey=a3f60696320f5f58bd75ce6072bd3e3d&signature=8c5af5a8e4a9003f1468e3ce140f6184a5cf07391d6e58fa01947d008ebf2c97 HTTP/1.1" 200 - "-" "WordPress/6.9.4; http://nipponia.com"
20.123.172.228 - - [06/May/2026:22:43:07 +0000] "GET /wp-admin/admin-ajax.php?action=wordfence_doScan&isFork=1&scanMode=standard&cronKey=1466b996a005d17d44a5697ce9b1935d&signature=bee2f36d8c204dfd35c6abee84161b95f21ff1180319447d045dd880a066d3a4 HTTP/1.1" 200 - "-" "WordPress/6.9.4; http://nipponia.com"
20.123.172.228 - - [06/May/2026:22:43:38 +0000] "POST /wp-cron.php?doing_wp_cron=1778107418.2685520648956298828125 HTTP/1.1" 200 - "-" "WordPress/6.9.4; http://nipponia.com"
20.123.172.228 - - [06/May/2026:22:43:37 +0000] "GET /wp-admin/admin-ajax.php?action=wordfence_doScan&isFork=1&scanMode=standard&cronKey=75db6326cd1f5016642412430535f54f&signature=e47cb99cabfaffcf1483afb21077d879237377e4ede9a2dd4cff2f4a520dd13d HTTP/1.1" 200 - "-" "WordPress/6.9.4; http://nipponia.com"
20.123.172.228 - - [06/May/2026:22:44:02 +0000] "GET /.user.ini HTTP/1.1" 404 10162 "-" "WordPress/6.9.4; http://nipponia.com"
20.123.172.228 - - [06/May/2026:22:44:08 +0000] "GET /wp-admin/admin-ajax.php?action=wordfence_doScan&isFork=1&scanMode=standard&cronKey=e5d2d5c92d4a2164e999a68b577e95d6&signature=52b9ebd6e22fb092244cc3ac26c0aa7fe1725911e6080c8f33152133bf115677 HTTP/1.1" 200 - "-" "WordPress/6.9.4; http://nipponia.com"
20.123.172.228 - - [06/May/2026:22:44:41 +0000] "POST /wp-cron.php?doing_wp_cron=1778107481.8233399391174316406250 HTTP/1.1" 200 - "-" "WordPress/6.9.4; http://nipponia.com"
20.123.172.228 - - [06/May/2026:22:44:40 +0000] "GET /wp-admin/admin-ajax.php?action=wordfence_doScan&isFork=1&scanMode=standard&cronKey=9792e05cb5d938b87bf51d5bafc7cc1e&signature=19b55b3136f09748f89ebc365cf560d6633f61b1d4a4ce57d63d1c9de19275cf HTTP/1.1" 200 - "-" "WordPress/6.9.4; http://nipponia.com"
20.123.172.228 - - [06/May/2026:22:45:10 +0000] "GET /wp-admin/admin-ajax.php?action=wordfence_doScan&isFork=1&scanMode=standard&cronKey=599df1afaca59ce30aec5c217e66fb50&signature=e43f69d0ada89affede79d634382e08852c726aa9a8b6b4f662017bd1c4c12a7 HTTP/1.1" 200 - "-" "WordPress/6.9.4; http://nipponia.com"
20.123.172.228 - - [06/May/2026:22:45:42 +0000] "POST /wp-cron.php?doing_wp_cron=1778107542.8217248916625976562500 HTTP/1.1" 200 - "-" "WordPress/6.9.4; http://nipponia.com"
20.123.172.228 - - [06/May/2026:22:45:41 +0000] "GET /wp-admin/admin-ajax.php?action=wordfence_doScan&isFork=1&scanMode=standard&cronKey=f119f2a66f9c22817a4c3744fc85930c&signature=a3fbecd452546a09ddfa1c57490b42e54e364b3780876d596c03ffa51686c8a2 HTTP/1.1" 200 - "-" "WordPress/6.9.4; http://nipponia.com"
20.123.172.228 - - [06/May/2026:22:46:13 +0000] "GET /wp-admin/admin-ajax.php?action=wordfence_doScan&isFork=1&scanMode=standard&cronKey=cc2aabb9e67092c63445bc9cedeb2bab&signature=b0d7e491febadeb06315b7d42ef9b04d08544acfc51015a265b6f657529f10ff HTTP/1.1" 200 - "-" "WordPress/6.9.4; http://nipponia.com"
20.123.172.228 - - [06/May/2026:22:46:45 +0000] "GET /wp-admin/admin-ajax.php?action=wordfence_doScan&isFork=1&scanMode=standard&cronKey=a3bf68569a63e6811e8af77b0e5e65f0&signature=2d664c4c2249c79fc64f8d6db0a06ebcdd99b0398b7c6ad8acd4e79b6ecfd6a2 HTTP/1.1" 200 - "-" "WordPress/6.9.4; http://nipponia.com"
20.123.172.228 - - [06/May/2026:22:47:17 +0000] "GET /wp-admin/admin-ajax.php?action=wordfence_doScan&isFork=1&scanMode=standard&cronKey=6349cf8d321636b8e6c441626ae16c08&signature=babd355f4b7a085adb437852822d2ca35df2e8a077d2963555799a5232a5f7e8 HTTP/1.1" 200 - "-" "WordPress/6.9.4; http://nipponia.com"
20.123.172.228 - - [06/May/2026:22:47:47 +0000] "GET /wp-admin/admin-ajax.php?action=wordfence_doScan&isFork=1&scanMode=standard&cronKey=a98c22bdafa52eafc7a95e02a5018a3a&signature=c5bf7e6234cd587745bc88da61932e47196698671c8baf6dba13671409b6048a HTTP/1.1" 200 - "-" "WordPress/6.9.4; http://nipponia.com"
20.123.172.228 - - [06/May/2026:22:48:19 +0000] "POST /wp-cron.php?doing_wp_cron=1778107699.2086579799652099609375 HTTP/1.1" 200 - "-" "WordPress/6.9.4; http://nipponia.com"
20.123.172.228 - - [06/May/2026:22:48:18 +0000] "GET /wp-admin/admin-ajax.php?action=wordfence_doScan&isFork=1&scanMode=standard&cronKey=5151b5d6210a49d978aa2d96d71fa577&signature=3c5c3469a9ee9c0f9d24f21fcdf8710ee5b5c2556c0bab81bc0cf16540582c62 HTTP/1.1" 200 - "-" "WordPress/6.9.4; http://nipponia.com"
20.123.172.228 - - [06/May/2026:22:48:50 +0000] "GET /wp-admin/admin-ajax.php?action=wordfence_doScan&isFork=1&scanMode=standard&cronKey=83c41a4cd2cc48b1ef6a446a717cf21d&signature=5b16eea9b1139b05b239396b10aba281f68ebae9e961951fa35035690afbd0c1 HTTP/1.1" 200 - "-" "WordPress/6.9.4; http://nipponia.com"
20.123.172.228 - - [06/May/2026:22:49:22 +0000] "GET /wp-admin/admin-ajax.php?action=wordfence_doScan&isFork=1&scanMode=standard&cronKey=0426d5be0fbab5e297dc53ffabf6baba&signature=7c2709de022c492963e9a1d279005c8b1161cd1d30de8b82a5d788c91e2443a6 HTTP/1.1" 200 - "-" "WordPress/6.9.4; http://nipponia.com"
20.123.172.228 - - [06/May/2026:22:49:55 +0000] "POST /wp-cron.php?doing_wp_cron=1778107795.5584299564361572265625 HTTP/1.1" 200 - "-" "WordPress/6.9.4; http://nipponia.com"
20.123.172.228 - - [06/May/2026:22:49:54 +0000] "GET /wp-admin/admin-ajax.php?action=wordfence_doScan&isFork=1&scanMode=standard&cronKey=7ecb248a7f0eea53853b774e47813cc8&signature=5b742d5aa4c4ab0eac14c9606e95106d13d33256581dced1da227c4ba87389ef HTTP/1.1" 200 - "-" "WordPress/6.9.4; http://nipponia.com"
20.123.172.228 - - [06/May/2026:22:50:23 +0000] "GET /wp-admin/admin-ajax.php?action=wordfence_doScan&isFork=1&scanMode=standard&cronKey=f881237caaa128eda3c3e0d2e3cbb9ae&signature=092ec38604dd5a76843e32d30d4059469d5b14553b5f56b5cc6b0a36f4e0d028 HTTP/1.1" 200 - "-" "WordPress/6.9.4; http://nipponia.com"
20.123.172.228 - - [06/May/2026:22:50:53 +0000] "POST /wp-cron.php?doing_wp_cron=1778107853.5889821052551269531250 HTTP/1.1" 200 - "-" "WordPress/6.9.4; http://nipponia.com"
20.123.172.228 - - [06/May/2026:22:50:52 +0000] "GET /wp-admin/admin-ajax.php?action=wordfence_doScan&isFork=1&scanMode=standard&cronKey=21cd38bedae46f394b7f073d160c673b&signature=962f1efae1cb985c49df03fd1a925399b9b333f283822ded62fcb7f3a889a165 HTTP/1.1" 200 - "-" "WordPress/6.9.4; http://nipponia.com"
20.123.172.228 - - [06/May/2026:22:51:21 +0000] "GET /wp-admin/admin-ajax.php?action=wordfence_doScan&isFork=1&scanMode=standard&cronKey=5b2764d43944a862bbd72d61e1f4f717&signature=6fd60204c8af475896543bccc38c211b4b76275bce13fd965ab34ec582aa7f1c HTTP/1.1" 200 - "-" "WordPress/6.9.4; http://nipponia.com"
20.123.172.228 - - [06/May/2026:22:51:51 +0000] "POST /wp-cron.php?doing_wp_cron=1778107911.6049110889434814453125 HTTP/1.1" 200 - "-" "WordPress/6.9.4; http://nipponia.com"
20.123.172.228 - - [06/May/2026:22:51:50 +0000] "GET /wp-admin/admin-ajax.php?action=wordfence_doScan&isFork=1&scanMode=standard&cronKey=85dbd948b317bc998ebcfc0975952cbb&signature=7be42f2abedb68edc2f69765b6242d08d9e0d4b02943ea611ed81bc31771a911 HTTP/1.1" 200 - "-" "WordPress/6.9.4; http://nipponia.com"
20.123.172.228 - - [06/May/2026:22:52:19 +0000] "GET /wp-admin/admin-ajax.php?action=wordfence_doScan&isFork=1&scanMode=standard&cronKey=85cf3657ced6db2fe44bd727744a0d2b&signature=4a66a186d5f60999c90087adbd7981386e9b3dbdcf1d003b611560b51ee336e9 HTTP/1.1" 200 - "-" "WordPress/6.9.4; http://nipponia.com"
20.123.172.228 - - [06/May/2026:22:52:50 +0000] "POST /wp-cron.php?doing_wp_cron=1778107970.1320779323577880859375 HTTP/1.1" 200 - "-" "WordPress/6.9.4; http://nipponia.com"
20.123.172.228 - - [06/May/2026:22:52:49 +0000] "GET /wp-admin/admin-ajax.php?action=wordfence_doScan&isFork=1&scanMode=standard&cronKey=62601b4ec3bb09995a3c8679467abe87&signature=ba26963d44c211aace12c604b3489383a274ce41fcb6d490cb092d5fb51874db HTTP/1.1" 200 - "-" "WordPress/6.9.4; http://nipponia.com"
20.123.172.228 - - [06/May/2026:22:53:21 +0000] "GET /wp-admin/admin-ajax.php?action=wordfence_doScan&isFork=1&scanMode=standard&cronKey=0700f07e66b607fbc1d2e4f045c94bcb&signature=3cd7ff985f534b3620e65a52824d8dc88e0208a834163db7c7572c78ca50bc75 HTTP/1.1" 200 - "-" "WordPress/6.9.4; http://nipponia.com"
20.123.172.228 - - [06/May/2026:22:53:52 +0000] "POST /wp-cron.php?doing_wp_cron=1778108032.6899480819702148437500 HTTP/1.1" 200 - "-" "WordPress/6.9.4; http://nipponia.com"
20.123.172.228 - - [06/May/2026:22:53:51 +0000] "GET /wp-admin/admin-ajax.php?action=wordfence_doScan&isFork=1&scanMode=standard&cronKey=72c18e4956352ed2de106d3120eed593&signature=5ef0396c7ba20079edbf40f8e59b53fd4735c83703b4c595e5780085870b40bc HTTP/1.1" 200 - "-" "WordPress/6.9.4; http://nipponia.com"
20.123.172.228 - - [06/May/2026:22:54:21 +0000] "GET /wp-admin/admin-ajax.php?action=wordfence_doScan&isFork=1&scanMode=standard&cronKey=71afcc3465db813909684cbe7c7c75d9&signature=626ea94bd7fe294ffdc69d93c61c39b0c02cab2dd2e416c43ba3d738441563c5 HTTP/1.1" 200 - "-" "WordPress/6.9.4; http://nipponia.com"
20.123.172.228 - - [06/May/2026:22:54:54 +0000] "POST /wp-cron.php?doing_wp_cron=1778108094.2277181148529052734375 HTTP/1.1" 200 - "-" "WordPress/6.9.4; http://nipponia.com"
20.123.172.228 - - [06/May/2026:22:54:53 +0000] "GET /wp-admin/admin-ajax.php?action=wordfence_doScan&isFork=1&scanMode=standard&cronKey=7ba1e3bf3bf06342de911266bbc81e52&signature=6dcb59a5d5ad0ab4d3781601cca64e2fc779b0256e49e23638103265fa4a84d5 HTTP/1.1" 200 - "-" "WordPress/6.9.4; http://nipponia.com"
20.123.172.228 - - [06/May/2026:22:55:25 +0000] "GET /wp-admin/admin-ajax.php?action=wordfence_doScan&isFork=1&scanMode=standard&cronKey=2089d882d099358e3a9e63b636d0639e&signature=89d03725919bb305b2b97f1fca362531d96112699ba01158dd592f900414a68f HTTP/1.1" 200 - "-" "WordPress/6.9.4; http://nipponia.com"
20.123.172.228 - - [06/May/2026:22:55:55 +0000] "GET /wp-admin/admin-ajax.php?action=wordfence_doScan&isFork=1&scanMode=standard&cronKey=9cb79df42b513feb1410cd7f4e770029&signature=6a5f026bdf9be89580206e7957396db5e1d5abb11959f23c6b26359c31dd70b8 HTTP/1.1" 200 - "-" "WordPress/6.9.4; http://nipponia.com"
20.123.172.228 - - [06/May/2026:22:56:28 +0000] "POST /wp-cron.php?doing_wp_cron=1778108188.1291270256042480468750 HTTP/1.1" 200 - "-" "WordPress/6.9.4; http://nipponia.com"
20.123.172.228 - - [06/May/2026:22:56:27 +0000] "GET /wp-admin/admin-ajax.php?action=wordfence_doScan&isFork=1&scanMode=standard&cronKey=977d9be1d7d16109b2100466b164f88a&signature=96b81d426cecdeb8c8164c3d16dc83810ba109a4c14c842212dffd4ebb585eab HTTP/1.1" 200 - "-" "WordPress/6.9.4; http://nipponia.com"
20.123.172.228 - - [06/May/2026:22:56:58 +0000] "GET /wp-admin/admin-ajax.php?action=wordfence_doScan&isFork=1&scanMode=standard&cronKey=e34e33a91912ca2bf23a6fb8f960f831&signature=10afbbf5466091b83f5653dbf30d0b87ad0e089e5ded08b6b1dfbaad3c8bf571 HTTP/1.1" 200 - "-" "WordPress/6.9.4; http://nipponia.com"
20.123.172.228 - - [06/May/2026:22:57:32 +0000] "POST /wp-cron.php?doing_wp_cron=1778108252.0716850757598876953125 HTTP/1.1" 200 - "-" "WordPress/6.9.4; http://nipponia.com"
20.123.172.228 - - [06/May/2026:22:57:31 +0000] "GET /wp-admin/admin-ajax.php?action=wordfence_doScan&isFork=1&scanMode=standard&cronKey=572cf4f24558406840424cfd939d5e97&signature=37edf86f024e53e1054415893f43d2f3d4634f95df6c6a4e6cdcf6a830ad6e74 HTTP/1.1" 200 - "-" "WordPress/6.9.4; http://nipponia.com"
20.123.172.228 - - [06/May/2026:22:58:03 +0000] "GET /wp-admin/admin-ajax.php?action=wordfence_doScan&isFork=1&scanMode=standard&cronKey=3e30cad8950c6d7aa68a7bff4d32683a&signature=e3687f52a0ed97275e8e84f7f1c219ce4f78ab239b15659e5f24f334cc420bce HTTP/1.1" 200 - "-" "WordPress/6.9.4; http://nipponia.com"
20.123.172.228 - - [06/May/2026:22:58:35 +0000] "POST /wp-cron.php?doing_wp_cron=1778108315.2816290855407714843750 HTTP/1.1" 200 - "-" "WordPress/6.9.4; http://nipponia.com"
20.123.172.228 - - [06/May/2026:22:58:34 +0000] "GET /wp-admin/admin-ajax.php?action=wordfence_doScan&isFork=1&scanMode=standard&cronKey=863a7611bd1c52b6cfcba12b6d0c5b4e&signature=5a538fbe268adf436807cd53abd971c516dc6aa4c6787e7e23f336e7e7ffec21 HTTP/1.1" 200 - "-" "WordPress/6.9.4; http://nipponia.com"
20.123.172.228 - - [06/May/2026:22:59:11 +0000] "GET /wp-admin/admin-ajax.php?action=wordfence_doScan&isFork=1&scanMode=standard&cronKey=ed8329ef0ed370cfa29ee0e791af8b71&signature=ad55fe56323571aa73ba311b67b5251ff8e57dbf726dc5ebbbee14539d9e9350 HTTP/1.1" 200 - "-" "WordPress/6.9.4; http://nipponia.com"
20.123.172.228 - - [06/May/2026:22:59:45 +0000] "POST /wp-cron.php?doing_wp_cron=1778108385.7395288944244384765625 HTTP/1.1" 200 - "-" "WordPress/6.9.4; http://nipponia.com"
20.123.172.228 - - [06/May/2026:22:59:44 +0000] "GET /wp-admin/admin-ajax.php?action=wordfence_doScan&isFork=1&scanMode=standard&cronKey=9ac1c04dcd24ed621f4712c493922616&signature=3ff813e3ea34423048e7e4b6260a02d7e2926143600c96f100a722dd8a732826 HTTP/1.1" 200 - "-" "WordPress/6.9.4; http://nipponia.com"
20.123.172.228 - - [06/May/2026:23:00:16 +0000] "GET /wp-admin/admin-ajax.php?action=wordfence_doScan&isFork=1&scanMode=standard&cronKey=c977f76720319011a47b550570fb51f0&signature=05532ef24f9169cdb9b728c0779595b3de76236425b90f32a6223eceaee1750b HTTP/1.1" 200 - "-" "WordPress/6.9.4; http://nipponia.com"
20.123.172.228 - - [06/May/2026:23:00:48 +0000] "POST /wp-cron.php?doing_wp_cron=1778108448.0488979816436767578125 HTTP/1.1" 200 - "-" "WordPress/6.9.4; http://nipponia.com"
20.123.172.228 - - [06/May/2026:23:00:47 +0000] "GET /wp-admin/admin-ajax.php?action=wordfence_doScan&isFork=1&scanMode=standard&cronKey=77cfa5ee525e30a21d8c70994876823e&signature=5cf136f6de55545fba0423f2b7487ec8dd149d12b000cffea13db03252b38569 HTTP/1.1" 200 - "-" "WordPress/6.9.4; http://nipponia.com"
95.104.191.224 - - [06/May/2026:23:01:06 +0000] "GET / HTTP/1.0" 200 76495 "http://nipponia.com/" "Mozilla/5.0 (Windows NT 10.0; Win64; x64) AppleWebKit/537.36 (KHTML, like Gecko) Chrome/131.0.0.0 Safari/537.36"
95.104.191.224 - - [06/May/2026:23:01:24 +0000] "POST /wp-admin/admin-ajax.php HTTP/1.0" 200 111 "http://nipponia.com/" "Mozilla/5.0 (Windows NT 10.0; Win64; x64) AppleWebKit/537.36 (KHTML, like Gecko) Chrome/131.0.0.0 Safari/537.36"
20.123.172.228 - - [06/May/2026:23:01:38 +0000] "POST /wp-cron.php?doing_wp_cron=1778108498.7321538925170898437500 HTTP/1.1" 200 - "-" "WordPress/6.9.4; http://nipponia.com"
20.123.172.228 - - [06/May/2026:23:01:20 +0000] "GET /wp-admin/admin-ajax.php?action=wordfence_doScan&isFork=1&scanMode=standard&cronKey=a9e4c4510ec5bc8e2ae89ae309845611&signature=4cfbe769d6d52d2721ffe01a7551d804358cf676e6570f7ccf8ade8c800ac59e HTTP/1.1" 200 - "-" "WordPress/6.9.4; http://nipponia.com"
20.123.172.228 - - [06/May/2026:23:01:53 +0000] "POST /wp-cron.php?doing_wp_cron=1778108513.3071858882904052734375 HTTP/1.1" 200 - "-" "WordPress/6.9.4; http://nipponia.com"
95.104.191.224 - - [06/May/2026:23:01:40 +0000] "GET / HTTP/1.0" 200 76495 "http://nipponia.com/" "Mozilla/5.0 (Windows NT 10.0; Win64; x64) AppleWebKit/537.36 (KHTML, like Gecko) Chrome/131.0.0.0 Safari/537.36"
20.123.172.228 - - [06/May/2026:23:01:52 +0000] "GET /wp-admin/admin-ajax.php?action=wordfence_doScan&isFork=1&scanMode=standard&cronKey=163675aa82fe7fbebd5ba4cb57c812ee&signature=dd5e124c5ff330d83f6b9aaf42368b2fe0a92f5c302817af45bded065acaff64 HTTP/1.1" 200 - "-" "WordPress/6.9.4; http://nipponia.com"
20.123.172.228 - - [06/May/2026:23:02:24 +0000] "GET /wp-admin/admin-ajax.php?action=wordfence_doScan&isFork=1&scanMode=standard&cronKey=fe4980b5793516446376b4fa38676157&signature=1474a907eb1f13f68893c588b9aed297c4e514b91200f89291be447980835970 HTTP/1.1" 200 - "-" "WordPress/6.9.4; http://nipponia.com"
20.123.172.228 - - [06/May/2026:23:02:56 +0000] "POST /wp-cron.php?doing_wp_cron=1778108576.0807950496673583984375 HTTP/1.1" 200 - "-" "WordPress/6.9.4; http://nipponia.com"
20.123.172.228 - - [06/May/2026:23:02:55 +0000] "GET /wp-admin/admin-ajax.php?action=wordfence_doScan&isFork=1&scanMode=standard&cronKey=1a25c93dfaac18eb4cb80298e7b796e3&signature=e67130a7f503b064940c886af50a0157f08c260f2135d1b35929f0e8491d8a83 HTTP/1.1" 200 - "-" "WordPress/6.9.4; http://nipponia.com"
20.123.172.228 - - [06/May/2026:23:03:28 +0000] "GET /wp-admin/admin-ajax.php?action=wordfence_doScan&isFork=1&scanMode=standard&cronKey=31895f2bc5b8c2f88f9980d53a6a53ba&signature=6f5b1eb0c96ef861639cd055eeed4ae0eda980ab6b1450e19c6ee2d25f99f2ca HTTP/1.1" 200 - "-" "WordPress/6.9.4; http://nipponia.com"
20.123.172.228 - - [06/May/2026:23:03:58 +0000] "GET /wp-admin/admin-ajax.php?action=wordfence_doScan&isFork=1&scanMode=standard&cronKey=4bc7f4d9e3252758dd519e71119b1744&signature=7498ef5105757db7eea733d370126e4cdfdcce775f80aca60013d6eaaae500f4 HTTP/1.1" 200 - "-" "WordPress/6.9.4; http://nipponia.com"
20.123.172.228 - - [06/May/2026:23:04:28 +0000] "GET /wp-admin/admin-ajax.php?action=wordfence_doScan&isFork=1&scanMode=standard&cronKey=621e852f84e615381f13d768292806b2&signature=79aaa0bed8223ab42752624e7e2d938f29e1124181806d0903329e40c9c9d946 HTTP/1.1" 200 - "-" "WordPress/6.9.4; http://nipponia.com"
20.123.172.228 - - [06/May/2026:23:05:01 +0000] "POST /wp-cron.php?doing_wp_cron=1778108701.7247290611267089843750 HTTP/1.1" 200 - "-" "WordPress/6.9.4; http://nipponia.com"
20.123.172.228 - - [06/May/2026:23:05:00 +0000] "GET /wp-admin/admin-ajax.php?action=wordfence_doScan&isFork=1&scanMode=standard&cronKey=c828f239f1a74d11f557f918050ff449&signature=470c3f8a5fb32779208e7023ba870801512719259134fa26d4c6d5ce5f7a37b3 HTTP/1.1" 200 - "-" "WordPress/6.9.4; http://nipponia.com"
20.123.172.228 - - [06/May/2026:23:05:33 +0000] "GET /wp-admin/admin-ajax.php?action=wordfence_doScan&isFork=1&scanMode=standard&cronKey=0fbd9cc72faebbda13d6b23348a4b8ca&signature=9f6ce48259f25f60573e91bd0316470afa381f677de33f54079ad53a123089b6 HTTP/1.1" 200 - "-" "WordPress/6.9.4; http://nipponia.com"
20.123.172.228 - - [06/May/2026:23:06:04 +0000] "POST /wp-cron.php?doing_wp_cron=1778108764.4224219322204589843750 HTTP/1.1" 200 - "-" "WordPress/6.9.4; http://nipponia.com"
20.123.172.228 - - [06/May/2026:23:06:03 +0000] "GET /wp-admin/admin-ajax.php?action=wordfence_doScan&isFork=1&scanMode=standard&cronKey=6e72e07bb00b350b06ee2fd1d1c30dbc&signature=c80a38f5517bee1b920f7516246bb71940c4cfc8b3f1bb37790a5c5b49b079c5 HTTP/1.1" 200 - "-" "WordPress/6.9.4; http://nipponia.com"
20.123.172.228 - - [06/May/2026:23:06:35 +0000] "GET /wp-admin/admin-ajax.php?action=wordfence_doScan&isFork=1&scanMode=standard&cronKey=8378b6a86e7ce248d62d4a2fbe8b27fd&signature=423576cb0884b494edeca20da4319c30b06e916c58c1f32dd67b1ac809a5d102 HTTP/1.1" 200 - "-" "WordPress/6.9.4; http://nipponia.com"
20.123.172.228 - - [06/May/2026:23:07:08 +0000] "POST /wp-cron.php?doing_wp_cron=1778108827.9672179222106933593750 HTTP/1.1" 200 - "-" "WordPress/6.9.4; http://nipponia.com"
20.123.172.228 - - [06/May/2026:23:07:07 +0000] "GET /wp-admin/admin-ajax.php?action=wordfence_doScan&isFork=1&scanMode=standard&cronKey=0066972de156d571f78d4c31eeec2a29&signature=40cac4745ac959802f6849475e26e49b3df2fde887b40fd79f59303a079872d7 HTTP/1.1" 200 - "-" "WordPress/6.9.4; http://nipponia.com"
20.123.172.228 - - [06/May/2026:23:07:39 +0000] "GET /wp-admin/admin-ajax.php?action=wordfence_doScan&isFork=1&scanMode=standard&cronKey=b9ab560af1699d2107128189bf1cab53&signature=240c8fbb4c7d851a338025c267aba0b3a0fb50efaa861a01df8c36cc2eef1a10 HTTP/1.1" 200 - "-" "WordPress/6.9.4; http://nipponia.com"
20.123.172.228 - - [06/May/2026:23:08:11 +0000] "POST /wp-cron.php?doing_wp_cron=1778108891.3519389629364013671875 HTTP/1.1" 200 - "-" "WordPress/6.9.4; http://nipponia.com"
20.123.172.228 - - [06/May/2026:23:08:10 +0000] "GET /wp-admin/admin-ajax.php?action=wordfence_doScan&isFork=1&scanMode=standard&cronKey=149c1d9766dce99a754d7856b6b33e53&signature=151e18d0988bcd76582f483fa1a3473bfb5ea5974872aa89a37a9772967ce1a6 HTTP/1.1" 200 - "-" "WordPress/6.9.4; http://nipponia.com"
195.2.84.198 - - [06/May/2026:23:08:50 +0000] "GET / HTTP/1.0" 200 76495 "http://nipponia.com/" "Mozilla/5.0 (Windows NT 10.0; Win64; x64) AppleWebKit/537.36 (KHTML, like Gecko) Chrome/130.0.0.0 Safari/537.36 CCleaner/130.0.0.0"
20.123.172.228 - - [06/May/2026:23:09:12 +0000] "POST /wp-cron.php?doing_wp_cron=1778108952.2282240390777587890625 HTTP/1.1" 200 - "-" "WordPress/6.9.4; http://nipponia.com"
20.123.172.228 - - [06/May/2026:23:08:43 +0000] "GET /wp-admin/admin-ajax.php?action=wordfence_doScan&isFork=1&scanMode=standard&cronKey=379aee8e40abf7f3adfe9e95eaf8856a&signature=4422af99cef388f0541aa67ed3da95499a4845a4b35f3c64c8dba763506b938e HTTP/1.1" 200 - "-" "WordPress/6.9.4; http://nipponia.com"
10.0.0.4 - - [06/May/2026:23:09:19 +0000] "GET /.well-known/acme-challenge/3R6S6Q36810A64HMOUE0RFOGQGBT5KPV HTTP/1.1" 200 64 "-" "Cpanel-HTTP-Client/1.0"
195.2.84.198 - - [06/May/2026:23:09:13 +0000] "POST /wp-admin/admin-ajax.php HTTP/1.0" 200 111 "http://nipponia.com/" "Mozilla/5.0 (Windows NT 10.0; Win64; x64) AppleWebKit/537.36 (KHTML, like Gecko) Chrome/130.0.0.0 Safari/537.36 CCleaner/130.0.0.0"
20.123.172.228 - - [06/May/2026:23:09:16 +0000] "GET /wp-admin/admin-ajax.php?action=wordfence_doScan&isFork=1&scanMode=standard&cronKey=40e8e57b6665b350bc42f70afb3c6411&signature=4f1f2311db70eeae57c686dd397507113dda1a13565f88bc7c2545dd62b2d569 HTTP/1.1" 200 - "-" "WordPress/6.9.4; http://nipponia.com"
20.123.172.228 - - [06/May/2026:23:09:52 +0000] "GET /wp-admin/admin-ajax.php?action=wordfence_doScan&isFork=1&scanMode=standard&cronKey=b5d8e4c7dc65a76aff447b937c8ba66e&signature=7f7412b22753d6e8a3d75f2262f4062a0372ad290ce5fe810998d70ed38cad29 HTTP/1.1" 200 - "-" "WordPress/6.9.4; http://nipponia.com"
20.123.172.228 - - [06/May/2026:23:10:25 +0000] "POST /wp-cron.php?doing_wp_cron=1778109025.9275219440460205078125 HTTP/1.1" 200 - "-" "WordPress/6.9.4; http://nipponia.com"
20.123.172.228 - - [06/May/2026:23:10:24 +0000] "GET /wp-admin/admin-ajax.php?action=wordfence_doScan&isFork=1&scanMode=standard&cronKey=12dbc4aaea1fd24cf1f8b81f77d7feea&signature=8e6427627a4efd0de2fadc4fdf371695b069a2fb37e1a951be214067c89d13bc HTTP/1.1" 200 - "-" "WordPress/6.9.4; http://nipponia.com"
20.123.172.228 - - [06/May/2026:23:10:57 +0000] "GET /wp-admin/admin-ajax.php?action=wordfence_doScan&isFork=1&scanMode=standard&cronKey=d5818156bf746dd22cb65afd321710ff&signature=cc09c51bc8ec1f24438b2dcbfa69d5df93fa67464a28f730ed407c97186362d3 HTTP/1.1" 200 - "-" "WordPress/6.9.4; http://nipponia.com"
20.123.172.228 - - [06/May/2026:23:11:30 +0000] "POST /wp-cron.php?doing_wp_cron=1778109090.6628870964050292968750 HTTP/1.1" 200 - "-" "WordPress/6.9.4; http://nipponia.com"
20.123.172.228 - - [06/May/2026:23:11:29 +0000] "GET /wp-admin/admin-ajax.php?action=wordfence_doScan&isFork=1&scanMode=standard&cronKey=7eee6de8ea945e773ca51267066b19ee&signature=9a57b83aa00a378ac6f2ce26fb4761358a730cf889f3cb7d3e3b5cb017636057 HTTP/1.1" 200 - "-" "WordPress/6.9.4; http://nipponia.com"
20.123.172.228 - - [06/May/2026:23:12:03 +0000] "GET /wp-admin/admin-ajax.php?action=wordfence_doScan&isFork=1&scanMode=standard&cronKey=f20621d48ae75ca21ba5ea1b8a5c8f80&signature=0c84df9ad3a22b680d3f5f8303c6d5c19036efceb67c29427a11e1af27bee2ad HTTP/1.1" 200 - "-" "WordPress/6.9.4; http://nipponia.com"
20.123.172.228 - - [06/May/2026:23:12:35 +0000] "POST /wp-cron.php?doing_wp_cron=1778109154.9281890392303466796875 HTTP/1.1" 200 - "-" "WordPress/6.9.4; http://nipponia.com"
20.123.172.228 - - [06/May/2026:23:12:33 +0000] "GET /wp-admin/admin-ajax.php?action=wordfence_doScan&isFork=1&scanMode=standard&cronKey=9fb53b7c9012a786bd42595118cfb97c&signature=210464c3b5641aafd46e28d074844353bee1b2fce1336b3905fa3135a2509d3e HTTP/1.1" 200 - "-" "WordPress/6.9.4; http://nipponia.com"
20.123.172.228 - - [06/May/2026:23:13:06 +0000] "GET /wp-admin/admin-ajax.php?action=wordfence_doScan&isFork=1&scanMode=standard&cronKey=bed2ce4300b1e4c83035a919ea6caa18&signature=75e8fb0474de2fd7f9e79063dc1d7089275b0015b12bf61c84569103be4e38d0 HTTP/1.1" 200 - "-" "WordPress/6.9.4; http://nipponia.com"
20.123.172.228 - - [06/May/2026:23:13:39 +0000] "POST /wp-cron.php?doing_wp_cron=1778109219.1172289848327636718750 HTTP/1.1" 200 - "-" "WordPress/6.9.4; http://nipponia.com"
20.123.172.228 - - [06/May/2026:23:13:38 +0000] "GET /wp-admin/admin-ajax.php?action=wordfence_doScan&isFork=1&scanMode=standard&cronKey=4b17287b5c6ed7b91d3767998e1fe000&signature=34884e4d24f1fd5f4d12fe0115f2e33dc2572904657723a14c545fb341b1c35b HTTP/1.1" 200 - "-" "WordPress/6.9.4; http://nipponia.com"
20.123.172.228 - - [06/May/2026:23:14:07 +0000] "GET /wp-admin/admin-ajax.php?action=wordfence_doScan&isFork=1&scanMode=standard&cronKey=6109f85fc4ccca7e422f1e97bf27282e&signature=2e8de82e631724537bff394334e557d6ccfbee78ac9d29876420a794f63cdffc HTTP/1.1" 200 - "-" "WordPress/6.9.4; http://nipponia.com"
20.123.172.228 - - [06/May/2026:23:14:40 +0000] "POST /wp-cron.php?doing_wp_cron=1778109280.2269830703735351562500 HTTP/1.1" 200 - "-" "WordPress/6.9.4; http://nipponia.com"
