66.249.66.195 - - [07/May/2026:01:50:55 +0000] "GET / HTTP/1.1" 200 14759 "-" "Mozilla/5.0 (Linux; Android 6.0.1; Nexus 5X Build/MMB29P) AppleWebKit/537.36 (KHTML, like Gecko) Chrome/147.0.7727.137 Mobile Safari/537.36 (compatible; Googlebot/2.1; +http://www.google.com/bot.html)"
20.123.172.228 - - [07/May/2026:01:51:13 +0000] "POST /wp-cron.php?doing_wp_cron=1778118673.1256930828094482421875 HTTP/1.1" 200 - "-" "WordPress/6.9.4; http://nipponia.com"
66.249.66.194 - - [07/May/2026:01:51:18 +0000] "GET /wp-content/themes/hello-elementor/assets/js/hello-frontend.min.js?ver=1.0.0 HTTP/1.1" 200 1024 "http://nipponia.com/" "Mozilla/5.0 (Linux; Android 6.0.1; Nexus 5X Build/MMB29P) AppleWebKit/537.36 (KHTML, like Gecko) Chrome/147.0.7727.137 Mobile Safari/537.36 (compatible; Googlebot/2.1; +http://www.google.com/bot.html)"
66.249.66.78 - - [07/May/2026:01:51:46 +0000] "GET /wp-content/plugins/elementor-pro/assets/lib/smartmenus/jquery.smartmenus.min.js?ver=1.0.1 HTTP/1.1" 200 7157 "http://nipponia.com/" "Mozilla/5.0 (Linux; Android 6.0.1; Nexus 5X Build/MMB29P) AppleWebKit/537.36 (KHTML, like Gecko) Chrome/147.0.7727.137 Mobile Safari/537.36 (compatible; Googlebot/2.1; +http://www.google.com/bot.html)"
40.77.167.184 - - [07/May/2026:02:08:05 +0000] "GET /robots.txt HTTP/1.1" 200 122 "-" "Mozilla/5.0 AppleWebKit/537.36 (KHTML, like Gecko; compatible; bingbot/2.0; +http://www.bing.com/bingbot.htm) Chrome/116.0.1938.76 Safari/537.36"
52.167.144.173 - - [07/May/2026:02:08:24 +0000] "GET /sitemap.xml HTTP/1.1" 301 - "-" "Mozilla/5.0 AppleWebKit/537.36 (KHTML, like Gecko; compatible; bingbot/2.0; +http://www.bing.com/bingbot.htm) Chrome/116.0.1938.76 Safari/537.36"
52.167.144.173 - - [07/May/2026:02:08:44 +0000] "GET /sitemap_index.xml HTTP/1.1" 200 336 "-" "Mozilla/5.0 AppleWebKit/537.36 (KHTML, like Gecko; compatible; bingbot/2.0; +http://www.bing.com/bingbot.htm) Chrome/116.0.1938.76 Safari/537.36"
10.0.0.4 - - [07/May/2026:02:09:17 +0000] "GET /.well-known/acme-challenge/91_9S_S5Q840TGNWSV65EJJR397CHDSL HTTP/1.1" 200 64 "-" "Cpanel-HTTP-Client/1.0"
85.203.21.204 - - [07/May/2026:02:10:49 +0000] "GET / HTTP/1.1" 200 15366 "-" "Mozilla/5.0 (Windows NT 10.0; Win64; x64; rv:150.0) Gecko/20100101 Firefox/150.0"
85.203.21.228 - - [07/May/2026:02:12:32 +0000] "GET / HTTP/1.1" 200 15366 "-" "Mozilla/5.0 (Windows NT 10.0; Win64; x64; rv:150.0) Gecko/20100101 Firefox/150.0"
103.141.30.37 - - [07/May/2026:02:23:04 +0000] "GET /china-2/ HTTP/1.1" 200 12444 "https://www.google.com/" "Mozilla/5.0 (Windows NT 10.0; Win64; x64) AppleWebKit/537.36 (KHTML, like Gecko) Chrome/147.0.0.0 Safari/537.36"
103.141.30.37 - - [07/May/2026:02:23:25 +0000] "GET /wp-includes/css/dist/block-library/style.min.css?ver=6.9.4 HTTP/1.1" 200 15916 "http://nipponia.com/china-2/" "Mozilla/5.0 (Windows NT 10.0; Win64; x64) AppleWebKit/537.36 (KHTML, like Gecko) Chrome/147.0.0.0 Safari/537.36"
103.141.30.37 - - [07/May/2026:02:23:25 +0000] "GET /wp-content/themes/hello-elementor/style.min.css?ver=2.6.1 HTTP/1.1" 200 1940 "http://nipponia.com/china-2/" "Mozilla/5.0 (Windows NT 10.0; Win64; x64) AppleWebKit/537.36 (KHTML, like Gecko) Chrome/147.0.0.0 Safari/537.36"
103.141.30.37 - - [07/May/2026:02:23:25 +0000] "GET /wp-content/themes/hello-elementor/theme.min.css?ver=2.6.1 HTTP/1.1" 200 2664 "http://nipponia.com/china-2/" "Mozilla/5.0 (Windows NT 10.0; Win64; x64) AppleWebKit/537.36 (KHTML, like Gecko) Chrome/147.0.0.0 Safari/537.36"
103.141.30.37 - - [07/May/2026:02:23:25 +0000] "GET /wp-content/plugins/elementor/assets/css/frontend-lite.min.css?ver=3.10.1 HTTP/1.1" 200 13541 "http://nipponia.com/china-2/" "Mozilla/5.0 (Windows NT 10.0; Win64; x64) AppleWebKit/537.36 (KHTML, like Gecko) Chrome/147.0.0.0 Safari/537.36"
103.141.30.37 - - [07/May/2026:02:23:26 +0000] "GET /wp-content/uploads/elementor/css/post-175.css?ver=1674635264 HTTP/1.1" 200 439 "http://nipponia.com/china-2/" "Mozilla/5.0 (Windows NT 10.0; Win64; x64) AppleWebKit/537.36 (KHTML, like Gecko) Chrome/147.0.0.0 Safari/537.36"
103.141.30.37 - - [07/May/2026:02:23:26 +0000] "GET /wp-content/plugins/elementor/assets/lib/eicons/css/elementor-icons.min.css?ver=5.17.0 HTTP/1.1" 200 3969 "http://nipponia.com/china-2/" "Mozilla/5.0 (Windows NT 10.0; Win64; x64) AppleWebKit/537.36 (KHTML, like Gecko) Chrome/147.0.0.0 Safari/537.36"
103.141.30.37 - - [07/May/2026:02:23:26 +0000] "GET /wp-content/plugins/elementor-pro/assets/css/frontend-lite.min.css?ver=3.10.2 HTTP/1.1" 200 1448 "http://nipponia.com/china-2/" "Mozilla/5.0 (Windows NT 10.0; Win64; x64) AppleWebKit/537.36 (KHTML, like Gecko) Chrome/147.0.0.0 Safari/537.36"
103.141.30.37 - - [07/May/2026:02:23:26 +0000] "GET /wp-content/uploads/elementor/css/post-391.css?ver=1675421346 HTTP/1.1" 200 549 "http://nipponia.com/china-2/" "Mozilla/5.0 (Windows NT 10.0; Win64; x64) AppleWebKit/537.36 (KHTML, like Gecko) Chrome/147.0.0.0 Safari/537.36"
103.141.30.37 - - [07/May/2026:02:23:27 +0000] "GET /wp-content/uploads/elementor/css/post-167.css?ver=1674635265 HTTP/1.1" 200 576 "http://nipponia.com/china-2/" "Mozilla/5.0 (Windows NT 10.0; Win64; x64) AppleWebKit/537.36 (KHTML, like Gecko) Chrome/147.0.0.0 Safari/537.36"
103.141.30.37 - - [07/May/2026:02:23:27 +0000] "GET /wp-content/uploads/elementor/css/post-283.css?ver=1675771772 HTTP/1.1" 200 1491 "http://nipponia.com/china-2/" "Mozilla/5.0 (Windows NT 10.0; Win64; x64) AppleWebKit/537.36 (KHTML, like Gecko) Chrome/147.0.0.0 Safari/537.36"
103.141.30.37 - - [07/May/2026:02:23:27 +0000] "GET /wp-content/plugins/cookie-notice/css/front.min.css?ver=6.9.4 HTTP/1.1" 200 1108 "http://nipponia.com/china-2/" "Mozilla/5.0 (Windows NT 10.0; Win64; x64) AppleWebKit/537.36 (KHTML, like Gecko) Chrome/147.0.0.0 Safari/537.36"
103.141.30.37 - - [07/May/2026:02:23:27 +0000] "GET /wp-content/plugins/elementor/assets/lib/font-awesome/css/fontawesome.min.css?ver=5.15.3 HTTP/1.1" 200 12582 "http://nipponia.com/china-2/" "Mozilla/5.0 (Windows NT 10.0; Win64; x64) AppleWebKit/537.36 (KHTML, like Gecko) Chrome/147.0.0.0 Safari/537.36"
103.141.30.37 - - [07/May/2026:02:23:28 +0000] "GET /wp-content/plugins/elementor/assets/lib/font-awesome/css/solid.min.css?ver=5.15.3 HTTP/1.1" 200 309 "http://nipponia.com/china-2/" "Mozilla/5.0 (Windows NT 10.0; Win64; x64) AppleWebKit/537.36 (KHTML, like Gecko) Chrome/147.0.0.0 Safari/537.36"
103.141.30.37 - - [07/May/2026:02:23:28 +0000] "GET /wp-content/plugins/elementor/assets/lib/font-awesome/css/brands.min.css?ver=5.15.3 HTTP/1.1" 200 308 "http://nipponia.com/china-2/" "Mozilla/5.0 (Windows NT 10.0; Win64; x64) AppleWebKit/537.36 (KHTML, like Gecko) Chrome/147.0.0.0 Safari/537.36"
103.141.30.37 - - [07/May/2026:02:23:28 +0000] "GET /wp-includes/js/jquery/jquery.min.js?ver=3.7.1 HTTP/1.1" 200 30368 "http://nipponia.com/china-2/" "Mozilla/5.0 (Windows NT 10.0; Win64; x64) AppleWebKit/537.36 (KHTML, like Gecko) Chrome/147.0.0.0 Safari/537.36"
103.141.30.37 - - [07/May/2026:02:23:28 +0000] "GET /wp-includes/js/jquery/jquery-migrate.min.js?ver=3.4.1 HTTP/1.1" 200 4872 "http://nipponia.com/china-2/" "Mozilla/5.0 (Windows NT 10.0; Win64; x64) AppleWebKit/537.36 (KHTML, like Gecko) Chrome/147.0.0.0 Safari/537.36"
103.141.30.37 - - [07/May/2026:02:23:29 +0000] "GET /wp-content/themes/hello-elementor/assets/js/hello-frontend.min.js?ver=1.0.0 HTTP/1.1" 200 1024 "http://nipponia.com/china-2/" "Mozilla/5.0 (Windows NT 10.0; Win64; x64) AppleWebKit/537.36 (KHTML, like Gecko) Chrome/147.0.0.0 Safari/537.36"
103.141.30.37 - - [07/May/2026:02:23:29 +0000] "GET /wp-content/plugins/elementor-pro/assets/lib/smartmenus/jquery.smartmenus.min.js?ver=1.0.1 HTTP/1.1" 200 7157 "http://nipponia.com/china-2/" "Mozilla/5.0 (Windows NT 10.0; Win64; x64) AppleWebKit/537.36 (KHTML, like Gecko) Chrome/147.0.0.0 Safari/537.36"
103.141.30.37 - - [07/May/2026:02:23:29 +0000] "GET /wp-content/plugins/elementor-pro/assets/js/webpack-pro.runtime.min.js?ver=3.10.2 HTTP/1.1" 200 2439 "http://nipponia.com/china-2/" "Mozilla/5.0 (Windows NT 10.0; Win64; x64) AppleWebKit/537.36 (KHTML, like Gecko) Chrome/147.0.0.0 Safari/537.36"
103.141.30.37 - - [07/May/2026:02:23:29 +0000] "GET /wp-content/plugins/elementor/assets/js/webpack.runtime.min.js?ver=3.10.1 HTTP/1.1" 200 2225 "http://nipponia.com/china-2/" "Mozilla/5.0 (Windows NT 10.0; Win64; x64) AppleWebKit/537.36 (KHTML, like Gecko) Chrome/147.0.0.0 Safari/537.36"
103.141.30.37 - - [07/May/2026:02:23:30 +0000] "GET /wp-content/plugins/elementor/assets/js/frontend-modules.min.js?ver=3.10.1 HTTP/1.1" 200 11399 "http://nipponia.com/china-2/" "Mozilla/5.0 (Windows NT 10.0; Win64; x64) AppleWebKit/537.36 (KHTML, like Gecko) Chrome/147.0.0.0 Safari/537.36"
103.141.30.37 - - [07/May/2026:02:23:30 +0000] "GET /wp-includes/js/dist/hooks.min.js?ver=dd5603f07f9220ed27f1 HTTP/1.1" 200 1941 "http://nipponia.com/china-2/" "Mozilla/5.0 (Windows NT 10.0; Win64; x64) AppleWebKit/537.36 (KHTML, like Gecko) Chrome/147.0.0.0 Safari/537.36"
103.141.30.37 - - [07/May/2026:02:23:30 +0000] "GET /wp-includes/js/dist/i18n.min.js?ver=c26c3dc7bed366793375 HTTP/1.1" 200 2229 "http://nipponia.com/china-2/" "Mozilla/5.0 (Windows NT 10.0; Win64; x64) AppleWebKit/537.36 (KHTML, like Gecko) Chrome/147.0.0.0 Safari/537.36"
103.141.30.37 - - [07/May/2026:02:23:30 +0000] "GET /wp-content/plugins/elementor-pro/assets/js/frontend.min.js?ver=3.10.2 HTTP/1.1" 200 5743 "http://nipponia.com/china-2/" "Mozilla/5.0 (Windows NT 10.0; Win64; x64) AppleWebKit/537.36 (KHTML, like Gecko) Chrome/147.0.0.0 Safari/537.36"
103.141.30.37 - - [07/May/2026:02:23:31 +0000] "GET /wp-content/plugins/elementor/assets/lib/waypoints/waypoints.min.js?ver=4.0.2 HTTP/1.1" 200 2993 "http://nipponia.com/china-2/" "Mozilla/5.0 (Windows NT 10.0; Win64; x64) AppleWebKit/537.36 (KHTML, like Gecko) Chrome/147.0.0.0 Safari/537.36"
103.141.30.37 - - [07/May/2026:02:23:31 +0000] "GET /wp-includes/js/jquery/ui/core.min.js?ver=1.13.3 HTTP/1.1" 200 7106 "http://nipponia.com/china-2/" "Mozilla/5.0 (Windows NT 10.0; Win64; x64) AppleWebKit/537.36 (KHTML, like Gecko) Chrome/147.0.0.0 Safari/537.36"
103.141.30.37 - - [07/May/2026:02:23:31 +0000] "GET /wp-content/plugins/elementor/assets/js/frontend.min.js?ver=3.10.1 HTTP/1.1" 200 12124 "http://nipponia.com/china-2/" "Mozilla/5.0 (Windows NT 10.0; Win64; x64) AppleWebKit/537.36 (KHTML, like Gecko) Chrome/147.0.0.0 Safari/537.36"
103.141.30.37 - - [07/May/2026:02:23:31 +0000] "GET /wp-content/plugins/elementor-pro/assets/js/elements-handlers.min.js?ver=3.10.2 HTTP/1.1" 200 6374 "http://nipponia.com/china-2/" "Mozilla/5.0 (Windows NT 10.0; Win64; x64) AppleWebKit/537.36 (KHTML, like Gecko) Chrome/147.0.0.0 Safari/537.36"
103.141.30.37 - - [07/May/2026:02:23:32 +0000] "GET /wp-content/plugins/cookie-notice/js/front.min.js?ver=2.4.6 HTTP/1.1" 200 2128 "http://nipponia.com/china-2/" "Mozilla/5.0 (Windows NT 10.0; Win64; x64) AppleWebKit/537.36 (KHTML, like Gecko) Chrome/147.0.0.0 Safari/537.36"
103.141.30.37 - - [07/May/2026:02:23:32 +0000] "GET /wp-content/plugins/elementor/assets/lib/eicons/fonts/eicons.woff2?5.17.0 HTTP/1.1" 200 93477 "http://nipponia.com/wp-content/plugins/elementor/assets/lib/eicons/css/elementor-icons.min.css?ver=5.17.0" "Mozilla/5.0 (Windows NT 10.0; Win64; x64) AppleWebKit/537.36 (KHTML, like Gecko) Chrome/147.0.0.0 Safari/537.36"
103.141.30.37 - - [07/May/2026:02:23:32 +0000] "GET /wp-content/plugins/elementor/assets/lib/font-awesome/webfonts/fa-brands-400.woff2 HTTP/1.1" 200 76797 "http://nipponia.com/wp-content/plugins/elementor/assets/lib/font-awesome/css/brands.min.css?ver=5.15.3" "Mozilla/5.0 (Windows NT 10.0; Win64; x64) AppleWebKit/537.36 (KHTML, like Gecko) Chrome/147.0.0.0 Safari/537.36"
103.141.30.37 - - [07/May/2026:02:23:33 +0000] "GET /wp-content/plugins/elementor-pro/assets/js/nav-menu.c8d112707fd7172d2a9d.bundle.min.js HTTP/1.1" 200 1529 "http://nipponia.com/china-2/" "Mozilla/5.0 (Windows NT 10.0; Win64; x64) AppleWebKit/537.36 (KHTML, like Gecko) Chrome/147.0.0.0 Safari/537.36"
103.141.30.37 - - [07/May/2026:02:23:33 +0000] "GET /wp-content/plugins/elementor/assets/js/text-editor.2c35aafbe5bf0e127950.bundle.min.js HTTP/1.1" 200 665 "http://nipponia.com/china-2/" "Mozilla/5.0 (Windows NT 10.0; Win64; x64) AppleWebKit/537.36 (KHTML, like Gecko) Chrome/147.0.0.0 Safari/537.36"
103.141.30.37 - - [07/May/2026:02:23:33 +0000] "GET /wp-includes/js/wp-emoji-release.min.js?ver=6.9.4 HTTP/1.1" 200 5375 "http://nipponia.com/china-2/" "Mozilla/5.0 (Windows NT 10.0; Win64; x64) AppleWebKit/537.36 (KHTML, like Gecko) Chrome/147.0.0.0 Safari/537.36"
103.141.30.37 - - [07/May/2026:02:23:33 +0000] "GET /wp-content/plugins/elementor/assets/lib/font-awesome/webfonts/fa-solid-900.woff2 HTTP/1.1" 200 78099 "http://nipponia.com/wp-content/plugins/elementor/assets/lib/font-awesome/css/solid.min.css?ver=5.15.3" "Mozilla/5.0 (Windows NT 10.0; Win64; x64) AppleWebKit/537.36 (KHTML, like Gecko) Chrome/147.0.0.0 Safari/537.36"
103.141.30.37 - - [07/May/2026:02:23:05 +0000] "GET /company-profile/ HTTP/1.1" 200 12016 "https://www.google.com/" "Mozilla/5.0 (Windows NT 10.0; Win64; x64) AppleWebKit/537.36 (KHTML, like Gecko) Chrome/147.0.0.0 Safari/537.36"
103.141.30.37 - - [07/May/2026:02:23:06 +0000] "GET /testposts/ HTTP/1.1" 200 12910 "https://www.google.com/" "Mozilla/5.0 (Windows NT 10.0; Win64; x64) AppleWebKit/537.36 (KHTML, like Gecko) Chrome/147.0.0.0 Safari/537.36"
103.141.30.37 - - [07/May/2026:02:23:07 +0000] "GET /greece/ HTTP/1.1" 200 12470 "https://www.google.com/" "Mozilla/5.0 (Windows NT 10.0; Win64; x64) AppleWebKit/537.36 (KHTML, like Gecko) Chrome/147.0.0.0 Safari/537.36"
103.141.30.37 - - [07/May/2026:02:23:20 +0000] "GET /nipponia-global-footprint/ HTTP/1.1" 200 11863 "https://www.google.com/" "Mozilla/5.0 (Windows NT 10.0; Win64; x64) AppleWebKit/537.36 (KHTML, like Gecko) Chrome/147.0.0.0 Safari/537.36"
103.141.30.37 - - [07/May/2026:02:23:21 +0000] "GET /2023/01/14/volty2/ HTTP/1.1" 200 11662 "https://www.google.com/" "Mozilla/5.0 (Windows NT 10.0; Win64; x64) AppleWebKit/537.36 (KHTML, like Gecko) Chrome/147.0.0.0 Safari/537.36"
77.238.254.64 - - [07/May/2026:02:28:46 +0000] "GET / HTTP/1.0" 200 76495 "http://nipponia.com/" "Mozilla/5.0 (Windows NT 10.0; Win64; x64) AppleWebKit/537.36 (KHTML, like Gecko) Chrome/131.0.0.0 Safari/537.36"
77.238.254.64 - - [07/May/2026:02:29:07 +0000] "POST /wp-admin/admin-ajax.php HTTP/1.0" 200 111 "http://nipponia.com/" "Mozilla/5.0 (Windows NT 10.0; Win64; x64) AppleWebKit/537.36 (KHTML, like Gecko) Chrome/131.0.0.0 Safari/537.36"
216.73.216.49 - - [07/May/2026:02:45:31 +0000] "GET /robots.txt HTTP/1.1" 200 122 "-" "Mozilla/5.0 AppleWebKit/537.36 (KHTML, like Gecko; compatible; ClaudeBot/1.0; +claudebot@anthropic.com)"
216.73.216.49 - - [07/May/2026:02:45:43 +0000] "GET /sitemap_index.xml HTTP/1.1" 200 336 "-" "Mozilla/5.0 AppleWebKit/537.36 (KHTML, like Gecko; compatible; ClaudeBot/1.0; +claudebot@anthropic.com)"
102.129.223.92 - - [07/May/2026:02:50:18 +0000] "GET / HTTP/1.1" 200 15366 "-" "Mozilla/5.0 (Macintosh; Intel Mac OS X 12.5; rv:114.0) Gecko/20100101 Firefox/114.0"
20.123.172.228 - - [07/May/2026:02:50:29 +0000] "POST /?wordfence_syncAttackData=1778122229.4386 HTTP/1.1" 200 - "-" "WordPress/6.9.4; http://nipponia.com"
20.123.172.228 - - [07/May/2026:02:50:46 +0000] "POST /wp-cron.php?doing_wp_cron=1778122246.5965619087219238281250 HTTP/1.1" 200 - "-" "WordPress/6.9.4; http://nipponia.com"
102.129.223.92 - - [07/May/2026:02:50:48 +0000] "GET /company-profile/ HTTP/1.1" 200 12016 "http://nipponia.com" "Mozilla/5.0 (Macintosh; Intel Mac OS X 12.5; rv:114.0) Gecko/20100101 Firefox/114.0"
102.129.223.92 - - [07/May/2026:02:51:13 +0000] "GET / HTTP/1.1" 200 15366 "http://nipponia.com" "Mozilla/5.0 (Macintosh; Intel Mac OS X 12.5; rv:114.0) Gecko/20100101 Firefox/114.0"
20.123.172.228 - - [07/May/2026:02:51:33 +0000] "POST /wp-cron.php?doing_wp_cron=1778122293.6721410751342773437500 HTTP/1.1" 200 - "-" "WordPress/6.9.4; http://nipponia.com"
102.129.223.92 - - [07/May/2026:02:51:35 +0000] "GET /greece/ HTTP/1.1" 200 12470 "http://nipponia.com" "Mozilla/5.0 (Macintosh; Intel Mac OS X 12.5; rv:114.0) Gecko/20100101 Firefox/114.0"
102.129.223.92 - - [07/May/2026:02:51:54 +0000] "GET /?s= HTTP/1.1" 200 12529 "http://nipponia.com" "Mozilla/5.0 (Macintosh; Intel Mac OS X 12.5; rv:114.0) Gecko/20100101 Firefox/114.0"
102.129.223.92 - - [07/May/2026:02:52:12 +0000] "GET /netherlands/ HTTP/1.1" 200 12491 "http://nipponia.com" "Mozilla/5.0 (Macintosh; Intel Mac OS X 12.5; rv:114.0) Gecko/20100101 Firefox/114.0"
102.129.223.92 - - [07/May/2026:02:52:29 +0000] "GET /comments/feed/ HTTP/1.1" 200 398 "http://nipponia.com" "Mozilla/5.0 (Macintosh; Intel Mac OS X 12.5; rv:114.0) Gecko/20100101 Firefox/114.0"
102.129.223.92 - - [07/May/2026:02:52:40 +0000] "GET /dominican-republic/ HTTP/1.1" 200 12465 "http://nipponia.com" "Mozilla/5.0 (Macintosh; Intel Mac OS X 12.5; rv:114.0) Gecko/20100101 Firefox/114.0"
102.129.223.92 - - [07/May/2026:02:52:57 +0000] "POST /wp-admin/admin-ajax.php HTTP/1.1" 400 21 "http://nipponia.com" "Mozilla/5.0 (Macintosh; Intel Mac OS X 12.5; rv:114.0) Gecko/20100101 Firefox/114.0"
52.165.255.19 - - [07/May/2026:03:07:57 +0000] "GET //wp-content/plugins/fix/up.php HTTP/1.1" 301 - "-" "Mozilla/5.0 (Windows NT 10.0; Win64; x64) AppleWebKit/537.36 (KHTML, like Gecko) Chrome/85.0.4183.102 Safari/537.36"
20.123.172.228 - - [07/May/2026:03:08:09 +0000] "POST /wp-cron.php?doing_wp_cron=1778123289.2937190532684326171875 HTTP/1.1" 200 - "-" "WordPress/6.9.4; http://nipponia.com"
164.90.185.6 - - [07/May/2026:03:20:34 +0000] "GET /wp-login.php HTTP/1.1" 200 1961 "-" "Mozilla/5.0"
20.123.172.228 - - [07/May/2026:03:20:48 +0000] "POST /wp-cron.php?doing_wp_cron=1778124047.9520699977874755859375 HTTP/1.1" 200 - "-" "WordPress/6.9.4; http://nipponia.com"
20.123.172.228 - - [07/May/2026:03:20:43 +0000] "POST /?wordfence_syncAttackData=1778124043.1126 HTTP/1.1" 200 - "-" "WordPress/6.9.4; http://nipponia.com"
164.90.185.6 - - [07/May/2026:03:20:49 +0000] "GET /?author=1 HTTP/1.1" 404 - "-" "Mozilla/5.0"
164.90.185.6 - - [07/May/2026:03:21:01 +0000] "GET /?feed=rss2 HTTP/1.1" 301 - "-" "Mozilla/5.0"
20.123.172.228 - - [07/May/2026:03:21:08 +0000] "POST /?wordfence_syncAttackData=1778124068.8546 HTTP/1.1" 200 - "-" "WordPress/6.9.4; http://nipponia.com"
164.90.185.6 - - [07/May/2026:03:21:13 +0000] "GET /feed/ HTTP/1.1" 200 1090 "-" "Mozilla/5.0"
182.8.65.47 - - [07/May/2026:03:25:23 +0000] "GET / HTTP/1.1" 200 15366 "-" "Mozilla/5.0 (Linux; Android 10; K) AppleWebKit/537.36 (KHTML, like Gecko) Chrome/147.0.0.0 Mobile Safari/537.36"
20.123.172.228 - - [07/May/2026:03:25:31 +0000] "POST /?wordfence_syncAttackData=1778124330.9757 HTTP/1.1" 200 14759 "-" "WordPress/6.9.4; http://nipponia.com"
164.90.185.6 - - [07/May/2026:03:37:50 +0000] "POST /wp-login.php HTTP/1.1" 503 18941 "-" "Mozilla/5.0"
20.123.172.228 - - [07/May/2026:03:37:59 +0000] "POST /?wordfence_syncAttackData=1778125078.9226 HTTP/1.1" 200 - "-" "WordPress/6.9.4; http://nipponia.com"
106.8.139.196 - - [07/May/2026:03:38:03 +0000] "GET / HTTP/1.1" 200 14759 "-" "YisouSpider"
116.132.236.74 - - [07/May/2026:03:38:20 +0000] "GET /wp-includes/css/dist/block-library/style.min.css?ver=6.9.4 HTTP/1.1" 200 15916 "http://nipponia.com/" "YisouSpider"
106.8.131.155 - - [07/May/2026:03:38:20 +0000] "GET /wp-content/themes/hello-elementor/theme.min.css?ver=2.6.1 HTTP/1.1" 200 2664 "http://nipponia.com/" "YisouSpider"
116.132.252.40 - - [07/May/2026:03:38:20 +0000] "GET /wp-content/themes/hello-elementor/style.min.css?ver=2.6.1 HTTP/1.1" 200 1940 "http://nipponia.com/" "YisouSpider"
116.132.138.232 - - [07/May/2026:03:38:20 +0000] "GET /wp-content/uploads/elementor/css/post-175.css?ver=1674635264 HTTP/1.1" 200 439 "http://nipponia.com/" "YisouSpider"
116.132.217.93 - - [07/May/2026:03:38:20 +0000] "GET /wp-content/plugins/elementor-pro/assets/css/frontend-lite.min.css?ver=3.10.2 HTTP/1.1" 200 1448 "http://nipponia.com/" "YisouSpider"
124.239.12.28 - - [07/May/2026:03:38:21 +0000] "GET /wp-content/plugins/elementor/assets/lib/eicons/css/elementor-icons.min.css?ver=5.17.0 HTTP/1.1" 200 3969 "http://nipponia.com/" "YisouSpider"
106.8.137.41 - - [07/May/2026:03:38:21 +0000] "GET /wp-content/uploads/elementor/css/post-167.css?ver=1674635265 HTTP/1.1" 200 576 "http://nipponia.com/" "YisouSpider"
116.132.136.20 - - [07/May/2026:03:38:21 +0000] "GET /wp-content/uploads/elementor/css/post-81.css?ver=1747053258 HTTP/1.1" 200 1878 "http://nipponia.com/" "YisouSpider"
123.182.50.245 - - [07/May/2026:03:38:21 +0000] "GET /wp-content/uploads/elementor/css/post-283.css?ver=1675771772 HTTP/1.1" 200 1491 "http://nipponia.com/" "YisouSpider"
116.132.236.5 - - [07/May/2026:03:38:21 +0000] "GET /wp-content/plugins/elementor/assets/lib/font-awesome/css/fontawesome.min.css?ver=5.15.3 HTTP/1.1" 200 12582 "http://nipponia.com/" "YisouSpider"
124.239.12.7 - - [07/May/2026:03:38:21 +0000] "GET /wp-content/plugins/elementor/assets/css/frontend-lite.min.css?ver=3.10.1 HTTP/1.1" 200 13541 "http://nipponia.com/" "YisouSpider"
123.182.49.60 - - [07/May/2026:03:38:22 +0000] "GET /wp-content/plugins/elementor/assets/lib/font-awesome/css/solid.min.css?ver=5.15.3 HTTP/1.1" 200 309 "http://nipponia.com/" "YisouSpider"
106.8.139.45 - - [07/May/2026:03:38:22 +0000] "GET /wp-content/plugins/elementor/assets/lib/font-awesome/css/brands.min.css?ver=5.15.3 HTTP/1.1" 200 308 "http://nipponia.com/" "YisouSpider"
123.182.51.133 - - [07/May/2026:03:38:22 +0000] "GET /wp-content/plugins/elementor/assets/lib/animations/animations.min.css?ver=3.10.1 HTTP/1.1" 200 2592 "http://nipponia.com/" "YisouSpider"
123.182.49.90 - - [07/May/2026:03:38:22 +0000] "GET /wp-includes/js/jquery/jquery-migrate.min.js?ver=3.4.1 HTTP/1.1" 200 4872 "http://nipponia.com/" "YisouSpider"
116.132.218.87 - - [07/May/2026:03:38:22 +0000] "GET /wp-includes/js/jquery/jquery.min.js?ver=3.7.1 HTTP/1.1" 200 30368 "http://nipponia.com/" "YisouSpider"
123.182.50.65 - - [07/May/2026:03:38:23 +0000] "GET /wp-content/plugins/elementor-pro/assets/lib/smartmenus/jquery.smartmenus.min.js?ver=1.0.1 HTTP/1.1" 200 7157 "http://nipponia.com/" "YisouSpider"
123.182.49.58 - - [07/May/2026:03:38:23 +0000] "GET /wp-content/plugins/elementor-pro/assets/js/webpack-pro.runtime.min.js?ver=3.10.2 HTTP/1.1" 200 2439 "http://nipponia.com/" "YisouSpider"
106.8.139.169 - - [07/May/2026:03:38:23 +0000] "GET /wp-content/plugins/elementor/assets/js/webpack.runtime.min.js?ver=3.10.1 HTTP/1.1" 200 2225 "http://nipponia.com/" "YisouSpider"
106.8.139.58 - - [07/May/2026:03:38:23 +0000] "GET /wp-content/themes/hello-elementor/assets/js/hello-frontend.min.js?ver=1.0.0 HTTP/1.1" 200 1024 "http://nipponia.com/" "YisouSpider"
124.239.12.192 - - [07/May/2026:03:38:23 +0000] "GET /wp-content/plugins/elementor/assets/lib/jquery-numerator/jquery-numerator.min.js?ver=0.2.1 HTTP/1.1" 200 740 "http://nipponia.com/" "YisouSpider"
116.132.252.21 - - [07/May/2026:03:38:23 +0000] "GET /wp-content/plugins/elementor/assets/js/frontend-modules.min.js?ver=3.10.1 HTTP/1.1" 200 11399 "http://nipponia.com/" "YisouSpider"
106.8.139.102 - - [07/May/2026:03:38:23 +0000] "GET /wp-includes/js/dist/hooks.min.js?ver=dd5603f07f9220ed27f1 HTTP/1.1" 200 1941 "http://nipponia.com/" "YisouSpider"
106.8.137.243 - - [07/May/2026:03:38:23 +0000] "GET /wp-includes/js/dist/i18n.min.js?ver=c26c3dc7bed366793375 HTTP/1.1" 200 2229 "http://nipponia.com/" "YisouSpider"
106.8.137.142 - - [07/May/2026:03:38:23 +0000] "GET /wp-content/plugins/elementor/assets/lib/waypoints/waypoints.min.js?ver=4.0.2 HTTP/1.1" 200 2993 "http://nipponia.com/" "YisouSpider"
123.183.235.168 - - [07/May/2026:03:38:23 +0000] "GET /wp-content/plugins/elementor/assets/js/frontend.min.js?ver=3.10.1 HTTP/1.1" 200 12124 "http://nipponia.com/" "YisouSpider"
123.182.48.3 - - [07/May/2026:03:38:23 +0000] "GET /wp-includes/js/jquery/ui/core.min.js?ver=1.13.3 HTTP/1.1" 200 7106 "http://nipponia.com/" "YisouSpider"
106.8.136.215 - - [07/May/2026:03:38:23 +0000] "GET /wp-content/plugins/elementor-pro/assets/js/frontend.min.js?ver=3.10.2 HTTP/1.1" 200 5743 "http://nipponia.com/" "YisouSpider"
106.8.131.59 - - [07/May/2026:03:38:24 +0000] "GET /wp-content/plugins/elementor/assets/lib/eicons/fonts/eicons.woff2?5.17.0 HTTP/1.1" 200 93477 "http://nipponia.com/wp-content/plugins/elementor/assets/lib/eicons/css/elementor-icons.min.css?ver=5.17.0" "YisouSpider"
106.8.136.244 - - [07/May/2026:03:38:24 +0000] "GET /wp-content/plugins/elementor/assets/lib/font-awesome/webfonts/fa-brands-400.woff2 HTTP/1.1" 200 76797 "http://nipponia.com/wp-content/plugins/elementor/assets/lib/font-awesome/css/brands.min.css?ver=5.15.3" "YisouSpider"
116.132.236.129 - - [07/May/2026:03:38:24 +0000] "GET /wp-content/plugins/elementor-pro/assets/js/elements-handlers.min.js?ver=3.10.2 HTTP/1.1" 200 6374 "http://nipponia.com/" "YisouSpider"
116.132.254.167 - - [07/May/2026:03:38:25 +0000] "GET /wp-content/plugins/elementor-pro/assets/js/nav-menu.c8d112707fd7172d2a9d.bundle.min.js HTTP/1.1" 200 1529 "http://nipponia.com/" "YisouSpider"
106.8.136.139 - - [07/May/2026:03:38:25 +0000] "GET /wp-content/plugins/elementor/assets/js/text-editor.2c35aafbe5bf0e127950.bundle.min.js HTTP/1.1" 200 665 "http://nipponia.com/" "YisouSpider"
106.8.139.209 - - [07/May/2026:03:38:25 +0000] "GET /wp-content/plugins/elementor-pro/assets/js/form.72b77b99d67b130634d2.bundle.min.js HTTP/1.1" 200 5000 "http://nipponia.com/" "YisouSpider"
116.132.218.20 - - [07/May/2026:03:38:25 +0000] "GET /wp-content/plugins/elementor/assets/js/counter.02cef29c589e742d4c8c.bundle.min.js HTTP/1.1" 200 487 "http://nipponia.com/" "YisouSpider"
106.8.136.176 - - [07/May/2026:03:38:26 +0000] "GET /wp-content/plugins/elementor-pro/assets/js/popup.483b906ddaa1af17ff14.bundle.min.js HTTP/1.1" 200 451 "http://nipponia.com/" "YisouSpider"
116.132.236.74 - - [07/May/2026:03:38:26 +0000] "GET /wp-includes/js/wp-emoji-release.min.js?ver=6.9.4 HTTP/1.1" 200 5375 "http://nipponia.com/" "YisouSpider"
116.132.216.156 - - [07/May/2026:03:38:26 +0000] "GET /wp-content/plugins/elementor/assets/lib/font-awesome/webfonts/fa-solid-900.woff2 HTTP/1.1" 200 78099 "http://nipponia.com/wp-content/plugins/elementor/assets/lib/font-awesome/css/solid.min.css?ver=5.15.3" "YisouSpider"
164.90.185.6 - - [07/May/2026:03:39:51 +0000] "POST /wp-login.php HTTP/1.1" 503 18941 "-" "Mozilla/5.0"
20.123.172.228 - - [07/May/2026:03:39:59 +0000] "POST /?wordfence_syncAttackData=1778125199.2985 HTTP/1.1" 200 - "-" "WordPress/6.9.4; http://nipponia.com"
164.90.185.6 - - [07/May/2026:03:42:05 +0000] "POST /wp-login.php HTTP/1.1" 503 18941 "-" "Mozilla/5.0"
20.123.172.228 - - [07/May/2026:03:42:13 +0000] "POST /?wordfence_syncAttackData=1778125332.9832 HTTP/1.1" 200 - "-" "WordPress/6.9.4; http://nipponia.com"
20.123.172.228 - - [07/May/2026:03:42:24 +0000] "POST /wp-cron.php?doing_wp_cron=1778125344.3764469623565673828125 HTTP/1.1" 200 - "-" "WordPress/6.9.4; http://nipponia.com"
20.244.44.28 - - [07/May/2026:03:43:50 +0000] "GET /wp-admin/css/ HTTP/1.1" 404 10746 "binance.com" "Mozilla/5.0 (Windows NT 10.0; Win64; x64) AppleWebKit/537.36 (KHTML, like Gecko) Chrome/90.0.4430.85 Safari/537.36"
20.123.172.228 - - [07/May/2026:03:44:08 +0000] "POST /wp-cron.php?doing_wp_cron=1778125448.1311969757080078125000 HTTP/1.1" 200 - "-" "WordPress/6.9.4; http://nipponia.com"
20.123.172.228 - - [07/May/2026:03:43:58 +0000] "POST /?wordfence_syncAttackData=1778125438.6515 HTTP/1.1" 200 - "-" "WordPress/6.9.4; http://nipponia.com"
164.90.185.6 - - [07/May/2026:03:44:33 +0000] "POST /wp-login.php HTTP/1.1" 503 18027 "-" "Mozilla/5.0"
82.223.83.78 - - [07/May/2026:03:45:59 +0000] "POST /wp-login.php HTTP/1.1" 503 7315 "-" "Mozilla/5.0 (Windows NT 10.0; rv:143.0) Gecko/20100101 Firefox/143.0"
20.123.172.228 - - [07/May/2026:03:46:11 +0000] "POST /wp-cron.php?doing_wp_cron=1778125571.4922940731048583984375 HTTP/1.1" 200 - "-" "WordPress/6.9.4; http://nipponia.com"
20.123.172.228 - - [07/May/2026:03:46:06 +0000] "POST /?wordfence_syncAttackData=1778125566.6566 HTTP/1.1" 200 - "-" "WordPress/6.9.4; http://nipponia.com"
164.90.185.6 - - [07/May/2026:03:47:12 +0000] "POST /wp-login.php HTTP/1.1" 503 18027 "-" "Mozilla/5.0"
164.90.185.6 - - [07/May/2026:03:49:59 +0000] "POST /wp-login.php HTTP/1.1" 503 18941 "-" "Mozilla/5.0"
20.123.172.228 - - [07/May/2026:03:50:12 +0000] "POST /wp-cron.php?doing_wp_cron=1778125812.7453789710998535156250 HTTP/1.1" 200 - "-" "WordPress/6.9.4; http://nipponia.com"
20.123.172.228 - - [07/May/2026:03:50:07 +0000] "POST /?wordfence_syncAttackData=1778125807.5057 HTTP/1.1" 200 - "-" "WordPress/6.9.4; http://nipponia.com"
195.2.79.165 - - [07/May/2026:03:50:02 +0000] "GET / HTTP/1.0" 200 76495 "http://nipponia.com/" "Mozilla/5.0 (Windows NT 10.0; Win64; x64) AppleWebKit/537.36 (KHTML, like Gecko) Chrome/129.0.0.0 Safari/537.36"
20.123.172.228 - - [07/May/2026:03:50:10 +0000] "POST /?wordfence_syncAttackData=1778125810.7762 HTTP/1.1" 200 14759 "-" "WordPress/6.9.4; http://nipponia.com"
20.123.172.228 - - [07/May/2026:03:50:29 +0000] "POST /wp-cron.php?doing_wp_cron=1778125828.9054720401763916015625 HTTP/1.1" 200 - "-" "WordPress/6.9.4; http://nipponia.com"
195.2.79.165 - - [07/May/2026:03:50:21 +0000] "POST /wp-admin/admin-ajax.php HTTP/1.0" 200 111 "http://nipponia.com/" "Mozilla/5.0 (Windows NT 10.0; Win64; x64) AppleWebKit/537.36 (KHTML, like Gecko) Chrome/129.0.0.0 Safari/537.36"
20.123.172.228 - - [07/May/2026:03:50:29 +0000] "POST /?wordfence_syncAttackData=1778125829.0249 HTTP/1.1" 200 - "-" "WordPress/6.9.4; http://nipponia.com"
20.123.172.228 - - [07/May/2026:03:52:32 +0000] "POST /wp-cron.php?doing_wp_cron=1778125952.8533849716186523437500 HTTP/1.1" 200 - "-" "WordPress/6.9.4; http://nipponia.com"
43.157.149.188 - - [07/May/2026:03:52:14 +0000] "GET / HTTP/1.1" 200 15366 "-" "Mozilla/5.0 (iPhone; CPU iPhone OS 13_2_3 like Mac OS X) AppleWebKit/605.1.15 (KHTML, like Gecko) Version/13.0.3 Mobile/15E148 Safari/604.1"
20.123.172.228 - - [07/May/2026:03:52:22 +0000] "POST /?wordfence_syncAttackData=1778125942.254 HTTP/1.1" 200 - "-" "WordPress/6.9.4; http://nipponia.com"
164.90.185.6 - - [07/May/2026:03:52:43 +0000] "POST /wp-login.php HTTP/1.1" 503 18027 "-" "Mozilla/5.0"
163.61.60.30 - - [07/May/2026:03:53:48 +0000] "POST /wp-login.php HTTP/1.1" 503 7315 "-" "Mozilla/5.0 (Windows NT 10.0; Win64; x64) AppleWebKit/537.43 (KHTML, like Gecko) Chrome/140.0.0.0 Safari/537.36 OPR/124.0.0.0"
20.123.172.228 - - [07/May/2026:03:54:02 +0000] "POST /wp-cron.php?doing_wp_cron=1778126042.2914650440216064453125 HTTP/1.1" 200 - "-" "WordPress/6.9.4; http://nipponia.com"
20.123.172.228 - - [07/May/2026:03:53:56 +0000] "POST /?wordfence_syncAttackData=1778126036.9019 HTTP/1.1" 200 - "-" "WordPress/6.9.4; http://nipponia.com"
20.123.172.228 - - [07/May/2026:03:55:17 +0000] "POST /?wordfence_syncAttackData=1778126116.9366 HTTP/1.1" 200 - "-" "WordPress/6.9.4; http://nipponia.com"
89.110.68.32 - - [07/May/2026:03:55:10 +0000] "GET / HTTP/1.0" 200 76495 "http://nipponia.com/" "Mozilla/5.0 (Windows NT 10.0; Win64; x64) AppleWebKit/537.36 (KHTML, like Gecko) Chrome/131.0.0.0 Safari/537.36 Avast/131.0.0.0"
212.111.80.4 - - [07/May/2026:03:55:10 +0000] "GET / HTTP/1.0" 200 76495 "http://nipponia.com/" "Mozilla/5.0 (Windows NT 10.0; Win64; x64) AppleWebKit/537.36 (KHTML, like Gecko) Chrome/129.0.0.0 Safari/537.36"
89.110.124.212 - - [07/May/2026:03:55:10 +0000] "GET / HTTP/1.0" 200 76495 "http://nipponia.com/" "Mozilla/5.0 (Windows NT 10.0; Win64; x64) AppleWebKit/537.36 (KHTML, like Gecko) Chrome/130.0.0.0 Safari/537.36"
20.123.172.228 - - [07/May/2026:03:55:27 +0000] "POST /wp-cron.php?doing_wp_cron=1778126126.9922919273376464843750 HTTP/1.1" 200 - "-" "WordPress/6.9.4; http://nipponia.com"
20.123.172.228 - - [07/May/2026:03:55:17 +0000] "POST /?wordfence_syncAttackData=1778126117.2535 HTTP/1.1" 200 14759 "-" "WordPress/6.9.4; http://nipponia.com"
216.73.216.49 - - [07/May/2026:03:55:26 +0000] "GET /robots.txt HTTP/1.1" 200 122 "-" "Mozilla/5.0 AppleWebKit/537.36 (KHTML, like Gecko; compatible; ClaudeBot/1.0; +claudebot@anthropic.com)"
164.90.185.6 - - [07/May/2026:03:55:31 +0000] "POST /wp-login.php HTTP/1.1" 503 18027 "-" "Mozilla/5.0"
20.123.172.228 - - [07/May/2026:03:55:18 +0000] "POST /?wordfence_syncAttackData=1778126118.1411 HTTP/1.1" 200 14759 "-" "WordPress/6.9.4; http://nipponia.com"
89.110.68.32 - - [07/May/2026:03:55:28 +0000] "POST /wp-admin/admin-ajax.php HTTP/1.0" 200 111 "http://nipponia.com/" "Mozilla/5.0 (Windows NT 10.0; Win64; x64) AppleWebKit/537.36 (KHTML, like Gecko) Chrome/131.0.0.0 Safari/537.36 Avast/131.0.0.0"
212.111.80.4 - - [07/May/2026:03:55:29 +0000] "POST /wp-admin/admin-ajax.php HTTP/1.0" 200 111 "http://nipponia.com/" "Mozilla/5.0 (Windows NT 10.0; Win64; x64) AppleWebKit/537.36 (KHTML, like Gecko) Chrome/129.0.0.0 Safari/537.36"
20.123.172.228 - - [07/May/2026:03:55:38 +0000] "POST /?wordfence_syncAttackData=1778126138.613 HTTP/1.1" 200 - "-" "WordPress/6.9.4; http://nipponia.com"
89.110.124.212 - - [07/May/2026:03:55:29 +0000] "POST /wp-admin/admin-ajax.php HTTP/1.0" 200 111 "http://nipponia.com/" "Mozilla/5.0 (Windows NT 10.0; Win64; x64) AppleWebKit/537.36 (KHTML, like Gecko) Chrome/130.0.0.0 Safari/537.36"
20.123.172.228 - - [07/May/2026:03:55:39 +0000] "POST /?wordfence_syncAttackData=1778126139.7122 HTTP/1.1" 200 14759 "-" "WordPress/6.9.4; http://nipponia.com"
20.123.172.228 - - [07/May/2026:03:55:38 +0000] "POST /?wordfence_syncAttackData=1778126138.2297 HTTP/1.1" 200 14759 "-" "WordPress/6.9.4; http://nipponia.com"
20.123.172.228 - - [07/May/2026:03:55:57 +0000] "POST /wp-cron.php?doing_wp_cron=1778126157.0371899604797363281250 HTTP/1.1" 200 - "-" "WordPress/6.9.4; http://nipponia.com"
216.73.216.49 - - [07/May/2026:03:55:43 +0000] "GET /sitemap_index.xml HTTP/1.1" 200 336 "-" "Mozilla/5.0 AppleWebKit/537.36 (KHTML, like Gecko; compatible; ClaudeBot/1.0; +claudebot@anthropic.com)"
20.123.172.228 - - [07/May/2026:03:55:52 +0000] "POST /?wordfence_syncAttackData=1778126152.6376 HTTP/1.1" 200 - "-" "WordPress/6.9.4; http://nipponia.com"
20.123.172.228 - - [07/May/2026:03:55:45 +0000] "POST /?wordfence_syncAttackData=1778126145.2931 HTTP/1.1" 200 14759 "-" "WordPress/6.9.4; http://nipponia.com"
164.90.185.6 - - [07/May/2026:03:58:12 +0000] "POST /wp-login.php HTTP/1.1" 503 18028 "-" "Mozilla/5.0"
164.90.185.6 - - [07/May/2026:04:00:57 +0000] "POST /wp-login.php HTTP/1.1" 503 18941 "-" "Mozilla/5.0"
20.123.172.228 - - [07/May/2026:04:01:11 +0000] "POST /wp-cron.php?doing_wp_cron=1778126471.5997478961944580078125 HTTP/1.1" 200 - "-" "WordPress/6.9.4; http://nipponia.com"
20.123.172.228 - - [07/May/2026:04:01:05 +0000] "POST /?wordfence_syncAttackData=1778126465.5988 HTTP/1.1" 200 - "-" "WordPress/6.9.4; http://nipponia.com"
164.90.185.6 - - [07/May/2026:04:03:50 +0000] "POST /wp-login.php HTTP/1.1" 503 18941 "-" "Mozilla/5.0"
20.123.172.228 - - [07/May/2026:04:03:59 +0000] "POST /?wordfence_syncAttackData=1778126639.1022 HTTP/1.1" 200 - "-" "WordPress/6.9.4; http://nipponia.com"
20.123.172.228 - - [07/May/2026:04:04:10 +0000] "POST /wp-cron.php?doing_wp_cron=1778126650.5203158855438232421875 HTTP/1.1" 200 - "-" "WordPress/6.9.4; http://nipponia.com"
164.90.185.6 - - [07/May/2026:04:06:47 +0000] "POST /wp-login.php HTTP/1.1" 503 18028 "-" "Mozilla/5.0"
164.90.185.6 - - [07/May/2026:04:09:39 +0000] "POST /wp-login.php HTTP/1.1" 503 18028 "-" "Mozilla/5.0"
164.90.185.6 - - [07/May/2026:04:12:37 +0000] "POST /wp-login.php HTTP/1.1" 503 18941 "-" "Mozilla/5.0"
20.123.172.228 - - [07/May/2026:04:12:50 +0000] "POST /wp-cron.php?doing_wp_cron=1778127170.8192079067230224609375 HTTP/1.1" 200 - "-" "WordPress/6.9.4; http://nipponia.com"
20.123.172.228 - - [07/May/2026:04:12:45 +0000] "POST /?wordfence_syncAttackData=1778127165.8541 HTTP/1.1" 200 - "-" "WordPress/6.9.4; http://nipponia.com"
164.90.185.6 - - [07/May/2026:04:15:33 +0000] "POST /wp-login.php HTTP/1.1" 503 18028 "-" "Mozilla/5.0"
164.90.185.6 - - [07/May/2026:04:18:41 +0000] "POST /wp-login.php HTTP/1.1" 503 18028 "-" "Mozilla/5.0"
20.123.172.228 - - [07/May/2026:04:20:21 +0000] "POST /?wordfence_syncAttackData=1778127621.8176 HTTP/1.1" 200 - "-" "WordPress/6.9.4; http://nipponia.com"
43.173.177.120 - - [07/May/2026:04:20:13 +0000] "GET / HTTP/1.1" 200 15366 "-" "Mozilla/5.0 (Windows NT 10.0; Win64; x64) AppleWebKit/537.36 (KHTML, like Gecko) Chrome/105.0.0.0 Safari/537.3"
20.123.172.228 - - [07/May/2026:04:20:32 +0000] "POST /wp-cron.php?doing_wp_cron=1778127632.4585199356079101562500 HTTP/1.1" 200 - "-" "WordPress/6.9.4; http://nipponia.com"
43.173.179.23 - - [07/May/2026:04:20:23 +0000] "GET / HTTP/1.1" 200 15366 "-" "Mozilla/5.0 (Windows NT 10.0; Win64; x64) AppleWebKit/537.36 (KHTML, like Gecko) Chrome/116.0.0.0 Safari/537.36"
43.173.181.147 - - [07/May/2026:04:20:40 +0000] "GET / HTTP/1.1" 200 15366 "-" "Mozilla/5.0 (Windows NT 10.0; Win64; x64) AppleWebKit/537.36 (KHTML, like Gecko) Chrome/116.0.0.0 Safari/537.36"
204.48.18.182 - - [07/May/2026:04:21:12 +0000] "POST /wp-login.php HTTP/1.1" 503 7315 "-" "Mozilla/5.0 (Windows NT 10.0) AppleWebKit/537.36 (KHTML, like Gecko) Chrome/142.0.0.0 Safari/537.36 Edg/142.0.0.0"
164.90.185.6 - - [07/May/2026:04:21:44 +0000] "POST /wp-login.php HTTP/1.1" 503 18027 "-" "Mozilla/5.0"
164.90.185.6 - - [07/May/2026:04:24:46 +0000] "POST /wp-login.php HTTP/1.1" 503 18941 "-" "Mozilla/5.0"
164.90.185.6 - - [07/May/2026:04:27:44 +0000] "POST /wp-login.php HTTP/1.1" 503 18941 "-" "Mozilla/5.0"
164.90.185.6 - - [07/May/2026:04:30:41 +0000] "POST /wp-login.php HTTP/1.1" 503 18028 "-" "Mozilla/5.0"
164.90.185.6 - - [07/May/2026:04:33:39 +0000] "POST /wp-login.php HTTP/1.1" 503 18028 "-" "Mozilla/5.0"
63.33.18.173 - - [07/May/2026:04:33:28 +0000] "GET / HTTP/1.1" 200 15366 "http://nipponia.com" "Mozilla/5.0 (Windows NT 10.0; Win64; x64; rv:131.0) Gecko/20100101 Firefox/131.0 Mozilla/5.0 (Windows NT 10.0; Win64; x64; rv:131.0) Gecko/20100101 Firefox/131.0"
20.123.172.228 - - [07/May/2026:04:33:46 +0000] "POST /wp-cron.php?doing_wp_cron=1778128426.4515349864959716796875 HTTP/1.1" 200 - "-" "WordPress/6.9.4; http://nipponia.com"
63.33.18.173 - - [07/May/2026:04:34:53 +0000] "GET / HTTP/1.1" 200 15366 "http://nipponia.com" "Mozilla/5.0 (Windows NT 10.0; Win64; x64; rv:131.0) Gecko/20100101 Firefox/131.0 Mozilla/5.0 (Windows NT 10.0; Win64; x64; rv:131.0) Gecko/20100101 Firefox/131.0"
164.90.185.6 - - [07/May/2026:04:36:43 +0000] "POST /wp-login.php HTTP/1.1" 503 18941 "-" "Mozilla/5.0"
164.90.185.6 - - [07/May/2026:04:39:42 +0000] "POST /wp-login.php HTTP/1.1" 503 18028 "-" "Mozilla/5.0"
211.21.61.244 - - [07/May/2026:04:40:27 +0000] "POST /wp-login.php HTTP/1.1" 503 7315 "-" "Mozilla/5.0 (Windows NT 10.0; rv:141.0) Gecko/20100101 Firefox/141.0"
164.90.185.6 - - [07/May/2026:04:42:43 +0000] "POST /wp-login.php HTTP/1.1" 503 18027 "-" "Mozilla/5.0"
85.137.48.160 - - [07/May/2026:04:42:51 +0000] "GET /txets.php HTTP/1.1" 404 10746 "-" "Mozilla/5.0 (X11; Linux x86_64) AppleWebKit/537.36 (KHTML, like Gecko) Chrome/143.0.0.0 Safari/537.36"
20.123.172.228 - - [07/May/2026:04:43:07 +0000] "POST /wp-cron.php?doing_wp_cron=1778128987.4761760234832763671875 HTTP/1.1" 200 - "-" "WordPress/6.9.4; http://nipponia.com"
20.123.172.228 - - [07/May/2026:04:42:58 +0000] "POST /?wordfence_syncAttackData=1778128978.2978 HTTP/1.1" 200 - "-" "WordPress/6.9.4; http://nipponia.com"
164.90.185.6 - - [07/May/2026:04:45:36 +0000] "POST /wp-login.php HTTP/1.1" 503 18027 "-" "Mozilla/5.0"
164.90.185.6 - - [07/May/2026:04:48:30 +0000] "POST /wp-login.php HTTP/1.1" 503 18941 "-" "Mozilla/5.0"
20.123.172.228 - - [07/May/2026:04:48:42 +0000] "POST /wp-cron.php?doing_wp_cron=1778129322.1785569190979003906250 HTTP/1.1" 200 - "-" "WordPress/6.9.4; http://nipponia.com"
164.90.185.6 - - [07/May/2026:04:51:24 +0000] "POST /wp-login.php HTTP/1.1" 503 18941 "-" "Mozilla/5.0"
164.90.185.6 - - [07/May/2026:04:54:24 +0000] "POST /wp-login.php HTTP/1.1" 503 18027 "-" "Mozilla/5.0"
216.73.216.49 - - [07/May/2026:04:55:39 +0000] "GET /sitemap_index.xml HTTP/1.1" 200 336 "-" "Mozilla/5.0 AppleWebKit/537.36 (KHTML, like Gecko; compatible; ClaudeBot/1.0; +claudebot@anthropic.com)"
20.123.172.228 - - [07/May/2026:04:55:50 +0000] "POST /wp-cron.php?doing_wp_cron=1778129750.4688270092010498046875 HTTP/1.1" 200 - "-" "WordPress/6.9.4; http://nipponia.com"
20.123.172.228 - - [07/May/2026:04:55:46 +0000] "POST /?wordfence_syncAttackData=1778129746.7401 HTTP/1.1" 200 - "-" "WordPress/6.9.4; http://nipponia.com"
164.90.185.6 - - [07/May/2026:04:57:27 +0000] "POST /wp-login.php HTTP/1.1" 503 18028 "-" "Mozilla/5.0"
164.90.185.6 - - [07/May/2026:05:00:33 +0000] "POST /wp-login.php HTTP/1.1" 503 18941 "-" "Mozilla/5.0"
20.123.172.228 - - [07/May/2026:05:00:45 +0000] "POST /wp-cron.php?doing_wp_cron=1778130045.7518620491027832031250 HTTP/1.1" 200 - "-" "WordPress/6.9.4; http://nipponia.com"
164.90.185.6 - - [07/May/2026:05:03:26 +0000] "POST /wp-login.php HTTP/1.1" 503 18941 "-" "Mozilla/5.0"
164.90.185.6 - - [07/May/2026:05:06:18 +0000] "POST /wp-login.php HTTP/1.1" 503 18028 "-" "Mozilla/5.0"
164.90.185.6 - - [07/May/2026:05:09:12 +0000] "POST /wp-login.php HTTP/1.1" 503 18028 "-" "Mozilla/5.0"
10.0.0.4 - - [07/May/2026:05:09:16 +0000] "GET /.well-known/acme-challenge/8I-JZM_WC3_K5UA-J_A101MZT9K7SDPI HTTP/1.1" 200 64 "-" "Cpanel-HTTP-Client/1.0"
164.90.185.6 - - [07/May/2026:05:12:09 +0000] "POST /wp-login.php HTTP/1.1" 503 18941 "-" "Mozilla/5.0"
20.123.172.228 - - [07/May/2026:05:12:21 +0000] "POST /wp-cron.php?doing_wp_cron=1778130741.7308900356292724609375 HTTP/1.1" 200 - "-" "WordPress/6.9.4; http://nipponia.com"
3.222.85.38 - - [07/May/2026:05:12:42 +0000] "GET /robots.txt HTTP/1.1" 200 122 "-" "Mozilla/5.0 AppleWebKit/537.36 (KHTML, like Gecko; compatible; Amazonbot/0.1; +https://developer.amazon.com/support/amazonbot) Chrome/119.0.6045.214 Safari/537.36"
20.123.172.228 - - [07/May/2026:05:12:52 +0000] "POST /wp-cron.php?doing_wp_cron=1778130772.4858520030975341796875 HTTP/1.1" 200 - "-" "WordPress/6.9.4; http://nipponia.com"
164.90.185.6 - - [07/May/2026:05:15:05 +0000] "POST /wp-login.php HTTP/1.1" 503 18027 "-" "Mozilla/5.0"
164.90.185.6 - - [07/May/2026:05:18:00 +0000] "POST /wp-login.php HTTP/1.1" 503 18028 "-" "Mozilla/5.0"
164.90.185.6 - - [07/May/2026:05:20:53 +0000] "POST /wp-login.php HTTP/1.1" 503 18028 "-" "Mozilla/5.0"
164.90.185.6 - - [07/May/2026:05:23:48 +0000] "POST /wp-login.php HTTP/1.1" 503 18941 "-" "Mozilla/5.0"
164.90.185.6 - - [07/May/2026:05:26:41 +0000] "POST /wp-login.php HTTP/1.1" 503 18028 "-" "Mozilla/5.0"
20.123.172.228 - - [07/May/2026:05:28:12 +0000] "POST /?wordfence_syncAttackData=1778131692.1935 HTTP/1.1" 200 - "-" "WordPress/6.9.4; http://nipponia.com"
45.45.237.171 - - [07/May/2026:05:28:03 +0000] "GET / HTTP/1.1" 200 15366 "-" "Mozilla/5.0 (Macintosh; Intel Mac OS X 10_15_7) AppleWebKit/537.36"
20.123.172.228 - - [07/May/2026:05:28:23 +0000] "POST /wp-cron.php?doing_wp_cron=1778131703.4310629367828369140625 HTTP/1.1" 200 - "-" "WordPress/6.9.4; http://nipponia.com"
164.90.185.6 - - [07/May/2026:05:29:35 +0000] "POST /wp-login.php HTTP/1.1" 503 18027 "-" "Mozilla/5.0"
164.90.185.6 - - [07/May/2026:05:32:33 +0000] "POST /wp-login.php HTTP/1.1" 503 18028 "-" "Mozilla/5.0"
164.90.185.6 - - [07/May/2026:05:35:35 +0000] "POST /wp-login.php HTTP/1.1" 503 18941 "-" "Mozilla/5.0"
45.148.10.120 - - [07/May/2026:05:37:37 +0000] "GET /wp-json/gravitysmtp/v1/tests/mock-data?page=gravitysmtp-settings HTTP/1.1" 404 117 "-" "Mozilla/5.0 (X11; Linux x86_64; rv:2.0.1) Gecko/20100101 Firefox/4.0.1"
164.90.185.6 - - [07/May/2026:05:38:36 +0000] "POST /wp-login.php HTTP/1.1" 503 18028 "-" "Mozilla/5.0"
164.90.185.6 - - [07/May/2026:05:41:32 +0000] "POST /wp-login.php HTTP/1.1" 503 18028 "-" "Mozilla/5.0"
164.90.185.6 - - [07/May/2026:05:44:35 +0000] "POST /wp-login.php HTTP/1.1" 503 18028 "-" "Mozilla/5.0"
20.123.172.228 - - [07/May/2026:05:46:59 +0000] "POST /?wordfence_syncAttackData=1778132819.435 HTTP/1.1" 200 - "-" "WordPress/6.9.4; http://nipponia.com"
178.20.45.182 - - [07/May/2026:05:46:52 +0000] "GET / HTTP/1.0" 200 76495 "http://nipponia.com/" "Mozilla/5.0 (Windows NT 10.0; Win64; x64) AppleWebKit/537.36 (KHTML, like Gecko) Chrome/130.0.0.0 Safari/537.36 CCleaner/130.0.0.0"
20.123.172.228 - - [07/May/2026:05:47:10 +0000] "POST /wp-cron.php?doing_wp_cron=1778132830.0283949375152587890625 HTTP/1.1" 200 - "-" "WordPress/6.9.4; http://nipponia.com"
178.20.45.182 - - [07/May/2026:05:47:11 +0000] "POST /wp-admin/admin-ajax.php HTTP/1.0" 200 111 "http://nipponia.com/" "Mozilla/5.0 (Windows NT 10.0; Win64; x64) AppleWebKit/537.36 (KHTML, like Gecko) Chrome/130.0.0.0 Safari/537.36 CCleaner/130.0.0.0"
164.90.185.6 - - [07/May/2026:05:47:42 +0000] "POST /wp-login.php HTTP/1.1" 503 18941 "-" "Mozilla/5.0"
195.2.67.184 - - [07/May/2026:05:49:21 +0000] "GET / HTTP/1.0" 200 76495 "http://nipponia.com/" "Mozilla/5.0 (Windows NT 10.0; Win64; x64) AppleWebKit/537.36 (KHTML, like Gecko) Chrome/130.0.0.0 Safari/537.36"
195.2.67.184 - - [07/May/2026:05:49:39 +0000] "POST /wp-admin/admin-ajax.php HTTP/1.0" 200 111 "http://nipponia.com/" "Mozilla/5.0 (Windows NT 10.0; Win64; x64) AppleWebKit/537.36 (KHTML, like Gecko) Chrome/130.0.0.0 Safari/537.36"
164.90.185.6 - - [07/May/2026:05:50:44 +0000] "POST /wp-login.php HTTP/1.1" 503 18027 "-" "Mozilla/5.0"
195.2.84.198 - - [07/May/2026:05:50:42 +0000] "GET / HTTP/1.0" 200 76495 "http://nipponia.com/" "Mozilla/5.0 (Windows NT 10.0; Win64; x64) AppleWebKit/537.36 (KHTML, like Gecko) Chrome/129.0.0.0 Safari/537.36"
20.123.172.228 - - [07/May/2026:05:50:51 +0000] "POST /?wordfence_syncAttackData=1778133051.1526 HTTP/1.1" 200 - "-" "WordPress/6.9.4; http://nipponia.com"
20.123.172.228 - - [07/May/2026:05:51:02 +0000] "POST /wp-cron.php?doing_wp_cron=1778133061.9376440048217773437500 HTTP/1.1" 200 - "-" "WordPress/6.9.4; http://nipponia.com"
195.2.84.198 - - [07/May/2026:05:51:02 +0000] "POST /wp-admin/admin-ajax.php HTTP/1.0" 200 111 "http://nipponia.com/" "Mozilla/5.0 (Windows NT 10.0; Win64; x64) AppleWebKit/537.36 (KHTML, like Gecko) Chrome/129.0.0.0 Safari/537.36"
216.73.216.49 - - [07/May/2026:05:53:00 +0000] "GET /robots.txt HTTP/1.1" 200 122 "-" "Mozilla/5.0 AppleWebKit/537.36 (KHTML, like Gecko; compatible; ClaudeBot/1.0; +claudebot@anthropic.com)"
20.123.172.228 - - [07/May/2026:05:53:12 +0000] "POST /wp-cron.php?doing_wp_cron=1778133192.0294749736785888671875 HTTP/1.1" 200 - "-" "WordPress/6.9.4; http://nipponia.com"
216.73.216.49 - - [07/May/2026:05:53:13 +0000] "GET /sitemap_index.xml HTTP/1.1" 200 336 "-" "Mozilla/5.0 AppleWebKit/537.36 (KHTML, like Gecko; compatible; ClaudeBot/1.0; +claudebot@anthropic.com)"
164.90.185.6 - - [07/May/2026:05:53:49 +0000] "POST /wp-login.php HTTP/1.1" 503 18027 "-" "Mozilla/5.0"
164.90.185.6 - - [07/May/2026:05:56:52 +0000] "POST /wp-login.php HTTP/1.1" 503 18027 "-" "Mozilla/5.0"
34.126.163.15 - - [07/May/2026:05:57:39 +0000] "GET /wp-login.php HTTP/1.1" 200 1961 "" "Mozilla/5.0 (Windows NT 10.0; Win64; x64; rv:149.0) Gecko/20100101 Firefox/149.0"
34.126.163.15 - - [07/May/2026:05:57:39 +0000] "GET /wp-login.php HTTP/1.1" 200 1961 "" "Mozilla/5.0 (Windows NT 10.0; Win64; x64; rv:149.0) Gecko/20100101 Firefox/149.0"
34.126.163.15 - - [07/May/2026:05:57:40 +0000] "GET /wp-login.php HTTP/1.1" 200 1961 "" "Mozilla/5.0 (Windows NT 10.0; Win64; x64; rv:149.0) Gecko/20100101 Firefox/149.0"
164.90.185.6 - - [07/May/2026:05:59:55 +0000] "POST /wp-login.php HTTP/1.1" 503 18941 "-" "Mozilla/5.0"
20.123.172.228 - - [07/May/2026:06:00:07 +0000] "POST /wp-cron.php?doing_wp_cron=1778133607.7313408851623535156250 HTTP/1.1" 200 - "-" "WordPress/6.9.4; http://nipponia.com"
164.90.185.6 - - [07/May/2026:06:03:00 +0000] "POST /wp-login.php HTTP/1.1" 503 18941 "-" "Mozilla/5.0"
164.90.185.6 - - [07/May/2026:06:06:04 +0000] "POST /wp-login.php HTTP/1.1" 503 18028 "-" "Mozilla/5.0"
164.90.185.6 - - [07/May/2026:06:09:13 +0000] "POST /wp-login.php HTTP/1.1" 503 18028 "-" "Mozilla/5.0"
164.90.185.6 - - [07/May/2026:06:12:22 +0000] "POST /wp-login.php HTTP/1.1" 503 18941 "-" "Mozilla/5.0"
20.123.172.228 - - [07/May/2026:06:12:35 +0000] "POST /wp-cron.php?doing_wp_cron=1778134355.6254150867462158203125 HTTP/1.1" 200 - "-" "WordPress/6.9.4; http://nipponia.com"
20.123.172.228 - - [07/May/2026:06:12:30 +0000] "POST /?wordfence_syncAttackData=1778134350.6446 HTTP/1.1" 200 - "-" "WordPress/6.9.4; http://nipponia.com"
164.90.185.6 - - [07/May/2026:06:15:28 +0000] "POST /wp-login.php HTTP/1.1" 503 18941 "-" "Mozilla/5.0"
164.90.185.6 - - [07/May/2026:06:18:33 +0000] "POST /wp-login.php HTTP/1.1" 503 18941 "-" "Mozilla/5.0"
164.90.185.6 - - [07/May/2026:06:21:33 +0000] "POST /wp-login.php HTTP/1.1" 503 18027 "-" "Mozilla/5.0"
212.34.139.180 - - [07/May/2026:06:21:34 +0000] "GET / HTTP/1.0" 200 76495 "http://nipponia.com/" "Mozilla/5.0 (Windows NT 10.0; Win64; x64) AppleWebKit/537.36 (KHTML, like Gecko) Chrome/131.0.0.0 Safari/537.36 Avast/131.0.0.0"
89.110.116.195 - - [07/May/2026:06:21:35 +0000] "GET / HTTP/1.0" 200 76495 "http://nipponia.com/" "Mozilla/5.0 (Windows NT 10.0; Win64; x64) AppleWebKit/537.36 (KHTML, like Gecko) Chrome/130.0.0.0 Safari/537.36 CCleaner/130.0.0.0"
212.34.129.76 - - [07/May/2026:06:21:35 +0000] "GET / HTTP/1.0" 200 76495 "http://nipponia.com/" "Mozilla/5.0 (Windows NT 10.0; Win64; x64) AppleWebKit/537.36 (KHTML, like Gecko) Chrome/130.0.0.0 Safari/537.36"
20.123.172.228 - - [07/May/2026:06:21:43 +0000] "POST /?wordfence_syncAttackData=1778134903.0357 HTTP/1.1" 200 - "-" "WordPress/6.9.4; http://nipponia.com"
20.123.172.228 - - [07/May/2026:06:21:55 +0000] "POST /wp-cron.php?doing_wp_cron=1778134914.9864718914031982421875 HTTP/1.1" 200 - "-" "WordPress/6.9.4; http://nipponia.com"
20.123.172.228 - - [07/May/2026:06:21:43 +0000] "POST /?wordfence_syncAttackData=1778134903.0012 HTTP/1.1" 200 14759 "-" "WordPress/6.9.4; http://nipponia.com"
