216.173.113.103 - - [07/May/2026:05:40:23 +0000] "GET /wp-content/plugins/geeky-bot/readme.md HTTP/1.1" 404 14664 "-" "Mozilla/5.0 (Windows NT 10.0; Win64; x64) AppleWebKit/537.36 (KHTML, like Gecko) Chrome/147.0.0.0 Safari/537.36"
216.173.113.103 - - [07/May/2026:05:40:39 +0000] "GET /wp-content/plugins/user-verification/readme.txt HTTP/1.1" 404 14664 "-" "Mozilla/5.0 (Windows NT 10.0; Win64; x64) AppleWebKit/537.36 (KHTML, like Gecko) Chrome/147.0.0.0 Safari/537.36"
20.123.172.228 - - [07/May/2026:05:40:49 +0000] "POST /?wordfence_syncAttackData=1778132449.602 HTTP/1.1" 200 - "-" "WordPress/6.9.4; https://lifan.nl"
216.173.113.103 - - [07/May/2026:05:40:57 +0000] "GET /wp-content/plugins/user-verification/readme.md HTTP/1.1" 404 14664 "-" "Mozilla/5.0 (Windows NT 10.0; Win64; x64) AppleWebKit/537.36 (KHTML, like Gecko) Chrome/147.0.0.0 Safari/537.36"
216.173.113.103 - - [07/May/2026:05:41:12 +0000] "GET /wp-content/plugins/restrict-content/readme.txt HTTP/1.1" 404 14664 "-" "Mozilla/5.0 (Windows NT 10.0; Win64; x64) AppleWebKit/537.36 (KHTML, like Gecko) Chrome/147.0.0.0 Safari/537.36"
20.123.172.228 - - [07/May/2026:05:41:21 +0000] "POST /?wordfence_syncAttackData=1778132481.8521 HTTP/1.1" 200 - "-" "WordPress/6.9.4; https://lifan.nl"
216.173.113.103 - - [07/May/2026:05:41:28 +0000] "GET /wp-content/plugins/restrict-content/readme.md HTTP/1.1" 404 14664 "-" "Mozilla/5.0 (Windows NT 10.0; Win64; x64) AppleWebKit/537.36 (KHTML, like Gecko) Chrome/147.0.0.0 Safari/537.36"
113.211.135.93 - - [07/May/2026:05:41:38 +0000] "GET / HTTP/1.1" 302 - "-" "Mozilla/5.0 (Windows NT 10.0; Win64; x64) AppleWebKit/537.36 (KHTML, like Gecko) Chrome/147.0.0.0 Safari/537.36"
216.173.113.103 - - [07/May/2026:05:41:43 +0000] "GET /wp-content/plugins/branda-white-labeling/readme.txt HTTP/1.1" 404 14664 "-" "Mozilla/5.0 (Windows NT 10.0; Win64; x64) AppleWebKit/537.36 (KHTML, like Gecko) Chrome/147.0.0.0 Safari/537.36"
20.123.172.228 - - [07/May/2026:05:41:48 +0000] "POST /?wordfence_syncAttackData=1778132508.1036 HTTP/1.1" 200 - "-" "WordPress/6.9.4; https://lifan.nl"
20.123.172.228 - - [07/May/2026:05:41:52 +0000] "POST /?wordfence_syncAttackData=1778132512.1425 HTTP/1.1" 200 18003 "-" "WordPress/6.9.4; https://lifan.nl"
20.123.172.228 - - [07/May/2026:05:41:53 +0000] "POST /?wordfence_syncAttackData=1778132513.1216 HTTP/1.1" 200 18003 "-" "WordPress/6.9.4; https://lifan.nl"
113.211.135.93 - - [07/May/2026:05:41:54 +0000] "GET /en/lifan-en/ HTTP/1.1" 200 17984 "-" "Mozilla/5.0 (Windows NT 10.0; Win64; x64) AppleWebKit/537.36 (KHTML, like Gecko) Chrome/147.0.0.0 Safari/537.36"
216.173.113.103 - - [07/May/2026:05:42:00 +0000] "GET /wp-content/plugins/branda-white-labeling/readme.md HTTP/1.1" 404 14664 "-" "Mozilla/5.0 (Windows NT 10.0; Win64; x64) AppleWebKit/537.36 (KHTML, like Gecko) Chrome/147.0.0.0 Safari/537.36"
216.173.113.103 - - [07/May/2026:05:42:15 +0000] "GET /wp-content/plugins/lastudio-element-kit/readme.txt HTTP/1.1" 404 14664 "-" "Mozilla/5.0 (Windows NT 10.0; Win64; x64) AppleWebKit/537.36 (KHTML, like Gecko) Chrome/147.0.0.0 Safari/537.36"
20.123.172.228 - - [07/May/2026:05:42:24 +0000] "POST /?wordfence_syncAttackData=1778132544.5855 HTTP/1.1" 200 - "-" "WordPress/6.9.4; https://lifan.nl"
216.173.113.103 - - [07/May/2026:05:42:30 +0000] "GET /wp-content/plugins/lastudio-element-kit/readme.md HTTP/1.1" 404 14664 "-" "Mozilla/5.0 (Windows NT 10.0; Win64; x64) AppleWebKit/537.36 (KHTML, like Gecko) Chrome/147.0.0.0 Safari/537.36"
216.173.113.103 - - [07/May/2026:05:42:45 +0000] "GET /wp-content/plugins/xagio-seo/readme.txt HTTP/1.1" 404 14664 "-" "Mozilla/5.0 (Windows NT 10.0; Win64; x64) AppleWebKit/537.36 (KHTML, like Gecko) Chrome/147.0.0.0 Safari/537.36"
20.123.172.228 - - [07/May/2026:05:42:54 +0000] "POST /?wordfence_syncAttackData=1778132574.3317 HTTP/1.1" 200 - "-" "WordPress/6.9.4; https://lifan.nl"
216.173.113.103 - - [07/May/2026:05:43:01 +0000] "GET /wp-content/plugins/xagio-seo/readme.md HTTP/1.1" 404 14664 "-" "Mozilla/5.0 (Windows NT 10.0; Win64; x64) AppleWebKit/537.36 (KHTML, like Gecko) Chrome/147.0.0.0 Safari/537.36"
216.173.113.103 - - [07/May/2026:05:43:15 +0000] "GET /wp-content/plugins/s2member/readme.txt HTTP/1.1" 404 14664 "-" "Mozilla/5.0 (Windows NT 10.0; Win64; x64) AppleWebKit/537.36 (KHTML, like Gecko) Chrome/147.0.0.0 Safari/537.36"
20.123.172.228 - - [07/May/2026:05:43:24 +0000] "POST /?wordfence_syncAttackData=1778132604.6108 HTTP/1.1" 200 - "-" "WordPress/6.9.4; https://lifan.nl"
216.173.113.103 - - [07/May/2026:05:43:31 +0000] "GET /wp-content/plugins/s2member/readme.md HTTP/1.1" 404 14664 "-" "Mozilla/5.0 (Windows NT 10.0; Win64; x64) AppleWebKit/537.36 (KHTML, like Gecko) Chrome/147.0.0.0 Safari/537.36"
40.77.167.4 - - [07/May/2026:05:45:30 +0000] "GET /wp-content/uploads/2022/01/Lifan-E3-Lux-Rear-Airbag-Shock-Absorber-480x320.jpg HTTP/1.1" 200 25862 "-" "Mozilla/5.0 AppleWebKit/537.36 (KHTML, like Gecko; compatible; bingbot/2.0; +http://www.bing.com/bingbot.htm) Chrome/116.0.1938.76 Safari/537.36"
101.32.239.179 - - [07/May/2026:05:53:27 +0000] "GET / HTTP/1.1" 302 - "http://lifanmotor.nl" "Mozilla/5.0 (iPhone; CPU iPhone OS 13_2_3 like Mac OS X) AppleWebKit/605.1.15 (KHTML, like Gecko) Version/13.0.3 Mobile/15E148 Safari/604.1"
101.32.239.179 - - [07/May/2026:05:53:39 +0000] "GET /en/lifan-en/ HTTP/1.1" 200 17984 "https://lifan.nl" "Mozilla/5.0 (iPhone; CPU iPhone OS 13_2_3 like Mac OS X) AppleWebKit/605.1.15 (KHTML, like Gecko) Version/13.0.3 Mobile/15E148 Safari/604.1"
20.123.172.228 - - [07/May/2026:05:53:56 +0000] "POST /wp-cron.php?doing_wp_cron=1778133236.3820850849151611328125 HTTP/1.1" 200 - "-" "WordPress/6.9.4; https://lifan.nl"
124.156.200.223 - - [07/May/2026:05:55:45 +0000] "GET / HTTP/1.1" 302 - "http://lifan-motors.nl" "Mozilla/5.0 (iPhone; CPU iPhone OS 13_2_3 like Mac OS X) AppleWebKit/605.1.15 (KHTML, like Gecko) Version/13.0.3 Mobile/15E148 Safari/604.1"
124.156.200.223 - - [07/May/2026:05:55:58 +0000] "GET /en/lifan-en/ HTTP/1.1" 200 17984 "https://lifan.nl" "Mozilla/5.0 (iPhone; CPU iPhone OS 13_2_3 like Mac OS X) AppleWebKit/605.1.15 (KHTML, like Gecko) Version/13.0.3 Mobile/15E148 Safari/604.1"
183.82.26.250 - - [07/May/2026:05:57:22 +0000] "GET /wp-content/uploads/2023/06/Floor.jpg HTTP/1.1" 200 287988 "https://www.google.com/" "Mozilla/5.0 (Linux; Android 10; K) AppleWebKit/537.36 (KHTML, like Gecko) Chrome/147.0.0.0 Mobile Safari/537.36"
138.197.89.15 - - [07/May/2026:05:57:25 +0000] "GET /wp-content/uploads/magictoolbox_cache/d09bf41544a3365a46c9077ebb5e35c3/940x626/720599122/B0020373.jpg HTTP/1.1" 200 23052 "https://lifan.nl" "Mozilla/5.0 (Windows NT 10.0; Win64; x64) AppleWebKit/537.36 (KHTML, like Gecko) Chrome/147.0.0.0 Safari/537.36"
216.73.216.229 - - [07/May/2026:06:06:06 +0000] "GET /sitemap_index.xml HTTP/1.1" 200 359 "-" "Mozilla/5.0 AppleWebKit/537.36 (KHTML, like Gecko; compatible; ClaudeBot/1.0; +claudebot@anthropic.com)"
43.157.95.131 - - [07/May/2026:06:10:45 +0000] "GET /en/lifan-en/ HTTP/1.1" 200 17984 "http://www.lifan.nl" "Mozilla/5.0 (iPhone; CPU iPhone OS 13_2_3 like Mac OS X) AppleWebKit/605.1.15 (KHTML, like Gecko) Version/13.0.3 Mobile/15E148 Safari/604.1"
43.161.217.205 - - [07/May/2026:06:12:20 +0000] "GET / HTTP/1.1" 302 - "http://lifanmotor.nl" "Mozilla/5.0 (iPhone; CPU iPhone OS 13_2_3 like Mac OS X) AppleWebKit/605.1.15 (KHTML, like Gecko) Version/13.0.3 Mobile/15E148 Safari/604.1"
52.138.0.210 - - [07/May/2026:06:12:21 +0000] "GET /wk/index.php HTTP/1.1" 301 - "-" "Mozilla/5.0 (Windows NT 10.0; Win64; x64) AppleWebKit/537.36 (KHTML, like Gecko) Chrome/120.0.0.0 Safari/537.36"
43.161.217.205 - - [07/May/2026:06:12:34 +0000] "GET /en/lifan-en/ HTTP/1.1" 200 17984 "https://lifan.nl" "Mozilla/5.0 (iPhone; CPU iPhone OS 13_2_3 like Mac OS X) AppleWebKit/605.1.15 (KHTML, like Gecko) Version/13.0.3 Mobile/15E148 Safari/604.1"
92.63.224.84 - - [07/May/2026:06:14:31 +0000] "GET / HTTP/1.1" 302 - "-" "Mozilla/5.0 (compatible; Googlebot/2.1; +http://www.google.com/bot.html)"
92.63.224.84 - - [07/May/2026:06:14:45 +0000] "GET /en/lifan-en/ HTTP/1.1" 200 17984 "https://lifan.nl" "Mozilla/5.0 (compatible; Googlebot/2.1; +http://www.google.com/bot.html)"
124.156.204.252 - - [07/May/2026:06:21:42 +0000] "GET / HTTP/1.1" 200 17417 "-" "Sogou web spider/4.0(+http://www.sogou.com/docs/help/webmasters.htm#07)"
217.113.194.94 - - [07/May/2026:06:37:07 +0000] "GET /robots.txt HTTP/1.1" 200 119 "-" "Mozilla/5.0 (compatible; Barkrowler/0.9; +https://babbar.tech/crawler)"
217.113.194.97 - - [07/May/2026:06:37:39 +0000] "GET /bring-n/ HTTP/1.1" 200 21799 "-" "Mozilla/5.0 (compatible; Barkrowler/0.9; +https://babbar.tech/crawler)"
217.113.194.92 - - [07/May/2026:06:38:13 +0000] "GET /category/work/ HTTP/1.1" 200 15992 "-" "Mozilla/5.0 (compatible; Barkrowler/0.9; +https://babbar.tech/crawler)"
217.113.194.97 - - [07/May/2026:06:38:46 +0000] "GET /author/vt/ HTTP/1.1" 200 16525 "-" "Mozilla/5.0 (compatible; Barkrowler/0.9; +https://babbar.tech/crawler)"
217.113.194.94 - - [07/May/2026:06:39:18 +0000] "GET /category/uncategorized/ HTTP/1.1" 200 15424 "-" "Mozilla/5.0 (compatible; Barkrowler/0.9; +https://babbar.tech/crawler)"
52.167.144.234 - - [07/May/2026:06:41:22 +0000] "GET /en/e3-lux-electric-scooter-en/ HTTP/1.1" 200 24500 "-" "Mozilla/5.0 AppleWebKit/537.36 (KHTML, like Gecko; compatible; bingbot/2.0; +http://www.bing.com/bingbot.htm) Chrome/116.0.1938.76 Safari/537.36"
40.77.167.70 - - [07/May/2026:06:42:09 +0000] "GET /wp-includes/css/dist/block-library/style.min.css?ver=6.9.4 HTTP/1.1" 200 15916 "https://lifan.nl/en/e3-lux-electric-scooter-en/" "Mozilla/5.0 AppleWebKit/537.36 (KHTML, like Gecko; compatible; bingbot/2.0; +http://www.bing.com/bingbot.htm) Chrome/136.0.0.0 Safari/537.36 AppleWebKit/537.36 (KHTML, like Gecko; compatible; bingbot/2.0; +http://www.bing.com/bingbot.htm) Chrome/116.0.1938.76 Safari/537.36"
40.77.167.70 - - [07/May/2026:06:42:09 +0000] "GET /wp-content/themes/sydney-pro-ii/js/scripts.js?ver=6.9.4 HTTP/1.1" 200 22082 "https://lifan.nl/en/e3-lux-electric-scooter-en/" "Mozilla/5.0 AppleWebKit/537.36 (KHTML, like Gecko; compatible; bingbot/2.0; +http://www.bing.com/bingbot.htm) Chrome/136.0.0.0 Safari/537.36 AppleWebKit/537.36 (KHTML, like Gecko; compatible; bingbot/2.0; +http://www.bing.com/bingbot.htm) Chrome/116.0.1938.76 Safari/537.36"
52.167.144.234 - - [07/May/2026:06:42:13 +0000] "GET /wp-content/plugins/contact-form-7/includes/css/styles.css?ver=5.9.6 HTTP/1.1" 200 1015 "https://lifan.nl/en/e3-lux-electric-scooter-en/" "Mozilla/5.0 AppleWebKit/537.36 (KHTML, like Gecko; compatible; bingbot/2.0; +http://www.bing.com/bingbot.htm) Chrome/136.0.0.0 Safari/537.36 AppleWebKit/537.36 (KHTML, like Gecko; compatible; bingbot/2.0; +http://www.bing.com/bingbot.htm) Chrome/116.0.1938.76 Safari/537.36"
157.55.39.57 - - [07/May/2026:06:42:13 +0000] "GET /wp-content/plugins/tablepress/css/build/default.css?ver=2.3.2 HTTP/1.1" 200 2456 "https://lifan.nl/en/e3-lux-electric-scooter-en/" "Mozilla/5.0 AppleWebKit/537.36 (KHTML, like Gecko; compatible; bingbot/2.0; +http://www.bing.com/bingbot.htm) Chrome/136.0.0.0 Safari/537.36 AppleWebKit/537.36 (KHTML, like Gecko; compatible; bingbot/2.0; +http://www.bing.com/bingbot.htm) Chrome/116.0.1938.76 Safari/537.36"
157.55.39.57 - - [07/May/2026:06:42:14 +0000] "GET /wp-content/uploads/elementor/css/post-6.css?ver=1674658727 HTTP/1.1" 200 357 "https://lifan.nl/en/e3-lux-electric-scooter-en/" "Mozilla/5.0 AppleWebKit/537.36 (KHTML, like Gecko; compatible; bingbot/2.0; +http://www.bing.com/bingbot.htm) Chrome/136.0.0.0 Safari/537.36 AppleWebKit/537.36 (KHTML, like Gecko; compatible; bingbot/2.0; +http://www.bing.com/bingbot.htm) Chrome/116.0.1938.76 Safari/537.36"
157.55.39.57 - - [07/May/2026:06:42:14 +0000] "GET /wp-content/themes/sydney-pro-ii/fonts/fontello.min.css?ver=6.9.4 HTTP/1.1" 200 381 "https://lifan.nl/en/e3-lux-electric-scooter-en/" "Mozilla/5.0 AppleWebKit/537.36 (KHTML, like Gecko; compatible; bingbot/2.0; +http://www.bing.com/bingbot.htm) Chrome/136.0.0.0 Safari/537.36 AppleWebKit/537.36 (KHTML, like Gecko; compatible; bingbot/2.0; +http://www.bing.com/bingbot.htm) Chrome/116.0.1938.76 Safari/537.36"
157.55.39.57 - - [07/May/2026:06:42:15 +0000] "GET /wp-content/themes/sydney-pro-ii/css/styles.min.css?ver=20221019 HTTP/1.1" 200 14604 "https://lifan.nl/en/e3-lux-electric-scooter-en/" "Mozilla/5.0 AppleWebKit/537.36 (KHTML, like Gecko; compatible; bingbot/2.0; +http://www.bing.com/bingbot.htm) Chrome/136.0.0.0 Safari/537.36 AppleWebKit/537.36 (KHTML, like Gecko; compatible; bingbot/2.0; +http://www.bing.com/bingbot.htm) Chrome/116.0.1938.76 Safari/537.36"
157.55.39.57 - - [07/May/2026:06:42:15 +0000] "GET /wp-content/themes/sydney-pro-ii/css/modules/ext-footer.min.css?ver=6.9.4 HTTP/1.1" 200 478 "https://lifan.nl/en/e3-lux-electric-scooter-en/" "Mozilla/5.0 AppleWebKit/537.36 (KHTML, like Gecko; compatible; bingbot/2.0; +http://www.bing.com/bingbot.htm) Chrome/136.0.0.0 Safari/537.36 AppleWebKit/537.36 (KHTML, like Gecko; compatible; bingbot/2.0; +http://www.bing.com/bingbot.htm) Chrome/116.0.1938.76 Safari/537.36"
157.55.39.57 - - [07/May/2026:06:42:15 +0000] "GET /wp-content/plugins/elementor/assets/lib/eicons/fonts/eicons.woff?5.23.0 HTTP/1.1" 200 115509 "https://lifan.nl/wp-content/plugins/elementor/assets/lib/eicons/css/elementor-icons.min.css?ver=5.23.0" "Mozilla/5.0 AppleWebKit/537.36 (KHTML, like Gecko; compatible; bingbot/2.0; +http://www.bing.com/bingbot.htm) Chrome/136.0.0.0 Safari/537.36 AppleWebKit/537.36 (KHTML, like Gecko; compatible; bingbot/2.0; +http://www.bing.com/bingbot.htm) Chrome/116.0.1938.76 Safari/537.36"
157.55.39.57 - - [07/May/2026:06:42:16 +0000] "GET /wp-includes/js/wp-emoji-release.min.js?ver=6.9.4 HTTP/1.1" 200 5375 "https://lifan.nl/en/e3-lux-electric-scooter-en/" "Mozilla/5.0 AppleWebKit/537.36 (KHTML, like Gecko; compatible; bingbot/2.0; +http://www.bing.com/bingbot.htm) Chrome/136.0.0.0 Safari/537.36 AppleWebKit/537.36 (KHTML, like Gecko; compatible; bingbot/2.0; +http://www.bing.com/bingbot.htm) Chrome/116.0.1938.76 Safari/537.36"
52.167.144.234 - - [07/May/2026:06:42:23 +0000] "GET /wp-content/plugins/elementor/assets/lib/eicons/fonts/eicons.woff2?5.23.0 HTTP/1.1" 200 94753 "https://lifan.nl/wp-content/plugins/elementor/assets/lib/eicons/css/elementor-icons.min.css?ver=5.23.0" "Mozilla/5.0 AppleWebKit/537.36 (KHTML, like Gecko; compatible; bingbot/2.0; +http://www.bing.com/bingbot.htm) Chrome/136.0.0.0 Safari/537.36 AppleWebKit/537.36 (KHTML, like Gecko; compatible; bingbot/2.0; +http://www.bing.com/bingbot.htm) Chrome/116.0.1938.76 Safari/537.36"
52.167.144.234 - - [07/May/2026:06:42:23 +0000] "GET /wp-content/plugins/elementor/assets/js/frontend-modules.min.js?ver=3.17.3 HTTP/1.1" 200 16922 "https://lifan.nl/en/e3-lux-electric-scooter-en/" "Mozilla/5.0 AppleWebKit/537.36 (KHTML, like Gecko; compatible; bingbot/2.0; +http://www.bing.com/bingbot.htm) Chrome/136.0.0.0 Safari/537.36 AppleWebKit/537.36 (KHTML, like Gecko; compatible; bingbot/2.0; +http://www.bing.com/bingbot.htm) Chrome/116.0.1938.76 Safari/537.36"
52.167.144.234 - - [07/May/2026:06:42:24 +0000] "GET /wp-content/plugins/elementor/assets/lib/eicons/fonts/eicons.ttf?5.23.0 HTTP/1.1" 200 117164 "https://lifan.nl/wp-content/plugins/elementor/assets/lib/eicons/css/elementor-icons.min.css?ver=5.23.0" "Mozilla/5.0 AppleWebKit/537.36 (KHTML, like Gecko; compatible; bingbot/2.0; +http://www.bing.com/bingbot.htm) Chrome/136.0.0.0 Safari/537.36 AppleWebKit/537.36 (KHTML, like Gecko; compatible; bingbot/2.0; +http://www.bing.com/bingbot.htm) Chrome/116.0.1938.76 Safari/537.36"
43.161.234.148 - - [07/May/2026:06:43:56 +0000] "GET / HTTP/1.1" 302 - "http://lifan-motors.nl" "Mozilla/5.0 (iPhone; CPU iPhone OS 13_2_3 like Mac OS X) AppleWebKit/605.1.15 (KHTML, like Gecko) Version/13.0.3 Mobile/15E148 Safari/604.1"
43.161.234.148 - - [07/May/2026:06:44:11 +0000] "GET /en/lifan-en/ HTTP/1.1" 200 17984 "https://lifan.nl" "Mozilla/5.0 (iPhone; CPU iPhone OS 13_2_3 like Mac OS X) AppleWebKit/605.1.15 (KHTML, like Gecko) Version/13.0.3 Mobile/15E148 Safari/604.1"
103.77.192.216 - - [07/May/2026:06:53:52 +0000] "GET / HTTP/1.1" 200 17417 "-" "python-requests/2.32.5"
54.246.174.239 - - [07/May/2026:06:56:51 +0000] "GET /dealer-netwerk/?wpsl-search-input=&wpsl-radius=50&wpsl-results=25 HTTP/1.1" 200 18447 "https://lifan.nl/dealer-netwerk/" "Mozilla/5.0 (Macintosh; Intel Mac OS X 10_15_5) AppleWebKit/537.36 (KHTML, like Gecko) Chrome/83.0.4103.61 Safari/537.36"
217.92.87.241 - - [07/May/2026:07:01:22 +0000] "GET /wp-content/uploads/2021/01/Lifan-E3-Lux-Charger.jpg HTTP/1.1" 200 48619 "https://www.google.com/" "Mozilla/5.0 (Linux; Android 16; SM-G990B2 Build/BP2A.250605.031.A3; wv) AppleWebKit/537.36 (KHTML, like Gecko) Version/4.0 Chrome/147.0.7727.137 Mobile Safari/537.36 GoogleApp/17.20.27.ve.arm64"
217.92.87.241 - - [07/May/2026:07:01:23 +0000] "GET /wp-content/plugins/sydney-toolbox/css/styles.min.css?ver=20220107 HTTP/1.1" 200 2354 "-" "Mozilla/5.0 (Linux; Android 10; K) AppleWebKit/537.36 (KHTML, like Gecko) Chrome/147.0.0.0 Mobile Safari/537.36"
217.92.87.241 - - [07/May/2026:07:01:23 +0000] "GET /wp-content/themes/sydney-pro-ii/css/bootstrap/bootstrap.min.css?ver=1 HTTP/1.1" 200 1976 "-" "Mozilla/5.0 (Linux; Android 10; K) AppleWebKit/537.36 (KHTML, like Gecko) Chrome/147.0.0.0 Mobile Safari/537.36"
217.92.87.241 - - [07/May/2026:07:01:23 +0000] "GET /wp-content/themes/sydney-pro-ii/css/modules/ext-footer.min.css?ver=6.9.4 HTTP/1.1" 200 478 "-" "Mozilla/5.0 (Linux; Android 10; K) AppleWebKit/537.36 (KHTML, like Gecko) Chrome/147.0.0.0 Mobile Safari/537.36"
217.92.87.241 - - [07/May/2026:07:01:23 +0000] "GET /wp-includes/css/dist/block-library/style.min.css?ver=6.9.4 HTTP/1.1" 200 15916 "-" "Mozilla/5.0 (Linux; Android 10; K) AppleWebKit/537.36 (KHTML, like Gecko) Chrome/147.0.0.0 Mobile Safari/537.36"
217.92.87.241 - - [07/May/2026:07:01:23 +0000] "GET /wp-content/plugins/contact-form-7/includes/css/styles.css?ver=5.9.6 HTTP/1.1" 200 1015 "-" "Mozilla/5.0 (Linux; Android 10; K) AppleWebKit/537.36 (KHTML, like Gecko) Chrome/147.0.0.0 Mobile Safari/537.36"
217.92.87.241 - - [07/May/2026:07:01:23 +0000] "GET /wp-content/plugins/cookie-notice/css/front.min.css?ver=2.4.17 HTTP/1.1" 200 1091 "-" "Mozilla/5.0 (Linux; Android 10; K) AppleWebKit/537.36 (KHTML, like Gecko) Chrome/147.0.0.0 Mobile Safari/537.36"
217.92.87.241 - - [07/May/2026:07:01:23 +0000] "GET /wp-content/themes/sydney-pro-ii/css/components/elementor.min.css?ver=20220824 HTTP/1.1" 200 2397 "-" "Mozilla/5.0 (Linux; Android 10; K) AppleWebKit/537.36 (KHTML, like Gecko) Chrome/147.0.0.0 Mobile Safari/537.36"
217.92.87.241 - - [07/May/2026:07:01:23 +0000] "GET /wp-content/plugins/wp-store-locator/css/styles.min.css?ver=2.2.241 HTTP/1.1" 200 3368 "-" "Mozilla/5.0 (Linux; Android 10; K) AppleWebKit/537.36 (KHTML, like Gecko) Chrome/147.0.0.0 Mobile Safari/537.36"
217.92.87.241 - - [07/May/2026:07:01:23 +0000] "GET /wp-content/themes/sydney-pro-ii/fonts/fontello.min.css?ver=6.9.4 HTTP/1.1" 200 381 "-" "Mozilla/5.0 (Linux; Android 10; K) AppleWebKit/537.36 (KHTML, like Gecko) Chrome/147.0.0.0 Mobile Safari/537.36"
217.92.87.241 - - [07/May/2026:07:01:23 +0000] "GET /wp-content/themes/sydney-pro-ii/css/styles.min.css?ver=20221019 HTTP/1.1" 200 14604 "-" "Mozilla/5.0 (Linux; Android 10; K) AppleWebKit/537.36 (KHTML, like Gecko) Chrome/147.0.0.0 Mobile Safari/537.36"
217.92.87.241 - - [07/May/2026:07:01:23 +0000] "GET /en/e3-lux-electric-scooter-en/ HTTP/1.1" 200 24500 "https://www.google.com/" "Mozilla/5.0 (Linux; Android 10; K) AppleWebKit/537.36 (KHTML, like Gecko) Chrome/147.0.0.0 Mobile Safari/537.36"
217.92.87.241 - - [07/May/2026:07:01:41 +0000] "GET /wp-content/themes/sydney-pro-ii/style.css?ver=20221019 HTTP/1.1" 200 673 "https://lifan.nl/en/e3-lux-electric-scooter-en/" "Mozilla/5.0 (Linux; Android 10; K) AppleWebKit/537.36 (KHTML, like Gecko) Chrome/147.0.0.0 Mobile Safari/537.36"
217.92.87.241 - - [07/May/2026:07:01:41 +0000] "GET /wp-content/plugins/tablepress/css/build/default.css?ver=2.3.2 HTTP/1.1" 200 2456 "https://lifan.nl/en/e3-lux-electric-scooter-en/" "Mozilla/5.0 (Linux; Android 10; K) AppleWebKit/537.36 (KHTML, like Gecko) Chrome/147.0.0.0 Mobile Safari/537.36"
217.92.87.241 - - [07/May/2026:07:01:41 +0000] "GET /wp-content/plugins/elementor/assets/lib/eicons/css/elementor-icons.min.css?ver=5.23.0 HTTP/1.1" 200 4012 "https://lifan.nl/en/e3-lux-electric-scooter-en/" "Mozilla/5.0 (Linux; Android 10; K) AppleWebKit/537.36 (KHTML, like Gecko) Chrome/147.0.0.0 Mobile Safari/537.36"
217.92.87.241 - - [07/May/2026:07:01:41 +0000] "GET /wp-content/plugins/elementor/assets/css/frontend.min.css?ver=3.17.3 HTTP/1.1" 200 20193 "https://lifan.nl/en/e3-lux-electric-scooter-en/" "Mozilla/5.0 (Linux; Android 10; K) AppleWebKit/537.36 (KHTML, like Gecko) Chrome/147.0.0.0 Mobile Safari/537.36"
217.92.87.241 - - [07/May/2026:07:01:41 +0000] "GET /wp-content/uploads/elementor/css/post-6.css?ver=1674658727 HTTP/1.1" 200 357 "https://lifan.nl/en/e3-lux-electric-scooter-en/" "Mozilla/5.0 (Linux; Android 10; K) AppleWebKit/537.36 (KHTML, like Gecko) Chrome/147.0.0.0 Mobile Safari/537.36"
217.92.87.241 - - [07/May/2026:07:01:41 +0000] "GET /wp-content/plugins/elementor/assets/lib/swiper/css/swiper.min.css?ver=5.3.6 HTTP/1.1" 200 2409 "https://lifan.nl/en/e3-lux-electric-scooter-en/" "Mozilla/5.0 (Linux; Android 10; K) AppleWebKit/537.36 (KHTML, like Gecko) Chrome/147.0.0.0 Mobile Safari/537.36"
217.92.87.241 - - [07/May/2026:07:01:41 +0000] "GET /wp-includes/js/jquery/jquery-migrate.min.js?ver=3.4.1 HTTP/1.1" 200 4872 "https://lifan.nl/en/e3-lux-electric-scooter-en/" "Mozilla/5.0 (Linux; Android 10; K) AppleWebKit/537.36 (KHTML, like Gecko) Chrome/147.0.0.0 Mobile Safari/537.36"
217.92.87.241 - - [07/May/2026:07:01:41 +0000] "GET /wp-content/plugins/cookie-notice/js/front.min.js?ver=2.4.17 HTTP/1.1" 200 2129 "https://lifan.nl/en/e3-lux-electric-scooter-en/" "Mozilla/5.0 (Linux; Android 10; K) AppleWebKit/537.36 (KHTML, like Gecko) Chrome/147.0.0.0 Mobile Safari/537.36"
217.92.87.241 - - [07/May/2026:07:01:41 +0000] "GET /wp-includes/js/jquery/jquery.min.js?ver=3.7.1 HTTP/1.1" 200 30368 "https://lifan.nl/en/e3-lux-electric-scooter-en/" "Mozilla/5.0 (Linux; Android 10; K) AppleWebKit/537.36 (KHTML, like Gecko) Chrome/147.0.0.0 Mobile Safari/537.36"
217.92.87.241 - - [07/May/2026:07:01:41 +0000] "GET /wp-content/uploads/elementor/css/post-1465.css?ver=1729110865 HTTP/1.1" 200 871 "https://lifan.nl/en/e3-lux-electric-scooter-en/" "Mozilla/5.0 (Linux; Android 10; K) AppleWebKit/537.36 (KHTML, like Gecko) Chrome/147.0.0.0 Mobile Safari/537.36"
217.92.87.241 - - [07/May/2026:07:01:41 +0000] "GET /wp-content/uploads/2021/01/Lifan-E3-Lux-Motor-Wheel.jpg HTTP/1.1" 200 67744 "https://lifan.nl/en/e3-lux-electric-scooter-en/" "Mozilla/5.0 (Linux; Android 10; K) AppleWebKit/537.36 (KHTML, like Gecko) Chrome/147.0.0.0 Mobile Safari/537.36"
217.92.87.241 - - [07/May/2026:07:01:41 +0000] "GET /wp-content/uploads/2021/01/Lifan-E3-Lux-White.jpg HTTP/1.1" 200 68601 "https://lifan.nl/en/e3-lux-electric-scooter-en/" "Mozilla/5.0 (Linux; Android 10; K) AppleWebKit/537.36 (KHTML, like Gecko) Chrome/147.0.0.0 Mobile Safari/537.36"
217.92.87.241 - - [07/May/2026:07:01:41 +0000] "GET /wp-content/themes/sydney-pro-ii/js/elementor.js?ver=20211129 HTTP/1.1" 200 1186 "https://lifan.nl/en/e3-lux-electric-scooter-en/" "Mozilla/5.0 (Linux; Android 10; K) AppleWebKit/537.36 (KHTML, like Gecko) Chrome/147.0.0.0 Mobile Safari/537.36"
217.92.87.241 - - [07/May/2026:07:01:41 +0000] "GET /wp-content/plugins/sydney-toolbox/js/main.js?ver=20211217 HTTP/1.1" 200 1650 "https://lifan.nl/en/e3-lux-electric-scooter-en/" "Mozilla/5.0 (Linux; Android 10; K) AppleWebKit/537.36 (KHTML, like Gecko) Chrome/147.0.0.0 Mobile Safari/537.36"
217.92.87.241 - - [07/May/2026:07:01:41 +0000] "GET /wp-content/plugins/contact-form-7/includes/swv/js/index.js?ver=5.9.6 HTTP/1.1" 200 3354 "https://lifan.nl/en/e3-lux-electric-scooter-en/" "Mozilla/5.0 (Linux; Android 10; K) AppleWebKit/537.36 (KHTML, like Gecko) Chrome/147.0.0.0 Mobile Safari/537.36"
217.92.87.241 - - [07/May/2026:07:01:41 +0000] "GET /wp-content/plugins/contact-form-7/includes/js/index.js?ver=5.9.6 HTTP/1.1" 200 4169 "https://lifan.nl/en/e3-lux-electric-scooter-en/" "Mozilla/5.0 (Linux; Android 10; K) AppleWebKit/537.36 (KHTML, like Gecko) Chrome/147.0.0.0 Mobile Safari/537.36"
217.92.87.241 - - [07/May/2026:07:01:41 +0000] "GET /wp-content/themes/sydney-pro-ii/js/functions.js?ver=20220613 HTTP/1.1" 200 8823 "https://lifan.nl/en/e3-lux-electric-scooter-en/" "Mozilla/5.0 (Linux; Android 10; K) AppleWebKit/537.36 (KHTML, like Gecko) Chrome/147.0.0.0 Mobile Safari/537.36"
217.92.87.241 - - [07/May/2026:07:01:41 +0000] "GET /wp-content/themes/sydney-pro-ii/js/scripts.js?ver=6.9.4 HTTP/1.1" 200 22082 "https://lifan.nl/en/e3-lux-electric-scooter-en/" "Mozilla/5.0 (Linux; Android 10; K) AppleWebKit/537.36 (KHTML, like Gecko) Chrome/147.0.0.0 Mobile Safari/537.36"
217.92.87.241 - - [07/May/2026:07:01:41 +0000] "GET /wp-includes/js/dist/vendor/wp-polyfill.min.js?ver=3.15.0 HTTP/1.1" 200 11852 "https://lifan.nl/en/e3-lux-electric-scooter-en/" "Mozilla/5.0 (Linux; Android 10; K) AppleWebKit/537.36 (KHTML, like Gecko) Chrome/147.0.0.0 Mobile Safari/537.36"
217.92.87.241 - - [07/May/2026:07:01:41 +0000] "GET /wp-content/plugins/contact-form-7/modules/recaptcha/index.js?ver=5.9.6 HTTP/1.1" 200 483 "https://lifan.nl/en/e3-lux-electric-scooter-en/" "Mozilla/5.0 (Linux; Android 10; K) AppleWebKit/537.36 (KHTML, like Gecko) Chrome/147.0.0.0 Mobile Safari/537.36"
217.92.87.241 - - [07/May/2026:07:01:41 +0000] "GET /wp-content/plugins/elementor/assets/js/webpack.runtime.min.js?ver=3.17.3 HTTP/1.1" 200 2213 "https://lifan.nl/en/e3-lux-electric-scooter-en/" "Mozilla/5.0 (Linux; Android 10; K) AppleWebKit/537.36 (KHTML, like Gecko) Chrome/147.0.0.0 Mobile Safari/537.36"
217.92.87.241 - - [07/May/2026:07:01:41 +0000] "GET /wp-content/plugins/elementor/assets/lib/waypoints/waypoints.min.js?ver=4.0.2 HTTP/1.1" 200 2993 "https://lifan.nl/en/e3-lux-electric-scooter-en/" "Mozilla/5.0 (Linux; Android 10; K) AppleWebKit/537.36 (KHTML, like Gecko) Chrome/147.0.0.0 Mobile Safari/537.36"
217.92.87.241 - - [07/May/2026:07:01:41 +0000] "GET /wp-content/plugins/elementor/assets/js/frontend-modules.min.js?ver=3.17.3 HTTP/1.1" 200 16922 "https://lifan.nl/en/e3-lux-electric-scooter-en/" "Mozilla/5.0 (Linux; Android 10; K) AppleWebKit/537.36 (KHTML, like Gecko) Chrome/147.0.0.0 Mobile Safari/537.36"
217.92.87.241 - - [07/May/2026:07:01:41 +0000] "GET /wp-includes/js/jquery/ui/core.min.js?ver=1.13.3 HTTP/1.1" 200 7106 "https://lifan.nl/en/e3-lux-electric-scooter-en/" "Mozilla/5.0 (Linux; Android 10; K) AppleWebKit/537.36 (KHTML, like Gecko) Chrome/147.0.0.0 Mobile Safari/537.36"
217.92.87.241 - - [07/May/2026:07:01:41 +0000] "GET /wp-content/plugins/elementor/assets/js/frontend.min.js?ver=3.17.3 HTTP/1.1" 200 12234 "https://lifan.nl/en/e3-lux-electric-scooter-en/" "Mozilla/5.0 (Linux; Android 10; K) AppleWebKit/537.36 (KHTML, like Gecko) Chrome/147.0.0.0 Mobile Safari/537.36"
217.92.87.241 - - [07/May/2026:07:01:41 +0000] "GET /wp-content/uploads/2021/01/Lifan-E3-Lux-Blu-Battery.jpg HTTP/1.1" 200 59557 "https://lifan.nl/en/e3-lux-electric-scooter-en/" "Mozilla/5.0 (Linux; Android 10; K) AppleWebKit/537.36 (KHTML, like Gecko) Chrome/147.0.0.0 Mobile Safari/537.36"
217.92.87.241 - - [07/May/2026:07:01:41 +0000] "GET /wp-content/uploads/2021/01/Lifan-E3-Lux-Charger.jpg HTTP/1.1" 200 48619 "https://lifan.nl/en/e3-lux-electric-scooter-en/" "Mozilla/5.0 (Linux; Android 10; K) AppleWebKit/537.36 (KHTML, like Gecko) Chrome/147.0.0.0 Mobile Safari/537.36"
217.92.87.241 - - [07/May/2026:07:01:41 +0000] "GET /wp-content/uploads/2021/01/Lifan-E3-Lux-Day-light-1024x730.jpg HTTP/1.1" 200 53562 "https://lifan.nl/en/e3-lux-electric-scooter-en/" "Mozilla/5.0 (Linux; Android 10; K) AppleWebKit/537.36 (KHTML, like Gecko) Chrome/147.0.0.0 Mobile Safari/537.36"
217.92.87.241 - - [07/May/2026:07:01:41 +0000] "GET /wp-content/uploads/2021/01/Lifan-E3-Front-Light-Night.jpg HTTP/1.1" 200 16377 "https://lifan.nl/en/e3-lux-electric-scooter-en/" "Mozilla/5.0 (Linux; Android 10; K) AppleWebKit/537.36 (KHTML, like Gecko) Chrome/147.0.0.0 Mobile Safari/537.36"
217.92.87.241 - - [07/May/2026:07:01:41 +0000] "GET /wp-content/uploads/2021/01/Lifan-E3-Lux-Motor-1024x730.jpg HTTP/1.1" 200 85434 "https://lifan.nl/en/e3-lux-electric-scooter-en/" "Mozilla/5.0 (Linux; Android 10; K) AppleWebKit/537.36 (KHTML, like Gecko) Chrome/147.0.0.0 Mobile Safari/537.36"
217.92.87.241 - - [07/May/2026:07:01:41 +0000] "GET /wp-content/plugins/elementor/assets/lib/eicons/fonts/eicons.woff2?5.23.0 HTTP/1.1" 200 94753 "https://lifan.nl/wp-content/plugins/elementor/assets/lib/eicons/css/elementor-icons.min.css?ver=5.23.0" "Mozilla/5.0 (Linux; Android 10; K) AppleWebKit/537.36 (KHTML, like Gecko) Chrome/147.0.0.0 Mobile Safari/537.36"
217.92.87.241 - - [07/May/2026:07:01:41 +0000] "GET /wp-content/uploads/2021/01/Lifan-E3-Tail-light-activated.jpg HTTP/1.1" 200 57037 "https://lifan.nl/en/e3-lux-electric-scooter-en/" "Mozilla/5.0 (Linux; Android 10; K) AppleWebKit/537.36 (KHTML, like Gecko) Chrome/147.0.0.0 Mobile Safari/537.36"
217.92.87.241 - - [07/May/2026:07:01:41 +0000] "GET /wp-content/uploads/2021/01/Lifan-E3-Lux-Electric-Breaking-Recovery-System-1024x730.jpg HTTP/1.1" 200 46483 "https://lifan.nl/en/e3-lux-electric-scooter-en/" "Mozilla/5.0 (Linux; Android 10; K) AppleWebKit/537.36 (KHTML, like Gecko) Chrome/147.0.0.0 Mobile Safari/537.36"
217.92.87.241 - - [07/May/2026:07:01:41 +0000] "GET /wp-content/uploads/2021/01/Lifan-E3-Lux-Digital-Dashboard-1.jpg HTTP/1.1" 200 63071 "https://lifan.nl/en/e3-lux-electric-scooter-en/" "Mozilla/5.0 (Linux; Android 10; K) AppleWebKit/537.36 (KHTML, like Gecko) Chrome/147.0.0.0 Mobile Safari/537.36"
217.92.87.241 - - [07/May/2026:07:01:41 +0000] "GET /wp-content/uploads/2021/01/Lifan-E3-Lux-Front-Disc-Brake.png HTTP/1.1" 200 784969 "https://lifan.nl/en/e3-lux-electric-scooter-en/" "Mozilla/5.0 (Linux; Android 10; K) AppleWebKit/537.36 (KHTML, like Gecko) Chrome/147.0.0.0 Mobile Safari/537.36"
217.92.87.241 - - [07/May/2026:07:01:41 +0000] "GET /wp-content/uploads/2021/01/E3-Lux-Digital-Dashboard-Side-view.jpg HTTP/1.1" 200 92921 "https://lifan.nl/en/e3-lux-electric-scooter-en/" "Mozilla/5.0 (Linux; Android 10; K) AppleWebKit/537.36 (KHTML, like Gecko) Chrome/147.0.0.0 Mobile Safari/537.36"
217.92.87.241 - - [07/May/2026:07:01:41 +0000] "GET /wp-content/uploads/2021/01/Lifan-E3-Lux-Banner.jpg HTTP/1.1" 200 258958 "https://lifan.nl/wp-content/uploads/elementor/css/post-1465.css?ver=1729110865" "Mozilla/5.0 (Linux; Android 10; K) AppleWebKit/537.36 (KHTML, like Gecko) Chrome/147.0.0.0 Mobile Safari/537.36"
217.92.87.241 - - [07/May/2026:07:01:41 +0000] "GET /wp-content/uploads/2021/01/Lifan-E3-Lux-Digital-Dashboard-Close.jpg HTTP/1.1" 200 61576 "https://lifan.nl/en/e3-lux-electric-scooter-en/" "Mozilla/5.0 (Linux; Android 10; K) AppleWebKit/537.36 (KHTML, like Gecko) Chrome/147.0.0.0 Mobile Safari/537.36"
217.92.87.241 - - [07/May/2026:07:01:42 +0000] "GET /wp-content/uploads/2021/01/Lifan-E3-Lux-LED-Display.jpg HTTP/1.1" 200 124662 "https://lifan.nl/en/e3-lux-electric-scooter-en/" "Mozilla/5.0 (Linux; Android 10; K) AppleWebKit/537.36 (KHTML, like Gecko) Chrome/147.0.0.0 Mobile Safari/537.36"
217.92.87.241 - - [07/May/2026:07:01:42 +0000] "GET /wp-content/uploads/2021/01/Lifan-E3-Lux-Blue-USB-Socket.jpg HTTP/1.1" 200 35727 "https://lifan.nl/en/e3-lux-electric-scooter-en/" "Mozilla/5.0 (Linux; Android 10; K) AppleWebKit/537.36 (KHTML, like Gecko) Chrome/147.0.0.0 Mobile Safari/537.36"
217.92.87.241 - - [07/May/2026:07:01:42 +0000] "GET /wp-content/uploads/2021/01/Lifan-E3-Lux-Black-USB-Socket.jpg HTTP/1.1" 200 45789 "https://lifan.nl/en/e3-lux-electric-scooter-en/" "Mozilla/5.0 (Linux; Android 10; K) AppleWebKit/537.36 (KHTML, like Gecko) Chrome/147.0.0.0 Mobile Safari/537.36"
217.92.87.241 - - [07/May/2026:07:01:42 +0000] "GET /wp-content/uploads/2021/01/Lifan-E3-Lux-Digital-Dashboard-Blue.jpg HTTP/1.1" 200 59427 "https://lifan.nl/en/e3-lux-electric-scooter-en/" "Mozilla/5.0 (Linux; Android 10; K) AppleWebKit/537.36 (KHTML, like Gecko) Chrome/147.0.0.0 Mobile Safari/537.36"
217.92.87.241 - - [07/May/2026:07:01:42 +0000] "GET /wp-content/uploads/2021/01/Lifan-E3-Grey-Front-768x931.jpg HTTP/1.1" 200 54451 "https://lifan.nl/en/e3-lux-electric-scooter-en/" "Mozilla/5.0 (Linux; Android 10; K) AppleWebKit/537.36 (KHTML, like Gecko) Chrome/147.0.0.0 Mobile Safari/537.36"
217.92.87.241 - - [07/May/2026:07:01:42 +0000] "GET /wp-content/plugins/elementor/assets/lib/dialog/dialog.min.js?ver=4.9.0 HTTP/1.1" 200 3489 "https://lifan.nl/en/e3-lux-electric-scooter-en/" "Mozilla/5.0 (Linux; Android 10; K) AppleWebKit/537.36 (KHTML, like Gecko) Chrome/147.0.0.0 Mobile Safari/537.36"
217.92.87.241 - - [07/May/2026:07:01:42 +0000] "GET /wp-content/plugins/elementor/assets/js/lightbox.1b6e05e0607040eb8929.bundle.min.js HTTP/1.1" 200 9915 "https://lifan.nl/en/e3-lux-electric-scooter-en/" "Mozilla/5.0 (Linux; Android 10; K) AppleWebKit/537.36 (KHTML, like Gecko) Chrome/147.0.0.0 Mobile Safari/537.36"
217.92.87.241 - - [07/May/2026:07:01:42 +0000] "GET /wp-content/plugins/elementor/assets/lib/share-link/share-link.min.js?ver=3.17.3 HTTP/1.1" 200 1139 "https://lifan.nl/en/e3-lux-electric-scooter-en/" "Mozilla/5.0 (Linux; Android 10; K) AppleWebKit/537.36 (KHTML, like Gecko) Chrome/147.0.0.0 Mobile Safari/537.36"
217.92.87.241 - - [07/May/2026:07:01:41 +0000] "GET /wp-content/uploads/2020/12/lifan_logo.png HTTP/1.1" 200 569497 "https://lifan.nl/en/e3-lux-electric-scooter-en/" "Mozilla/5.0 (Linux; Android 10; K) AppleWebKit/537.36 (KHTML, like Gecko) Chrome/147.0.0.0 Mobile Safari/537.36"
217.92.87.241 - - [07/May/2026:07:01:42 +0000] "GET /wp-content/plugins/elementor/assets/js/text-editor.2c35aafbe5bf0e127950.bundle.min.js HTTP/1.1" 200 666 "https://lifan.nl/en/e3-lux-electric-scooter-en/" "Mozilla/5.0 (Linux; Android 10; K) AppleWebKit/537.36 (KHTML, like Gecko) Chrome/147.0.0.0 Mobile Safari/537.36"
217.92.87.241 - - [07/May/2026:07:01:42 +0000] "GET /wp-content/plugins/elementor/assets/js/image-carousel.4455c6362492d9067512.bundle.min.js HTTP/1.1" 200 298 "https://lifan.nl/en/e3-lux-electric-scooter-en/" "Mozilla/5.0 (Linux; Android 10; K) AppleWebKit/537.36 (KHTML, like Gecko) Chrome/147.0.0.0 Mobile Safari/537.36"
217.92.87.241 - - [07/May/2026:07:01:41 +0000] "GET /wp-content/uploads/2021/01/Lifan-E3-Lux-Arrow.png HTTP/1.1" 200 958885 "https://lifan.nl/en/e3-lux-electric-scooter-en/" "Mozilla/5.0 (Linux; Android 10; K) AppleWebKit/537.36 (KHTML, like Gecko) Chrome/147.0.0.0 Mobile Safari/537.36"
217.92.87.241 - - [07/May/2026:07:01:42 +0000] "GET /wp-content/plugins/elementor/assets/lib/swiper/swiper.min.js?ver=5.3.6 HTTP/1.1" 200 35491 "https://lifan.nl/en/e3-lux-electric-scooter-en/" "Mozilla/5.0 (Linux; Android 10; K) AppleWebKit/537.36 (KHTML, like Gecko) Chrome/147.0.0.0 Mobile Safari/537.36"
217.92.87.241 - - [07/May/2026:07:01:42 +0000] "GET /wp-includes/js/wp-emoji-release.min.js?ver=6.9.4 HTTP/1.1" 200 5375 "https://lifan.nl/en/e3-lux-electric-scooter-en/" "Mozilla/5.0 (Linux; Android 10; K) AppleWebKit/537.36 (KHTML, like Gecko) Chrome/147.0.0.0 Mobile Safari/537.36"
217.92.87.241 - - [07/May/2026:07:01:44 +0000] "GET /wp-content/uploads/2021/01/cropped-Lifanlogo-192x192.png HTTP/1.1" 200 15000 "https://lifan.nl/en/e3-lux-electric-scooter-en/" "Mozilla/5.0 (Linux; Android 10; K) AppleWebKit/537.36 (KHTML, like Gecko) Chrome/147.0.0.0 Mobile Safari/537.36"
217.92.87.241 - - [07/May/2026:07:01:44 +0000] "GET /wp-content/uploads/2021/01/cropped-Lifanlogo-180x180.png HTTP/1.1" 200 16190 "https://lifan.nl/en/e3-lux-electric-scooter-en/" "Mozilla/5.0 (Linux; Android 10; K) AppleWebKit/537.36 (KHTML, like Gecko) Chrome/147.0.0.0 Mobile Safari/537.36"
17.246.19.163 - - [07/May/2026:07:05:18 +0000] "GET /author/vt/feed/ HTTP/1.1" 200 2164 "-" "Mozilla/5.0 (Macintosh; Intel Mac OS X 10_15_7) AppleWebKit/605.1.15 (KHTML, like Gecko) Version/17.4 Safari/605.1.15 (Applebot/0.1; +http://www.apple.com/go/applebot)"
147.135.252.145 - - [07/May/2026:07:07:03 +0000] "GET /robots.txt HTTP/1.1" 200 166 "-" "Mozilla/5.0 (compatible; MJ12bot/v1.4.8; http://mj12bot.com/)"
147.135.252.145 - - [07/May/2026:07:07:20 +0000] "GET /embed/ HTTP/1.1" 200 16613 "-" "Mozilla/5.0 (compatible; MJ12bot/v1.4.8; http://mj12bot.com/)"
198.244.226.146 - - [07/May/2026:07:10:49 +0000] "GET /robots.txt HTTP/1.1" 200 119 "-" "Mozilla/5.0 (compatible; AhrefsBot/7.0; +http://ahrefs.com/robot/)"
148.113.128.213 - - [07/May/2026:07:11:05 +0000] "GET /bring-n/ HTTP/1.1" 200 22452 "-" "Mozilla/5.0 (compatible; AhrefsBot/7.0; +http://ahrefs.com/robot/)"
216.73.216.229 - - [07/May/2026:07:24:06 +0000] "GET /robots.txt HTTP/1.1" 200 119 "-" "Mozilla/5.0 AppleWebKit/537.36 (KHTML, like Gecko; compatible; ClaudeBot/1.0; +claudebot@anthropic.com)"
20.123.172.228 - - [07/May/2026:07:24:21 +0000] "POST /wp-cron.php?doing_wp_cron=1778138661.6434540748596191406250 HTTP/1.1" 200 - "-" "WordPress/6.9.4; https://lifan.nl"
216.73.216.229 - - [07/May/2026:07:24:22 +0000] "GET /sitemap_index.xml HTTP/1.1" 200 359 "-" "Mozilla/5.0 AppleWebKit/537.36 (KHTML, like Gecko; compatible; ClaudeBot/1.0; +claudebot@anthropic.com)"
43.153.76.247 - - [07/May/2026:07:24:32 +0000] "GET /en/lifan-en/ HTTP/1.1" 200 17984 "http://lifan.nl" "Mozilla/5.0 (iPhone; CPU iPhone OS 13_2_3 like Mac OS X) AppleWebKit/605.1.15 (KHTML, like Gecko) Version/13.0.3 Mobile/15E148 Safari/604.1"
98.94.109.57 - - [07/May/2026:07:29:04 +0000] "GET /wp-json/gravitysmtp/v1/tests/mock-data?page=gravitysmtp-settings HTTP/1.1" 404 117 "-" "Mozilla/5.0 (Windows NT 10.0; Win64; x64) AppleWebKit/537.36"
116.212.132.63 - - [07/May/2026:07:45:35 +0000] "GET / HTTP/1.1" 200 18013 "https://nipponia.com:2083/" "Mozilla/5.0 (Windows NT 10.0; Win64; x64) AppleWebKit/537.36 (KHTML, like Gecko) Chrome/147.0.0.0 Safari/537.36"
20.123.172.228 - - [07/May/2026:07:45:55 +0000] "POST /wp-cron.php?doing_wp_cron=1778139955.0031099319458007812500 HTTP/1.1" 200 - "-" "WordPress/6.9.4; https://lifan.nl"
116.212.132.63 - - [07/May/2026:07:46:09 +0000] "GET / HTTP/1.1" 200 18013 "https://nipponia.com:2083/" "Mozilla/5.0 (Windows NT 10.0; Win64; x64) AppleWebKit/537.36 (KHTML, like Gecko) Chrome/147.0.0.0 Safari/537.36"
116.212.132.63 - - [07/May/2026:07:46:27 +0000] "GET /wp-content/plugins/sydney-toolbox/css/styles.min.css?ver=20220107 HTTP/1.1" 200 2354 "https://lifan.nl/" "Mozilla/5.0 (Windows NT 10.0; Win64; x64) AppleWebKit/537.36 (KHTML, like Gecko) Chrome/147.0.0.0 Safari/537.36"
116.212.132.63 - - [07/May/2026:07:46:27 +0000] "GET /wp-content/themes/sydney-pro-ii/css/bootstrap/bootstrap.min.css?ver=1 HTTP/1.1" 200 1976 "https://lifan.nl/" "Mozilla/5.0 (Windows NT 10.0; Win64; x64) AppleWebKit/537.36 (KHTML, like Gecko) Chrome/147.0.0.0 Safari/537.36"
116.212.132.63 - - [07/May/2026:07:46:27 +0000] "GET /wp-content/themes/sydney-pro-ii/css/modules/ext-footer.min.css?ver=6.9.4 HTTP/1.1" 200 478 "https://lifan.nl/" "Mozilla/5.0 (Windows NT 10.0; Win64; x64) AppleWebKit/537.36 (KHTML, like Gecko) Chrome/147.0.0.0 Safari/537.36"
116.212.132.63 - - [07/May/2026:07:46:27 +0000] "GET /wp-includes/css/dist/block-library/style.min.css?ver=6.9.4 HTTP/1.1" 200 15916 "https://lifan.nl/" "Mozilla/5.0 (Windows NT 10.0; Win64; x64) AppleWebKit/537.36 (KHTML, like Gecko) Chrome/147.0.0.0 Safari/537.36"
116.212.132.63 - - [07/May/2026:07:46:28 +0000] "GET /wp-content/plugins/contact-form-7/includes/css/styles.css?ver=5.9.6 HTTP/1.1" 200 1015 "https://lifan.nl/" "Mozilla/5.0 (Windows NT 10.0; Win64; x64) AppleWebKit/537.36 (KHTML, like Gecko) Chrome/147.0.0.0 Safari/537.36"
116.212.132.63 - - [07/May/2026:07:46:28 +0000] "GET /wp-content/plugins/cookie-notice/css/front.min.css?ver=2.4.17 HTTP/1.1" 200 1091 "https://lifan.nl/" "Mozilla/5.0 (Windows NT 10.0; Win64; x64) AppleWebKit/537.36 (KHTML, like Gecko) Chrome/147.0.0.0 Safari/537.36"
116.212.132.63 - - [07/May/2026:07:46:28 +0000] "GET /wp-content/plugins/wp-store-locator/css/styles.min.css?ver=2.2.241 HTTP/1.1" 200 3368 "https://lifan.nl/" "Mozilla/5.0 (Windows NT 10.0; Win64; x64) AppleWebKit/537.36 (KHTML, like Gecko) Chrome/147.0.0.0 Safari/537.36"
116.212.132.63 - - [07/May/2026:07:46:28 +0000] "GET /wp-content/themes/sydney-pro-ii/css/components/elementor.min.css?ver=20220824 HTTP/1.1" 200 2397 "https://lifan.nl/" "Mozilla/5.0 (Windows NT 10.0; Win64; x64) AppleWebKit/537.36 (KHTML, like Gecko) Chrome/147.0.0.0 Safari/537.36"
116.212.132.63 - - [07/May/2026:07:46:28 +0000] "GET /wp-content/themes/sydney-pro-ii/fonts/fontello.min.css?ver=6.9.4 HTTP/1.1" 200 381 "https://lifan.nl/" "Mozilla/5.0 (Windows NT 10.0; Win64; x64) AppleWebKit/537.36 (KHTML, like Gecko) Chrome/147.0.0.0 Safari/537.36"
116.212.132.63 - - [07/May/2026:07:46:28 +0000] "GET /wp-content/themes/sydney-pro-ii/css/components/hero-slider.min.css?ver=20221012 HTTP/1.1" 200 944 "https://lifan.nl/" "Mozilla/5.0 (Windows NT 10.0; Win64; x64) AppleWebKit/537.36 (KHTML, like Gecko) Chrome/147.0.0.0 Safari/537.36"
116.212.132.63 - - [07/May/2026:07:46:28 +0000] "GET /wp-content/themes/sydney-pro-ii/style.css?ver=20221019 HTTP/1.1" 200 673 "https://lifan.nl/" "Mozilla/5.0 (Windows NT 10.0; Win64; x64) AppleWebKit/537.36 (KHTML, like Gecko) Chrome/147.0.0.0 Safari/537.36"
116.212.132.63 - - [07/May/2026:07:46:28 +0000] "GET /wp-content/themes/sydney-pro-ii/css/styles.min.css?ver=20221019 HTTP/1.1" 200 14604 "https://lifan.nl/" "Mozilla/5.0 (Windows NT 10.0; Win64; x64) AppleWebKit/537.36 (KHTML, like Gecko) Chrome/147.0.0.0 Safari/537.36"
116.212.132.63 - - [07/May/2026:07:46:28 +0000] "GET /wp-content/plugins/tablepress/css/build/default.css?ver=2.3.2 HTTP/1.1" 200 2456 "https://lifan.nl/" "Mozilla/5.0 (Windows NT 10.0; Win64; x64) AppleWebKit/537.36 (KHTML, like Gecko) Chrome/147.0.0.0 Safari/537.36"
116.212.132.63 - - [07/May/2026:07:46:28 +0000] "GET /wp-content/plugins/elementor/assets/lib/eicons/css/elementor-icons.min.css?ver=5.23.0 HTTP/1.1" 200 4012 "https://lifan.nl/" "Mozilla/5.0 (Windows NT 10.0; Win64; x64) AppleWebKit/537.36 (KHTML, like Gecko) Chrome/147.0.0.0 Safari/537.36"
116.212.132.63 - - [07/May/2026:07:46:28 +0000] "GET /wp-content/plugins/elementor/assets/css/frontend.min.css?ver=3.17.3 HTTP/1.1" 200 20193 "https://lifan.nl/" "Mozilla/5.0 (Windows NT 10.0; Win64; x64) AppleWebKit/537.36 (KHTML, like Gecko) Chrome/147.0.0.0 Safari/537.36"
116.212.132.63 - - [07/May/2026:07:46:29 +0000] "GET /wp-content/plugins/elementor/assets/lib/swiper/css/swiper.min.css?ver=5.3.6 HTTP/1.1" 200 2409 "https://lifan.nl/" "Mozilla/5.0 (Windows NT 10.0; Win64; x64) AppleWebKit/537.36 (KHTML, like Gecko) Chrome/147.0.0.0 Safari/537.36"
116.212.132.63 - - [07/May/2026:07:46:29 +0000] "GET /wp-content/uploads/elementor/css/post-6.css?ver=1674658727 HTTP/1.1" 200 357 "https://lifan.nl/" "Mozilla/5.0 (Windows NT 10.0; Win64; x64) AppleWebKit/537.36 (KHTML, like Gecko) Chrome/147.0.0.0 Safari/537.36"
116.212.132.63 - - [07/May/2026:07:46:29 +0000] "GET /wp-content/uploads/elementor/css/post-990.css?ver=1674665541 HTTP/1.1" 200 303 "https://lifan.nl/" "Mozilla/5.0 (Windows NT 10.0; Win64; x64) AppleWebKit/537.36 (KHTML, like Gecko) Chrome/147.0.0.0 Safari/537.36"
116.212.132.63 - - [07/May/2026:07:46:29 +0000] "GET /wp-content/plugins/elementor/assets/lib/animations/animations.min.css?ver=3.17.3 HTTP/1.1" 200 2592 "https://lifan.nl/" "Mozilla/5.0 (Windows NT 10.0; Win64; x64) AppleWebKit/537.36 (KHTML, like Gecko) Chrome/147.0.0.0 Safari/537.36"
116.212.132.63 - - [07/May/2026:07:46:29 +0000] "GET /wp-includes/js/jquery/jquery.min.js?ver=3.7.1 HTTP/1.1" 200 30368 "https://lifan.nl/" "Mozilla/5.0 (Windows NT 10.0; Win64; x64) AppleWebKit/537.36 (KHTML, like Gecko) Chrome/147.0.0.0 Safari/537.36"
116.212.132.63 - - [07/May/2026:07:46:29 +0000] "GET /wp-includes/js/jquery/jquery-migrate.min.js?ver=3.4.1 HTTP/1.1" 200 4872 "https://lifan.nl/" "Mozilla/5.0 (Windows NT 10.0; Win64; x64) AppleWebKit/537.36 (KHTML, like Gecko) Chrome/147.0.0.0 Safari/537.36"
116.212.132.63 - - [07/May/2026:07:46:29 +0000] "GET /wp-content/plugins/cookie-notice/js/front.min.js?ver=2.4.17 HTTP/1.1" 200 2129 "https://lifan.nl/" "Mozilla/5.0 (Windows NT 10.0; Win64; x64) AppleWebKit/537.36 (KHTML, like Gecko) Chrome/147.0.0.0 Safari/537.36"
116.212.132.63 - - [07/May/2026:07:46:29 +0000] "GET /wp-content/uploads/2021/01/Lifan-E3-Lux-White.jpg HTTP/1.1" 200 68601 "https://lifan.nl/" "Mozilla/5.0 (Windows NT 10.0; Win64; x64) AppleWebKit/537.36 (KHTML, like Gecko) Chrome/147.0.0.0 Safari/537.36"
116.212.132.63 - - [07/May/2026:07:46:30 +0000] "GET /wp-content/themes/sydney-pro-ii/js/elementor.js?ver=20211129 HTTP/1.1" 200 1186 "https://lifan.nl/" "Mozilla/5.0 (Windows NT 10.0; Win64; x64) AppleWebKit/537.36 (KHTML, like Gecko) Chrome/147.0.0.0 Safari/537.36"
116.212.132.63 - - [07/May/2026:07:46:30 +0000] "GET /wp-content/plugins/sydney-toolbox/js/main.js?ver=20211217 HTTP/1.1" 200 1650 "https://lifan.nl/" "Mozilla/5.0 (Windows NT 10.0; Win64; x64) AppleWebKit/537.36 (KHTML, like Gecko) Chrome/147.0.0.0 Safari/537.36"
116.212.132.63 - - [07/May/2026:07:46:29 +0000] "GET /wp-content/uploads/2020/12/lifan_logo.png HTTP/1.1" 200 569497 "https://lifan.nl/" "Mozilla/5.0 (Windows NT 10.0; Win64; x64) AppleWebKit/537.36 (KHTML, like Gecko) Chrome/147.0.0.0 Safari/537.36"
116.212.132.63 - - [07/May/2026:07:46:30 +0000] "GET /wp-content/plugins/contact-form-7/includes/swv/js/index.js?ver=5.9.6 HTTP/1.1" 200 3354 "https://lifan.nl/" "Mozilla/5.0 (Windows NT 10.0; Win64; x64) AppleWebKit/537.36 (KHTML, like Gecko) Chrome/147.0.0.0 Safari/537.36"
116.212.132.63 - - [07/May/2026:07:46:29 +0000] "GET /wp-content/uploads/2022/01/MicrosoftTeams-image.jpg HTTP/1.1" 200 982057 "https://lifan.nl/" "Mozilla/5.0 (Windows NT 10.0; Win64; x64) AppleWebKit/537.36 (KHTML, like Gecko) Chrome/147.0.0.0 Safari/537.36"
116.212.132.63 - - [07/May/2026:07:46:31 +0000] "GET /wp-content/plugins/contact-form-7/includes/js/index.js?ver=5.9.6 HTTP/1.1" 200 4169 "https://lifan.nl/" "Mozilla/5.0 (Windows NT 10.0; Win64; x64) AppleWebKit/537.36 (KHTML, like Gecko) Chrome/147.0.0.0 Safari/537.36"
116.212.132.63 - - [07/May/2026:07:46:31 +0000] "GET /wp-content/themes/sydney-pro-ii/js/scripts.js?ver=6.9.4 HTTP/1.1" 200 22082 "https://lifan.nl/" "Mozilla/5.0 (Windows NT 10.0; Win64; x64) AppleWebKit/537.36 (KHTML, like Gecko) Chrome/147.0.0.0 Safari/537.36"
116.212.132.63 - - [07/May/2026:07:46:31 +0000] "GET /wp-content/themes/sydney-pro-ii/js/functions.js?ver=20220613 HTTP/1.1" 200 8823 "https://lifan.nl/" "Mozilla/5.0 (Windows NT 10.0; Win64; x64) AppleWebKit/537.36 (KHTML, like Gecko) Chrome/147.0.0.0 Safari/537.36"
116.212.132.63 - - [07/May/2026:07:46:31 +0000] "GET /wp-content/themes/sydney-pro-ii/js/hero-slider.js?ver=6.9.4 HTTP/1.1" 200 3412 "https://lifan.nl/" "Mozilla/5.0 (Windows NT 10.0; Win64; x64) AppleWebKit/537.36 (KHTML, like Gecko) Chrome/147.0.0.0 Safari/537.36"
116.212.132.63 - - [07/May/2026:07:46:31 +0000] "GET /wp-content/uploads/2021/01/Lifan-E3-Light-Blue-Girl.jpg HTTP/1.1" 200 68994 "https://lifan.nl/" "Mozilla/5.0 (Windows NT 10.0; Win64; x64) AppleWebKit/537.36 (KHTML, like Gecko) Chrome/147.0.0.0 Safari/537.36"
116.212.132.63 - - [07/May/2026:07:46:31 +0000] "GET /wp-includes/js/dist/vendor/wp-polyfill.min.js?ver=3.15.0 HTTP/1.1" 200 11852 "https://lifan.nl/" "Mozilla/5.0 (Windows NT 10.0; Win64; x64) AppleWebKit/537.36 (KHTML, like Gecko) Chrome/147.0.0.0 Safari/537.36"
116.212.132.63 - - [07/May/2026:07:46:31 +0000] "GET /wp-content/plugins/contact-form-7/modules/recaptcha/index.js?ver=5.9.6 HTTP/1.1" 200 483 "https://lifan.nl/" "Mozilla/5.0 (Windows NT 10.0; Win64; x64) AppleWebKit/537.36 (KHTML, like Gecko) Chrome/147.0.0.0 Safari/537.36"
116.212.132.63 - - [07/May/2026:07:46:31 +0000] "GET /wp-content/plugins/elementor/assets/js/webpack.runtime.min.js?ver=3.17.3 HTTP/1.1" 200 2213 "https://lifan.nl/" "Mozilla/5.0 (Windows NT 10.0; Win64; x64) AppleWebKit/537.36 (KHTML, like Gecko) Chrome/147.0.0.0 Safari/537.36"
116.212.132.63 - - [07/May/2026:07:46:31 +0000] "GET /wp-content/plugins/elementor/assets/js/frontend-modules.min.js?ver=3.17.3 HTTP/1.1" 200 16922 "https://lifan.nl/" "Mozilla/5.0 (Windows NT 10.0; Win64; x64) AppleWebKit/537.36 (KHTML, like Gecko) Chrome/147.0.0.0 Safari/537.36"
116.212.132.63 - - [07/May/2026:07:46:31 +0000] "GET /wp-content/plugins/elementor/assets/lib/waypoints/waypoints.min.js?ver=4.0.2 HTTP/1.1" 200 2993 "https://lifan.nl/" "Mozilla/5.0 (Windows NT 10.0; Win64; x64) AppleWebKit/537.36 (KHTML, like Gecko) Chrome/147.0.0.0 Safari/537.36"
116.212.132.63 - - [07/May/2026:07:46:32 +0000] "GET /wp-includes/js/jquery/ui/core.min.js?ver=1.13.3 HTTP/1.1" 200 7106 "https://lifan.nl/" "Mozilla/5.0 (Windows NT 10.0; Win64; x64) AppleWebKit/537.36 (KHTML, like Gecko) Chrome/147.0.0.0 Safari/537.36"
116.212.132.63 - - [07/May/2026:07:46:32 +0000] "GET /wp-content/plugins/elementor/assets/js/frontend.min.js?ver=3.17.3 HTTP/1.1" 200 12234 "https://lifan.nl/" "Mozilla/5.0 (Windows NT 10.0; Win64; x64) AppleWebKit/537.36 (KHTML, like Gecko) Chrome/147.0.0.0 Safari/537.36"
116.212.132.63 - - [07/May/2026:07:46:32 +0000] "GET /wp-content/plugins/elementor/assets/js/text-editor.2c35aafbe5bf0e127950.bundle.min.js HTTP/1.1" 200 666 "https://lifan.nl/" "Mozilla/5.0 (Windows NT 10.0; Win64; x64) AppleWebKit/537.36 (KHTML, like Gecko) Chrome/147.0.0.0 Safari/537.36"
116.212.132.63 - - [07/May/2026:07:46:32 +0000] "GET /wp-includes/js/wp-emoji-release.min.js?ver=6.9.4 HTTP/1.1" 200 5375 "https://lifan.nl/" "Mozilla/5.0 (Windows NT 10.0; Win64; x64) AppleWebKit/537.36 (KHTML, like Gecko) Chrome/147.0.0.0 Safari/537.36"
