109.36.237.164 - - [08/May/2026:10:17:19 +0000] "GET /stores/scooter-service-rotterdam/ HTTP/1.1" 404 - "https://www.google.com/" "Mozilla/5.0 (Linux; Android 10; K) AppleWebKit/537.36 (KHTML, like Gecko) Chrome/147.0.0.0 Mobile Safari/537.36"
109.36.237.164 - - [08/May/2026:10:17:19 +0000] "GET /favicon.ico HTTP/1.1" 404 - "https://nipponia.nl/stores/scooter-service-rotterdam/" "Mozilla/5.0 (Linux; Android 10; K) AppleWebKit/537.36 (KHTML, like Gecko) Chrome/147.0.0.0 Mobile Safari/537.36"
20.123.172.228 - - [08/May/2026:10:17:53 +0000] "POST /wp-cron.php?doing_wp_cron=1778235473.0259459018707275390625 HTTP/1.1" 200 - "https://nipponia.nl/wp-cron.php?doing_wp_cron=1778235473.0259459018707275390625" "WordPress/6.1.10; https://nipponia.nl"
154.160.1.126 - - [08/May/2026:10:17:39 +0000] "POST /xmlrpc.php HTTP/1.1" 503 7928 "-" "Mozilla/5.0 (Windows NT 6.3; arm64) AppleWebKit/537.36 (KHTML, like Gecko) Edge/88.0.0.0 Safari/537.36"
66.249.81.66 - - [08/May/2026:10:18:41 +0000] "GET /.well-known/traffic-advice HTTP/1.1" 404 - "-" "Chrome Privacy Preserving Prefetch Proxy"
162.120.187.244 - - [08/May/2026:10:18:41 +0000] "GET /stores/tweewielercentrum-oosterhoogebrug/ HTTP/1.1" 404 - "https://www.google.com/" "Mozilla/5.0 (Linux; Android 10; K) AppleWebKit/537.36 (KHTML, like Gecko) Chrome/147.0.0.0 Mobile Safari/537.36"
72.14.201.58 - - [08/May/2026:10:20:53 +0000] "GET /nipponia-elektrische-scooter-rotterdam/ HTTP/1.1" 404 - "https://www.google.com/" "Mozilla/5.0 (Linux; Android 10; K) AppleWebKit/537.36 (KHTML, like Gecko) Chrome/147.0.0.0 Mobile Safari/537.36"
34.225.87.80 - - [08/May/2026:10:21:49 +0000] "GET /wp-json/oembed/1.0/embed?format=xml&url=https://nipponia.nl/en/home/ HTTP/1.1" 404 - "-" "Mozilla/5.0 AppleWebKit/537.36 (KHTML, like Gecko; compatible; Amazonbot/0.1; +https://developer.amazon.com/support/amazonbot) Chrome/119.0.6045.214 Safari/537.36"
213.49.48.204 - - [08/May/2026:10:24:46 +0000] "GET /f3/ HTTP/1.1" 404 - "https://www.google.com/" "Mozilla/5.0 (Windows NT 10.0; Win64; x64; rv:150.0) Gecko/20100101 Firefox/150.0"
213.49.48.204 - - [08/May/2026:10:24:46 +0000] "GET /favicon.ico HTTP/1.1" 404 - "https://nipponia.nl/f3/" "Mozilla/5.0 (Windows NT 10.0; Win64; x64; rv:150.0) Gecko/20100101 Firefox/150.0"
52.167.144.222 - - [08/May/2026:10:26:40 +0000] "GET /app/ HTTP/1.1" 404 - "-" "Mozilla/5.0 AppleWebKit/537.36 (KHTML, like Gecko; compatible; bingbot/2.0; +http://www.bing.com/bingbot.htm) Chrome/116.0.1938.76 Safari/537.36"
34.203.111.15 - - [08/May/2026:10:28:19 +0000] "GET /wp-json/oembed/1.0/embed?url=https://nipponia.nl/en/nc-e/ HTTP/1.1" 404 - "-" "Mozilla/5.0 AppleWebKit/537.36 (KHTML, like Gecko; compatible; Amazonbot/0.1; +https://developer.amazon.com/support/amazonbot) Chrome/119.0.6045.214 Safari/537.36"
173.252.95.28 - - [08/May/2026:10:30:30 +0000] "GET /robots.txt HTTP/1.1" 404 - "-" "facebookexternalhit/1.1 (+http://www.facebook.com/externalhit_uatext.php)"
57.141.20.4 - - [08/May/2026:10:30:37 +0000] "GET / HTTP/1.1" 301 - "-" "meta-externalagent/1.1 (+https://developers.facebook.com/docs/sharing/webmasters/crawler)"
20.123.172.228 - - [08/May/2026:10:30:51 +0000] "POST /wp-cron.php?doing_wp_cron=1778236251.4442610740661621093750 HTTP/1.1" 200 - "https://nipponia.nl/wp-cron.php?doing_wp_cron=1778236251.4442610740661621093750" "WordPress/6.1.10; https://nipponia.nl"
47.128.30.175 - - [08/May/2026:10:32:40 +0000] "GET /stores/antiloop-mobility-2/ HTTP/1.1" 404 - "-" "Mozilla/5.0 (Linux; Android 5.0) AppleWebKit/537.36 (KHTML, like Gecko) Mobile Safari/537.36 (compatible; Bytespider; spider-feedback@bytedance.com)"
193.186.4.59 - - [08/May/2026:10:33:24 +0000] "GET / HTTP/1.1" 200 89935 "https://www.google.com/" "Mozilla/5.0 (Windows NT 10.0; Win64; x64) AppleWebKit/537.36 (KHTML, like Gecko) Chrome/147.0.0.0 Safari/537.36"
44.210.213.220 - - [08/May/2026:10:34:56 +0000] "GET /wp-json/oembed/1.0/embed?format=xml&url=https://nipponia.nl/en/about-us/ HTTP/1.1" 404 - "-" "Mozilla/5.0 AppleWebKit/537.36 (KHTML, like Gecko; compatible; Amazonbot/0.1; +https://developer.amazon.com/support/amazonbot) Chrome/119.0.6045.214 Safari/537.36"
147.135.213.38 - - [08/May/2026:10:36:36 +0000] "GET /robots.txt HTTP/1.1" 404 - "-" "Mozilla/5.0 (compatible; MJ12bot/v1.4.8; http://mj12bot.com/)"
147.135.213.38 - - [08/May/2026:10:36:37 +0000] "GET /nl/biq-2/ HTTP/1.1" 404 - "-" "Mozilla/5.0 (compatible; MJ12bot/v1.4.8; http://mj12bot.com/)"
147.135.213.38 - - [08/May/2026:10:36:39 +0000] "GET /nl/e-rex-2/ HTTP/1.1" 404 - "-" "Mozilla/5.0 (compatible; MJ12bot/v1.4.8; http://mj12bot.com/)"
17.246.23.194 - - [08/May/2026:10:40:03 +0000] "GET /nipponia-elektrische-scooter-friesland/ HTTP/1.1" 404 - "-" "Mozilla/5.0 (Macintosh; Intel Mac OS X 10_15_7) AppleWebKit/605.1.15 (KHTML, like Gecko) Version/17.4 Safari/605.1.15 (Applebot/0.1; +http://www.apple.com/go/applebot)"
213.49.48.204 - - [08/May/2026:10:40:21 +0000] "GET /f3/ HTTP/1.1" 404 - "https://www.google.com/" "Mozilla/5.0 (Windows NT 10.0; Win64; x64; rv:150.0) Gecko/20100101 Firefox/150.0"
116.179.32.240 - - [08/May/2026:10:45:36 +0000] "GET /wp-content/uploads/magictoolbox_cache/d09bf41544a3365a46c9077ebb5e35c3/940x626/2815831091/B0003549.jpg HTTP/1.1" 200 44773 "-" "Baiduspider-image+(+http://www.baidu.com/search/spider.htm)"
104.210.140.143 - - [08/May/2026:10:45:49 +0000] "GET /robots.txt HTTP/1.1" 404 - "-" "Mozilla/5.0 (Macintosh; Intel Mac OS X 10_15_7) AppleWebKit/537.36 (KHTML, like Gecko) Chrome/131.0.0.0 Safari/537.36; compatible; OAI-SearchBot/1.0; +https://openai.com/searchbot"
91.124.253.6 - - [08/May/2026:10:57:04 +0000] "GET /robots.txt HTTP/1.1" 404 - "-" "Exabot"
178.62.235.25 - - [08/May/2026:10:57:12 +0000] "GET /wp-content/uploads/2021/04/Trimo-Sea.jpg HTTP/1.1" 200 126115 "https://nipponia.nl" "Mozilla/5.0 (Windows NT 10.0; Win64; x64) AppleWebKit/537.36 (KHTML, like Gecko) Chrome/147.0.0.0 Safari/537.36 Edg/147.0.0.0"
92.113.242.140 - - [08/May/2026:10:57:12 +0000] "GET /robots.txt HTTP/1.1" 404 - "-" "Exabot"
193.186.4.181 - - [08/May/2026:10:57:20 +0000] "GET /en/user-manuals/ HTTP/1.1" 404 - "https://www.google.com/" "Mozilla/5.0 (Windows NT 10.0; Win64; x64) AppleWebKit/537.36 (KHTML, like Gecko) Chrome/147.0.0.0 Safari/537.36"
82.21.245.4 - - [08/May/2026:10:57:22 +0000] "GET /robots.txt HTTP/1.1" 404 - "-" "Exabot"
101.102.213.65 - - [08/May/2026:10:57:40 +0000] "GET /en/user-manuals/ HTTP/1.1" 404 - "https://www.google.com/" "Mozilla/5.0 (Windows NT 10.0; Win64; x64) AppleWebKit/537.36 (KHTML, like Gecko) Chrome/147.0.0.0 Safari/537.36"
101.102.213.65 - - [08/May/2026:10:57:40 +0000] "GET /favicon.ico HTTP/1.1" 404 - "https://nipponia.nl/en/user-manuals/" "Mozilla/5.0 (Windows NT 10.0; Win64; x64) AppleWebKit/537.36 (KHTML, like Gecko) Chrome/147.0.0.0 Safari/537.36"
66.249.66.193 - - [08/May/2026:10:57:40 +0000] "GET / HTTP/1.1" 200 89935 "-" "GoogleOther"
45.83.57.241 - - [08/May/2026:10:59:12 +0000] "GET /nipponia-utrecht/ HTTP/1.1" 404 - "-" "Mozilla/5.0 (Macintosh; Intel Mac OS X 10_15_7) AppleWebKit/537.36 (KHTML, like Gecko) Chrome/142.0.0.0 Safari/537.36"
92.119.182.232 - - [08/May/2026:10:59:13 +0000] "GET /nipponia-utrecht/ HTTP/1.1" 404 - "-" "Mozilla/5.0 (Windows NT 10.0; Win64; x64) AppleWebKit/537.36 (KHTML, like Gecko) Chrome/139.0.0.0 Safari/537.36"
77.75.77.95 - - [08/May/2026:11:00:01 +0000] "GET /stores/de-zorgwinkel/ HTTP/1.1" 404 - "-" "Mozilla/5.0 (compatible; SeznamBot/4.0; +https://o-seznam.cz/napoveda/vyhledavani/en/seznambot-crawler/)"
31.58.21.249 - - [08/May/2026:11:00:57 +0000] "GET /elektrische-scooter-amsterdam/ HTTP/1.1" 404 - "-" "Mozilla/5.0 (Macintosh; Intel Mac OS X 10_15_7) AppleWebKit/537.36 (KHTML, like Gecko) Chrome/139.0.0.0 Safari/537.36"
80.114.5.113 - - [08/May/2026:11:06:08 +0000] "GET /f3/ HTTP/1.1" 404 - "https://duckduckgo.com/" "Mozilla/5.0 (Macintosh; Intel Mac OS X 10_15_7) AppleWebKit/537.36 (KHTML, like Gecko) Chrome/148.0.0.0 Safari/537.36"
80.114.5.113 - - [08/May/2026:11:06:08 +0000] "GET /favicon.ico HTTP/1.1" 404 - "https://nipponia.nl/f3/" "Mozilla/5.0 (Macintosh; Intel Mac OS X 10_15_7) AppleWebKit/537.36 (KHTML, like Gecko) Chrome/148.0.0.0 Safari/537.36"
114.119.133.213 - - [08/May/2026:11:06:30 +0000] "GET /driewielscooter/ HTTP/1.1" 404 - "https://www.nipponia.nl/" "Mozilla/5.0 (Linux; Android 7.0;) AppleWebKit/537.36 (HTML, like Gecko) Mobile Safari/537.36 (compatible; PetalBot;+https://webmaster.petalsearch.com/site/petalbot)"
66.249.66.45 - - [08/May/2026:11:06:30 +0000] "GET /elektrische-scooter-amsterdam-2/ HTTP/1.1" 404 - "-" "Mozilla/5.0 (Linux; Android 6.0.1; Nexus 5X Build/MMB29P) AppleWebKit/537.36 (KHTML, like Gecko) Chrome/147.0.7727.137 Mobile Safari/537.36 (compatible; Googlebot/2.1; +http://www.google.com/bot.html)"
17.246.19.149 - - [08/May/2026:11:06:51 +0000] "GET /nipponia-elektrische-scooter-groningen/ HTTP/1.1" 404 - "-" "Mozilla/5.0 (Macintosh; Intel Mac OS X 10_15_7) AppleWebKit/605.1.15 (KHTML, like Gecko) Version/17.4 Safari/605.1.15 (Applebot/0.1; +http://www.apple.com/go/applebot)"
34.196.237.236 - - [08/May/2026:11:10:06 +0000] "GET /wp-json/oembed/1.0/embed?url=https://nipponia.nl/e-viball-nl/ HTTP/1.1" 404 - "-" "Mozilla/5.0 AppleWebKit/537.36 (KHTML, like Gecko; compatible; Amazonbot/0.1; +https://developer.amazon.com/support/amazonbot) Chrome/119.0.6045.214 Safari/537.36"
3.225.45.252 - - [08/May/2026:11:10:56 +0000] "GET /wp-json/oembed/1.0/embed?url=https://nipponia.nl/en/about-us/ HTTP/1.1" 404 - "-" "Mozilla/5.0 AppleWebKit/537.36 (KHTML, like Gecko; compatible; Amazonbot/0.1; +https://developer.amazon.com/support/amazonbot) Chrome/119.0.6045.214 Safari/537.36"
162.120.187.75 - - [08/May/2026:11:16:57 +0000] "GET /en/dealer-network/ HTTP/1.1" 404 - "https://www.google.com/" "Mozilla/5.0 (Linux; Android 10; K) AppleWebKit/537.36 (KHTML, like Gecko) Chrome/147.0.0.0 Mobile Safari/537.36"
68.221.67.169 - - [08/May/2026:11:16:52 +0000] "GET / HTTP/1.1" 302 - "-" "Mozilla/5.0 AppleWebKit/537.36 (KHTML, like Gecko); compatible; ChatGPT-User/1.0; +https://openai.com/bot"
68.221.67.163 - - [08/May/2026:11:16:53 +0000] "GET / HTTP/1.1" 302 - "-" "Mozilla/5.0 AppleWebKit/537.36 (KHTML, like Gecko); compatible; ChatGPT-User/1.0; +https://openai.com/bot"
20.123.172.228 - - [08/May/2026:11:17:19 +0000] "POST /wp-cron.php?doing_wp_cron=1778239039.3384890556335449218750 HTTP/1.1" 200 - "https://nipponia.nl/wp-cron.php?doing_wp_cron=1778239039.3384890556335449218750" "WordPress/6.1.10; https://nipponia.nl"
195.178.110.223 - - [08/May/2026:11:17:04 +0000] "GET / HTTP/1.1" 200 89935 "-" "Mozilla/5.0 (X11; Linux x86_64) AppleWebKit/537.36 (KHTML, like Gecko) Chrome/131.0.0.0 Safari/537.36"
37.251.73.250 - - [08/May/2026:11:17:46 +0000] "GET /f3/?hl=nl-NL HTTP/1.1" 404 - "-" "Mozilla/5.0 (Linux; Android 10; K) AppleWebKit/537.36 (KHTML, like Gecko) Chrome/147.0.0.0 Mobile Safari/537.36"
37.251.73.250 - - [08/May/2026:11:17:46 +0000] "GET /favicon.ico HTTP/1.1" 404 - "https://nipponia.nl/f3/?hl=nl-NL" "Mozilla/5.0 (Linux; Android 10; K) AppleWebKit/537.36 (KHTML, like Gecko) Chrome/147.0.0.0 Mobile Safari/537.36"
51.68.111.217 - - [08/May/2026:11:19:11 +0000] "GET /robots.txt HTTP/1.1" 404 - "-" "Mozilla/5.0 (compatible; MJ12bot/v2.0.5; http://mj12bot.com/)"
20.123.172.228 - - [08/May/2026:11:19:26 +0000] "POST /wp-cron.php?doing_wp_cron=1778239166.7367990016937255859375 HTTP/1.1" 200 - "https://nipponia.nl/wp-cron.php?doing_wp_cron=1778239166.7367990016937255859375" "WordPress/6.1.10; https://nipponia.nl"
51.68.111.217 - - [08/May/2026:11:19:11 +0000] "GET / HTTP/1.1" 200 89935 "-" "Mozilla/5.0 (compatible; MJ12bot/v2.0.5; http://mj12bot.com/)"
116.179.32.27 - - [08/May/2026:11:21:34 +0000] "GET /wp-content/uploads/magictoolbox_cache/d09bf41544a3365a46c9077ebb5e35c3/800x533/1386305884/31EREX.jpg HTTP/1.1" 200 23042 "-" "Baiduspider-image+(+http://www.baidu.com/search/spider.htm)"
17.22.237.226 - - [08/May/2026:11:22:19 +0000] "GET /images/pdf/F3manualEN.pdf HTTP/1.1" 404 - "-" "Mozilla/5.0 (Macintosh; Intel Mac OS X 10_15_7) AppleWebKit/605.1.15 (KHTML, like Gecko) Version/17.4 Safari/605.1.15 (Applebot/0.1; +http://www.apple.com/go/applebot)"
20.123.172.228 - - [08/May/2026:11:24:43 +0000] "POST /wp-cron.php?doing_wp_cron=1778239483.6514790058135986328125 HTTP/1.1" 200 - "https://nipponia.nl/wp-cron.php?doing_wp_cron=1778239483.6514790058135986328125" "WordPress/6.1.10; https://nipponia.nl"
88.235.61.67 - - [08/May/2026:11:24:28 +0000] "POST /xmlrpc.php HTTP/1.1" 503 7928 "-" "Jetpack by WordPress.com (Jetpack 12.1; WordPress 6.4)"
88.235.61.67 - - [08/May/2026:11:24:39 +0000] "POST /xmlrpc.php HTTP/1.1" 503 7959 "-" "Jetpack/12.5; WordPress/6.2; http://site99546558.com"
88.235.61.67 - - [08/May/2026:11:24:50 +0000] "POST /xmlrpc.php HTTP/1.1" 503 18029 "-" "Jetpack/12.5; WordPress/6.2; http://site17578005.com"
88.235.61.67 - - [08/May/2026:11:25:01 +0000] "POST /xmlrpc.php HTTP/1.1" 503 18029 "-" "Jetpack by WordPress.com"
20.123.172.228 - - [08/May/2026:11:24:55 +0000] "POST /?wordfence_syncAttackData=1778239495.3342 HTTP/1.1" 200 - "https://nipponia.nl/?wordfence_syncAttackData=1778239495.3342" "WordPress/6.1.10; https://nipponia.nl"
88.235.61.67 - - [08/May/2026:11:25:13 +0000] "POST /xmlrpc.php HTTP/1.1" 503 18029 "-" "WordPress.com; https://wordpress.com"
88.235.61.67 - - [08/May/2026:11:25:24 +0000] "POST /xmlrpc.php HTTP/1.1" 503 18029 "-" "Jetpack by WordPress.com (Jetpack 13.0; WordPress 6.4)"
88.235.61.67 - - [08/May/2026:11:25:35 +0000] "POST /xmlrpc.php HTTP/1.1" 503 18029 "-" "WordPress.com; https://wordpress.com"
88.235.61.67 - - [08/May/2026:11:25:46 +0000] "POST /xmlrpc.php HTTP/1.1" 503 18029 "-" "Jetpack by WordPress.com"
88.235.61.67 - - [08/May/2026:11:25:57 +0000] "POST /xmlrpc.php HTTP/1.1" 503 18029 "-" "Jetpack by WordPress.com (Jetpack 12.1; WordPress 6.2)"
88.235.61.67 - - [08/May/2026:11:26:08 +0000] "POST /xmlrpc.php HTTP/1.1" 503 18029 "-" "Jetpack by WordPress.com"
88.235.61.67 - - [08/May/2026:11:26:19 +0000] "POST /xmlrpc.php HTTP/1.1" 503 18029 "-" "Jetpack/12.5; WordPress/6.3; http://site62830320.com"
88.235.61.67 - - [08/May/2026:11:26:30 +0000] "POST /xmlrpc.php HTTP/1.1" 503 18029 "-" "Jetpack by WordPress.com (Jetpack 12.5; WordPress 6.3)"
88.235.61.67 - - [08/May/2026:11:26:41 +0000] "POST /xmlrpc.php HTTP/1.1" 503 18029 "-" "Jetpack by WordPress.com"
88.235.61.67 - - [08/May/2026:11:26:53 +0000] "POST /xmlrpc.php HTTP/1.1" 503 18029 "-" "Jetpack by WordPress.com"
88.235.61.67 - - [08/May/2026:11:27:04 +0000] "POST /xmlrpc.php HTTP/1.1" 503 18029 "-" "WordPress.com; https://wordpress.com"
88.235.61.67 - - [08/May/2026:11:27:15 +0000] "POST /xmlrpc.php HTTP/1.1" 503 18029 "-" "Jetpack by WordPress.com"
88.235.61.67 - - [08/May/2026:11:27:26 +0000] "POST /xmlrpc.php HTTP/1.1" 503 18029 "-" "Jetpack by WordPress.com (Jetpack 12.0; WordPress 6.2)"
88.235.61.67 - - [08/May/2026:11:27:37 +0000] "POST /xmlrpc.php HTTP/1.1" 503 18029 "-" "WordPress.com; https://wordpress.com"
88.235.61.67 - - [08/May/2026:11:27:48 +0000] "POST /xmlrpc.php HTTP/1.1" 503 18029 "-" "Jetpack by WordPress.com"
88.235.61.67 - - [08/May/2026:11:27:59 +0000] "POST /xmlrpc.php HTTP/1.1" 503 18029 "-" "Jetpack by WordPress.com"
88.235.61.67 - - [08/May/2026:11:28:10 +0000] "POST /xmlrpc.php HTTP/1.1" 503 18029 "-" "Jetpack by WordPress.com"
88.235.61.67 - - [08/May/2026:11:28:21 +0000] "POST /xmlrpc.php HTTP/1.1" 503 18029 "-" "Jetpack by WordPress.com"
136.243.220.212 - - [08/May/2026:11:28:33 +0000] "GET /robots.txt HTTP/1.1" 404 - "-" "Mozilla/5.0 (compatible; DataForSeoBot/1.0; +https://dataforseo.com/dataforseo-bot)"
88.235.61.67 - - [08/May/2026:11:28:32 +0000] "POST /xmlrpc.php HTTP/1.1" 503 18029 "-" "WordPress.com; https://wordpress.com"
136.243.220.212 - - [08/May/2026:11:28:40 +0000] "GET /en/comments/feed/ HTTP/1.1" 404 - "-" "Mozilla/5.0 (compatible; DataForSeoBot/1.0; +https://dataforseo.com/dataforseo-bot)"
88.235.61.67 - - [08/May/2026:11:28:43 +0000] "POST /xmlrpc.php HTTP/1.1" 503 18029 "-" "WordPress.com; https://wordpress.com"
88.235.61.67 - - [08/May/2026:11:28:54 +0000] "POST /xmlrpc.php HTTP/1.1" 503 18029 "-" "WordPress.com; https://wordpress.com"
88.235.61.67 - - [08/May/2026:11:29:05 +0000] "POST /xmlrpc.php HTTP/1.1" 503 18029 "-" "WordPress.com; https://wordpress.com"
88.235.61.67 - - [08/May/2026:11:29:16 +0000] "POST /xmlrpc.php HTTP/1.1" 503 18029 "-" "WordPress.com; https://wordpress.com"
88.235.61.67 - - [08/May/2026:11:29:28 +0000] "POST /xmlrpc.php HTTP/1.1" 503 18029 "-" "Jetpack/12.5; WordPress/6.4; http://site71630364.com"
88.235.61.67 - - [08/May/2026:11:29:39 +0000] "POST /xmlrpc.php HTTP/1.1" 503 18029 "-" "Jetpack/13.0; WordPress/6.3; http://site43249017.com"
88.235.61.67 - - [08/May/2026:11:29:50 +0000] "POST /xmlrpc.php HTTP/1.1" 503 18029 "-" "Jetpack by WordPress.com (Jetpack 12.0; WordPress 6.4)"
88.235.61.67 - - [08/May/2026:11:30:01 +0000] "POST /xmlrpc.php HTTP/1.1" 503 18029 "-" "WordPress.com; https://wordpress.com"
88.235.61.67 - - [08/May/2026:11:30:13 +0000] "POST /xmlrpc.php HTTP/1.1" 503 18029 "-" "Jetpack by WordPress.com"
88.235.61.67 - - [08/May/2026:11:30:24 +0000] "POST /xmlrpc.php HTTP/1.1" 503 18029 "-" "Jetpack by WordPress.com"
51.107.70.198 - - [08/May/2026:11:30:32 +0000] "GET /wp-content/uploads/2024/07/E-VIBALL-owners-manual-ver-0624_EN.pdf HTTP/1.1" 200 2379013 "-" "Mozilla/5.0 AppleWebKit/537.36 (KHTML, like Gecko); compatible; ChatGPT-User/1.0; +https://openai.com/bot"
88.235.61.67 - - [08/May/2026:11:30:35 +0000] "POST /xmlrpc.php HTTP/1.1" 503 18029 "-" "Jetpack by WordPress.com (Jetpack 12.5; WordPress 6.3)"
88.235.61.67 - - [08/May/2026:11:30:47 +0000] "POST /xmlrpc.php HTTP/1.1" 503 18029 "-" "Jetpack by WordPress.com (Jetpack 13.0; WordPress 6.2)"
114.119.153.20 - - [08/May/2026:11:30:53 +0000] "GET /electric HTTP/1.1" 404 - "https://nipponia.nl/en/home/" "Mozilla/5.0 (Linux; Android 7.0;) AppleWebKit/537.36 (KHTML, like Gecko) Mobile Safari/537.36 (compatible; PetalBot;+https://webmaster.petalsearch.com/site/petalbot)"
88.235.61.67 - - [08/May/2026:11:30:58 +0000] "POST /xmlrpc.php HTTP/1.1" 503 18029 "-" "Jetpack by WordPress.com"
88.235.61.67 - - [08/May/2026:11:31:09 +0000] "POST /xmlrpc.php HTTP/1.1" 503 18029 "-" "Jetpack by WordPress.com (Jetpack 12.1; WordPress 6.4)"
88.235.61.67 - - [08/May/2026:11:31:20 +0000] "POST /xmlrpc.php HTTP/1.1" 503 18029 "-" "Jetpack/12.5; WordPress/6.4; http://site78301337.com"
88.235.61.67 - - [08/May/2026:11:31:31 +0000] "POST /xmlrpc.php HTTP/1.1" 503 18029 "-" "Jetpack by WordPress.com (Jetpack 12.1; WordPress 6.4)"
88.235.61.67 - - [08/May/2026:11:31:43 +0000] "POST /xmlrpc.php HTTP/1.1" 503 18029 "-" "WordPress.com; https://wordpress.com"
88.235.61.67 - - [08/May/2026:11:31:54 +0000] "POST /xmlrpc.php HTTP/1.1" 503 18029 "-" "Jetpack/12.1; WordPress/6.2; http://site34685646.com"
88.235.61.67 - - [08/May/2026:11:32:05 +0000] "POST /xmlrpc.php HTTP/1.1" 503 18029 "-" "Jetpack/13.0; WordPress/6.1; http://site49800250.com"
88.235.61.67 - - [08/May/2026:11:32:16 +0000] "POST /xmlrpc.php HTTP/1.1" 503 18029 "-" "Jetpack by WordPress.com"
88.235.61.67 - - [08/May/2026:11:32:28 +0000] "POST /xmlrpc.php HTTP/1.1" 503 18029 "-" "Jetpack/12.0; WordPress/6.2; http://site37228631.com"
88.235.61.67 - - [08/May/2026:11:32:39 +0000] "POST /xmlrpc.php HTTP/1.1" 503 18029 "-" "Jetpack by WordPress.com"
88.235.61.67 - - [08/May/2026:11:32:50 +0000] "POST /xmlrpc.php HTTP/1.1" 503 18029 "-" "WordPress.com; https://wordpress.com"
88.235.61.67 - - [08/May/2026:11:33:01 +0000] "POST /xmlrpc.php HTTP/1.1" 503 18029 "-" "Jetpack by WordPress.com"
88.235.61.67 - - [08/May/2026:11:33:13 +0000] "POST /xmlrpc.php HTTP/1.1" 503 18029 "-" "Jetpack by WordPress.com (Jetpack 12.5; WordPress 6.1)"
88.235.61.67 - - [08/May/2026:11:33:24 +0000] "POST /xmlrpc.php HTTP/1.1" 503 18029 "-" "Jetpack/12.0; WordPress/6.3; http://site52331797.com"
88.235.61.67 - - [08/May/2026:11:33:36 +0000] "POST /xmlrpc.php HTTP/1.1" 503 18029 "-" "Jetpack/12.5; WordPress/6.3; http://site12529769.com"
88.235.61.67 - - [08/May/2026:11:33:47 +0000] "POST /xmlrpc.php HTTP/1.1" 503 18029 "-" "Jetpack by WordPress.com"
88.235.61.67 - - [08/May/2026:11:33:58 +0000] "POST /xmlrpc.php HTTP/1.1" 503 18029 "-" "Jetpack by WordPress.com (Jetpack 13.0; WordPress 6.2)"
88.235.61.67 - - [08/May/2026:11:34:10 +0000] "POST /xmlrpc.php HTTP/1.1" 503 18029 "-" "Jetpack/13.0; WordPress/6.3; http://site93762789.com"
88.235.61.67 - - [08/May/2026:11:34:21 +0000] "POST /xmlrpc.php HTTP/1.1" 503 18029 "-" "WordPress.com; https://wordpress.com"
88.235.61.67 - - [08/May/2026:11:34:32 +0000] "POST /xmlrpc.php HTTP/1.1" 503 18029 "-" "Jetpack by WordPress.com"
88.235.61.67 - - [08/May/2026:11:34:43 +0000] "POST /xmlrpc.php HTTP/1.1" 503 18029 "-" "Jetpack by WordPress.com"
20.123.172.228 - - [08/May/2026:11:35:11 +0000] "POST /wp-cron.php?doing_wp_cron=1778240111.3900330066680908203125 HTTP/1.1" 200 - "https://nipponia.nl/wp-cron.php?doing_wp_cron=1778240111.3900330066680908203125" "WordPress/6.1.10; https://nipponia.nl"
88.235.61.67 - - [08/May/2026:11:34:55 +0000] "POST /xmlrpc.php HTTP/1.1" 503 7928 "-" "Jetpack/13.0; WordPress/6.4; http://site91064299.com"
88.235.61.67 - - [08/May/2026:11:35:17 +0000] "POST /xmlrpc.php HTTP/1.1" 503 18029 "-" "Jetpack/13.0; WordPress/6.3; http://site51715403.com"
88.235.61.67 - - [08/May/2026:11:35:06 +0000] "POST /xmlrpc.php HTTP/1.1" 503 7959 "-" "Jetpack by WordPress.com"
20.123.172.228 - - [08/May/2026:11:35:07 +0000] "POST /?wordfence_syncAttackData=1778240106.9005 HTTP/1.1" 200 - "https://nipponia.nl/?wordfence_syncAttackData=1778240106.9005" "WordPress/6.1.10; https://nipponia.nl"
88.235.61.67 - - [08/May/2026:11:35:28 +0000] "POST /xmlrpc.php HTTP/1.1" 503 18029 "-" "Jetpack by WordPress.com"
88.235.61.67 - - [08/May/2026:11:35:39 +0000] "POST /xmlrpc.php HTTP/1.1" 503 18029 "-" "WordPress.com; https://wordpress.com"
20.123.172.228 - - [08/May/2026:11:35:27 +0000] "GET / HTTP/1.1" 200 89935 "https://nipponia.nl/" "WordPress/6.1.10; https://nipponia.nl"
20.123.172.228 - - [08/May/2026:11:35:38 +0000] "POST /?wordfence_syncAttackData=1778240138.3795 HTTP/1.1" 200 - "https://nipponia.nl/?wordfence_syncAttackData=1778240138.3795" "WordPress/6.1.10; https://nipponia.nl"
88.235.61.67 - - [08/May/2026:11:35:51 +0000] "POST /xmlrpc.php HTTP/1.1" 503 18029 "-" "Jetpack by WordPress.com"
20.123.172.228 - - [08/May/2026:11:35:32 +0000] "GET / HTTP/1.1" 200 89935 "https://nipponia.nl/" "WordPress/6.1.10; https://nipponia.nl"
20.123.172.228 - - [08/May/2026:11:35:59 +0000] "POST /wp-cron.php?doing_wp_cron=1778240159.0508329868316650390625 HTTP/1.1" 200 - "https://nipponia.nl/wp-cron.php?doing_wp_cron=1778240159.0508329868316650390625" "WordPress/6.1.10; https://nipponia.nl"
88.235.61.67 - - [08/May/2026:11:36:02 +0000] "POST /xmlrpc.php HTTP/1.1" 503 18029 "-" "Jetpack by WordPress.com (Jetpack 12.5; WordPress 6.3)"
20.123.172.228 - - [08/May/2026:11:35:44 +0000] "POST /?wordfence_syncAttackData=1778240143.8856 HTTP/1.1" 200 89935 "https://nipponia.nl/?wordfence_syncAttackData=1778240143.8856" "WordPress/6.1.10; https://nipponia.nl"
88.235.61.67 - - [08/May/2026:11:36:13 +0000] "POST /xmlrpc.php HTTP/1.1" 503 18029 "-" "Jetpack/12.0; WordPress/6.3; http://site37014695.com"
20.123.172.228 - - [08/May/2026:11:36:09 +0000] "POST /?wordfence_syncAttackData=1778240169.7269 HTTP/1.1" 200 - "https://nipponia.nl/?wordfence_syncAttackData=1778240169.7269" "WordPress/6.1.10; https://nipponia.nl"
88.235.61.67 - - [08/May/2026:11:36:24 +0000] "POST /xmlrpc.php HTTP/1.1" 503 18029 "-" "Jetpack by WordPress.com"
88.235.61.67 - - [08/May/2026:11:36:35 +0000] "POST /xmlrpc.php HTTP/1.1" 503 18029 "-" "Jetpack/12.5; WordPress/6.4; http://site13529302.com"
88.235.61.67 - - [08/May/2026:11:36:46 +0000] "POST /xmlrpc.php HTTP/1.1" 503 18029 "-" "WordPress.com; https://wordpress.com"
88.235.61.67 - - [08/May/2026:11:36:57 +0000] "POST /xmlrpc.php HTTP/1.1" 503 18029 "-" "Jetpack by WordPress.com (Jetpack 13.0; WordPress 6.1)"
88.235.61.67 - - [08/May/2026:11:37:09 +0000] "POST /xmlrpc.php HTTP/1.1" 503 18029 "-" "Jetpack by WordPress.com"
88.235.61.67 - - [08/May/2026:11:37:20 +0000] "POST /xmlrpc.php HTTP/1.1" 503 18029 "-" "Jetpack by WordPress.com"
88.235.61.67 - - [08/May/2026:11:37:31 +0000] "POST /xmlrpc.php HTTP/1.1" 503 18029 "-" "Jetpack by WordPress.com (Jetpack 12.0; WordPress 6.2)"
88.235.61.67 - - [08/May/2026:11:37:42 +0000] "POST /xmlrpc.php HTTP/1.1" 503 18029 "-" "Jetpack by WordPress.com (Jetpack 13.0; WordPress 6.4)"
20.123.172.228 - - [08/May/2026:11:37:53 +0000] "POST /wp-cron.php?doing_wp_cron=1778240273.7934610843658447265625 HTTP/1.1" 200 - "https://nipponia.nl/wp-cron.php?doing_wp_cron=1778240273.7934610843658447265625" "WordPress/6.1.10; https://nipponia.nl"
88.235.61.67 - - [08/May/2026:11:37:53 +0000] "POST /xmlrpc.php HTTP/1.1" 503 18029 "-" "Jetpack/12.1; WordPress/6.2; http://site81430311.com"
20.123.172.228 - - [08/May/2026:11:37:48 +0000] "POST /?wordfence_syncAttackData=1778240268.619 HTTP/1.1" 200 - "https://nipponia.nl/?wordfence_syncAttackData=1778240268.619" "WordPress/6.1.10; https://nipponia.nl"
103.215.74.60 - - [08/May/2026:11:37:38 +0000] "GET / HTTP/1.1" 200 89935 "-" "Mozilla/5.0 (Windows NT 10.0; Win64; x64) AppleWebKit/537.36 (KHTML, like Gecko) Chrome/124.0.0.0 Safari/537.36"
88.235.61.67 - - [08/May/2026:11:38:04 +0000] "POST /xmlrpc.php HTTP/1.1" 503 18029 "-" "Jetpack by WordPress.com (Jetpack 12.0; WordPress 6.4)"
88.235.61.67 - - [08/May/2026:11:38:15 +0000] "POST /xmlrpc.php HTTP/1.1" 503 18029 "-" "WordPress.com; https://wordpress.com"
3.221.50.71 - - [08/May/2026:11:38:27 +0000] "GET /wp-json/oembed/1.0/embed?format=xml&url=https://nipponia.nl/stores/gramser-bromfiets-techniek/ HTTP/1.1" 404 - "-" "Mozilla/5.0 AppleWebKit/537.36 (KHTML, like Gecko; compatible; Amazonbot/0.1; +https://developer.amazon.com/support/amazonbot) Chrome/119.0.6045.214 Safari/537.36"
88.235.61.67 - - [08/May/2026:11:38:26 +0000] "POST /xmlrpc.php HTTP/1.1" 503 18029 "-" "Jetpack by WordPress.com"
88.235.61.67 - - [08/May/2026:11:38:37 +0000] "POST /xmlrpc.php HTTP/1.1" 503 18029 "-" "Jetpack by WordPress.com (Jetpack 12.0; WordPress 6.4)"
88.235.61.67 - - [08/May/2026:11:38:48 +0000] "POST /xmlrpc.php HTTP/1.1" 503 18029 "-" "Jetpack by WordPress.com"
88.235.61.67 - - [08/May/2026:11:38:58 +0000] "POST /xmlrpc.php HTTP/1.1" 503 18029 "-" "WordPress.com; https://wordpress.com"
88.235.61.67 - - [08/May/2026:11:39:09 +0000] "POST /xmlrpc.php HTTP/1.1" 503 18029 "-" "Jetpack/12.1; WordPress/6.4; http://site72906737.com"
46.178.255.184 - - [08/May/2026:11:39:21 +0000] "GET /wp-content/uploads/2025/05/prideRange-without-word-new-model-May-2025-1024x1024.jpg HTTP/1.1" 200 107100 "https://www.google.com/" "Mozilla/5.0 (Linux; Android 15; SM-A546B Build/AP3A.240905.015.A2; wv) AppleWebKit/537.36 (KHTML, like Gecko) Version/4.0 Chrome/147.0.7727.111 Mobile Safari/537.36 GoogleApp/17.16.22.ve.arm64"
88.235.61.67 - - [08/May/2026:11:39:20 +0000] "POST /xmlrpc.php HTTP/1.1" 503 18029 "-" "WordPress.com; https://wordpress.com"
88.235.61.67 - - [08/May/2026:11:39:31 +0000] "POST /xmlrpc.php HTTP/1.1" 503 18029 "-" "Jetpack by WordPress.com"
88.235.61.67 - - [08/May/2026:11:39:41 +0000] "POST /xmlrpc.php HTTP/1.1" 503 18029 "-" "Jetpack by WordPress.com"
88.235.61.67 - - [08/May/2026:11:39:52 +0000] "POST /xmlrpc.php HTTP/1.1" 503 18029 "-" "Jetpack by WordPress.com"
88.235.61.67 - - [08/May/2026:11:40:03 +0000] "POST /xmlrpc.php HTTP/1.1" 503 18029 "-" "WordPress.com; https://wordpress.com"
88.235.61.67 - - [08/May/2026:11:40:14 +0000] "POST /xmlrpc.php HTTP/1.1" 503 18029 "-" "Jetpack by WordPress.com (Jetpack 13.0; WordPress 6.2)"
88.235.61.67 - - [08/May/2026:11:40:24 +0000] "POST /xmlrpc.php HTTP/1.1" 503 18029 "-" "Jetpack by WordPress.com (Jetpack 12.1; WordPress 6.1)"
57.141.20.57 - - [08/May/2026:11:40:28 +0000] "GET /stores/huisman-tweewielers-nijmegen/ HTTP/1.1" 404 - "-" "meta-externalagent/1.1 (+https://developers.facebook.com/docs/sharing/webmasters/crawler)"
88.235.61.67 - - [08/May/2026:11:40:35 +0000] "POST /xmlrpc.php HTTP/1.1" 503 18029 "-" "Jetpack/13.0; WordPress/6.1; http://site59917350.com"
88.235.61.67 - - [08/May/2026:11:40:46 +0000] "POST /xmlrpc.php HTTP/1.1" 503 18029 "-" "WordPress.com; https://wordpress.com"
88.235.61.67 - - [08/May/2026:11:40:56 +0000] "POST /xmlrpc.php HTTP/1.1" 503 18029 "-" "Jetpack by WordPress.com (Jetpack 13.0; WordPress 6.3)"
23.20.178.124 - - [08/May/2026:11:41:02 +0000] "GET /wp-json/oembed/1.0/embed?url=https://nipponia.nl/stores/gramser-bromfiets-techniek/ HTTP/1.1" 404 - "-" "Mozilla/5.0 AppleWebKit/537.36 (KHTML, like Gecko; compatible; Amazonbot/0.1; +https://developer.amazon.com/support/amazonbot) Chrome/119.0.6045.214 Safari/537.36"
88.235.61.67 - - [08/May/2026:11:41:07 +0000] "POST /xmlrpc.php HTTP/1.1" 503 18029 "-" "Jetpack by WordPress.com"
13.75.199.23 - - [08/May/2026:11:41:11 +0000] "GET /file.php HTTP/1.1" 404 16 "-" "Mozilla/5.0 (Windows NT 10.0; Win64; x64) AppleWebKit/537.36 (KHTML, like Gecko) Chrome/120.0.0.0 Safari/537.36"
13.75.199.23 - - [08/May/2026:11:41:12 +0000] "GET /ms-edit.php HTTP/1.1" 404 16 "-" "Mozilla/5.0 (Windows NT 10.0; Win64; x64) AppleWebKit/537.36 (KHTML, like Gecko) Chrome/120.0.0.0 Safari/537.36"
13.75.199.23 - - [08/May/2026:11:41:12 +0000] "GET /w.php HTTP/1.1" 404 16 "-" "Mozilla/5.0 (Windows NT 10.0; Win64; x64) AppleWebKit/537.36 (KHTML, like Gecko) Chrome/120.0.0.0 Safari/537.36"
13.75.199.23 - - [08/May/2026:11:41:12 +0000] "GET /a7.php HTTP/1.1" 404 16 "-" "Mozilla/5.0 (Windows NT 10.0; Win64; x64) AppleWebKit/537.36 (KHTML, like Gecko) Chrome/120.0.0.0 Safari/537.36"
13.75.199.23 - - [08/May/2026:11:41:12 +0000] "GET /wp-includes/sitemaps/providers/ HTTP/1.1" 200 1305 "-" "Mozilla/5.0 (Windows NT 10.0; Win64; x64) AppleWebKit/537.36 (KHTML, like Gecko) Chrome/120.0.0.0 Safari/537.36"
13.75.199.23 - - [08/May/2026:11:41:13 +0000] "GET /goods.php HTTP/1.1" 404 16 "-" "Mozilla/5.0 (Windows NT 10.0; Win64; x64) AppleWebKit/537.36 (KHTML, like Gecko) Chrome/120.0.0.0 Safari/537.36"
13.75.199.23 - - [08/May/2026:11:41:13 +0000] "GET /Cap.php HTTP/1.1" 404 16 "-" "Mozilla/5.0 (Windows NT 10.0; Win64; x64) AppleWebKit/537.36 (KHTML, like Gecko) Chrome/120.0.0.0 Safari/537.36"
13.75.199.23 - - [08/May/2026:11:41:13 +0000] "GET /aaa.php/getid3-core.php HTTP/1.1" 404 16 "-" "Mozilla/5.0 (Windows NT 10.0; Win64; x64) AppleWebKit/537.36 (KHTML, like Gecko) Chrome/120.0.0.0 Safari/537.36"
13.75.199.23 - - [08/May/2026:11:41:13 +0000] "GET /wp-includes/pomo/ HTTP/1.1" 200 1741 "-" "Mozilla/5.0 (Windows NT 10.0; Win64; x64) AppleWebKit/537.36 (KHTML, like Gecko) Chrome/120.0.0.0 Safari/537.36"
13.75.199.23 - - [08/May/2026:11:41:14 +0000] "GET /wp-includes/css/dist/widgets/ HTTP/1.1" 200 1426 "-" "Mozilla/5.0 (Windows NT 10.0; Win64; x64) AppleWebKit/537.36 (KHTML, like Gecko) Chrome/120.0.0.0 Safari/537.36"
13.75.199.23 - - [08/May/2026:11:41:14 +0000] "GET /0x.php HTTP/1.1" 404 16 "-" "Mozilla/5.0 (Windows NT 10.0; Win64; x64) AppleWebKit/537.36 (KHTML, like Gecko) Chrome/120.0.0.0 Safari/537.36"
13.75.199.23 - - [08/May/2026:11:41:14 +0000] "GET /wp-content/plugins/about.php HTTP/1.1" 404 16 "-" "Mozilla/5.0 (Windows NT 10.0; Win64; x64) AppleWebKit/537.36 (KHTML, like Gecko) Chrome/120.0.0.0 Safari/537.36"
13.75.199.23 - - [08/May/2026:11:41:15 +0000] "GET /wp-includes/Requests/about.php HTTP/1.1" 404 16 "-" "Mozilla/5.0 (Windows NT 10.0; Win64; x64) AppleWebKit/537.36 (KHTML, like Gecko) Chrome/120.0.0.0 Safari/537.36"
13.75.199.23 - - [08/May/2026:11:41:15 +0000] "GET /wp-admin/css/colors/blue/ HTTP/1.1" 200 1600 "-" "Mozilla/5.0 (Windows NT 10.0; Win64; x64) AppleWebKit/537.36 (KHTML, like Gecko) Chrome/120.0.0.0 Safari/537.36"
13.75.199.23 - - [08/May/2026:11:41:15 +0000] "GET /function/function.php HTTP/1.1" 404 - "-" "Mozilla/5.0 (Windows NT 10.0; Win64; x64) AppleWebKit/537.36 (KHTML, like Gecko) Chrome/120.0.0.0 Safari/537.36"
13.75.199.23 - - [08/May/2026:11:41:15 +0000] "GET /edit.php HTTP/1.1" 404 16 "-" "Mozilla/5.0 (Windows NT 10.0; Win64; x64) AppleWebKit/537.36 (KHTML, like Gecko) Chrome/120.0.0.0 Safari/537.36"
13.75.199.23 - - [08/May/2026:11:41:16 +0000] "GET /about/function.php HTTP/1.1" 404 - "-" "Mozilla/5.0 (Windows NT 10.0; Win64; x64) AppleWebKit/537.36 (KHTML, like Gecko) Chrome/120.0.0.0 Safari/537.36"
13.75.199.23 - - [08/May/2026:11:41:16 +0000] "GET /adminfuns.php HTTP/1.1" 404 16 "-" "Mozilla/5.0 (Windows NT 10.0; Win64; x64) AppleWebKit/537.36 (KHTML, like Gecko) Chrome/120.0.0.0 Safari/537.36"
13.75.199.23 - - [08/May/2026:11:41:16 +0000] "GET /wp-content/uploads/ HTTP/1.1" 200 3498 "-" "Mozilla/5.0 (Windows NT 10.0; Win64; x64) AppleWebKit/537.36 (KHTML, like Gecko) Chrome/120.0.0.0 Safari/537.36"
13.75.199.23 - - [08/May/2026:11:41:16 +0000] "GET /wp-content/plugins/dummyyummy/wp-signup.php HTTP/1.1" 404 - "-" "Mozilla/5.0 (Windows NT 10.0; Win64; x64) AppleWebKit/537.36 (KHTML, like Gecko) Chrome/120.0.0.0 Safari/537.36"
13.75.199.23 - - [08/May/2026:11:41:17 +0000] "GET /wp-content/about.php HTTP/1.1" 404 16 "-" "Mozilla/5.0 (Windows NT 10.0; Win64; x64) AppleWebKit/537.36 (KHTML, like Gecko) Chrome/120.0.0.0 Safari/537.36"
13.75.199.23 - - [08/May/2026:11:41:17 +0000] "GET /wp-admin/js/ HTTP/1.1" 200 17978 "-" "Mozilla/5.0 (Windows NT 10.0; Win64; x64) AppleWebKit/537.36 (KHTML, like Gecko) Chrome/120.0.0.0 Safari/537.36"
13.75.199.23 - - [08/May/2026:11:41:18 +0000] "GET /send.php HTTP/1.1" 404 16 "-" "Mozilla/5.0 (Windows NT 10.0; Win64; x64) AppleWebKit/537.36 (KHTML, like Gecko) Chrome/120.0.0.0 Safari/537.36"
13.75.199.23 - - [08/May/2026:11:41:18 +0000] "GET /wp-content/uploads/2024/ HTTP/1.1" 200 2742 "-" "Mozilla/5.0 (Windows NT 10.0; Win64; x64) AppleWebKit/537.36 (KHTML, like Gecko) Chrome/120.0.0.0 Safari/537.36"
88.235.61.67 - - [08/May/2026:11:41:18 +0000] "POST /xmlrpc.php HTTP/1.1" 503 18029 "-" "WordPress.com; https://wordpress.com"
88.235.61.67 - - [08/May/2026:11:41:29 +0000] "POST /xmlrpc.php HTTP/1.1" 503 18029 "-" "WordPress.com; https://wordpress.com"
13.75.199.23 - - [08/May/2026:11:41:18 +0000] "GET /wp-admin/network/index.php HTTP/1.1" 302 - "-" "Mozilla/5.0 (Windows NT 10.0; Win64; x64) AppleWebKit/537.36 (KHTML, like Gecko) Chrome/120.0.0.0 Safari/537.36"
20.123.172.228 - - [08/May/2026:11:41:37 +0000] "POST /wp-cron.php?doing_wp_cron=1778240497.5573461055755615234375 HTTP/1.1" 200 - "https://nipponia.nl/wp-cron.php?doing_wp_cron=1778240497.5573461055755615234375" "WordPress/6.1.10; https://nipponia.nl"
88.235.61.67 - - [08/May/2026:11:41:39 +0000] "POST /xmlrpc.php HTTP/1.1" 503 18029 "-" "WordPress.com; https://wordpress.com"
20.123.172.228 - - [08/May/2026:11:41:32 +0000] "POST /?wordfence_syncAttackData=1778240492.4861 HTTP/1.1" 200 - "https://nipponia.nl/?wordfence_syncAttackData=1778240492.4861" "WordPress/6.1.10; https://nipponia.nl"
18.205.213.231 - - [08/May/2026:11:41:50 +0000] "GET /stores/max-vitaal/ HTTP/1.1" 404 - "-" "Mozilla/5.0 AppleWebKit/537.36 (KHTML, like Gecko; compatible; Amazonbot/0.1; +https://developer.amazon.com/support/amazonbot) Chrome/119.0.6045.214 Safari/537.36"
88.235.61.67 - - [08/May/2026:11:41:50 +0000] "POST /xmlrpc.php HTTP/1.1" 503 18029 "-" "Jetpack/12.5; WordPress/6.2; http://site50004338.com"
88.235.61.67 - - [08/May/2026:11:42:01 +0000] "POST /xmlrpc.php HTTP/1.1" 503 18029 "-" "Jetpack/12.5; WordPress/6.3; http://site34120442.com"
88.235.61.67 - - [08/May/2026:11:42:12 +0000] "POST /xmlrpc.php HTTP/1.1" 503 18029 "-" "Jetpack by WordPress.com (Jetpack 12.0; WordPress 6.2)"
88.235.61.67 - - [08/May/2026:11:42:22 +0000] "POST /xmlrpc.php HTTP/1.1" 503 18029 "-" "Jetpack by WordPress.com (Jetpack 12.0; WordPress 6.2)"
68.221.67.171 - - [08/May/2026:11:42:14 +0000] "GET / HTTP/1.1" 302 - "-" "Mozilla/5.0 AppleWebKit/537.36 (KHTML, like Gecko); compatible; ChatGPT-User/1.0; +https://openai.com/bot"
68.221.67.160 - - [08/May/2026:11:42:16 +0000] "GET / HTTP/1.1" 302 - "-" "Mozilla/5.0 AppleWebKit/537.36 (KHTML, like Gecko); compatible; ChatGPT-User/1.0; +https://openai.com/bot"
68.221.67.165 - - [08/May/2026:11:42:18 +0000] "GET / HTTP/1.1" 302 - "-" "Mozilla/5.0 AppleWebKit/537.36 (KHTML, like Gecko); compatible; ChatGPT-User/1.0; +https://openai.com/bot"
68.221.67.160 - - [08/May/2026:11:42:20 +0000] "GET / HTTP/1.1" 302 - "-" "Mozilla/5.0 AppleWebKit/537.36 (KHTML, like Gecko); compatible; ChatGPT-User/1.0; +https://openai.com/bot"
68.221.67.167 - - [08/May/2026:11:42:22 +0000] "GET / HTTP/1.1" 302 - "-" "Mozilla/5.0 AppleWebKit/537.36 (KHTML, like Gecko); compatible; ChatGPT-User/1.0; +https://openai.com/bot"
68.221.67.164 - - [08/May/2026:11:42:22 +0000] "GET / HTTP/1.1" 302 - "-" "Mozilla/5.0 AppleWebKit/537.36 (KHTML, like Gecko); compatible; ChatGPT-User/1.0; +https://openai.com/bot"
68.221.67.168 - - [08/May/2026:11:42:22 +0000] "GET / HTTP/1.1" 302 - "-" "Mozilla/5.0 AppleWebKit/537.36 (KHTML, like Gecko); compatible; ChatGPT-User/1.0; +https://openai.com/bot"
68.221.67.162 - - [08/May/2026:11:42:22 +0000] "GET / HTTP/1.1" 302 - "-" "Mozilla/5.0 AppleWebKit/537.36 (KHTML, like Gecko); compatible; ChatGPT-User/1.0; +https://openai.com/bot"
68.221.67.172 - - [08/May/2026:11:42:23 +0000] "GET / HTTP/1.1" 302 - "-" "Mozilla/5.0 AppleWebKit/537.36 (KHTML, like Gecko); compatible; ChatGPT-User/1.0; +https://openai.com/bot"
88.235.61.67 - - [08/May/2026:11:42:33 +0000] "POST /xmlrpc.php HTTP/1.1" 503 8192 "-" "WordPress.com; https://wordpress.com"
68.221.67.170 - - [08/May/2026:11:42:23 +0000] "GET / HTTP/1.1" 302 - "-" "Mozilla/5.0 AppleWebKit/537.36 (KHTML, like Gecko); compatible; ChatGPT-User/1.0; +https://openai.com/bot"
20.123.172.228 - - [08/May/2026:11:42:24 +0000] "POST /?wordfence_syncAttackData=1778240544.6025 HTTP/1.1" 200 - "https://nipponia.nl/?wordfence_syncAttackData=1778240544.6025" "WordPress/6.1.10; https://nipponia.nl"
20.123.172.228 - - [08/May/2026:11:42:28 +0000] "POST /?wordfence_syncAttackData=1778240548.2969 HTTP/1.1" 200 52928 "https://nipponia.nl/?wordfence_syncAttackData=1778240548.2969" "WordPress/6.1.10; https://nipponia.nl"
20.123.172.228 - - [08/May/2026:11:42:39 +0000] "POST /?wordfence_syncAttackData=1778240558.9953 HTTP/1.1" 200 - "https://nipponia.nl/?wordfence_syncAttackData=1778240558.9953" "WordPress/6.1.10; https://nipponia.nl"
20.123.172.228 - - [08/May/2026:11:42:32 +0000] "POST /?wordfence_syncAttackData=1778240552.3921 HTTP/1.1" 200 89935 "https://nipponia.nl/?wordfence_syncAttackData=1778240552.3921" "WordPress/6.1.10; https://nipponia.nl"
88.235.61.67 - - [08/May/2026:11:42:44 +0000] "POST /xmlrpc.php HTTP/1.1" 503 18029 "-" "Jetpack by WordPress.com (Jetpack 12.1; WordPress 6.4)"
20.123.172.228 - - [08/May/2026:11:42:37 +0000] "POST /?wordfence_syncAttackData=1778240557.6012 HTTP/1.1" 200 89935 "https://nipponia.nl/?wordfence_syncAttackData=1778240557.6012" "WordPress/6.1.10; https://nipponia.nl"
20.123.172.228 - - [08/May/2026:11:42:34 +0000] "POST /?wordfence_syncAttackData=1778240554.0719 HTTP/1.1" 200 89935 "https://nipponia.nl/?wordfence_syncAttackData=1778240554.0719" "WordPress/6.1.10; https://nipponia.nl"
88.235.61.67 - - [08/May/2026:11:42:54 +0000] "POST /xmlrpc.php HTTP/1.1" 503 8192 "-" "Jetpack/12.0; WordPress/6.4; http://site55852037.com"
88.235.61.67 - - [08/May/2026:11:43:05 +0000] "POST /xmlrpc.php HTTP/1.1" 503 8192 "-" "WordPress.com; https://wordpress.com"
88.235.61.67 - - [08/May/2026:11:43:16 +0000] "POST /xmlrpc.php HTTP/1.1" 503 18029 "-" "Jetpack by WordPress.com (Jetpack 12.1; WordPress 6.2)"
88.235.61.67 - - [08/May/2026:11:43:27 +0000] "POST /xmlrpc.php HTTP/1.1" 503 18029 "-" "WordPress.com; https://wordpress.com"
20.123.172.228 - - [08/May/2026:11:42:47 +0000] "POST /?wordfence_syncAttackData=1778240567.1689 HTTP/1.1" 200 - "https://nipponia.nl/?wordfence_syncAttackData=1778240567.1689" "WordPress/6.1.10; https://nipponia.nl"
20.123.172.228 - - [08/May/2026:11:43:30 +0000] "POST /wp-cron.php?doing_wp_cron=1778240610.2349491119384765625000 HTTP/1.1" 200 - "https://nipponia.nl/wp-cron.php?doing_wp_cron=1778240610.2349491119384765625000" "WordPress/6.1.10; https://nipponia.nl"
20.123.172.228 - - [08/May/2026:11:42:42 +0000] "POST /?wordfence_syncAttackData=1778240562.2929 HTTP/1.1" 200 89935 "https://nipponia.nl/?wordfence_syncAttackData=1778240562.2929" "WordPress/6.1.10; https://nipponia.nl"
88.235.61.67 - - [08/May/2026:11:43:38 +0000] "POST /xmlrpc.php HTTP/1.1" 503 18029 "-" "Jetpack by WordPress.com"
20.123.172.228 - - [08/May/2026:11:42:48 +0000] "POST /?wordfence_syncAttackData=1778240568.7108 HTTP/1.1" 200 89935 "https://nipponia.nl/?wordfence_syncAttackData=1778240568.7108" "WordPress/6.1.10; https://nipponia.nl"
88.235.61.67 - - [08/May/2026:11:43:49 +0000] "POST /xmlrpc.php HTTP/1.1" 503 18029 "-" "Jetpack by WordPress.com (Jetpack 12.0; WordPress 6.2)"
20.123.172.228 - - [08/May/2026:11:43:43 +0000] "POST /?wordfence_syncAttackData=1778240623.0305 HTTP/1.1" 200 - "https://nipponia.nl/?wordfence_syncAttackData=1778240623.0305" "WordPress/6.1.10; https://nipponia.nl"
88.235.61.67 - - [08/May/2026:11:44:01 +0000] "POST /xmlrpc.php HTTP/1.1" 503 18029 "-" "WordPress.com; https://wordpress.com"
88.235.61.67 - - [08/May/2026:11:44:12 +0000] "POST /xmlrpc.php HTTP/1.1" 503 18029 "-" "Jetpack/12.0; WordPress/6.1; http://site18117954.com"
88.235.61.67 - - [08/May/2026:11:44:23 +0000] "POST /xmlrpc.php HTTP/1.1" 503 18029 "-" "WordPress.com; https://wordpress.com"
88.235.61.67 - - [08/May/2026:11:44:34 +0000] "POST /xmlrpc.php HTTP/1.1" 503 18029 "-" "WordPress.com; https://wordpress.com"
88.235.61.67 - - [08/May/2026:11:44:45 +0000] "POST /xmlrpc.php HTTP/1.1" 503 18029 "-" "Jetpack by WordPress.com (Jetpack 12.1; WordPress 6.3)"
88.235.61.67 - - [08/May/2026:11:44:56 +0000] "POST /xmlrpc.php HTTP/1.1" 503 18029 "-" "Jetpack by WordPress.com (Jetpack 12.1; WordPress 6.3)"
88.235.61.67 - - [08/May/2026:11:45:07 +0000] "POST /xmlrpc.php HTTP/1.1" 503 18029 "-" "WordPress.com; https://wordpress.com"
68.221.67.160 - - [08/May/2026:11:45:03 +0000] "GET / HTTP/1.1" 302 - "-" "Mozilla/5.0 AppleWebKit/537.36 (KHTML, like Gecko); compatible; ChatGPT-User/1.0; +https://openai.com/bot"
68.221.67.160 - - [08/May/2026:11:45:06 +0000] "GET / HTTP/1.1" 302 - "-" "Mozilla/5.0 AppleWebKit/537.36 (KHTML, like Gecko); compatible; ChatGPT-User/1.0; +https://openai.com/bot"
68.221.67.171 - - [08/May/2026:11:45:16 +0000] "GET / HTTP/1.1" 302 - "-" "Mozilla/5.0 AppleWebKit/537.36 (KHTML, like Gecko); compatible; ChatGPT-User/1.0; +https://openai.com/bot"
20.123.172.228 - - [08/May/2026:11:45:13 +0000] "POST /?wordfence_syncAttackData=1778240713.8416 HTTP/1.1" 200 - "https://nipponia.nl/?wordfence_syncAttackData=1778240713.8416" "WordPress/6.1.10; https://nipponia.nl"
68.221.67.162 - - [08/May/2026:11:45:20 +0000] "GET / HTTP/1.1" 302 - "-" "Mozilla/5.0 AppleWebKit/537.36 (KHTML, like Gecko); compatible; ChatGPT-User/1.0; +https://openai.com/bot"
88.235.61.67 - - [08/May/2026:11:45:18 +0000] "POST /xmlrpc.php HTTP/1.1" 503 7928 "-" "Jetpack by WordPress.com"
68.221.67.161 - - [08/May/2026:11:45:23 +0000] "GET / HTTP/1.1" 302 - "-" "Mozilla/5.0 AppleWebKit/537.36 (KHTML, like Gecko); compatible; ChatGPT-User/1.0; +https://openai.com/bot"
68.221.67.165 - - [08/May/2026:11:45:23 +0000] "GET / HTTP/1.1" 302 - "-" "Mozilla/5.0 AppleWebKit/537.36 (KHTML, like Gecko); compatible; ChatGPT-User/1.0; +https://openai.com/bot"
20.123.172.228 - - [08/May/2026:11:45:18 +0000] "POST /?wordfence_syncAttackData=1778240718.2654 HTTP/1.1" 200 89935 "https://nipponia.nl/?wordfence_syncAttackData=1778240718.2654" "WordPress/6.1.10; https://nipponia.nl"
68.221.67.170 - - [08/May/2026:11:45:23 +0000] "GET / HTTP/1.1" 302 - "-" "Mozilla/5.0 AppleWebKit/537.36 (KHTML, like Gecko); compatible; ChatGPT-User/1.0; +https://openai.com/bot"
88.235.61.67 - - [08/May/2026:11:45:29 +0000] "POST /xmlrpc.php HTTP/1.1" 503 8192 "-" "Jetpack by WordPress.com"
88.235.61.67 - - [08/May/2026:11:45:40 +0000] "POST /xmlrpc.php HTTP/1.1" 503 18029 "-" "WordPress.com; https://wordpress.com"
68.221.67.160 - - [08/May/2026:11:45:23 +0000] "GET / HTTP/1.1" 302 - "-" "Mozilla/5.0 AppleWebKit/537.36 (KHTML, like Gecko); compatible; ChatGPT-User/1.0; +https://openai.com/bot"
68.221.67.164 - - [08/May/2026:11:45:23 +0000] "GET / HTTP/1.1" 302 - "-" "Mozilla/5.0 AppleWebKit/537.36 (KHTML, like Gecko); compatible; ChatGPT-User/1.0; +https://openai.com/bot"
68.221.67.165 - - [08/May/2026:11:45:24 +0000] "GET / HTTP/1.1" 302 - "-" "Mozilla/5.0 AppleWebKit/537.36 (KHTML, like Gecko); compatible; ChatGPT-User/1.0; +https://openai.com/bot"
88.235.61.67 - - [08/May/2026:11:45:51 +0000] "POST /xmlrpc.php HTTP/1.1" 503 18029 "-" "Jetpack by WordPress.com"
20.123.172.228 - - [08/May/2026:11:45:47 +0000] "POST /?wordfence_syncAttackData=1778240747.7078 HTTP/1.1" 200 - "https://nipponia.nl/?wordfence_syncAttackData=1778240747.7078" "WordPress/6.1.10; https://nipponia.nl"
88.235.61.67 - - [08/May/2026:11:46:02 +0000] "POST /xmlrpc.php HTTP/1.1" 503 18029 "-" "Jetpack by WordPress.com (Jetpack 13.0; WordPress 6.1)"
20.123.172.228 - - [08/May/2026:11:46:06 +0000] "POST /wp-cron.php?doing_wp_cron=1778240766.0801029205322265625000 HTTP/1.1" 200 - "https://nipponia.nl/wp-cron.php?doing_wp_cron=1778240766.0801029205322265625000" "WordPress/6.1.10; https://nipponia.nl"
20.123.172.228 - - [08/May/2026:11:45:50 +0000] "POST /?wordfence_syncAttackData=1778240750.0886 HTTP/1.1" 200 89935 "https://nipponia.nl/?wordfence_syncAttackData=1778240750.0886" "WordPress/6.1.10; https://nipponia.nl"
88.235.61.67 - - [08/May/2026:11:46:14 +0000] "POST /xmlrpc.php HTTP/1.1" 503 18029 "-" "WordPress.com; https://wordpress.com"
20.123.172.228 - - [08/May/2026:11:45:51 +0000] "POST /?wordfence_syncAttackData=1778240751.4334 HTTP/1.1" 200 89935 "https://nipponia.nl/?wordfence_syncAttackData=1778240751.4334" "WordPress/6.1.10; https://nipponia.nl"
88.235.61.67 - - [08/May/2026:11:46:25 +0000] "POST /xmlrpc.php HTTP/1.1" 503 18029 "-" "WordPress.com; https://wordpress.com"
20.123.172.228 - - [08/May/2026:11:46:17 +0000] "POST /?wordfence_syncAttackData=1778240777.8389 HTTP/1.1" 200 - "https://nipponia.nl/?wordfence_syncAttackData=1778240777.8389" "WordPress/6.1.10; https://nipponia.nl"
88.235.61.67 - - [08/May/2026:11:46:36 +0000] "POST /xmlrpc.php HTTP/1.1" 503 18029 "-" "Jetpack by WordPress.com (Jetpack 12.1; WordPress 6.3)"
88.235.61.67 - - [08/May/2026:11:46:47 +0000] "POST /xmlrpc.php HTTP/1.1" 503 18029 "-" "Jetpack/13.0; WordPress/6.3; http://site89024952.com"
88.235.61.67 - - [08/May/2026:11:46:58 +0000] "POST /xmlrpc.php HTTP/1.1" 503 18029 "-" "Jetpack/12.1; WordPress/6.4; http://site93363091.com"
88.235.61.67 - - [08/May/2026:11:47:10 +0000] "POST /xmlrpc.php HTTP/1.1" 503 18029 "-" "Jetpack/12.0; WordPress/6.3; http://site57957396.com"
88.235.61.67 - - [08/May/2026:11:47:21 +0000] "POST /xmlrpc.php HTTP/1.1" 503 18029 "-" "Jetpack/13.0; WordPress/6.1; http://site53320727.com"
88.235.61.67 - - [08/May/2026:11:47:32 +0000] "POST /xmlrpc.php HTTP/1.1" 503 18029 "-" "Jetpack by WordPress.com (Jetpack 12.1; WordPress 6.2)"
88.235.61.67 - - [08/May/2026:11:47:43 +0000] "POST /xmlrpc.php HTTP/1.1" 503 18029 "-" "Jetpack by WordPress.com (Jetpack 13.0; WordPress 6.2)"
54.159.18.27 - - [08/May/2026:11:47:51 +0000] "GET /wp-json/oembed/1.0/embed?url=https://nipponia.nl/stores/jm-bromfietshandel/ HTTP/1.1" 404 - "-" "Mozilla/5.0 AppleWebKit/537.36 (KHTML, like Gecko; compatible; Amazonbot/0.1; +https://developer.amazon.com/support/amazonbot) Chrome/119.0.6045.214 Safari/537.36"
88.235.61.67 - - [08/May/2026:11:47:54 +0000] "POST /xmlrpc.php HTTP/1.1" 503 18029 "-" "WordPress.com; https://wordpress.com"
88.235.61.67 - - [08/May/2026:11:48:06 +0000] "POST /xmlrpc.php HTTP/1.1" 503 18029 "-" "Jetpack/13.0; WordPress/6.1; http://site94209195.com"
88.235.61.67 - - [08/May/2026:11:48:17 +0000] "POST /xmlrpc.php HTTP/1.1" 503 18029 "-" "WordPress.com; https://wordpress.com"
88.235.61.67 - - [08/May/2026:11:48:28 +0000] "POST /xmlrpc.php HTTP/1.1" 503 18029 "-" "Jetpack by WordPress.com (Jetpack 12.5; WordPress 6.4)"
88.235.61.67 - - [08/May/2026:11:48:39 +0000] "POST /xmlrpc.php HTTP/1.1" 503 18029 "-" "Jetpack/12.5; WordPress/6.2; http://site24120513.com"
18.213.240.226 - - [08/May/2026:11:48:43 +0000] "GET /wp-json/oembed/1.0/embed?format=xml&url=https://nipponia.nl/stores/jm-bromfietshandel/ HTTP/1.1" 404 - "-" "Mozilla/5.0 AppleWebKit/537.36 (KHTML, like Gecko; compatible; Amazonbot/0.1; +https://developer.amazon.com/support/amazonbot) Chrome/119.0.6045.214 Safari/537.36"
88.235.61.67 - - [08/May/2026:11:48:50 +0000] "POST /xmlrpc.php HTTP/1.1" 503 18029 "-" "Jetpack by WordPress.com (Jetpack 13.0; WordPress 6.2)"
88.235.61.67 - - [08/May/2026:11:49:01 +0000] "POST /xmlrpc.php HTTP/1.1" 503 18029 "-" "Jetpack/12.0; WordPress/6.3; http://site86322730.com"
88.235.61.67 - - [08/May/2026:11:49:12 +0000] "POST /xmlrpc.php HTTP/1.1" 503 18029 "-" "Jetpack by WordPress.com"
34.231.156.59 - - [08/May/2026:11:49:18 +0000] "GET /wp-json/oembed/1.0/embed?url=https://nipponia.nl/nipponia-utrecht/ HTTP/1.1" 404 - "-" "Mozilla/5.0 AppleWebKit/537.36 (KHTML, like Gecko; compatible; Amazonbot/0.1; +https://developer.amazon.com/support/amazonbot) Chrome/119.0.6045.214 Safari/537.36"
88.235.61.67 - - [08/May/2026:11:49:23 +0000] "POST /xmlrpc.php HTTP/1.1" 503 18029 "-" "Jetpack by WordPress.com (Jetpack 12.0; WordPress 6.3)"
88.235.61.67 - - [08/May/2026:11:49:34 +0000] "POST /xmlrpc.php HTTP/1.1" 503 18029 "-" "Jetpack by WordPress.com"
88.235.61.67 - - [08/May/2026:11:49:45 +0000] "POST /xmlrpc.php HTTP/1.1" 503 18029 "-" "WordPress.com; https://wordpress.com"
88.235.61.67 - - [08/May/2026:11:49:57 +0000] "POST /xmlrpc.php HTTP/1.1" 503 18029 "-" "WordPress.com; https://wordpress.com"
88.235.61.67 - - [08/May/2026:11:50:08 +0000] "POST /xmlrpc.php HTTP/1.1" 503 18029 "-" "Jetpack by WordPress.com (Jetpack 13.0; WordPress 6.3)"
