172.202.28.4 - - [07/May/2026:00:24:54 +0000] "GET /wp-content/admin.php HTTP/1.1" 301 - "-" "Mozilla/5.0 (Windows NT 10.0; Win64; x64) AppleWebKit/537.36 (KHTML, like Gecko) Chrome/120.0.0.0 Safari/537.36"
172.202.28.4 - - [07/May/2026:00:25:07 +0000] "GET /aa.php HTTP/1.1" 301 - "-" "Mozilla/5.0 (Windows NT 10.0; Win64; x64) AppleWebKit/537.36 (KHTML, like Gecko) Chrome/120.0.0.0 Safari/537.36"
172.202.28.4 - - [07/May/2026:00:25:19 +0000] "GET /xmrlpc.php HTTP/1.1" 301 - "-" "Mozilla/5.0 (Windows NT 10.0; Win64; x64) AppleWebKit/537.36 (KHTML, like Gecko) Chrome/120.0.0.0 Safari/537.36"
172.202.28.4 - - [07/May/2026:00:25:32 +0000] "GET /class.php HTTP/1.1" 301 - "-" "Mozilla/5.0 (Windows NT 10.0; Win64; x64) AppleWebKit/537.36 (KHTML, like Gecko) Chrome/120.0.0.0 Safari/537.36"
172.202.28.4 - - [07/May/2026:00:25:46 +0000] "GET /goods.php HTTP/1.1" 301 - "-" "Mozilla/5.0 (Windows NT 10.0; Win64; x64) AppleWebKit/537.36 (KHTML, like Gecko) Chrome/120.0.0.0 Safari/537.36"
172.202.28.4 - - [07/May/2026:00:25:59 +0000] "GET /info.php HTTP/1.1" 301 - "-" "Mozilla/5.0 (Windows NT 10.0; Win64; x64) AppleWebKit/537.36 (KHTML, like Gecko) Chrome/120.0.0.0 Safari/537.36"
44.215.210.112 - - [07/May/2026:00:26:04 +0000] "GET /robots.txt HTTP/1.1" 200 122 "-" "Mozilla/5.0 AppleWebKit/537.36 (KHTML, like Gecko; compatible; Amazonbot/0.1; +https://developer.amazon.com/support/amazonbot) Chrome/119.0.6045.214 Safari/537.36"
172.202.28.4 - - [07/May/2026:00:26:13 +0000] "GET /as.php HTTP/1.1" 301 - "-" "Mozilla/5.0 (Windows NT 10.0; Win64; x64) AppleWebKit/537.36 (KHTML, like Gecko) Chrome/120.0.0.0 Safari/537.36"
172.202.28.4 - - [07/May/2026:00:26:26 +0000] "GET /aw.php HTTP/1.1" 301 - "-" "Mozilla/5.0 (Windows NT 10.0; Win64; x64) AppleWebKit/537.36 (KHTML, like Gecko) Chrome/120.0.0.0 Safari/537.36"
172.202.28.4 - - [07/May/2026:00:26:39 +0000] "GET /bb.php HTTP/1.1" 301 - "-" "Mozilla/5.0 (Windows NT 10.0; Win64; x64) AppleWebKit/537.36 (KHTML, like Gecko) Chrome/120.0.0.0 Safari/537.36"
172.202.28.4 - - [07/May/2026:00:26:52 +0000] "GET /about.php HTTP/1.1" 301 - "-" "Mozilla/5.0 (Windows NT 10.0; Win64; x64) AppleWebKit/537.36 (KHTML, like Gecko) Chrome/120.0.0.0 Safari/537.36"
172.202.28.4 - - [07/May/2026:00:27:04 +0000] "GET /222.php HTTP/1.1" 301 - "-" "Mozilla/5.0 (Windows NT 10.0; Win64; x64) AppleWebKit/537.36 (KHTML, like Gecko) Chrome/120.0.0.0 Safari/537.36"
172.202.28.4 - - [07/May/2026:00:27:17 +0000] "GET /test1.php HTTP/1.1" 301 - "-" "Mozilla/5.0 (Windows NT 10.0; Win64; x64) AppleWebKit/537.36 (KHTML, like Gecko) Chrome/120.0.0.0 Safari/537.36"
172.202.28.4 - - [07/May/2026:00:27:27 +0000] "GET /classwithtostring.php HTTP/1.1" 301 - "-" "Mozilla/5.0 (Windows NT 10.0; Win64; x64) AppleWebKit/537.36 (KHTML, like Gecko) Chrome/120.0.0.0 Safari/537.36"
172.202.28.4 - - [07/May/2026:00:27:40 +0000] "GET /css/autoload_classmap.php HTTP/1.1" 301 - "-" "Mozilla/5.0 (Windows NT 10.0; Win64; x64) AppleWebKit/537.36 (KHTML, like Gecko) Chrome/120.0.0.0 Safari/537.36"
34.230.124.21 - - [07/May/2026:00:31:45 +0000] "GET /robots.txt HTTP/1.1" 200 122 "-" "Mozilla/5.0 AppleWebKit/537.36 (KHTML, like Gecko; compatible; Amazonbot/0.1; +https://developer.amazon.com/support/amazonbot) Chrome/119.0.6045.214 Safari/537.36"
20.123.172.228 - - [07/May/2026:00:31:59 +0000] "POST /wp-cron.php?doing_wp_cron=1778113919.5645110607147216796875 HTTP/1.1" 200 - "https://nipponia.nl/wp-cron.php?doing_wp_cron=1778113919.5645110607147216796875" "WordPress/6.1.10; https://nipponia.nl"
23.98.148.92 - - [07/May/2026:00:37:37 +0000] "POST /wp-login.php HTTP/1.1" 503 7327 "-" "Mozilla/5.0 (Windows NT 10.0) AppleWebKit/537.36 (KHTML, like Gecko) Chrome/137.0.0.0 Safari/537.36"
3.221.156.96 - - [07/May/2026:00:37:40 +0000] "GET /robots.txt HTTP/1.1" 200 122 "-" "Mozilla/5.0 AppleWebKit/537.36 (KHTML, like Gecko; compatible; Amazonbot/0.1; +https://developer.amazon.com/support/amazonbot) Chrome/119.0.6045.214 Safari/537.36"
66.249.66.165 - - [07/May/2026:00:42:30 +0000] "GET /wp-content/uploads/manuals/ELEGANCE_manual_FR.pdf HTTP/1.1" 304 - "-" "Mozilla/5.0 (Linux; Android 6.0.1; Nexus 5X Build/MMB29P) AppleWebKit/537.36 (KHTML, like Gecko) Chrome/147.0.7727.137 Mobile Safari/537.36 (compatible; Googlebot/2.1; +http://www.google.com/bot.html)"
52.200.58.199 - - [07/May/2026:00:48:30 +0000] "GET /robots.txt HTTP/1.1" 200 122 "-" "Mozilla/5.0 AppleWebKit/537.36 (KHTML, like Gecko; compatible; Amazonbot/0.1; +https://developer.amazon.com/support/amazonbot) Chrome/119.0.6045.214 Safari/537.36"
20.123.172.228 - - [07/May/2026:00:48:44 +0000] "POST /wp-cron.php?doing_wp_cron=1778114924.1316370964050292968750 HTTP/1.1" 200 - "https://nipponia.nl/wp-cron.php?doing_wp_cron=1778114924.1316370964050292968750" "WordPress/6.1.10; https://nipponia.nl"
13.52.79.116 - - [07/May/2026:00:56:04 +0000] "GET /stores/fast-furious-el-caballo-b-v/ HTTP/1.1" 404 11758 "-" "Terra Cotta 0.1 https://www.github.com/ceramicTeam/CeramicTerracotta"
116.179.32.170 - - [07/May/2026:00:56:36 +0000] "GET /wp-content/uploads/2022/06/2Fast-Front-Light-Activated-Night-New-Model-June-2022-1024x582.jpg HTTP/1.1" 200 42324 "-" "Baiduspider-image+(+http://www.baidu.com/search/spider.htm)"
54.235.158.162 - - [07/May/2026:00:58:32 +0000] "GET /robots.txt HTTP/1.1" 200 122 "-" "Mozilla/5.0 AppleWebKit/537.36 (KHTML, like Gecko; compatible; Amazonbot/0.1; +https://developer.amazon.com/support/amazonbot) Chrome/119.0.6045.214 Safari/537.36"
66.249.92.32 - - [07/May/2026:01:04:26 +0000] "GET /pride-2/ HTTP/1.1" 200 20218 "-" "Mozilla/5.0 (Linux; Android 6.0.1; Nexus 5X Build/MMB29P) AppleWebKit/537.36 (KHTML, like Gecko) Chrome/41.0.2272.96 Mobile Safari/537.36 (compatible; Google-Safety; +http://www.google.com/bot.html)"
66.249.92.192 - - [07/May/2026:01:04:50 +0000] "GET /pride-2/ HTTP/1.1" 200 20218 "-" "Mozilla/5.0 (Windows NT 10.0; Win64; x64) AppleWebKit/537.36 (KHTML, like Gecko) Chrome/60.0.3112.113 Safari/537.36 (compatible; Google-Safety; +http://www.google.com/bot.html)"
66.249.92.192 - - [07/May/2026:01:05:14 +0000] "GET /wp-content/cache/autoptimize/js/autoptimize_d70dd6bb7be92d2866d726509940de92.js HTTP/1.1" 200 127225 "https://nipponia.nl/pride-2/" "Mozilla/5.0 (Linux; Android 6.0.1; Nexus 5X Build/MMB29P) AppleWebKit/537.36 (KHTML, like Gecko) Chrome/147.0.7727.116 Mobile Safari/537.36 (compatible; Google-Safety; +http://www.google.com/bot.html)"
13.52.79.116 - - [07/May/2026:01:05:22 +0000] "GET /elektrische/ HTTP/1.1" 200 17378 "-" "Terra Cotta 0.1 https://www.github.com/ceramicTeam/CeramicTerracotta"
44.212.232.231 - - [07/May/2026:01:08:00 +0000] "GET /robots.txt HTTP/1.1" 200 122 "-" "Mozilla/5.0 AppleWebKit/537.36 (KHTML, like Gecko; compatible; Amazonbot/0.1; +https://developer.amazon.com/support/amazonbot) Chrome/119.0.6045.214 Safari/537.36"
18.205.91.101 - - [07/May/2026:01:13:16 +0000] "GET /robots.txt HTTP/1.1" 200 122 "-" "Mozilla/5.0 AppleWebKit/537.36 (KHTML, like Gecko; compatible; Amazonbot/0.1; +https://developer.amazon.com/support/amazonbot) Chrome/119.0.6045.214 Safari/537.36"
98.82.63.147 - - [07/May/2026:01:21:16 +0000] "GET /robots.txt HTTP/1.1" 200 122 "-" "Mozilla/5.0 AppleWebKit/537.36 (KHTML, like Gecko; compatible; Amazonbot/0.1; +https://developer.amazon.com/support/amazonbot) Chrome/119.0.6045.214 Safari/537.36"
20.123.172.228 - - [07/May/2026:01:25:39 +0000] "POST /wp-cron.php?doing_wp_cron=1778117139.5193281173706054687500 HTTP/1.1" 200 - "https://nipponia.nl/wp-cron.php?doing_wp_cron=1778117139.5193281173706054687500" "WordPress/6.1.10; https://nipponia.nl"
220.181.108.93 - - [07/May/2026:01:25:26 +0000] "GET /wp-json/wp/v2/pages/15916 HTTP/1.1" 200 9605 "-" "Mozilla/5.0 (compatible; Baiduspider/2.0; +http://www.baidu.com/search/spider.html)"
44.196.118.6 - - [07/May/2026:01:28:05 +0000] "GET /robots.txt HTTP/1.1" 200 122 "-" "Mozilla/5.0 AppleWebKit/537.36 (KHTML, like Gecko; compatible; Amazonbot/0.1; +https://developer.amazon.com/support/amazonbot) Chrome/119.0.6045.214 Safari/537.36"
20.123.172.228 - - [07/May/2026:01:30:31 +0000] "POST /wp-cron.php?doing_wp_cron=1778117431.6600170135498046875000 HTTP/1.1" 200 - "https://nipponia.nl/wp-cron.php?doing_wp_cron=1778117431.6600170135498046875000" "WordPress/6.1.10; https://nipponia.nl"
13.52.79.116 - - [07/May/2026:01:30:17 +0000] "GET /scooter-met-lithium/ HTTP/1.1" 200 16365 "-" "Terra Cotta 0.1 https://www.github.com/ceramicTeam/CeramicTerracotta"
54.91.122.193 - - [07/May/2026:01:35:24 +0000] "GET /robots.txt HTTP/1.1" 200 122 "-" "Mozilla/5.0 AppleWebKit/537.36 (KHTML, like Gecko; compatible; Amazonbot/0.1; +https://developer.amazon.com/support/amazonbot) Chrome/119.0.6045.214 Safari/537.36"
45.61.188.243 - - [07/May/2026:01:36:36 +0000] "GET /wp-login.php HTTP/1.1" 200 8725 "-" "Mozilla/5.0 (Macintosh; Intel Mac OS X 10.9; rv:31.0) Gecko/20100101 Firefox/31.0"
45.61.188.243 - - [07/May/2026:01:37:13 +0000] "POST /wp-login.php HTTP/1.1" 503 18949 "-" "Mozilla/5.0 (Macintosh; Intel Mac OS X 10.9; rv:31.0) Gecko/20100101 Firefox/31.0"
45.61.188.243 - - [07/May/2026:01:37:41 +0000] "GET /wp-admin/themes.php HTTP/1.1" 503 7311 "-" "python-requests/2.33.1"
17.246.15.219 - - [07/May/2026:01:37:41 +0000] "GET /stores/scooter-hill-breda-2/ HTTP/1.1" 200 13273 "-" "Mozilla/5.0 (Macintosh; Intel Mac OS X 10_15_7) AppleWebKit/605.1.15 (KHTML, like Gecko) Version/17.4 Safari/605.1.15 (Applebot/0.1; +http://www.apple.com/go/applebot)"
45.61.188.243 - - [07/May/2026:01:37:58 +0000] "GET /wp-admin/plugin-install.php?tab=upload HTTP/1.1" 503 7311 "-" "python-requests/2.33.1"
44.194.139.149 - - [07/May/2026:01:40:25 +0000] "GET /robots.txt HTTP/1.1" 200 122 "-" "Mozilla/5.0 AppleWebKit/537.36 (KHTML, like Gecko; compatible; Amazonbot/0.1; +https://developer.amazon.com/support/amazonbot) Chrome/119.0.6045.214 Safari/537.36"
20.123.172.228 - - [07/May/2026:01:40:38 +0000] "POST /wp-cron.php?doing_wp_cron=1778118038.5779180526733398437500 HTTP/1.1" 200 - "https://nipponia.nl/wp-cron.php?doing_wp_cron=1778118038.5779180526733398437500" "WordPress/6.1.10; https://nipponia.nl"
66.249.66.192 - - [07/May/2026:01:41:40 +0000] "GET /wp-content/uploads/manuals/EREX_manual_NL.pdf HTTP/1.1" 304 - "-" "Mozilla/5.0 (Linux; Android 6.0.1; Nexus 5X Build/MMB29P) AppleWebKit/537.36 (KHTML, like Gecko) Chrome/147.0.7727.137 Mobile Safari/537.36 (compatible; Googlebot/2.1; +http://www.google.com/bot.html)"
89.163.151.66 - - [07/May/2026:01:43:09 +0000] "GET /wp-login.php HTTP/1.1" 200 2613 "-" "Mozilla/5.0 (Windows NT 10.0; Win64; x64) AppleWebKit/537.36 (KHTML, like Gecko) Chrome/91.0.4472.124 Safari/537.36"
143.198.154.102 - - [07/May/2026:01:43:45 +0000] "POST /wp-login.php HTTP/1.1" 503 7326 "-" "Mozilla/5.0 (Windows NT 10.0; Win64; x64) AppleWebKit/537.43 (KHTML, like Gecko) Chrome/140.0.0.0 Safari/537.36 OPR/124.0.0.0"
17.246.19.64 - - [07/May/2026:01:44:05 +0000] "GET /wp-includes/js/wp-emoji-release.min.js?ver=6.1.10 HTTP/1.1" 200 5009 "https://nipponia.nl/stores/scooter-hill-breda-2/" "Mozilla/5.0 (Macintosh; Intel Mac OS X 10_15_7) AppleWebKit/605.1.15 (KHTML, like Gecko) Version/17.4 Safari/605.1.15 (Applebot/0.1; +http://www.apple.com/go/applebot)"
17.246.15.215 - - [07/May/2026:01:44:07 +0000] "GET /wp-content/plugins/premium-addons-for-elementor/assets/frontend/min-css/premium-addons.min.css?ver=4.10.82 HTTP/1.1" 200 45232 "https://nipponia.nl/stores/scooter-hill-breda-2/" "Mozilla/5.0 (Macintosh; Intel Mac OS X 10_15_7) AppleWebKit/605.1.15 (KHTML, like Gecko) Version/17.4 Safari/605.1.15 (Applebot/0.1; +http://www.apple.com/go/applebot)"
17.246.19.250 - - [07/May/2026:01:44:09 +0000] "GET /wp-includes/css/dist/block-library/style.min.css?ver=6.1.10 HTTP/1.1" 200 12540 "https://nipponia.nl/stores/scooter-hill-breda-2/" "Mozilla/5.0 (Macintosh; Intel Mac OS X 10_15_7) AppleWebKit/605.1.15 (KHTML, like Gecko) Version/17.4 Safari/605.1.15 (Applebot/0.1; +http://www.apple.com/go/applebot)"
17.246.19.215 - - [07/May/2026:01:44:10 +0000] "GET /wp-includes/css/classic-themes.min.css?ver=1 HTTP/1.1" 200 189 "https://nipponia.nl/stores/scooter-hill-breda-2/" "Mozilla/5.0 (Macintosh; Intel Mac OS X 10_15_7) AppleWebKit/605.1.15 (KHTML, like Gecko) Version/17.4 Safari/605.1.15 (Applebot/0.1; +http://www.apple.com/go/applebot)"
17.246.15.95 - - [07/May/2026:01:44:12 +0000] "GET /wp-content/themes/airi/css/bootstrap/bootstrap.min.css?ver=1 HTTP/1.1" 200 20519 "https://nipponia.nl/stores/scooter-hill-breda-2/" "Mozilla/5.0 (Macintosh; Intel Mac OS X 10_15_7) AppleWebKit/605.1.15 (KHTML, like Gecko) Version/17.4 Safari/605.1.15 (Applebot/0.1; +http://www.apple.com/go/applebot)"
17.246.23.210 - - [07/May/2026:01:44:13 +0000] "GET /wp-content/plugins/wp-store-locator/css/styles.min.css?ver=2.2.235 HTTP/1.1" 200 3368 "https://nipponia.nl/stores/scooter-hill-breda-2/" "Mozilla/5.0 (Macintosh; Intel Mac OS X 10_15_7) AppleWebKit/605.1.15 (KHTML, like Gecko) Version/17.4 Safari/605.1.15 (Applebot/0.1; +http://www.apple.com/go/applebot)"
17.246.23.156 - - [07/May/2026:01:44:14 +0000] "GET /wp-content/themes/airi-child/style.css?ver=6.1.10 HTTP/1.1" 200 258 "https://nipponia.nl/stores/scooter-hill-breda-2/" "Mozilla/5.0 (Macintosh; Intel Mac OS X 10_15_7) AppleWebKit/605.1.15 (KHTML, like Gecko) Version/17.4 Safari/605.1.15 (Applebot/0.1; +http://www.apple.com/go/applebot)"
17.246.23.22 - - [07/May/2026:01:44:15 +0000] "GET /wp-content/themes/airi/css/font-awesome/css/all.min.css?ver=6.1.10 HTTP/1.1" 200 12863 "https://nipponia.nl/stores/scooter-hill-breda-2/" "Mozilla/5.0 (Macintosh; Intel Mac OS X 10_15_7) AppleWebKit/605.1.15 (KHTML, like Gecko) Version/17.4 Safari/605.1.15 (Applebot/0.1; +http://www.apple.com/go/applebot)"
17.246.19.173 - - [07/May/2026:01:44:16 +0000] "GET /wp-includes/js/jquery/jquery.min.js?ver=3.6.1 HTTP/1.1" 200 30995 "https://nipponia.nl/stores/scooter-hill-breda-2/" "Mozilla/5.0 (Macintosh; Intel Mac OS X 10_15_7) AppleWebKit/605.1.15 (KHTML, like Gecko) Version/17.4 Safari/605.1.15 (Applebot/0.1; +http://www.apple.com/go/applebot)"
17.246.15.69 - - [07/May/2026:01:44:17 +0000] "GET /wp-includes/js/dist/vendor/regenerator-runtime.min.js?ver=0.13.9 HTTP/1.1" 200 2457 "https://nipponia.nl/stores/scooter-hill-breda-2/" "Mozilla/5.0 (Macintosh; Intel Mac OS X 10_15_7) AppleWebKit/605.1.15 (KHTML, like Gecko) Version/17.4 Safari/605.1.15 (Applebot/0.1; +http://www.apple.com/go/applebot)"
17.246.23.69 - - [07/May/2026:01:44:18 +0000] "GET /wp-includes/js/dist/vendor/wp-polyfill.min.js?ver=3.15.0 HTTP/1.1" 200 6532 "https://nipponia.nl/stores/scooter-hill-breda-2/" "Mozilla/5.0 (Macintosh; Intel Mac OS X 10_15_7) AppleWebKit/605.1.15 (KHTML, like Gecko) Version/17.4 Safari/605.1.15 (Applebot/0.1; +http://www.apple.com/go/applebot)"
52.202.233.37 - - [07/May/2026:01:46:10 +0000] "GET /robots.txt HTTP/1.1" 200 122 "-" "Mozilla/5.0 AppleWebKit/537.36 (KHTML, like Gecko; compatible; Amazonbot/0.1; +https://developer.amazon.com/support/amazonbot) Chrome/119.0.6045.214 Safari/537.36"
20.123.172.228 - - [07/May/2026:01:46:24 +0000] "POST /wp-cron.php?doing_wp_cron=1778118384.5391659736633300781250 HTTP/1.1" 200 - "https://nipponia.nl/wp-cron.php?doing_wp_cron=1778118384.5391659736633300781250" "WordPress/6.1.10; https://nipponia.nl"
20.123.172.228 - - [07/May/2026:01:46:38 +0000] "POST /wp-admin/admin-ajax.php?action=wordfence_testAjax HTTP/1.1" 200 32 "https://nipponia.nl/wp-admin/admin-ajax.php?action=wordfence_testAjax" "WordPress/6.1.10; https://nipponia.nl"
20.123.172.228 - - [07/May/2026:01:47:07 +0000] "POST /wp-cron.php?doing_wp_cron=1778118427.3718531131744384765625 HTTP/1.1" 200 - "https://nipponia.nl/wp-cron.php?doing_wp_cron=1778118427.3718531131744384765625" "WordPress/6.1.10; https://nipponia.nl"
54.71.203.174 - - [07/May/2026:01:46:53 +0000] "GET /wp-admin/admin-ajax.php?action=wordfence_doScan&isFork=0&scanMode=standard&cronKey=d9e11e6f3e8a578d4b6f7fdadc8002a3&signature=908cb2f808e330260b0b31e84719d82f273abe9588964e0b4b7161695b55ad09&remote=1 HTTP/1.1" 200 - "-" "Wordfence API/1.0 (+https://www.wordfence.com/help/api-callbacks/)"
20.123.172.228 - - [07/May/2026:01:47:43 +0000] "POST /wp-cron.php?doing_wp_cron=1778118463.0442988872528076171875 HTTP/1.1" 200 - "https://nipponia.nl/wp-cron.php?doing_wp_cron=1778118463.0442988872528076171875" "WordPress/6.1.10; https://nipponia.nl"
54.71.203.174 - - [07/May/2026:01:47:29 +0000] "GET /wp-admin/admin-ajax.php?action=wordfence_doScan&isFork=1&scanMode=standard&cronKey=f8d1af3c08c934fee5aa3111dba2e141&signature=fb3a1e8231f16a29180c6fc341361966824ae24c63d387f4bc70dc53fbb3b82f&remote=1 HTTP/1.1" 200 - "-" "Wordfence API/1.0 (+https://www.wordfence.com/help/api-callbacks/)"
54.71.203.174 - - [07/May/2026:01:48:06 +0000] "GET /wp-admin/admin-ajax.php?action=wordfence_doScan&isFork=1&scanMode=standard&cronKey=d6e2ef42b867bdf3549c94e38c883bfc&signature=506f1a34492fb0fd52b269913c5cf10824c8392873c1302883a624d137996b56&remote=1 HTTP/1.1" 200 - "-" "Wordfence API/1.0 (+https://www.wordfence.com/help/api-callbacks/)"
20.123.172.228 - - [07/May/2026:01:48:56 +0000] "POST /wp-cron.php?doing_wp_cron=1778118535.8982429504394531250000 HTTP/1.1" 200 - "https://nipponia.nl/wp-cron.php?doing_wp_cron=1778118535.8982429504394531250000" "WordPress/6.1.10; https://nipponia.nl"
54.71.203.174 - - [07/May/2026:01:48:43 +0000] "GET /wp-admin/admin-ajax.php?action=wordfence_doScan&isFork=1&scanMode=standard&cronKey=a32f1a3111dc49cb8f56ffae72e4e30e&signature=d44580896cb2e6eee12ea1c346db209340c8a3309da969ddb9257ebcf5d76d14&remote=1 HTTP/1.1" 200 - "-" "Wordfence API/1.0 (+https://www.wordfence.com/help/api-callbacks/)"
17.246.23.5 - - [07/May/2026:01:49:45 +0000] "GET /wp-content/uploads/2021/02/index.png HTTP/1.1" 200 10087 "-" "Mozilla/5.0 (Macintosh; Intel Mac OS X 10_15_7) AppleWebKit/605.1.15 (KHTML, like Gecko) Version/17.4 Safari/605.1.15 (Applebot/0.1; +http://www.apple.com/go/applebot)"
54.71.203.174 - - [07/May/2026:01:49:19 +0000] "GET /wp-admin/admin-ajax.php?action=wordfence_doScan&isFork=1&scanMode=standard&cronKey=1b6dc84b2eee77c5826ee437f01cb551&signature=1e042c2b32e2e309f736d86c7d02ede6673f469af23d18ea194bebc85ee3bb7e&remote=1 HTTP/1.1" 200 - "-" "Wordfence API/1.0 (+https://www.wordfence.com/help/api-callbacks/)"
20.123.172.228 - - [07/May/2026:01:50:09 +0000] "POST /wp-cron.php?doing_wp_cron=1778118609.0822300910949707031250 HTTP/1.1" 200 - "https://nipponia.nl/wp-cron.php?doing_wp_cron=1778118609.0822300910949707031250" "WordPress/6.1.10; https://nipponia.nl"
54.71.203.174 - - [07/May/2026:01:49:54 +0000] "GET /wp-admin/admin-ajax.php?action=wordfence_doScan&isFork=1&scanMode=standard&cronKey=8e814c144f1dcbbf3871071fa7095ccd&signature=e5e68eed35fb6505bf7db68bf21f6839bebdd03f7873107892d844467f7e721a&remote=1 HTTP/1.1" 200 - "-" "Wordfence API/1.0 (+https://www.wordfence.com/help/api-callbacks/)"
20.123.172.228 - - [07/May/2026:01:50:46 +0000] "POST /wp-cron.php?doing_wp_cron=1778118646.1417150497436523437500 HTTP/1.1" 200 - "https://nipponia.nl/wp-cron.php?doing_wp_cron=1778118646.1417150497436523437500" "WordPress/6.1.10; https://nipponia.nl"
44.235.211.232 - - [07/May/2026:01:50:33 +0000] "GET /wp-admin/admin-ajax.php?action=wordfence_doScan&isFork=1&scanMode=standard&cronKey=f252cf5b56faf71398f700ea4deac7a2&signature=aad509bb834fbff7f525d7f8a117c02beffad4f7319a6e1347c46cbfb5124793&remote=1 HTTP/1.1" 200 - "-" "Wordfence API/1.0 (+https://www.wordfence.com/help/api-callbacks/)"
54.71.203.174 - - [07/May/2026:01:51:09 +0000] "GET /wp-admin/admin-ajax.php?action=wordfence_doScan&isFork=1&scanMode=standard&cronKey=63d276a841b8eec6220e1d10bd8b1940&signature=6fdfac3003689e811a3687f4cfe22b1e34174559972e9ce61b2a3d8de28978f2&remote=1 HTTP/1.1" 200 - "-" "Wordfence API/1.0 (+https://www.wordfence.com/help/api-callbacks/)"
20.123.172.228 - - [07/May/2026:01:51:57 +0000] "POST /wp-cron.php?doing_wp_cron=1778118717.2725250720977783203125 HTTP/1.1" 200 - "https://nipponia.nl/wp-cron.php?doing_wp_cron=1778118717.2725250720977783203125" "WordPress/6.1.10; https://nipponia.nl"
54.68.32.247 - - [07/May/2026:01:51:46 +0000] "GET /wp-admin/admin-ajax.php?action=wordfence_doScan&isFork=1&scanMode=standard&cronKey=c27fc743125284921c8667b814b6217b&signature=c00d76b1dcf6e4f1f2c58baece3209b8f407c5949ec378d852bec77c8d0fda6b&remote=1 HTTP/1.1" 200 - "-" "Wordfence API/1.0 (+https://www.wordfence.com/help/api-callbacks/)"
20.123.172.228 - - [07/May/2026:01:52:52 +0000] "POST /wp-cron.php?doing_wp_cron=1778118772.6315228939056396484375 HTTP/1.1" 200 - "https://nipponia.nl/wp-cron.php?doing_wp_cron=1778118772.6315228939056396484375" "WordPress/6.1.10; https://nipponia.nl"
20.123.172.228 - - [07/May/2026:01:52:38 +0000] "GET /.user.ini HTTP/1.1" 404 11758 "https://nipponia.nl/.user.ini" "WordPress/6.1.10; https://nipponia.nl"
54.71.203.174 - - [07/May/2026:01:52:19 +0000] "GET /wp-admin/admin-ajax.php?action=wordfence_doScan&isFork=1&scanMode=standard&cronKey=bff99f6f43f54a5cea7cc307338497ab&signature=182d65fc3614b289c2ef856d7c5628c9865d5c1c1eaf79b617e39a40d08d63fe&remote=1 HTTP/1.1" 200 - "-" "Wordfence API/1.0 (+https://www.wordfence.com/help/api-callbacks/)"
54.68.32.247 - - [07/May/2026:01:52:56 +0000] "GET /wp-admin/admin-ajax.php?action=wordfence_doScan&isFork=1&scanMode=standard&cronKey=881063ca13603572fea9fddaae1f97b4&signature=ca1458cf3e729dd95950fa5c635ac1007c531ab81226f484689f7ef72761c13b&remote=1 HTTP/1.1" 200 - "-" "Wordfence API/1.0 (+https://www.wordfence.com/help/api-callbacks/)"
20.123.172.228 - - [07/May/2026:01:53:44 +0000] "POST /wp-cron.php?doing_wp_cron=1778118824.1539309024810791015625 HTTP/1.1" 200 - "https://nipponia.nl/wp-cron.php?doing_wp_cron=1778118824.1539309024810791015625" "WordPress/6.1.10; https://nipponia.nl"
44.235.211.232 - - [07/May/2026:01:53:31 +0000] "GET /wp-admin/admin-ajax.php?action=wordfence_doScan&isFork=1&scanMode=standard&cronKey=b6a379478d315d0d311d89cce7b78399&signature=a160d019f37f3d7ba8657fe6e4228ad18ff4b37bc7d5193d4434ae0b5cce5583&remote=1 HTTP/1.1" 200 - "-" "Wordfence API/1.0 (+https://www.wordfence.com/help/api-callbacks/)"
116.179.32.163 - - [07/May/2026:01:54:16 +0000] "GET /wp-content/uploads/magictoolbox_cache/d09bf41544a3365a46c9077ebb5e35c3/940x626/2276668731/B0003538.jpg HTTP/1.1" 200 43034 "-" "Baiduspider-image+(+http://www.baidu.com/search/spider.htm)"
54.71.203.174 - - [07/May/2026:01:54:06 +0000] "GET /wp-admin/admin-ajax.php?action=wordfence_doScan&isFork=1&scanMode=standard&cronKey=29555099e47755b7a81a3ed5bcebef88&signature=45c3f323dc04b86bed5432440a5ae98774389f3ff888b88e44c233755cbd5ce2&remote=1 HTTP/1.1" 200 - "-" "Wordfence API/1.0 (+https://www.wordfence.com/help/api-callbacks/)"
20.123.172.228 - - [07/May/2026:01:54:56 +0000] "POST /wp-cron.php?doing_wp_cron=1778118895.8578689098358154296875 HTTP/1.1" 200 - "https://nipponia.nl/wp-cron.php?doing_wp_cron=1778118895.8578689098358154296875" "WordPress/6.1.10; https://nipponia.nl"
44.235.211.232 - - [07/May/2026:01:54:43 +0000] "GET /wp-admin/admin-ajax.php?action=wordfence_doScan&isFork=1&scanMode=standard&cronKey=d6d4ca51f0c3f4b4de49a2257f3d1ec0&signature=2656aab6c6a393d8675322749a4eb55b3afcdb77d6de404bd5328235fced55b8&remote=1 HTTP/1.1" 200 - "-" "Wordfence API/1.0 (+https://www.wordfence.com/help/api-callbacks/)"
45.148.10.238 - - [07/May/2026:01:55:11 +0000] "GET / HTTP/1.1" 200 16906 "-" "Mozilla/5.0 (X11; Linux x86_64) AppleWebKit/537.36 (KHTML, like Gecko) Chrome/124.0.0.0 Safari/537.36"
54.71.203.174 - - [07/May/2026:01:55:18 +0000] "GET /wp-admin/admin-ajax.php?action=wordfence_doScan&isFork=1&scanMode=standard&cronKey=96c08a0fc4a4997b0b8ca3b456b1d9eb&signature=4295ac701c000c21df9e8897f8f14a1b0c60c2a0d6b105fa0e83649c7453d920&remote=1 HTTP/1.1" 200 - "-" "Wordfence API/1.0 (+https://www.wordfence.com/help/api-callbacks/)"
20.123.172.228 - - [07/May/2026:01:56:10 +0000] "POST /wp-cron.php?doing_wp_cron=1778118969.8616869449615478515625 HTTP/1.1" 200 - "https://nipponia.nl/wp-cron.php?doing_wp_cron=1778118969.8616869449615478515625" "WordPress/6.1.10; https://nipponia.nl"
54.68.32.247 - - [07/May/2026:01:55:55 +0000] "GET /wp-admin/admin-ajax.php?action=wordfence_doScan&isFork=1&scanMode=standard&cronKey=e09703a88e01d189392982d1e88d9eb7&signature=5ba63f823d0e90769755e8860b5be1440510ba3e65d7115106595ab6a3a2fe0e&remote=1 HTTP/1.1" 200 - "-" "Wordfence API/1.0 (+https://www.wordfence.com/help/api-callbacks/)"
20.123.172.228 - - [07/May/2026:01:56:46 +0000] "POST /wp-cron.php?doing_wp_cron=1778119006.4664380550384521484375 HTTP/1.1" 200 - "https://nipponia.nl/wp-cron.php?doing_wp_cron=1778119006.4664380550384521484375" "WordPress/6.1.10; https://nipponia.nl"
44.206.65.8 - - [07/May/2026:01:56:44 +0000] "GET /robots.txt HTTP/1.1" 200 122 "-" "Mozilla/5.0 AppleWebKit/537.36 (KHTML, like Gecko; compatible; Amazonbot/0.1; +https://developer.amazon.com/support/amazonbot) Chrome/119.0.6045.214 Safari/537.36"
54.71.203.174 - - [07/May/2026:01:56:33 +0000] "GET /wp-admin/admin-ajax.php?action=wordfence_doScan&isFork=1&scanMode=standard&cronKey=bf8b64252471108c6b8f013384e0f117&signature=7e3155a0efd56398defe38a286fdff53a821457da5bce16e7550b940219ec4bc&remote=1 HTTP/1.1" 200 - "-" "Wordfence API/1.0 (+https://www.wordfence.com/help/api-callbacks/)"
54.71.203.174 - - [07/May/2026:01:57:09 +0000] "GET /wp-admin/admin-ajax.php?action=wordfence_doScan&isFork=1&scanMode=standard&cronKey=d3cb802031faa9a2f2f2ad0cf64444a1&signature=5e8c56aab782d01ca567307fa8fb1ebad49f97f3bbcf691fc00f6b036661b32a&remote=1 HTTP/1.1" 200 - "-" "Wordfence API/1.0 (+https://www.wordfence.com/help/api-callbacks/)"
20.123.172.228 - - [07/May/2026:01:57:57 +0000] "POST /wp-cron.php?doing_wp_cron=1778119077.5507159233093261718750 HTTP/1.1" 200 - "https://nipponia.nl/wp-cron.php?doing_wp_cron=1778119077.5507159233093261718750" "WordPress/6.1.10; https://nipponia.nl"
66.249.66.194 - - [07/May/2026:01:58:00 +0000] "GET /wp-content/uploads/2024/07/E-VIBALL-owners-manual-ver-0624_NL.pdf HTTP/1.1" 200 1948727 "-" "Mozilla/5.0 (Linux; Android 6.0.1; Nexus 5X Build/MMB29P) AppleWebKit/537.36 (KHTML, like Gecko) Chrome/147.0.7727.137 Mobile Safari/537.36 (compatible; Googlebot/2.1; +http://www.google.com/bot.html)"
54.71.203.174 - - [07/May/2026:01:57:43 +0000] "GET /wp-admin/admin-ajax.php?action=wordfence_doScan&isFork=1&scanMode=standard&cronKey=3d43945b9e180858b45ea1e0d7669099&signature=06d1e1a0b5de9fff1a3731ea7253bd6f70b58ed490400f43351c54fcef1c5ae4&remote=1 HTTP/1.1" 200 - "-" "Wordfence API/1.0 (+https://www.wordfence.com/help/api-callbacks/)"
54.68.32.247 - - [07/May/2026:01:58:20 +0000] "GET /wp-admin/admin-ajax.php?action=wordfence_doScan&isFork=1&scanMode=standard&cronKey=58036ebcec3e89daafd663194614fb1f&signature=08a96ef271292d2bfc7ad67f256793aa0ac3f2e0daf5507dbea1797312716936&remote=1 HTTP/1.1" 200 - "-" "Wordfence API/1.0 (+https://www.wordfence.com/help/api-callbacks/)"
20.123.172.228 - - [07/May/2026:01:59:09 +0000] "POST /wp-cron.php?doing_wp_cron=1778119149.0996310710906982421875 HTTP/1.1" 200 - "https://nipponia.nl/wp-cron.php?doing_wp_cron=1778119149.0996310710906982421875" "WordPress/6.1.10; https://nipponia.nl"
54.68.32.247 - - [07/May/2026:01:58:54 +0000] "GET /wp-admin/admin-ajax.php?action=wordfence_doScan&isFork=1&scanMode=standard&cronKey=7028f0370ffdb7a4dcb1776e0b40e6a3&signature=2f210eee04ca4c06f4dc240a0b9cbcca5768f8ceb61bd994b4f2c849d8e79dd8&remote=1 HTTP/1.1" 200 - "-" "Wordfence API/1.0 (+https://www.wordfence.com/help/api-callbacks/)"
20.123.172.228 - - [07/May/2026:01:59:45 +0000] "POST /wp-cron.php?doing_wp_cron=1778119185.5195219516754150390625 HTTP/1.1" 200 - "https://nipponia.nl/wp-cron.php?doing_wp_cron=1778119185.5195219516754150390625" "WordPress/6.1.10; https://nipponia.nl"
44.235.211.232 - - [07/May/2026:01:59:31 +0000] "GET /wp-admin/admin-ajax.php?action=wordfence_doScan&isFork=1&scanMode=standard&cronKey=0d40d7fa4a2b02abac7d36b31d687750&signature=48f98f82aebca3d8106759ad20d477e5785739179ef904754845c3c2f58051d6&remote=1 HTTP/1.1" 200 - "-" "Wordfence API/1.0 (+https://www.wordfence.com/help/api-callbacks/)"
54.71.203.174 - - [07/May/2026:02:00:08 +0000] "GET /wp-admin/admin-ajax.php?action=wordfence_doScan&isFork=1&scanMode=standard&cronKey=d891d168c66f601b9b75298c59fd13c3&signature=2c6d734acfb1b107023dccb9853d20ec0690701c19e8fcfa36dd9ea6c7b9c5b2&remote=1 HTTP/1.1" 200 - "-" "Wordfence API/1.0 (+https://www.wordfence.com/help/api-callbacks/)"
20.123.172.228 - - [07/May/2026:02:00:57 +0000] "POST /wp-cron.php?doing_wp_cron=1778119257.5510931015014648437500 HTTP/1.1" 200 - "https://nipponia.nl/wp-cron.php?doing_wp_cron=1778119257.5510931015014648437500" "WordPress/6.1.10; https://nipponia.nl"
54.71.203.174 - - [07/May/2026:02:00:43 +0000] "GET /wp-admin/admin-ajax.php?action=wordfence_doScan&isFork=1&scanMode=standard&cronKey=c022a4c19bd812ff5e4a071f20cd4bfd&signature=98b2a2557612cadf53b610202f79770d2e864d33939b8fd6a6be1746b028a4da&remote=1 HTTP/1.1" 200 - "-" "Wordfence API/1.0 (+https://www.wordfence.com/help/api-callbacks/)"
54.71.203.174 - - [07/May/2026:02:01:21 +0000] "GET /wp-admin/admin-ajax.php?action=wordfence_doScan&isFork=1&scanMode=standard&cronKey=9dcae39a2c700eea35ff26b356b66a38&signature=ea0a3a7b0476bf30d073176ebd9213443e39488726d2c9e715713bddeb9ebb64&remote=1 HTTP/1.1" 200 - "-" "Wordfence API/1.0 (+https://www.wordfence.com/help/api-callbacks/)"
20.123.172.228 - - [07/May/2026:02:02:11 +0000] "POST /wp-cron.php?doing_wp_cron=1778119330.8750410079956054687500 HTTP/1.1" 200 - "https://nipponia.nl/wp-cron.php?doing_wp_cron=1778119330.8750410079956054687500" "WordPress/6.1.10; https://nipponia.nl"
44.235.211.232 - - [07/May/2026:02:01:56 +0000] "GET /wp-admin/admin-ajax.php?action=wordfence_doScan&isFork=1&scanMode=standard&cronKey=d69c1b6163a86955d1072d1848582f8a&signature=29ca60efea39e13a75d759fd762e78740fd95e438f5773ed760beeb626703741&remote=1 HTTP/1.1" 200 - "-" "Wordfence API/1.0 (+https://www.wordfence.com/help/api-callbacks/)"
20.123.172.228 - - [07/May/2026:02:02:45 +0000] "POST /wp-cron.php?doing_wp_cron=1778119365.7149670124053955078125 HTTP/1.1" 200 - "https://nipponia.nl/wp-cron.php?doing_wp_cron=1778119365.7149670124053955078125" "WordPress/6.1.10; https://nipponia.nl"
54.71.203.174 - - [07/May/2026:02:02:33 +0000] "GET /wp-admin/admin-ajax.php?action=wordfence_doScan&isFork=1&scanMode=standard&cronKey=67246d84a5e0bc8188cb4d0ff03a640b&signature=55bcedd4693954a37f47c3a4a7bd3a0368948e56137fbb2f4b76934da9b4aa65&remote=1 HTTP/1.1" 200 - "-" "Wordfence API/1.0 (+https://www.wordfence.com/help/api-callbacks/)"
54.68.32.247 - - [07/May/2026:02:03:08 +0000] "GET /wp-admin/admin-ajax.php?action=wordfence_doScan&isFork=1&scanMode=standard&cronKey=21a3e5ae7c7f286e8dd117b513b6e69f&signature=5774e023b9d21dec2b2a54d0abbb64bad1d564174fa0f2a4ec7b0c5553df6ea6&remote=1 HTTP/1.1" 200 - "-" "Wordfence API/1.0 (+https://www.wordfence.com/help/api-callbacks/)"
20.123.172.228 - - [07/May/2026:02:03:57 +0000] "POST /wp-cron.php?doing_wp_cron=1778119436.9619889259338378906250 HTTP/1.1" 200 - "https://nipponia.nl/wp-cron.php?doing_wp_cron=1778119436.9619889259338378906250" "WordPress/6.1.10; https://nipponia.nl"
162.120.188.77 - - [07/May/2026:02:03:56 +0000] "GET /wp-content/uploads/manuals/Cit-e_manual_EN.pdf HTTP/1.1" 200 4594344 "https://www.google.com/" "Mozilla/5.0 (Windows NT 10.0; Win64; x64) AppleWebKit/537.36 (KHTML, like Gecko) Chrome/147.0.0.0 Safari/537.36"
142.250.32.9 - - [07/May/2026:02:03:55 +0000] "GET /.well-known/traffic-advice HTTP/1.1" 404 11758 "-" "Chrome Privacy Preserving Prefetch Proxy"
54.71.203.174 - - [07/May/2026:02:03:43 +0000] "GET /wp-admin/admin-ajax.php?action=wordfence_doScan&isFork=1&scanMode=standard&cronKey=60a48ec4ddbce7d4e034818f06194a82&signature=64573daaa4588e433c32b24b7248f1db64e125430c2f4423a941708703669b9d&remote=1 HTTP/1.1" 200 - "-" "Wordfence API/1.0 (+https://www.wordfence.com/help/api-callbacks/)"
51.68.111.239 - - [07/May/2026:02:04:30 +0000] "GET /robots.txt HTTP/1.1" 200 122 "-" "Mozilla/5.0 (compatible; MJ12bot/v2.0.5; http://mj12bot.com/)"
20.123.172.228 - - [07/May/2026:02:04:43 +0000] "POST /wp-cron.php?doing_wp_cron=1778119483.2786149978637695312500 HTTP/1.1" 200 - "https://nipponia.nl/wp-cron.php?doing_wp_cron=1778119483.2786149978637695312500" "WordPress/6.1.10; https://nipponia.nl"
44.235.211.232 - - [07/May/2026:02:04:19 +0000] "GET /wp-admin/admin-ajax.php?action=wordfence_doScan&isFork=1&scanMode=standard&cronKey=bf8e9ac798a182f631a2a3233d684c88&signature=5ba0f52a30f0c91e2e8ad1506b94c0b2212e0b669302fb2137a8ddf9b0026b34&remote=1 HTTP/1.1" 200 - "-" "Wordfence API/1.0 (+https://www.wordfence.com/help/api-callbacks/)"
51.68.111.239 - - [07/May/2026:02:04:50 +0000] "GET / HTTP/1.1" 200 16906 "-" "Mozilla/5.0 (compatible; MJ12bot/v2.0.5; http://mj12bot.com/)"
54.71.203.174 - - [07/May/2026:02:04:55 +0000] "GET /wp-admin/admin-ajax.php?action=wordfence_doScan&isFork=1&scanMode=standard&cronKey=3f5b1d1d832d2de7596d4a46f41bf374&signature=0c6361f97f9de619fe970e82f23f2993192118063bf938ee195aa712232f73ab&remote=1 HTTP/1.1" 200 - "-" "Wordfence API/1.0 (+https://www.wordfence.com/help/api-callbacks/)"
20.123.172.228 - - [07/May/2026:02:05:46 +0000] "POST /wp-cron.php?doing_wp_cron=1778119546.7501790523529052734375 HTTP/1.1" 200 - "https://nipponia.nl/wp-cron.php?doing_wp_cron=1778119546.7501790523529052734375" "WordPress/6.1.10; https://nipponia.nl"
54.71.203.174 - - [07/May/2026:02:05:32 +0000] "GET /wp-admin/admin-ajax.php?action=wordfence_doScan&isFork=1&scanMode=standard&cronKey=04a9106a985c3c6e0574067626a5d6ce&signature=ee2a4799ee435b024b9af1ccf0cd0c083ec804331464c3c33f06747a09f652b8&remote=1 HTTP/1.1" 200 - "-" "Wordfence API/1.0 (+https://www.wordfence.com/help/api-callbacks/)"
54.68.32.247 - - [07/May/2026:02:06:10 +0000] "GET /wp-admin/admin-ajax.php?action=wordfence_doScan&isFork=1&scanMode=standard&cronKey=3e1123d8fd8a7bb52a7026f28362292c&signature=29007611affb8cdea4900d524185d8a5912ea4b00817b4926748840def8da82a&remote=1 HTTP/1.1" 200 - "-" "Wordfence API/1.0 (+https://www.wordfence.com/help/api-callbacks/)"
20.123.172.228 - - [07/May/2026:02:06:59 +0000] "POST /wp-cron.php?doing_wp_cron=1778119619.5550189018249511718750 HTTP/1.1" 200 - "https://nipponia.nl/wp-cron.php?doing_wp_cron=1778119619.5550189018249511718750" "WordPress/6.1.10; https://nipponia.nl"
54.71.203.174 - - [07/May/2026:02:06:47 +0000] "GET /wp-admin/admin-ajax.php?action=wordfence_doScan&isFork=1&scanMode=standard&cronKey=9dfa06db9d818dd5290c3e1b57fc3abc&signature=41bdc0354b51b19a5c11c5237816033cf87bfa5377165f8d75efd6451a9e85f2&remote=1 HTTP/1.1" 200 - "-" "Wordfence API/1.0 (+https://www.wordfence.com/help/api-callbacks/)"
54.68.32.247 - - [07/May/2026:02:07:22 +0000] "GET /wp-admin/admin-ajax.php?action=wordfence_doScan&isFork=1&scanMode=standard&cronKey=757e59c134d2737a6e28ff0ddbecb594&signature=20f261c15f57ac918a190e9a23c4226a01ce7877c4c47c8a0096eb631b7a252e&remote=1 HTTP/1.1" 200 - "-" "Wordfence API/1.0 (+https://www.wordfence.com/help/api-callbacks/)"
20.123.172.228 - - [07/May/2026:02:08:14 +0000] "POST /wp-cron.php?doing_wp_cron=1778119694.7147099971771240234375 HTTP/1.1" 200 - "https://nipponia.nl/wp-cron.php?doing_wp_cron=1778119694.7147099971771240234375" "WordPress/6.1.10; https://nipponia.nl"
54.71.203.174 - - [07/May/2026:02:07:59 +0000] "GET /wp-admin/admin-ajax.php?action=wordfence_doScan&isFork=1&scanMode=standard&cronKey=ca7f6fcc1030e280eb967a625b07187f&signature=443143cca89fd1dc2ee762f34efc35cb9ec3a0597f2a31029dcc7cdd94ab50df&remote=1 HTTP/1.1" 200 - "-" "Wordfence API/1.0 (+https://www.wordfence.com/help/api-callbacks/)"
20.123.172.228 - - [07/May/2026:02:08:50 +0000] "POST /wp-cron.php?doing_wp_cron=1778119730.3169710636138916015625 HTTP/1.1" 200 - "https://nipponia.nl/wp-cron.php?doing_wp_cron=1778119730.3169710636138916015625" "WordPress/6.1.10; https://nipponia.nl"
54.71.203.174 - - [07/May/2026:02:08:38 +0000] "GET /wp-admin/admin-ajax.php?action=wordfence_doScan&isFork=1&scanMode=standard&cronKey=9912e8954ad62268d61f2894f114758e&signature=155fff7150bc191b67fbe71f11713429d460f08f89ea0d2ba78ac241f2fa318d&remote=1 HTTP/1.1" 200 - "-" "Wordfence API/1.0 (+https://www.wordfence.com/help/api-callbacks/)"
74.7.175.186 - - [07/May/2026:02:09:03 +0000] "GET /robots.txt HTTP/1.1" 200 122 "-" "Mozilla/5.0 (Macintosh; Intel Mac OS X 10_15_7) AppleWebKit/537.36 (KHTML, like Gecko) Chrome/131.0.0.0 Safari/537.36; compatible; OAI-SearchBot/1.3; robots.txt; +https://openai.com/searchbot"
54.71.203.174 - - [07/May/2026:02:09:14 +0000] "GET /wp-admin/admin-ajax.php?action=wordfence_doScan&isFork=1&scanMode=standard&cronKey=fbc835662dcca941d36dcd5ce592a214&signature=c0a05d58cd6101be95e858f474f188a133471987a1b17055d516f5dd518e1ab4&remote=1 HTTP/1.1" 200 - "-" "Wordfence API/1.0 (+https://www.wordfence.com/help/api-callbacks/)"
20.123.172.228 - - [07/May/2026:02:10:03 +0000] "POST /wp-cron.php?doing_wp_cron=1778119803.5303120613098144531250 HTTP/1.1" 200 - "https://nipponia.nl/wp-cron.php?doing_wp_cron=1778119803.5303120613098144531250" "WordPress/6.1.10; https://nipponia.nl"
54.71.203.174 - - [07/May/2026:02:09:49 +0000] "GET /wp-admin/admin-ajax.php?action=wordfence_doScan&isFork=1&scanMode=standard&cronKey=083c4868a7bbf9303e367e3794a7da12&signature=358224241df8c9f12ae4b2381446624590707fc149f5b97e01a73a2b28d6c0ac&remote=1 HTTP/1.1" 200 - "-" "Wordfence API/1.0 (+https://www.wordfence.com/help/api-callbacks/)"
20.123.172.228 - - [07/May/2026:02:10:40 +0000] "POST /wp-cron.php?doing_wp_cron=1778119840.6011068820953369140625 HTTP/1.1" 200 - "https://nipponia.nl/wp-cron.php?doing_wp_cron=1778119840.6011068820953369140625" "WordPress/6.1.10; https://nipponia.nl"
54.68.32.247 - - [07/May/2026:02:10:26 +0000] "GET /wp-admin/admin-ajax.php?action=wordfence_doScan&isFork=1&scanMode=standard&cronKey=c0082397ede1436420a3fbd7f85ee56f&signature=b965bb195f45a30563bd124b7e2c4f2468bd2494118f56f9231f86908a0a0d23&remote=1 HTTP/1.1" 200 - "-" "Wordfence API/1.0 (+https://www.wordfence.com/help/api-callbacks/)"
54.71.203.174 - - [07/May/2026:02:11:04 +0000] "GET /wp-admin/admin-ajax.php?action=wordfence_doScan&isFork=1&scanMode=standard&cronKey=603771820298152896b4a88fd0842c1f&signature=1d49ea79414d94bcc44ce8846ce2b458fdbeea2aaf20642d5c09ae931b94e8ac&remote=1 HTTP/1.1" 200 - "-" "Wordfence API/1.0 (+https://www.wordfence.com/help/api-callbacks/)"
20.123.172.228 - - [07/May/2026:02:12:08 +0000] "POST /wp-cron.php?doing_wp_cron=1778119928.2761669158935546875000 HTTP/1.1" 200 - "https://nipponia.nl/wp-cron.php?doing_wp_cron=1778119928.2761669158935546875000" "WordPress/6.1.10; https://nipponia.nl"
34.231.156.59 - - [07/May/2026:02:12:08 +0000] "GET /robots.txt HTTP/1.1" 200 122 "-" "Mozilla/5.0 AppleWebKit/537.36 (KHTML, like Gecko; compatible; Amazonbot/0.1; +https://developer.amazon.com/support/amazonbot) Chrome/119.0.6045.214 Safari/537.36"
54.71.203.174 - - [07/May/2026:02:11:49 +0000] "GET /wp-admin/admin-ajax.php?action=wordfence_doScan&isFork=1&scanMode=standard&cronKey=0c86a11cd944c174332715c9174789f1&signature=94dc1d7d6984407be78e30d2d50cec069bcb5772c458abf81f0e7249c30f2b21&remote=1 HTTP/1.1" 200 - "-" "Wordfence API/1.0 (+https://www.wordfence.com/help/api-callbacks/)"
20.123.172.228 - - [07/May/2026:02:12:46 +0000] "POST /wp-cron.php?doing_wp_cron=1778119966.7237679958343505859375 HTTP/1.1" 200 - "https://nipponia.nl/wp-cron.php?doing_wp_cron=1778119966.7237679958343505859375" "WordPress/6.1.10; https://nipponia.nl"
44.235.211.232 - - [07/May/2026:02:12:31 +0000] "GET /wp-admin/admin-ajax.php?action=wordfence_doScan&isFork=1&scanMode=standard&cronKey=54db593208d5e6e6344b05be0e7738ef&signature=9820e031593af31f8331cfb059f7551f51c5a2e6e5145e08896a7f86df6f869b&remote=1 HTTP/1.1" 200 - "-" "Wordfence API/1.0 (+https://www.wordfence.com/help/api-callbacks/)"
54.71.203.174 - - [07/May/2026:02:13:11 +0000] "GET /wp-admin/admin-ajax.php?action=wordfence_doScan&isFork=1&scanMode=standard&cronKey=f46f830a99e527125254ab2d3c2f02b1&signature=f461df11c766360dff5fe83840ad32f5a92869f7c5c34c199eb9520f7c71c63d&remote=1 HTTP/1.1" 200 - "-" "Wordfence API/1.0 (+https://www.wordfence.com/help/api-callbacks/)"
20.123.172.228 - - [07/May/2026:02:14:03 +0000] "POST /wp-cron.php?doing_wp_cron=1778120042.9807949066162109375000 HTTP/1.1" 200 - "https://nipponia.nl/wp-cron.php?doing_wp_cron=1778120042.9807949066162109375000" "WordPress/6.1.10; https://nipponia.nl"
44.235.211.232 - - [07/May/2026:02:13:47 +0000] "GET /wp-admin/admin-ajax.php?action=wordfence_doScan&isFork=1&scanMode=standard&cronKey=e3d45515f98e73cf4d1deb5be259c147&signature=261d6c6543fcf5840354875c626185f18555c020506727f87e29af767d648b98&remote=1 HTTP/1.1" 200 - "-" "Wordfence API/1.0 (+https://www.wordfence.com/help/api-callbacks/)"
20.123.172.228 - - [07/May/2026:02:14:40 +0000] "POST /wp-cron.php?doing_wp_cron=1778120079.9303460121154785156250 HTTP/1.1" 200 - "https://nipponia.nl/wp-cron.php?doing_wp_cron=1778120079.9303460121154785156250" "WordPress/6.1.10; https://nipponia.nl"
54.71.203.174 - - [07/May/2026:02:14:25 +0000] "GET /wp-admin/admin-ajax.php?action=wordfence_doScan&isFork=1&scanMode=standard&cronKey=e34af2c5181d0a91f6c0e419bcdd4517&signature=dfc7b0da207b8f1eae46e58406602c55cd308b3ad7109cc6e2bcc2af24bd2485&remote=1 HTTP/1.1" 200 - "-" "Wordfence API/1.0 (+https://www.wordfence.com/help/api-callbacks/)"
40.77.167.35 - - [07/May/2026:02:15:19 +0000] "GET /wp-content/uploads/manuals/E-LEGANCE_Quick_user_guide.pdf HTTP/1.1" 200 1782062 "-" "Mozilla/5.0 AppleWebKit/537.36 (KHTML, like Gecko; compatible; bingbot/2.0; +http://www.bing.com/bingbot.htm) Chrome/116.0.1938.76 Safari/537.36"
85.208.96.202 - - [07/May/2026:02:15:12 +0000] "GET /robots.txt HTTP/1.1" 200 122 "-" "Mozilla/5.0 (compatible; SemrushBot/7~bl; +http://www.semrush.com/bot.html)"
44.235.211.232 - - [07/May/2026:02:15:03 +0000] "GET /wp-admin/admin-ajax.php?action=wordfence_doScan&isFork=1&scanMode=standard&cronKey=3cd9f452f0905262128f12af1fb1a233&signature=579d9b280df74efafe6cde35baca2a84373e3e903132bda64101f4b1fca19375&remote=1 HTTP/1.1" 200 - "-" "Wordfence API/1.0 (+https://www.wordfence.com/help/api-callbacks/)"
20.123.172.228 - - [07/May/2026:02:15:38 +0000] "POST /wp-cron.php?doing_wp_cron=1778120138.8276350498199462890625 HTTP/1.1" 200 - "https://nipponia.nl/wp-cron.php?doing_wp_cron=1778120138.8276350498199462890625" "WordPress/6.1.10; https://nipponia.nl"
185.191.171.3 - - [07/May/2026:02:15:26 +0000] "GET /stores/de-zorgwinkel/ HTTP/1.1" 200 13229 "-" "Mozilla/5.0 (compatible; SemrushBot/7~bl; +http://www.semrush.com/bot.html)"
54.71.203.174 - - [07/May/2026:02:15:38 +0000] "GET /wp-admin/admin-ajax.php?action=wordfence_doScan&isFork=1&scanMode=standard&cronKey=c775b88efcdef052b6c94ffa485684b8&signature=451f27ce447578767ceaf9769899e53f1c566d617da87795e50d96e66151b7e3&remote=1 HTTP/1.1" 200 - "-" "Wordfence API/1.0 (+https://www.wordfence.com/help/api-callbacks/)"
54.71.203.174 - - [07/May/2026:02:16:16 +0000] "GET /wp-admin/admin-ajax.php?action=wordfence_doScan&isFork=1&scanMode=standard&cronKey=442fa0132633f1b9bbb8ebc6ee91f2b2&signature=29fa473ef35dad2259641ab45857218e07088b6310d9f58e0827c78512d12705&remote=1 HTTP/1.1" 200 - "-" "Wordfence API/1.0 (+https://www.wordfence.com/help/api-callbacks/)"
20.123.172.228 - - [07/May/2026:02:17:06 +0000] "POST /wp-cron.php?doing_wp_cron=1778120226.4835898876190185546875 HTTP/1.1" 200 - "https://nipponia.nl/wp-cron.php?doing_wp_cron=1778120226.4835898876190185546875" "WordPress/6.1.10; https://nipponia.nl"
54.68.32.247 - - [07/May/2026:02:16:52 +0000] "GET /wp-admin/admin-ajax.php?action=wordfence_doScan&isFork=1&scanMode=standard&cronKey=76dad331583c3ce19380f577cad0561e&signature=b1b31652b6b35b519a68962e1d9dc0aacb82b79468e8f32f04e7b35aa3c769d1&remote=1 HTTP/1.1" 200 - "-" "Wordfence API/1.0 (+https://www.wordfence.com/help/api-callbacks/)"
20.123.172.228 - - [07/May/2026:02:17:43 +0000] "POST /wp-cron.php?doing_wp_cron=1778120263.6069579124450683593750 HTTP/1.1" 200 - "https://nipponia.nl/wp-cron.php?doing_wp_cron=1778120263.6069579124450683593750" "WordPress/6.1.10; https://nipponia.nl"
54.71.203.174 - - [07/May/2026:02:17:30 +0000] "GET /wp-admin/admin-ajax.php?action=wordfence_doScan&isFork=1&scanMode=standard&cronKey=b362500ab1e9b8d19ec50e6b58c45616&signature=f23054f7538791daf0609289e335c17f2ff3a7ddae02be2db53b4aecadf31d02&remote=1 HTTP/1.1" 200 - "-" "Wordfence API/1.0 (+https://www.wordfence.com/help/api-callbacks/)"
54.71.203.174 - - [07/May/2026:02:18:07 +0000] "GET /wp-admin/admin-ajax.php?action=wordfence_doScan&isFork=1&scanMode=standard&cronKey=da80dfaaeec684886ece667e1c3a8593&signature=85d1e55b18015c240a68ccf4ea1a5dfa457e8446e10117343dc831735ed28bec&remote=1 HTTP/1.1" 200 - "-" "Wordfence API/1.0 (+https://www.wordfence.com/help/api-callbacks/)"
20.123.172.228 - - [07/May/2026:02:18:57 +0000] "POST /wp-cron.php?doing_wp_cron=1778120337.4443609714508056640625 HTTP/1.1" 200 - "https://nipponia.nl/wp-cron.php?doing_wp_cron=1778120337.4443609714508056640625" "WordPress/6.1.10; https://nipponia.nl"
54.68.32.247 - - [07/May/2026:02:18:42 +0000] "GET /wp-admin/admin-ajax.php?action=wordfence_doScan&isFork=1&scanMode=standard&cronKey=c4be531f319529d1db1d467cc1057b46&signature=e81f457df87032e5688d065670fddb828eb4cfc6abfb0b63cc73e9d68444be85&remote=1 HTTP/1.1" 200 - "-" "Wordfence API/1.0 (+https://www.wordfence.com/help/api-callbacks/)"
54.71.203.174 - - [07/May/2026:02:19:20 +0000] "GET /wp-admin/admin-ajax.php?action=wordfence_doScan&isFork=1&scanMode=standard&cronKey=6b59904d758487846ccb8f141b1e434b&signature=5c3809f1a36d32742ffacb2d9bca1e555e35c175dc9f0764a2cefffed12373d6&remote=1 HTTP/1.1" 200 - "-" "Wordfence API/1.0 (+https://www.wordfence.com/help/api-callbacks/)"
20.123.172.228 - - [07/May/2026:02:20:12 +0000] "POST /wp-cron.php?doing_wp_cron=1778120412.7499198913574218750000 HTTP/1.1" 200 - "https://nipponia.nl/wp-cron.php?doing_wp_cron=1778120412.7499198913574218750000" "WordPress/6.1.10; https://nipponia.nl"
54.68.32.247 - - [07/May/2026:02:19:56 +0000] "GET /wp-admin/admin-ajax.php?action=wordfence_doScan&isFork=1&scanMode=standard&cronKey=b06b08e44ca21b846bbc2d899888a799&signature=f326683f318083ee30010c75ce63836a81336e3c41d006ce9121078f49e04e4b&remote=1 HTTP/1.1" 200 - "-" "Wordfence API/1.0 (+https://www.wordfence.com/help/api-callbacks/)"
20.123.172.228 - - [07/May/2026:02:20:50 +0000] "POST /wp-cron.php?doing_wp_cron=1778120450.2353870868682861328125 HTTP/1.1" 200 - "https://nipponia.nl/wp-cron.php?doing_wp_cron=1778120450.2353870868682861328125" "WordPress/6.1.10; https://nipponia.nl"
54.68.32.247 - - [07/May/2026:02:20:36 +0000] "GET /wp-admin/admin-ajax.php?action=wordfence_doScan&isFork=1&scanMode=standard&cronKey=d013995d353d08a00e91f7c6f00c26ac&signature=6d7f80bdcff0c93039154d5af4705a2f58c6fcef49d66cc23f750953ec5aaeb7&remote=1 HTTP/1.1" 200 - "-" "Wordfence API/1.0 (+https://www.wordfence.com/help/api-callbacks/)"
44.235.211.232 - - [07/May/2026:02:21:14 +0000] "GET /wp-admin/admin-ajax.php?action=wordfence_doScan&isFork=1&scanMode=standard&cronKey=d868a040685955e2a62ecfd9fe24057b&signature=3931f93de257b1f0979e76b77455e3fb78f6af69d9eb305aa60348a96c288c07&remote=1 HTTP/1.1" 200 - "-" "Wordfence API/1.0 (+https://www.wordfence.com/help/api-callbacks/)"
85.203.21.202 - - [07/May/2026:02:21:49 +0000] "GET / HTTP/1.1" 302 - "https://20.123.172.228:2083/" "Mozilla/5.0 (Windows NT 10.0; Win64; x64; rv:150.0) Gecko/20100101 Firefox/150.0"
20.123.172.228 - - [07/May/2026:02:22:08 +0000] "POST /wp-cron.php?doing_wp_cron=1778120527.9539010524749755859375 HTTP/1.1" 200 - "https://nipponia.nl/wp-cron.php?doing_wp_cron=1778120527.9539010524749755859375" "WordPress/6.1.10; https://nipponia.nl"
85.203.21.202 - - [07/May/2026:02:22:00 +0000] "GET /en/home/ HTTP/1.1" 200 16607 "https://20.123.172.228:2083/" "Mozilla/5.0 (Windows NT 10.0; Win64; x64; rv:150.0) Gecko/20100101 Firefox/150.0"
85.203.21.202 - - [07/May/2026:02:22:19 +0000] "GET /wp-content/cache/autoptimize/css/autoptimize_single_20e8490fab0dcf7557a5c8b54494db6f.css?ver=3.0.8 HTTP/1.1" 200 772 "https://nipponia.nl/en/home/" "Mozilla/5.0 (Windows NT 10.0; Win64; x64; rv:150.0) Gecko/20100101 Firefox/150.0"
85.203.21.202 - - [07/May/2026:02:22:19 +0000] "GET /wp-content/cache/autoptimize/css/autoptimize_single_359aca8a88b2331aa34ac505acad9911.css?ver=3.0.8 HTTP/1.1" 200 3809 "https://nipponia.nl/en/home/" "Mozilla/5.0 (Windows NT 10.0; Win64; x64; rv:150.0) Gecko/20100101 Firefox/150.0"
85.203.21.221 - - [07/May/2026:02:22:19 +0000] "GET /wp-includes/css/classic-themes.min.css?ver=1 HTTP/1.1" 200 189 "https://nipponia.nl/en/home/" "Mozilla/5.0 (Windows NT 10.0; Win64; x64; rv:150.0) Gecko/20100101 Firefox/150.0"
85.203.21.192 - - [07/May/2026:02:22:19 +0000] "GET /wp-includes/css/dist/block-library/style.min.css?ver=6.1.10 HTTP/1.1" 200 12540 "https://nipponia.nl/en/home/" "Mozilla/5.0 (Windows NT 10.0; Win64; x64; rv:150.0) Gecko/20100101 Firefox/150.0"
85.203.21.192 - - [07/May/2026:02:22:19 +0000] "GET /wp-content/cache/autoptimize/css/autoptimize_single_0e4a098f3f6e3faede64db8b9da80ba2.css?ver=5.7.7 HTTP/1.1" 200 877 "https://nipponia.nl/en/home/" "Mozilla/5.0 (Windows NT 10.0; Win64; x64; rv:150.0) Gecko/20100101 Firefox/150.0"
85.203.21.201 - - [07/May/2026:02:22:19 +0000] "GET /wp-content/themes/airi/css/bootstrap/bootstrap.min.css?ver=1 HTTP/1.1" 200 20519 "https://nipponia.nl/en/home/" "Mozilla/5.0 (Windows NT 10.0; Win64; x64; rv:150.0) Gecko/20100101 Firefox/150.0"
85.203.21.207 - - [07/May/2026:02:22:19 +0000] "GET /wp-content/plugins/premium-addons-for-elementor/assets/frontend/min-css/premium-addons.min.css?ver=4.10.82 HTTP/1.1" 200 45232 "https://nipponia.nl/en/home/" "Mozilla/5.0 (Windows NT 10.0; Win64; x64; rv:150.0) Gecko/20100101 Firefox/150.0"
85.203.21.202 - - [07/May/2026:02:22:19 +0000] "GET /wp-content/plugins/wp-store-locator/css/styles.min.css?ver=2.2.235 HTTP/1.1" 200 3368 "https://nipponia.nl/en/home/" "Mozilla/5.0 (Windows NT 10.0; Win64; x64; rv:150.0) Gecko/20100101 Firefox/150.0"
