PATH:
var
/
log
/
apache2
/
domlogs
/
centosnipponia
66.249.66.194 - - [06/May/2026:12:27:41 +0000] "GET /pride-2/ HTTP/1.1" 200 20217 "-" "Mozilla/5.0 (Linux; Android 6.0.1; Nexus 5X Build/MMB29P) AppleWebKit/537.36 (KHTML, like Gecko) Chrome/147.0.7727.137 Mobile Safari/537.36 (compatible; Googlebot/2.1; +http://www.google.com/bot.html)"
66.249.66.193 - - [06/May/2026:12:28:04 +0000] "GET /wp-content/cache/autoptimize/css/autoptimize_single_47a8fe259819846c0df3513cb3cbf149.css?ver=1746526830 HTTP/1.1" 200 2026 "https://nipponia.nl/pride-2/" "Mozilla/5.0 (Linux; Android 6.0.1; Nexus 5X Build/MMB29P) AppleWebKit/537.36 (KHTML, like Gecko) Chrome/147.0.7727.137 Mobile Safari/537.36 (compatible; Googlebot/2.1; +http://www.google.com/bot.html)"
20.123.172.228 - - [06/May/2026:12:28:52 +0000] "POST /wp-cron.php?doing_wp_cron=1778070532.5615470409393310546875 HTTP/1.1" 200 - "https://nipponia.nl/wp-cron.php?doing_wp_cron=1778070532.5615470409393310546875" "WordPress/6.1.10; https://nipponia.nl"
162.120.188.203 - - [06/May/2026:12:28:39 +0000] "GET /stores/scooter-service-hedel-2/ HTTP/1.1" 200 13266 "https://www.google.com/" "Mozilla/5.0 (Windows NT 10.0; Win64; x64) AppleWebKit/537.36 (KHTML, like Gecko) Chrome/147.0.0.0 Safari/537.36"
43.130.141.193 - - [06/May/2026:12:30:41 +0000] "GET /nl/elektrische-scooter-zwolle/ HTTP/1.1" 301 - "-" "Mozilla/5.0 (iPhone; CPU iPhone OS 13_2_3 like Mac OS X) AppleWebKit/605.1.15 (KHTML, like Gecko) Version/13.0.3 Mobile/15E148 Safari/604.1"
43.130.141.193 - - [06/May/2026:12:30:54 +0000] "GET /elektrische-scooter-zwolle/ HTTP/1.1" 200 16504 "https://nipponia.nl/nl/elektrische-scooter-zwolle/" "Mozilla/5.0 (iPhone; CPU iPhone OS 13_2_3 like Mac OS X) AppleWebKit/605.1.15 (KHTML, like Gecko) Version/13.0.3 Mobile/15E148 Safari/604.1"
20.215.220.121 - - [06/May/2026:12:33:19 +0000] "GET / HTTP/1.1" 302 - "-" "Mozilla/5.0 AppleWebKit/537.36 (KHTML, like Gecko); compatible; ChatGPT-User/1.0; +https://openai.com/bot"
72.14.201.117 - - [06/May/2026:12:33:53 +0000] "GET /biq-2/ HTTP/1.1" 200 20130 "https://www.google.com/" "Mozilla/5.0 (Windows NT 10.0; Win64; x64) AppleWebKit/537.36 (KHTML, like Gecko) Chrome/142.0.0.0 Safari/537.36"
162.120.187.203 - - [06/May/2026:12:34:19 +0000] "GET /benzine/ HTTP/1.1" 200 15762 "https://www.google.com/" "Mozilla/5.0 (Windows NT 10.0; Win64; x64) AppleWebKit/537.36 (KHTML, like Gecko) Chrome/142.0.0.0 Safari/537.36"
87.208.49.49 - - [06/May/2026:12:34:40 +0000] "GET /benzine/ HTTP/1.1" 200 15762 "https://www.google.com/" "Mozilla/5.0 (Windows NT 10.0; Win64; x64) AppleWebKit/537.36 (KHTML, like Gecko) Chrome/142.0.0.0 Safari/537.36"
164.92.93.29 - - [06/May/2026:12:41:02 +0000] "POST /wp-login.php HTTP/1.1" 503 7329 "-" "Mozilla/5.0 (Windows NT 10.0; rv:143.0) Gecko/20100101 Firefox/143.0"
137.184.134.216 - - [06/May/2026:12:43:24 +0000] "GET /en/contact/ HTTP/1.1" 200 15821 "http://nipponia.nl" "Mozilla/5.0 (Windows NT 10.0; Win64; x64) AppleWebKit/537.36 (KHTML, like Gecko) Chrome/144.0.0.0 Safari/537.36 Edg/144.0.0.0"
45.66.35.22 - - [06/May/2026:12:44:06 +0000] "GET /en/home HTTP/1.1" 301 - "https://nipponia.nl/en/home" "Mozilla/5.0 (X11; FreeBSD i386; rv:76.0) Gecko/20100101 Firefox/76.0"
45.66.35.22 - - [06/May/2026:12:44:20 +0000] "GET /en/home/ HTTP/1.1" 200 76466 "https://nipponia.nl/en/home" "Mozilla/5.0 (X11; FreeBSD i386; rv:76.0) Gecko/20100101 Firefox/76.0"
43.154.127.188 - - [06/May/2026:12:45:03 +0000] "GET /elektrische-scooter-zwolle/ HTTP/1.1" 200 16504 "-" "Mozilla/5.0 (iPhone; CPU iPhone OS 13_2_3 like Mac OS X) AppleWebKit/605.1.15 (KHTML, like Gecko) Version/13.0.3 Mobile/15E148 Safari/604.1"
151.243.141.148 - - [06/May/2026:12:47:39 +0000] "GET /wp-content/uploads/manuals/Eviball%20Users%20manual%20APP_EN.pdf HTTP/1.1" 200 878540 "-" "Mozilla/5.0 (Windows NT 10.0; Win64; x64) AppleWebKit/537.36 (KHTML, like Gecko) Chrome/99.0.4844.51 Safari/537.36"
188.71.221.181 - - [06/May/2026:12:49:11 +0000] "POST /xmlrpc.php HTTP/1.1" 503 18942 "-" "WordPress.com; https://wordpress.com"
188.71.221.181 - - [06/May/2026:12:49:20 +0000] "POST /xmlrpc.php HTTP/1.1" 503 18942 "-" "Jetpack/13.0; WordPress/6.4; http://site61804487.com"
188.71.221.181 - - [06/May/2026:12:49:30 +0000] "POST /xmlrpc.php HTTP/1.1" 503 18942 "-" "Jetpack by WordPress.com (Jetpack 12.0; WordPress 6.3)"
172.213.21.154 - - [06/May/2026:12:49:40 +0000] "GET /wp-content/uploads/2024/07/E-VIBALL-owners-manual-ver-0624_EN.pdf HTTP/1.1" 200 1910589 "-" "Mozilla/5.0 AppleWebKit/537.36 (KHTML, like Gecko); compatible; ChatGPT-User/1.0; +https://openai.com/bot"
188.71.221.181 - - [06/May/2026:12:49:51 +0000] "POST /xmlrpc.php HTTP/1.1" 503 18029 "-" "WordPress.com; https://wordpress.com"
172.213.21.157 - - [06/May/2026:12:49:49 +0000] "GET / HTTP/1.1" 302 - "-" "Mozilla/5.0 AppleWebKit/537.36 (KHTML, like Gecko); compatible; ChatGPT-User/1.0; +https://openai.com/bot"
20.123.172.228 - - [06/May/2026:12:50:00 +0000] "POST /?wordfence_syncAttackData=1778071800.0146 HTTP/1.1" 200 - "https://nipponia.nl/?wordfence_syncAttackData=1778071800.0146" "WordPress/6.1.10; https://nipponia.nl"
188.71.221.181 - - [06/May/2026:12:50:12 +0000] "POST /xmlrpc.php HTTP/1.1" 503 18029 "-" "Jetpack by WordPress.com (Jetpack 12.5; WordPress 6.4)"
188.71.221.181 - - [06/May/2026:12:50:33 +0000] "POST /xmlrpc.php HTTP/1.1" 503 18029 "-" "Jetpack by WordPress.com"
188.71.221.181 - - [06/May/2026:12:50:43 +0000] "POST /xmlrpc.php HTTP/1.1" 503 18029 "-" "Jetpack by WordPress.com (Jetpack 12.5; WordPress 6.2)"
188.71.221.181 - - [06/May/2026:12:50:54 +0000] "POST /xmlrpc.php HTTP/1.1" 503 18029 "-" "Jetpack by WordPress.com"
20.123.172.228 - - [06/May/2026:12:50:51 +0000] "POST /?wordfence_syncAttackData=1778071851.6575 HTTP/1.1" 200 - "https://nipponia.nl/?wordfence_syncAttackData=1778071851.6575" "WordPress/6.1.10; https://nipponia.nl"
188.71.221.181 - - [06/May/2026:12:51:14 +0000] "POST /xmlrpc.php HTTP/1.1" 503 18028 "-" "Jetpack by WordPress.com"
188.71.221.181 - - [06/May/2026:12:51:24 +0000] "POST /xmlrpc.php HTTP/1.1" 503 18028 "-" "WordPress.com; https://wordpress.com"
20.123.172.228 - - [06/May/2026:12:51:20 +0000] "POST /?wordfence_syncAttackData=1778071880.5603 HTTP/1.1" 200 - "https://nipponia.nl/?wordfence_syncAttackData=1778071880.5603" "WordPress/6.1.10; https://nipponia.nl"
188.71.221.181 - - [06/May/2026:12:51:44 +0000] "POST /xmlrpc.php HTTP/1.1" 503 18029 "-" "WordPress.com; https://wordpress.com"
188.71.221.181 - - [06/May/2026:12:51:55 +0000] "POST /xmlrpc.php HTTP/1.1" 503 18028 "-" "Jetpack by WordPress.com"
20.123.172.228 - - [06/May/2026:12:51:51 +0000] "POST /?wordfence_syncAttackData=1778071911.1988 HTTP/1.1" 200 - "https://nipponia.nl/?wordfence_syncAttackData=1778071911.1988" "WordPress/6.1.10; https://nipponia.nl"
188.71.221.181 - - [06/May/2026:12:52:58 +0000] "POST /xmlrpc.php HTTP/1.1" 503 18028 "-" "Jetpack/13.0; WordPress/6.2; http://site44902688.com"
188.71.221.181 - - [06/May/2026:12:53:08 +0000] "POST /xmlrpc.php HTTP/1.1" 503 18028 "-" "Jetpack by WordPress.com"
20.123.172.228 - - [06/May/2026:12:53:02 +0000] "POST /?wordfence_syncAttackData=1778071982.3107 HTTP/1.1" 200 - "https://nipponia.nl/?wordfence_syncAttackData=1778071982.3107" "WordPress/6.1.10; https://nipponia.nl"
43.159.135.203 - - [06/May/2026:12:53:15 +0000] "GET /wp-json/oembed/1.0/embed?url=https%3A%2F%2Fnipponia.nl%2Felektrische-scooter-zwolle%2F HTTP/1.1" 200 1355 "-" "Mozilla/5.0 (iPhone; CPU iPhone OS 13_2_3 like Mac OS X) AppleWebKit/605.1.15 (KHTML, like Gecko) Version/13.0.3 Mobile/15E148 Safari/604.1"
188.71.221.181 - - [06/May/2026:12:54:22 +0000] "POST /xmlrpc.php HTTP/1.1" 503 18028 "-" "Jetpack/12.1; WordPress/6.1; http://site92695765.com"
20.123.172.228 - - [06/May/2026:12:54:32 +0000] "POST /?wordfence_syncAttackData=1778072072.0443 HTTP/1.1" 200 - "https://nipponia.nl/?wordfence_syncAttackData=1778072072.0443" "WordPress/6.1.10; https://nipponia.nl"
188.71.221.181 - - [06/May/2026:12:54:51 +0000] "POST /xmlrpc.php HTTP/1.1" 503 18029 "-" "Jetpack/12.0; WordPress/6.2; http://site20623040.com"
20.123.172.228 - - [06/May/2026:12:55:02 +0000] "POST /?wordfence_syncAttackData=1778072101.8833 HTTP/1.1" 200 - "https://nipponia.nl/?wordfence_syncAttackData=1778072101.8833" "WordPress/6.1.10; https://nipponia.nl"
188.71.221.181 - - [06/May/2026:12:55:21 +0000] "POST /xmlrpc.php HTTP/1.1" 503 18029 "-" "Jetpack by WordPress.com"
20.123.172.228 - - [06/May/2026:12:55:24 +0000] "POST /?wordfence_syncAttackData=1778072124.2683 HTTP/1.1" 200 - "https://nipponia.nl/?wordfence_syncAttackData=1778072124.2683" "WordPress/6.1.10; https://nipponia.nl"
188.71.221.181 - - [06/May/2026:12:56:24 +0000] "POST /xmlrpc.php HTTP/1.1" 503 18028 "-" "Jetpack by WordPress.com (Jetpack 12.5; WordPress 6.1)"
20.123.172.228 - - [06/May/2026:12:56:32 +0000] "POST /?wordfence_syncAttackData=1778072192.2742 HTTP/1.1" 200 - "https://nipponia.nl/?wordfence_syncAttackData=1778072192.2742" "WordPress/6.1.10; https://nipponia.nl"
188.71.221.181 - - [06/May/2026:12:57:05 +0000] "POST /xmlrpc.php HTTP/1.1" 503 18029 "-" "Jetpack/12.1; WordPress/6.2; http://site17456314.com"
20.123.172.228 - - [06/May/2026:12:57:12 +0000] "POST /?wordfence_syncAttackData=1778072231.9326 HTTP/1.1" 200 - "https://nipponia.nl/?wordfence_syncAttackData=1778072231.9326" "WordPress/6.1.10; https://nipponia.nl"
188.71.221.181 - - [06/May/2026:12:57:26 +0000] "POST /xmlrpc.php HTTP/1.1" 503 18029 "-" "Jetpack by WordPress.com (Jetpack 12.5; WordPress 6.2)"
20.123.172.228 - - [06/May/2026:12:57:32 +0000] "POST /?wordfence_syncAttackData=1778072252.2272 HTTP/1.1" 200 - "https://nipponia.nl/?wordfence_syncAttackData=1778072252.2272" "WordPress/6.1.10; https://nipponia.nl"
188.71.221.181 - - [06/May/2026:12:57:48 +0000] "POST /xmlrpc.php HTTP/1.1" 503 18028 "-" "Jetpack by WordPress.com"
188.71.221.181 - - [06/May/2026:12:57:56 +0000] "POST /xmlrpc.php HTTP/1.1" 503 18028 "-" "Jetpack/12.0; WordPress/6.3; http://site96239214.com"
20.123.172.228 - - [06/May/2026:12:58:02 +0000] "POST /?wordfence_syncAttackData=1778072282.5909 HTTP/1.1" 200 - "https://nipponia.nl/?wordfence_syncAttackData=1778072282.5909" "WordPress/6.1.10; https://nipponia.nl"
188.71.221.181 - - [06/May/2026:12:59:40 +0000] "POST /xmlrpc.php HTTP/1.1" 503 18942 "-" "Jetpack by WordPress.com"
23.98.142.191 - - [06/May/2026:13:00:12 +0000] "GET /stores/ecruiser-bikes/ HTTP/1.1" 200 13258 "-" "Mozilla/5.0 AppleWebKit/537.36 (KHTML, like Gecko); compatible; ChatGPT-User/1.0; +https://openai.com/bot"
188.71.221.181 - - [06/May/2026:13:00:17 +0000] "POST /xmlrpc.php HTTP/1.1" 503 18942 "-" "Jetpack/12.1; WordPress/6.3; http://site40112480.com"
20.123.172.228 - - [06/May/2026:13:00:25 +0000] "POST /wp-cron.php?doing_wp_cron=1778072425.6931529045104980468750 HTTP/1.1" 200 - "https://nipponia.nl/wp-cron.php?doing_wp_cron=1778072425.6931529045104980468750" "WordPress/6.1.10; https://nipponia.nl"
188.71.221.181 - - [06/May/2026:13:00:20 +0000] "POST /xmlrpc.php HTTP/1.1" 503 18942 "-" "WordPress.com; https://wordpress.com"
188.90.117.176 - - [06/May/2026:13:00:29 +0000] "GET / HTTP/1.1" 200 16899 "-" "Mozilla/5.0 (iPhone; CPU iPhone OS 18_7 like Mac OS X) AppleWebKit/605.1.15 (KHTML, like Gecko) Version/26.3 Mobile/15E148 Safari/604.1"
188.71.221.181 - - [06/May/2026:13:01:15 +0000] "POST /xmlrpc.php HTTP/1.1" 503 18028 "-" "Jetpack by WordPress.com"
20.123.172.228 - - [06/May/2026:13:01:22 +0000] "POST /?wordfence_syncAttackData=1778072482.691 HTTP/1.1" 200 - "https://nipponia.nl/?wordfence_syncAttackData=1778072482.691" "WordPress/6.1.10; https://nipponia.nl"
188.71.221.181 - - [06/May/2026:13:01:43 +0000] "POST /xmlrpc.php HTTP/1.1" 503 18029 "-" "WordPress.com; https://wordpress.com"
188.71.221.181 - - [06/May/2026:13:01:54 +0000] "POST /xmlrpc.php HTTP/1.1" 503 18029 "-" "Jetpack by WordPress.com (Jetpack 12.5; WordPress 6.4)"
20.123.172.228 - - [06/May/2026:13:01:53 +0000] "POST /?wordfence_syncAttackData=1778072513.3202 HTTP/1.1" 200 - "https://nipponia.nl/?wordfence_syncAttackData=1778072513.3202" "WordPress/6.1.10; https://nipponia.nl"
20.123.172.228 - - [06/May/2026:13:01:56 +0000] "POST /?wordfence_syncAttackData=1778072516.741 HTTP/1.1" 200 16905 "https://nipponia.nl/?wordfence_syncAttackData=1778072516.741" "WordPress/6.1.10; https://nipponia.nl"
188.71.221.181 - - [06/May/2026:13:02:36 +0000] "POST /xmlrpc.php HTTP/1.1" 503 18028 "-" "Jetpack by WordPress.com"
20.123.172.228 - - [06/May/2026:13:02:43 +0000] "POST /?wordfence_syncAttackData=1778072563.4305 HTTP/1.1" 200 - "https://nipponia.nl/?wordfence_syncAttackData=1778072563.4305" "WordPress/6.1.10; https://nipponia.nl"
188.71.221.181 - - [06/May/2026:13:03:19 +0000] "POST /xmlrpc.php HTTP/1.1" 503 18028 "-" "WordPress.com; https://wordpress.com"
188.71.221.181 - - [06/May/2026:13:03:28 +0000] "POST /xmlrpc.php HTTP/1.1" 503 18028 "-" "Jetpack by WordPress.com"
20.123.172.228 - - [06/May/2026:13:03:22 +0000] "POST /?wordfence_syncAttackData=1778072602.1046 HTTP/1.1" 200 - "https://nipponia.nl/?wordfence_syncAttackData=1778072602.1046" "WordPress/6.1.10; https://nipponia.nl"
188.71.221.181 - - [06/May/2026:13:04:05 +0000] "POST /xmlrpc.php HTTP/1.1" 503 18028 "-" "Jetpack by WordPress.com (Jetpack 12.0; WordPress 6.4)"
188.71.221.181 - - [06/May/2026:13:04:08 +0000] "POST /xmlrpc.php HTTP/1.1" 503 18028 "-" "WordPress.com; https://wordpress.com"
20.123.172.228 - - [06/May/2026:13:04:13 +0000] "POST /?wordfence_syncAttackData=1778072653.3166 HTTP/1.1" 200 - "https://nipponia.nl/?wordfence_syncAttackData=1778072653.3166" "WordPress/6.1.10; https://nipponia.nl"
188.71.221.181 - - [06/May/2026:13:04:32 +0000] "POST /xmlrpc.php HTTP/1.1" 503 18029 "-" "Jetpack/12.0; WordPress/6.2; http://site79833072.com"
20.123.172.228 - - [06/May/2026:13:04:42 +0000] "POST /?wordfence_syncAttackData=1778072682.5925 HTTP/1.1" 200 - "https://nipponia.nl/?wordfence_syncAttackData=1778072682.5925" "WordPress/6.1.10; https://nipponia.nl"
188.71.221.181 - - [06/May/2026:13:05:03 +0000] "POST /xmlrpc.php HTTP/1.1" 503 18028 "-" "Jetpack by WordPress.com"
20.123.172.228 - - [06/May/2026:13:05:05 +0000] "POST /?wordfence_syncAttackData=1778072705.5962 HTTP/1.1" 200 - "https://nipponia.nl/?wordfence_syncAttackData=1778072705.5962" "WordPress/6.1.10; https://nipponia.nl"
188.71.221.181 - - [06/May/2026:13:05:27 +0000] "POST /xmlrpc.php HTTP/1.1" 503 18029 "-" "Jetpack by WordPress.com"
188.71.221.181 - - [06/May/2026:13:05:35 +0000] "POST /xmlrpc.php HTTP/1.1" 503 18029 "-" "WordPress.com; https://wordpress.com"
20.123.172.228 - - [06/May/2026:13:05:34 +0000] "POST /?wordfence_syncAttackData=1778072734.3489 HTTP/1.1" 200 - "https://nipponia.nl/?wordfence_syncAttackData=1778072734.3489" "WordPress/6.1.10; https://nipponia.nl"
172.225.253.137 - - [06/May/2026:13:05:37 +0000] "GET /apple-touch-icon.png HTTP/1.1" 404 11759 "-" "NetworkingExtension/8624.1.16.10.6 Network/5812.102.3 iOS/26.4.2"
172.225.253.137 - - [06/May/2026:13:05:37 +0000] "GET /apple-touch-icon-precomposed.png HTTP/1.1" 404 11759 "-" "NetworkingExtension/8624.1.16.10.6 Network/5812.102.3 iOS/26.4.2"
172.225.253.137 - - [06/May/2026:13:05:37 +0000] "GET /favicon.ico HTTP/1.1" 302 - "-" "NetworkingExtension/8624.1.16.10.6 Network/5812.102.3 iOS/26.4.2"
172.225.253.137 - - [06/May/2026:13:05:58 +0000] "GET /wp-content/uploads/2021/03/cropped-1c_v_logo_hr_b-150x150.png HTTP/1.1" 200 12708 "-" "NetworkingExtension/8624.1.16.10.6 Network/5812.102.3 iOS/26.4.2"
172.225.253.137 - - [06/May/2026:13:05:37 +0000] "GET /pride-2/ HTTP/1.1" 200 20217 "-" "Mozilla/5.0 (Macintosh; Intel Mac OS X 10_11_1) AppleWebKit/601.2.4 (KHTML, like Gecko) Version/9.0.1 Safari/601.2.4 facebookexternalhit/1.1 Facebot Twitterbot/1.0"
172.225.253.137 - - [06/May/2026:13:06:00 +0000] "GET /wp-content/uploads/2022/06/Driewielscooter-Moto-Banner-updated-24-6-22.jpg HTTP/1.1" 200 160196 "-" "NetworkingExtension/8624.1.16.10.6 Network/5812.102.3 iOS/26.4.2"
172.225.253.137 - - [06/May/2026:13:06:00 +0000] "GET /wp-content/uploads/2025/05/prideRange-without-word-new-model-May-2025-1024x1024.jpg HTTP/1.1" 200 107100 "-" "NetworkingExtension/8624.1.16.10.6 Network/5812.102.3 iOS/26.4.2"
172.225.253.137 - - [06/May/2026:13:06:00 +0000] "GET /wp-content/uploads/2022/06/Driewielscooter-Moto-Banner-updated-24-6-22.jpg HTTP/1.1" 200 160196 "-" "NetworkingExtension/8624.1.16.10.6 Network/5812.102.3 iOS/26.4.2"
172.225.253.137 - - [06/May/2026:13:06:00 +0000] "GET /wp-content/uploads/2021/04/Ignition-switch.jpg HTTP/1.1" 200 53724 "-" "NetworkingExtension/8624.1.16.10.6 Network/5812.102.3 iOS/26.4.2"
188.71.221.181 - - [06/May/2026:13:06:08 +0000] "POST /xmlrpc.php HTTP/1.1" 503 18028 "-" "Jetpack by WordPress.com (Jetpack 12.5; WordPress 6.3)"
43.165.198.224 - - [06/May/2026:13:05:58 +0000] "GET /pride-2/ HTTP/1.1" 200 20217 "-" "Mozilla/5.0 (iPhone; CPU iPhone OS 13_2_3 like Mac OS X) AppleWebKit/605.1.15 (KHTML, like Gecko) Version/13.0.3 Mobile/15E148 Safari/604.1"
188.71.221.181 - - [06/May/2026:13:06:27 +0000] "POST /xmlrpc.php HTTP/1.1" 503 18028 "-" "Jetpack/12.0; WordPress/6.1; http://site88057662.com"
20.123.172.228 - - [06/May/2026:13:06:17 +0000] "POST /?wordfence_syncAttackData=1778072777.1273 HTTP/1.1" 200 - "https://nipponia.nl/?wordfence_syncAttackData=1778072777.1273" "WordPress/6.1.10; https://nipponia.nl"
188.71.221.181 - - [06/May/2026:13:07:28 +0000] "POST /xmlrpc.php HTTP/1.1" 503 18028 "-" "WordPress.com; https://wordpress.com"
188.71.221.181 - - [06/May/2026:13:07:41 +0000] "POST /xmlrpc.php HTTP/1.1" 503 18028 "-" "Jetpack by WordPress.com"
188.71.221.181 - - [06/May/2026:13:07:51 +0000] "POST /xmlrpc.php HTTP/1.1" 503 18028 "-" "Jetpack by WordPress.com"
20.123.172.228 - - [06/May/2026:13:07:54 +0000] "POST /wp-cron.php?doing_wp_cron=1778072874.2070899009704589843750 HTTP/1.1" 200 - "https://nipponia.nl/wp-cron.php?doing_wp_cron=1778072874.2070899009704589843750" "WordPress/6.1.10; https://nipponia.nl"
66.249.66.166 - - [06/May/2026:13:07:41 +0000] "GET /en/home/ HTTP/1.1" 200 16606 "-" "Mozilla/5.0 (Linux; Android 6.0.1; Nexus 5X Build/MMB29P) AppleWebKit/537.36 (KHTML, like Gecko) Chrome/147.0.7727.137 Mobile Safari/537.36 (compatible; Googlebot/2.1; +http://www.google.com/bot.html)"
20.123.172.228 - - [06/May/2026:13:07:50 +0000] "POST /?wordfence_syncAttackData=1778072870.1577 HTTP/1.1" 200 - "https://nipponia.nl/?wordfence_syncAttackData=1778072870.1577" "WordPress/6.1.10; https://nipponia.nl"
66.249.66.1 - - [06/May/2026:13:08:06 +0000] "GET /wp-includes/css/dist/block-library/style.min.css?ver=6.1.10 HTTP/1.1" 200 12540 "https://nipponia.nl/en/home/" "Mozilla/5.0 (Linux; Android 6.0.1; Nexus 5X Build/MMB29P) AppleWebKit/537.36 (KHTML, like Gecko) Chrome/147.0.7727.137 Mobile Safari/537.36 (compatible; Googlebot/2.1; +http://www.google.com/bot.html)"
172.225.253.139 - - [06/May/2026:13:08:45 +0000] "GET /wp-content/uploads/2022/06/Driewielscooter-Moto-Banner-updated-24-6-22.jpg HTTP/1.1" 200 160196 "-" "Mozilla/5.0 (iPhone; CPU iPhone OS 18_7 like Mac OS X) AppleWebKit/605.1.15 (KHTML, like Gecko) Safari"
188.71.221.181 - - [06/May/2026:13:09:14 +0000] "POST /xmlrpc.php HTTP/1.1" 503 18029 "-" "Jetpack by WordPress.com (Jetpack 12.1; WordPress 6.2)"
188.71.221.181 - - [06/May/2026:13:09:22 +0000] "POST /xmlrpc.php HTTP/1.1" 503 18029 "-" "WordPress.com; https://wordpress.com"
188.71.221.181 - - [06/May/2026:13:09:56 +0000] "POST /xmlrpc.php HTTP/1.1" 503 18942 "-" "Jetpack by WordPress.com"
20.123.172.228 - - [06/May/2026:13:10:06 +0000] "POST /?wordfence_syncAttackData=1778073006.1538 HTTP/1.1" 200 - "https://nipponia.nl/?wordfence_syncAttackData=1778073006.1538" "WordPress/6.1.10; https://nipponia.nl"
188.71.221.181 - - [06/May/2026:13:10:20 +0000] "POST /xmlrpc.php HTTP/1.1" 503 18029 "-" "Jetpack/12.5; WordPress/6.3; http://site98834856.com"
188.71.221.181 - - [06/May/2026:13:10:27 +0000] "POST /xmlrpc.php HTTP/1.1" 503 18029 "-" "Jetpack by WordPress.com (Jetpack 13.0; WordPress 6.2)"
188.71.221.181 - - [06/May/2026:13:10:44 +0000] "POST /xmlrpc.php HTTP/1.1" 503 18029 "-" "WordPress.com; https://wordpress.com"
188.71.221.181 - - [06/May/2026:13:11:08 +0000] "POST /xmlrpc.php HTTP/1.1" 503 18029 "-" "Jetpack by WordPress.com"
188.71.221.181 - - [06/May/2026:13:11:18 +0000] "POST /xmlrpc.php HTTP/1.1" 503 18029 "-" "WordPress.com; https://wordpress.com"
188.71.221.181 - - [06/May/2026:13:11:57 +0000] "POST /xmlrpc.php HTTP/1.1" 503 18029 "-" "Jetpack by WordPress.com"
188.71.221.181 - - [06/May/2026:13:12:20 +0000] "POST /xmlrpc.php HTTP/1.1" 503 18029 "-" "Jetpack by WordPress.com"
188.71.221.181 - - [06/May/2026:13:13:09 +0000] "POST /xmlrpc.php HTTP/1.1" 503 18029 "-" "Jetpack by WordPress.com (Jetpack 12.1; WordPress 6.2)"
188.71.221.181 - - [06/May/2026:13:13:21 +0000] "POST /xmlrpc.php HTTP/1.1" 503 18029 "-" "Jetpack/12.0; WordPress/6.1; http://site45730311.com"
188.71.221.181 - - [06/May/2026:13:13:31 +0000] "POST /xmlrpc.php HTTP/1.1" 503 18029 "-" "WordPress.com; https://wordpress.com"
188.71.221.181 - - [06/May/2026:13:13:41 +0000] "POST /xmlrpc.php HTTP/1.1" 503 18029 "-" "Jetpack/12.5; WordPress/6.1; http://site30922374.com"
188.71.221.181 - - [06/May/2026:13:13:51 +0000] "POST /xmlrpc.php HTTP/1.1" 503 18029 "-" "WordPress.com; https://wordpress.com"
188.71.221.181 - - [06/May/2026:13:14:14 +0000] "POST /xmlrpc.php HTTP/1.1" 503 18029 "-" "Jetpack by WordPress.com"
188.71.221.181 - - [06/May/2026:13:14:33 +0000] "POST /xmlrpc.php HTTP/1.1" 503 18029 "-" "WordPress.com; https://wordpress.com"
188.71.221.181 - - [06/May/2026:13:14:54 +0000] "POST /xmlrpc.php HTTP/1.1" 503 18029 "-" "WordPress.com; https://wordpress.com"
162.62.231.139 - - [06/May/2026:13:15:51 +0000] "GET /nl/driewielscooter-2/ HTTP/1.1" 301 - "-" "Mozilla/5.0 (iPhone; CPU iPhone OS 13_2_3 like Mac OS X) AppleWebKit/605.1.15 (KHTML, like Gecko) Version/13.0.3 Mobile/15E148 Safari/604.1"
20.123.172.228 - - [06/May/2026:13:16:05 +0000] "POST /wp-cron.php?doing_wp_cron=1778073365.1031579971313476562500 HTTP/1.1" 200 - "https://nipponia.nl/wp-cron.php?doing_wp_cron=1778073365.1031579971313476562500" "WordPress/6.1.10; https://nipponia.nl"
20.123.172.228 - - [06/May/2026:13:16:00 +0000] "POST /?wordfence_syncAttackData=1778073360.9155 HTTP/1.1" 200 - "https://nipponia.nl/?wordfence_syncAttackData=1778073360.9155" "WordPress/6.1.10; https://nipponia.nl"
103.136.23.85 - - [06/May/2026:13:16:15 +0000] "GET / HTTP/1.1" 302 - "-" "Mozilla/5.0 (Windows NT 10.0; Win64; x64) AppleWebKit/537.36 (KHTML, like Gecko) Chrome/147.0.0.0 Safari/537.36"
162.62.231.139 - - [06/May/2026:13:16:06 +0000] "GET /driewielscooter-2/ HTTP/1.1" 200 16546 "https://nipponia.nl/nl/driewielscooter-2/" "Mozilla/5.0 (iPhone; CPU iPhone OS 13_2_3 like Mac OS X) AppleWebKit/605.1.15 (KHTML, like Gecko) Version/13.0.3 Mobile/15E148 Safari/604.1"
103.136.23.85 - - [06/May/2026:13:16:24 +0000] "GET /en/home/ HTTP/1.1" 200 16606 "-" "Mozilla/5.0 (Windows NT 10.0; Win64; x64) AppleWebKit/537.36 (KHTML, like Gecko) Chrome/147.0.0.0 Safari/537.36"
103.136.23.85 - - [06/May/2026:13:16:41 +0000] "GET /wp-content/themes/airi/css/bootstrap/bootstrap.min.css?ver=1 HTTP/1.1" 200 20519 "https://nipponia.nl/en/home/" "Mozilla/5.0 (Windows NT 10.0; Win64; x64) AppleWebKit/537.36 (KHTML, like Gecko) Chrome/147.0.0.0 Safari/537.36"
103.136.23.85 - - [06/May/2026:13:16:41 +0000] "GET /wp-content/plugins/premium-addons-for-elementor/assets/frontend/min-css/premium-addons.min.css?ver=4.10.82 HTTP/1.1" 200 45232 "https://nipponia.nl/en/home/" "Mozilla/5.0 (Windows NT 10.0; Win64; x64) AppleWebKit/537.36 (KHTML, like Gecko) Chrome/147.0.0.0 Safari/537.36"
103.136.23.85 - - [06/May/2026:13:16:41 +0000] "GET /wp-includes/css/dist/block-library/style.min.css?ver=6.1.10 HTTP/1.1" 200 12540 "https://nipponia.nl/en/home/" "Mozilla/5.0 (Windows NT 10.0; Win64; x64) AppleWebKit/537.36 (KHTML, like Gecko) Chrome/147.0.0.0 Safari/537.36"
103.136.23.85 - - [06/May/2026:13:16:41 +0000] "GET /wp-includes/css/classic-themes.min.css?ver=1 HTTP/1.1" 200 189 "https://nipponia.nl/en/home/" "Mozilla/5.0 (Windows NT 10.0; Win64; x64) AppleWebKit/537.36 (KHTML, like Gecko) Chrome/147.0.0.0 Safari/537.36"
103.136.23.85 - - [06/May/2026:13:16:41 +0000] "GET /wp-content/cache/autoptimize/css/autoptimize_single_0e4a098f3f6e3faede64db8b9da80ba2.css?ver=5.7.7 HTTP/1.1" 200 877 "https://nipponia.nl/en/home/" "Mozilla/5.0 (Windows NT 10.0; Win64; x64) AppleWebKit/537.36 (KHTML, like Gecko) Chrome/147.0.0.0 Safari/537.36"
103.136.23.85 - - [06/May/2026:13:16:42 +0000] "GET /wp-content/cache/autoptimize/css/autoptimize_single_20e8490fab0dcf7557a5c8b54494db6f.css?ver=3.0.8 HTTP/1.1" 200 772 "https://nipponia.nl/en/home/" "Mozilla/5.0 (Windows NT 10.0; Win64; x64) AppleWebKit/537.36 (KHTML, like Gecko) Chrome/147.0.0.0 Safari/537.36"
103.136.23.85 - - [06/May/2026:13:16:42 +0000] "GET /wp-content/cache/autoptimize/css/autoptimize_single_359aca8a88b2331aa34ac505acad9911.css?ver=3.0.8 HTTP/1.1" 200 3809 "https://nipponia.nl/en/home/" "Mozilla/5.0 (Windows NT 10.0; Win64; x64) AppleWebKit/537.36 (KHTML, like Gecko) Chrome/147.0.0.0 Safari/537.36"
103.136.23.85 - - [06/May/2026:13:16:42 +0000] "GET /wp-content/plugins/wp-store-locator/css/styles.min.css?ver=2.2.235 HTTP/1.1" 200 3368 "https://nipponia.nl/en/home/" "Mozilla/5.0 (Windows NT 10.0; Win64; x64) AppleWebKit/537.36 (KHTML, like Gecko) Chrome/147.0.0.0 Safari/537.36"
103.136.23.85 - - [06/May/2026:13:16:42 +0000] "GET /wp-content/cache/autoptimize/css/autoptimize_single_5b51e7d5730e4076121c9d8a880aac25.css?ver=6.1.10 HTTP/1.1" 200 14271 "https://nipponia.nl/en/home/" "Mozilla/5.0 (Windows NT 10.0; Win64; x64) AppleWebKit/537.36 (KHTML, like Gecko) Chrome/147.0.0.0 Safari/537.36"
103.136.23.85 - - [06/May/2026:13:16:42 +0000] "GET /wp-content/themes/airi-child/style.css?ver=6.1.10 HTTP/1.1" 200 258 "https://nipponia.nl/en/home/" "Mozilla/5.0 (Windows NT 10.0; Win64; x64) AppleWebKit/537.36 (KHTML, like Gecko) Chrome/147.0.0.0 Safari/537.36"
103.136.23.85 - - [06/May/2026:13:16:42 +0000] "GET /wp-content/themes/airi/css/font-awesome/css/all.min.css?ver=6.1.10 HTTP/1.1" 200 12863 "https://nipponia.nl/en/home/" "Mozilla/5.0 (Windows NT 10.0; Win64; x64) AppleWebKit/537.36 (KHTML, like Gecko) Chrome/147.0.0.0 Safari/537.36"
103.136.23.85 - - [06/May/2026:13:16:42 +0000] "GET /wp-content/cache/autoptimize/css/autoptimize_single_7bfada4d24aae1256c6c2c41879f015d.css?ver=2.0.4 HTTP/1.1" 200 2472 "https://nipponia.nl/en/home/" "Mozilla/5.0 (Windows NT 10.0; Win64; x64) AppleWebKit/537.36 (KHTML, like Gecko) Chrome/147.0.0.0 Safari/537.36"
103.136.23.85 - - [06/May/2026:13:16:42 +0000] "GET /wp-content/plugins/elementor/assets/lib/eicons/css/elementor-icons.min.css?ver=5.17.0 HTTP/1.1" 200 3969 "https://nipponia.nl/en/home/" "Mozilla/5.0 (Windows NT 10.0; Win64; x64) AppleWebKit/537.36 (KHTML, like Gecko) Chrome/147.0.0.0 Safari/537.36"
103.136.23.85 - - [06/May/2026:13:16:42 +0000] "GET /wp-content/plugins/elementor/assets/css/frontend-legacy.min.css?ver=3.10.1 HTTP/1.1" 200 708 "https://nipponia.nl/en/home/" "Mozilla/5.0 (Windows NT 10.0; Win64; x64) AppleWebKit/537.36 (KHTML, like Gecko) Chrome/147.0.0.0 Safari/537.36"
103.136.23.85 - - [06/May/2026:13:16:43 +0000] "GET /wp-content/plugins/elementor/assets/css/frontend.min.css?ver=3.10.1 HTTP/1.1" 200 19457 "https://nipponia.nl/en/home/" "Mozilla/5.0 (Windows NT 10.0; Win64; x64) AppleWebKit/537.36 (KHTML, like Gecko) Chrome/147.0.0.0 Safari/537.36"
103.136.23.85 - - [06/May/2026:13:16:43 +0000] "GET /wp-content/cache/autoptimize/css/autoptimize_single_20f15ecfaca3374b57a05300ef74a5e5.css?ver=1745828269 HTTP/1.1" 200 351 "https://nipponia.nl/en/home/" "Mozilla/5.0 (Windows NT 10.0; Win64; x64) AppleWebKit/537.36 (KHTML, like Gecko) Chrome/147.0.0.0 Safari/537.36"
103.136.23.85 - - [06/May/2026:13:16:43 +0000] "GET /wp-content/cache/autoptimize/css/autoptimize_single_04ea321a4b1aa8921a8b2e1782d261b2.css?ver=1747291980 HTTP/1.1" 200 505 "https://nipponia.nl/en/home/" "Mozilla/5.0 (Windows NT 10.0; Win64; x64) AppleWebKit/537.36 (KHTML, like Gecko) Chrome/147.0.0.0 Safari/537.36"
103.136.23.85 - - [06/May/2026:13:16:43 +0000] "GET /wp-includes/js/mediaelement/wp-mediaelement.min.css?ver=6.1.10 HTTP/1.1" 200 1156 "https://nipponia.nl/en/home/" "Mozilla/5.0 (Windows NT 10.0; Win64; x64) AppleWebKit/537.36 (KHTML, like Gecko) Chrome/147.0.0.0 Safari/537.36"
103.136.23.85 - - [06/May/2026:13:16:43 +0000] "GET /wp-includes/js/mediaelement/mediaelementplayer-legacy.min.css?ver=4.2.17 HTTP/1.1" 200 2592 "https://nipponia.nl/en/home/" "Mozilla/5.0 (Windows NT 10.0; Win64; x64) AppleWebKit/537.36 (KHTML, like Gecko) Chrome/147.0.0.0 Safari/537.36"
103.136.23.85 - - [06/May/2026:13:16:43 +0000] "GET /wp-content/uploads/2021/02/index-300x62.png HTTP/1.1" 200 21630 "https://nipponia.nl/en/home/" "Mozilla/5.0 (Windows NT 10.0; Win64; x64) AppleWebKit/537.36 (KHTML, like Gecko) Chrome/147.0.0.0 Safari/537.36"
103.136.23.85 - - [06/May/2026:13:16:43 +0000] "GET /wp-content/uploads/2021/02/index.png HTTP/1.1" 200 10087 "https://nipponia.nl/en/home/" "Mozilla/5.0 (Windows NT 10.0; Win64; x64) AppleWebKit/537.36 (KHTML, like Gecko) Chrome/147.0.0.0 Safari/537.36"
103.136.23.85 - - [06/May/2026:13:16:43 +0000] "GET /wp-includes/js/jquery/jquery.min.js?ver=3.6.1 HTTP/1.1" 200 30995 "https://nipponia.nl/en/home/" "Mozilla/5.0 (Windows NT 10.0; Win64; x64) AppleWebKit/537.36 (KHTML, like Gecko) Chrome/147.0.0.0 Safari/537.36"
103.136.23.85 - - [06/May/2026:13:16:44 +0000] "GET /wp-content/uploads/images/eviball.png HTTP/1.1" 200 3676 "https://nipponia.nl/en/home/" "Mozilla/5.0 (Windows NT 10.0; Win64; x64) AppleWebKit/537.36 (KHTML, like Gecko) Chrome/147.0.0.0 Safari/537.36"
103.136.23.85 - - [06/May/2026:13:16:44 +0000] "GET /wp-content/uploads/images/Volty.png HTTP/1.1" 200 5379 "https://nipponia.nl/en/home/" "Mozilla/5.0 (Windows NT 10.0; Win64; x64) AppleWebKit/537.36 (KHTML, like Gecko) Chrome/147.0.0.0 Safari/537.36"
103.136.23.85 - - [06/May/2026:13:16:44 +0000] "GET /wp-content/cache/autoptimize/css/autoptimize_single_26b4f0c3c1bcf76291fa4952fb7f04fb.css?ver=3.0.8 HTTP/1.1" 200 1369 "https://nipponia.nl/en/home/" "Mozilla/5.0 (Windows NT 10.0; Win64; x64) AppleWebKit/537.36 (KHTML, like Gecko) Chrome/147.0.0.0 Safari/537.36"
103.136.23.85 - - [06/May/2026:13:16:44 +0000] "GET /wp-content/uploads/images/elegance.png HTTP/1.1" 200 7658 "https://nipponia.nl/en/home/" "Mozilla/5.0 (Windows NT 10.0; Win64; x64) AppleWebKit/537.36 (KHTML, like Gecko) Chrome/147.0.0.0 Safari/537.36"
103.136.23.85 - - [06/May/2026:13:16:44 +0000] "GET /wp-content/plugins/elementor/assets/lib/animations/animations.min.css?ver=3.10.1 HTTP/1.1" 200 2592 "https://nipponia.nl/en/home/" "Mozilla/5.0 (Windows NT 10.0; Win64; x64) AppleWebKit/537.36 (KHTML, like Gecko) Chrome/147.0.0.0 Safari/537.36"
103.136.23.85 - - [06/May/2026:13:16:44 +0000] "GET /wp-includes/js/dist/vendor/regenerator-runtime.min.js?ver=0.13.9 HTTP/1.1" 200 2457 "https://nipponia.nl/en/home/" "Mozilla/5.0 (Windows NT 10.0; Win64; x64) AppleWebKit/537.36 (KHTML, like Gecko) Chrome/147.0.0.0 Safari/537.36"
103.136.23.85 - - [06/May/2026:13:16:44 +0000] "GET /wp-includes/js/dist/vendor/wp-polyfill.min.js?ver=3.15.0 HTTP/1.1" 200 6532 "https://nipponia.nl/en/home/" "Mozilla/5.0 (Windows NT 10.0; Win64; x64) AppleWebKit/537.36 (KHTML, like Gecko) Chrome/147.0.0.0 Safari/537.36"
103.136.23.85 - - [06/May/2026:13:16:44 +0000] "GET /wp-includes/js/wp-emoji-release.min.js?ver=6.1.10 HTTP/1.1" 200 5009 "https://nipponia.nl/en/home/" "Mozilla/5.0 (Windows NT 10.0; Win64; x64) AppleWebKit/537.36 (KHTML, like Gecko) Chrome/147.0.0.0 Safari/537.36"
103.136.23.85 - - [06/May/2026:13:16:44 +0000] "GET /wp-content/uploads/images/e-Rex.png HTTP/1.1" 200 7953 "https://nipponia.nl/en/home/" "Mozilla/5.0 (Windows NT 10.0; Win64; x64) AppleWebKit/537.36 (KHTML, like Gecko) Chrome/147.0.0.0 Safari/537.36"
103.136.23.85 - - [06/May/2026:13:16:45 +0000] "GET /wp-content/uploads/images/one.png HTTP/1.1" 200 3003 "https://nipponia.nl/en/home/" "Mozilla/5.0 (Windows NT 10.0; Win64; x64) AppleWebKit/537.36 (KHTML, like Gecko) Chrome/147.0.0.0 Safari/537.36"
103.136.23.85 - - [06/May/2026:13:16:45 +0000] "GET /wp-content/plugins/cookie-law-info/legacy/public/images/logo-cookieyes.svg HTTP/1.1" 200 1098 "https://nipponia.nl/en/home/" "Mozilla/5.0 (Windows NT 10.0; Win64; x64) AppleWebKit/537.36 (KHTML, like Gecko) Chrome/147.0.0.0 Safari/537.36"
103.136.23.85 - - [06/May/2026:13:16:45 +0000] "GET /wp-content/cache/autoptimize/js/autoptimize_cf679e5893ee5f2a92dcfca6e5be1faf.js HTTP/1.1" 200 167726 "https://nipponia.nl/en/home/" "Mozilla/5.0 (Windows NT 10.0; Win64; x64) AppleWebKit/537.36 (KHTML, like Gecko) Chrome/147.0.0.0 Safari/537.36"
103.136.23.85 - - [06/May/2026:13:16:46 +0000] "GET /wp-content/fonts/work-sans/font HTTP/1.1" 200 25976 "https://nipponia.nl/en/home/" "Mozilla/5.0 (Windows NT 10.0; Win64; x64) AppleWebKit/537.36 (KHTML, like Gecko) Chrome/147.0.0.0 Safari/537.36"
103.136.23.85 - - [06/May/2026:13:16:46 +0000] "GET /wp-content/themes/airi/css/font-awesome/webfonts/fa-solid-900.woff2 HTTP/1.1" 200 78083 "https://nipponia.nl/wp-content/themes/airi/css/font-awesome/css/all.min.css?ver=6.1.10" "Mozilla/5.0 (Windows NT 10.0; Win64; x64) AppleWebKit/537.36 (KHTML, like Gecko) Chrome/147.0.0.0 Safari/537.36"
103.136.23.85 - - [06/May/2026:13:16:48 +0000] "GET /wp-content/uploads/2021/03/cropped-1c_v_logo_hr_b-150x150.png HTTP/1.1" 200 12708 "https://nipponia.nl/en/home/" "Mozilla/5.0 (Windows NT 10.0; Win64; x64) AppleWebKit/537.36 (KHTML, like Gecko) Chrome/147.0.0.0 Safari/537.36"
103.136.23.85 - - [06/May/2026:13:17:39 +0000] "GET /wp-content/uploads/2022/10/banner-for-web-3.jpg HTTP/1.1" 200 279980 "https://nipponia.nl/en/home/" "Mozilla/5.0 (Windows NT 10.0; Win64; x64) AppleWebKit/537.36 (KHTML, like Gecko) Chrome/147.0.0.0 Safari/537.36"
103.136.23.85 - - [06/May/2026:13:17:39 +0000] "GET /wp-content/uploads/2022/10/2-fast-for-web.jpg HTTP/1.1" 200 194839 "https://nipponia.nl/en/home/" "Mozilla/5.0 (Windows NT 10.0; Win64; x64) AppleWebKit/537.36 (KHTML, like Gecko) Chrome/147.0.0.0 Safari/537.36"
103.136.23.85 - - [06/May/2026:13:17:39 +0000] "GET /wp-content/uploads/2023/07/Head-Banner-Site-1920-%C3%97-980-px-1920-%C3%97-880-px.mp4 HTTP/1.1" 206 2244106 "https://nipponia.nl/en/home/" "Mozilla/5.0 (Windows NT 10.0; Win64; x64) AppleWebKit/537.36 (KHTML, like Gecko) Chrome/147.0.0.0 Safari/537.36"
103.136.23.85 - - [06/May/2026:13:17:59 +0000] "GET /wp-content/uploads/2023/07/Head-Banner-Site-1920-%C3%97-980-px-1920-%C3%97-880-px.mp4 HTTP/1.1" 206 2012247 "https://nipponia.nl/en/home/" "Mozilla/5.0 (Windows NT 10.0; Win64; x64) AppleWebKit/537.36 (KHTML, like Gecko) Chrome/147.0.0.0 Safari/537.36"
114.119.137.167 - - [06/May/2026:13:18:25 +0000] "GET / HTTP/1.1" 302 - "https://www.trade-traffic.com/" "Mozilla/5.0 (Linux; Android 7.0;) AppleWebKit/537.36 (HTML, like Gecko) Mobile Safari/537.36 (compatible; PetalBot;+https://webmaster.petalsearch.com/site/petalbot)"
20.123.172.228 - - [06/May/2026:13:18:46 +0000] "POST /wp-cron.php?doing_wp_cron=1778073526.7821180820465087890625 HTTP/1.1" 200 - "https://nipponia.nl/wp-cron.php?doing_wp_cron=1778073526.7821180820465087890625" "WordPress/6.1.10; https://nipponia.nl"
114.119.137.167 - - [06/May/2026:13:18:35 +0000] "GET /en/home/ HTTP/1.1" 200 16606 "https://www.trade-traffic.com/" "Mozilla/5.0 (Linux; Android 7.0;) AppleWebKit/537.36 (HTML, like Gecko) Mobile Safari/537.36 (compatible; PetalBot;+https://webmaster.petalsearch.com/site/petalbot)"
86.90.208.71 - - [06/May/2026:13:20:10 +0000] "GET /wp-content/uploads/2021/05/Seat-1.jpg HTTP/1.1" 200 61001 "https://www.google.com/" "Mozilla/5.0 (Linux; Android 13; SM-A226B Build/TP1A.220624.014; wv) AppleWebKit/537.36 (KHTML, like Gecko) Version/4.0 Chrome/147.0.7727.137 Mobile Safari/537.36 GoogleApp/17.18.24.ve.arm64"
20.123.172.228 - - [06/May/2026:13:25:53 +0000] "POST /wp-cron.php?doing_wp_cron=1778073953.3281979560852050781250 HTTP/1.1" 200 - "https://nipponia.nl/wp-cron.php?doing_wp_cron=1778073953.3281979560852050781250" "WordPress/6.1.10; https://nipponia.nl"
43.166.242.189 - - [06/May/2026:13:25:39 +0000] "GET /nipponia-scooter-noord-holland/ HTTP/1.1" 200 16385 "-" "Mozilla/5.0 (iPhone; CPU iPhone OS 13_2_3 like Mac OS X) AppleWebKit/605.1.15 (KHTML, like Gecko) Version/13.0.3 Mobile/15E148 Safari/604.1"
20.123.172.228 - - [06/May/2026:13:26:06 +0000] "POST /wp-admin/admin-ajax.php?action=wordfence_testAjax HTTP/1.1" 200 32 "https://nipponia.nl/wp-admin/admin-ajax.php?action=wordfence_testAjax" "WordPress/6.1.10; https://nipponia.nl"
20.123.172.228 - - [06/May/2026:13:26:34 +0000] "POST /wp-cron.php?doing_wp_cron=1778073994.5622510910034179687500 HTTP/1.1" 200 - "https://nipponia.nl/wp-cron.php?doing_wp_cron=1778073994.5622510910034179687500" "WordPress/6.1.10; https://nipponia.nl"
54.71.203.174 - - [06/May/2026:13:26:21 +0000] "GET /wp-admin/admin-ajax.php?action=wordfence_doScan&isFork=0&scanMode=quick&cronKey=6687fe02901b388420422a0aaf4fcaaf&signature=3fcf99a538529de544b2111e92d93caacfc1e65d22e1b8c77ae4fc50848ca33b&remote=1 HTTP/1.1" 200 - "-" "Wordfence API/1.0 (+https://www.wordfence.com/help/api-callbacks/)"
20.123.172.228 - - [06/May/2026:13:27:53 +0000] "POST /wp-cron.php?doing_wp_cron=1778074073.2794640064239501953125 HTTP/1.1" 200 - "https://nipponia.nl/wp-cron.php?doing_wp_cron=1778074073.2794640064239501953125" "WordPress/6.1.10; https://nipponia.nl"
66.249.66.197 - - [06/May/2026:13:27:41 +0000] "GET /stores/123zorgwinkel/ HTTP/1.1" 200 13254 "-" "Mozilla/5.0 (Linux; Android 6.0.1; Nexus 5X Build/MMB29P) AppleWebKit/537.36 (KHTML, like Gecko) Chrome/147.0.7727.137 Mobile Safari/537.36 (compatible; Googlebot/2.1; +http://www.google.com/bot.html)"
20.123.172.228 - - [06/May/2026:13:28:15 +0000] "POST /wp-cron.php?doing_wp_cron=1778074094.9067161083221435546875 HTTP/1.1" 200 - "https://nipponia.nl/wp-cron.php?doing_wp_cron=1778074094.9067161083221435546875" "WordPress/6.1.10; https://nipponia.nl"
74.7.175.186 - - [06/May/2026:13:28:04 +0000] "GET /robots.txt HTTP/1.1" 200 122 "-" "Mozilla/5.0 (Macintosh; Intel Mac OS X 10_15_7) AppleWebKit/537.36 (KHTML, like Gecko) Chrome/131.0.0.0 Safari/537.36; compatible; OAI-SearchBot/1.3; robots.txt; +https://openai.com/searchbot"
104.28.30.75 - - [06/May/2026:13:29:32 +0000] "GET / HTTP/1.1" 200 16899 "-" "Mozilla/5.0 (iPhone; CPU iPhone OS 18_7 like Mac OS X) AppleWebKit/605.1.15 (KHTML, like Gecko) Version/26.4 Mobile/15E148 Safari/604.1"
17.246.23.141 - - [06/May/2026:13:29:56 +0000] "GET /wp-content/uploads/images/Volty.png HTTP/1.1" 200 5379 "-" "Mozilla/5.0 (Macintosh; Intel Mac OS X 10_15_7) AppleWebKit/605.1.15 (KHTML, like Gecko) Version/17.4 Safari/605.1.15 (Applebot/0.1; +http://www.apple.com/go/applebot)"
102.152.52.249 - - [06/May/2026:13:33:53 +0000] "GET /xmlrpc.php?rsd HTTP/1.1" 200 306 "-" "Mozilla/5.0 (iPhone; CPU iPhone OS 3_2_2 like Mac OS X) AppleWebKit/532.2 (KHTML, like Gecko) FxiOS/12.9n8854.0 Mobile/91I732 Safari/532.2"
149.34.216.79 - - [06/May/2026:13:34:11 +0000] "GET /xmlrpc.php?rsd HTTP/1.1" 200 306 "-" "Mozilla/5.0 (compatible; MSIE 9.0; Windows NT 6.2; Trident/5.1)"
74.7.241.5 - - [06/May/2026:13:34:06 +0000] "GET / HTTP/1.1" 200 16905 "-" "Mozilla/5.0 AppleWebKit/537.36 (KHTML, like Gecko; compatible; GPTBot/1.3; +https://openai.com/gptbot)"
74.7.241.5 - - [06/May/2026:13:34:30 +0000] "GET /over-ons/ HTTP/1.1" 200 15509 "https://nipponia.nl/" "Mozilla/5.0 AppleWebKit/537.36 (KHTML, like Gecko; compatible; GPTBot/1.3; +https://openai.com/gptbot)"
74.7.241.5 - - [06/May/2026:13:34:48 +0000] "GET /feed/ HTTP/1.1" 200 522 "https://nipponia.nl/" "Mozilla/5.0 AppleWebKit/537.36 (KHTML, like Gecko; compatible; GPTBot/1.3; +https://openai.com/gptbot)"
74.7.241.5 - - [06/May/2026:13:34:59 +0000] "GET /2fast-2/ HTTP/1.1" 200 21660 "https://nipponia.nl/" "Mozilla/5.0 AppleWebKit/537.36 (KHTML, like Gecko; compatible; GPTBot/1.3; +https://openai.com/gptbot)"
74.7.241.5 - - [06/May/2026:13:35:19 +0000] "GET /wp-json/wp/v2/pages/9195 HTTP/1.1" 200 5683 "https://nipponia.nl/" "Mozilla/5.0 AppleWebKit/537.36 (KHTML, like Gecko; compatible; GPTBot/1.3; +https://openai.com/gptbot)"
104.28.30.76 - - [06/May/2026:13:35:27 +0000] "GET /apple-touch-icon-precomposed.png HTTP/1.1" 404 11759 "-" "NetworkingExtension/8624.1.16.10.6 Network/5812.102.3 iOS/26.4.2"
104.28.30.76 - - [06/May/2026:13:35:27 +0000] "GET /apple-touch-icon.png HTTP/1.1" 404 11759 "-" "NetworkingExtension/8624.1.16.10.6 Network/5812.102.3 iOS/26.4.2"
104.28.30.76 - - [06/May/2026:13:35:27 +0000] "GET /favicon.ico HTTP/1.1" 302 - "-" "NetworkingExtension/8624.1.16.10.6 Network/5812.102.3 iOS/26.4.2"
104.28.30.76 - - [06/May/2026:13:35:50 +0000] "GET /wp-content/uploads/2021/03/cropped-1c_v_logo_hr_b-150x150.png HTTP/1.1" 200 12708 "-" "NetworkingExtension/8624.1.16.10.6 Network/5812.102.3 iOS/26.4.2"
74.7.241.5 - - [06/May/2026:13:35:36 +0000] "GET /?p=9220 HTTP/1.1" 301 - "https://nipponia.nl/over-ons/" "Mozilla/5.0 AppleWebKit/537.36 (KHTML, like Gecko; compatible; GPTBot/1.3; +https://openai.com/gptbot)"
104.28.30.76 - - [06/May/2026:13:35:27 +0000] "GET /pride-2/ HTTP/1.1" 200 20217 "-" "Mozilla/5.0 (Macintosh; Intel Mac OS X 10_11_1) AppleWebKit/601.2.4 (KHTML, like Gecko) Version/9.0.1 Safari/601.2.4 facebookexternalhit/1.1 Facebot Twitterbot/1.0"
104.28.30.76 - - [06/May/2026:13:35:57 +0000] "GET /wp-content/uploads/2022/06/Driewielscooter-Moto-Banner-updated-24-6-22.jpg HTTP/1.1" 200 160196 "-" "NetworkingExtension/8624.1.16.10.6 Network/5812.102.3 iOS/26.4.2"
104.28.30.76 - - [06/May/2026:13:35:57 +0000] "GET /wp-content/uploads/2021/04/Ignition-switch.jpg HTTP/1.1" 200 53724 "-" "NetworkingExtension/8624.1.16.10.6 Network/5812.102.3 iOS/26.4.2"
104.28.30.76 - - [06/May/2026:13:35:57 +0000] "GET /wp-content/uploads/2022/06/Driewielscooter-Moto-Banner-updated-24-6-22.jpg HTTP/1.1" 200 160196 "-" "NetworkingExtension/8624.1.16.10.6 Network/5812.102.3 iOS/26.4.2"
104.28.30.76 - - [06/May/2026:13:35:57 +0000] "GET /wp-content/uploads/2025/05/prideRange-without-word-new-model-May-2025-1024x1024.jpg HTTP/1.1" 200 107100 "-" "NetworkingExtension/8624.1.16.10.6 Network/5812.102.3 iOS/26.4.2"
74.7.241.5 - - [06/May/2026:13:35:53 +0000] "GET /?p=9585 HTTP/1.1" 301 - "https://nipponia.nl/2fast-2/" "Mozilla/5.0 AppleWebKit/537.36 (KHTML, like Gecko; compatible; GPTBot/1.3; +https://openai.com/gptbot)"
43.153.79.218 - - [06/May/2026:13:37:12 +0000] "GET /wp-json/wp/v2/pages/12003 HTTP/1.1" 200 5340 "-" "Mozilla/5.0 (iPhone; CPU iPhone OS 13_2_3 like Mac OS X) AppleWebKit/605.1.15 (KHTML, like Gecko) Version/13.0.3 Mobile/15E148 Safari/604.1"
84.29.9.212 - - [06/May/2026:13:40:18 +0000] "GET /wp-content/themes/airi/css/bootstrap/bootstrap.min.css?ver=1 HTTP/1.1" 200 20519 "-" "Mozilla/5.0 (Linux; Android 10; K) AppleWebKit/537.36 (KHTML, like Gecko) Chrome/147.0.0.0 Mobile Safari/537.36"
84.29.9.212 - - [06/May/2026:13:40:18 +0000] "GET /wp-content/plugins/premium-addons-for-elementor/assets/frontend/min-css/premium-addons.min.css?ver=4.10.82 HTTP/1.1" 200 45232 "-" "Mozilla/5.0 (Linux; Android 10; K) AppleWebKit/537.36 (KHTML, like Gecko) Chrome/147.0.0.0 Mobile Safari/537.36"
84.29.9.212 - - [06/May/2026:13:40:18 +0000] "GET /wp-includes/css/dist/block-library/style.min.css?ver=6.1.10 HTTP/1.1" 200 12540 "-" "Mozilla/5.0 (Linux; Android 10; K) AppleWebKit/537.36 (KHTML, like Gecko) Chrome/147.0.0.0 Mobile Safari/537.36"
84.29.9.212 - - [06/May/2026:13:40:18 +0000] "GET /wp-includes/css/classic-themes.min.css?ver=1 HTTP/1.1" 200 189 "-" "Mozilla/5.0 (Linux; Android 10; K) AppleWebKit/537.36 (KHTML, like Gecko) Chrome/147.0.0.0 Mobile Safari/537.36"
84.29.9.212 - - [06/May/2026:13:40:18 +0000] "GET /wp-content/cache/autoptimize/css/autoptimize_single_20e8490fab0dcf7557a5c8b54494db6f.css?ver=3.0.8 HTTP/1.1" 200 772 "-" "Mozilla/5.0 (Linux; Android 10; K) AppleWebKit/537.36 (KHTML, like Gecko) Chrome/147.0.0.0 Mobile Safari/537.36"
84.29.9.212 - - [06/May/2026:13:40:18 +0000] "GET /wp-content/cache/autoptimize/css/autoptimize_single_359aca8a88b2331aa34ac505acad9911.css?ver=3.0.8 HTTP/1.1" 200 3809 "-" "Mozilla/5.0 (Linux; Android 10; K) AppleWebKit/537.36 (KHTML, like Gecko) Chrome/147.0.0.0 Mobile Safari/537.36"
84.29.9.212 - - [06/May/2026:13:40:18 +0000] "GET /wp-content/cache/autoptimize/css/autoptimize_single_0e4a098f3f6e3faede64db8b9da80ba2.css?ver=5.7.7 HTTP/1.1" 200 877 "-" "Mozilla/5.0 (Linux; Android 10; K) AppleWebKit/537.36 (KHTML, like Gecko) Chrome/147.0.0.0 Mobile Safari/537.36"
84.29.9.212 - - [06/May/2026:13:40:18 +0000] "GET /wp-content/plugins/wp-store-locator/css/styles.min.css?ver=2.2.235 HTTP/1.1" 200 3368 "-" "Mozilla/5.0 (Linux; Android 10; K) AppleWebKit/537.36 (KHTML, like Gecko) Chrome/147.0.0.0 Mobile Safari/537.36"
84.29.9.212 - - [06/May/2026:13:40:18 +0000] "GET /wp-content/themes/airi-child/style.css?ver=6.1.10 HTTP/1.1" 200 258 "-" "Mozilla/5.0 (Linux; Android 10; K) AppleWebKit/537.36 (KHTML, like Gecko) Chrome/147.0.0.0 Mobile Safari/537.36"
84.29.9.212 - - [06/May/2026:13:40:18 +0000] "GET /wp-content/cache/autoptimize/css/autoptimize_single_5b51e7d5730e4076121c9d8a880aac25.css?ver=6.1.10 HTTP/1.1" 200 14271 "-" "Mozilla/5.0 (Linux; Android 10; K) AppleWebKit/537.36 (KHTML, like Gecko) Chrome/147.0.0.0 Mobile Safari/537.36"
84.29.9.212 - - [06/May/2026:13:40:18 +0000] "GET / HTTP/1.1" 200 16905 "https://www.google.com/" "Mozilla/5.0 (Linux; Android 10; K) AppleWebKit/537.36 (KHTML, like Gecko) Chrome/147.0.0.0 Mobile Safari/537.36"
84.29.9.212 - - [06/May/2026:13:40:35 +0000] "GET / HTTP/1.1" 200 16905 "https://www.google.com/" "Mozilla/5.0 (Linux; Android 10; K) AppleWebKit/537.36 (KHTML, like Gecko) Chrome/147.0.0.0 Mobile Safari/537.36"
104.28.30.76 - - [06/May/2026:13:43:31 +0000] "GET /favicon.ico HTTP/1.1" 302 - "-" "NetworkingExtension/8624.1.16.10.6 Network/5812.102.3 iOS/26.4.2"
104.28.30.76 - - [06/May/2026:13:43:44 +0000] "GET /wp-content/uploads/2021/03/cropped-1c_v_logo_hr_b-150x150.png HTTP/1.1" 200 12708 "-" "NetworkingExtension/8624.1.16.10.6 Network/5812.102.3 iOS/26.4.2"
104.28.30.76 - - [06/May/2026:13:43:31 +0000] "GET /apple-touch-icon-precomposed.png HTTP/1.1" 404 11759 "-" "NetworkingExtension/8624.1.16.10.6 Network/5812.102.3 iOS/26.4.2"
104.28.30.76 - - [06/May/2026:13:43:31 +0000] "GET /pride-2/ HTTP/1.1" 200 20217 "-" "Mozilla/5.0 (Macintosh; Intel Mac OS X 10_11_1) AppleWebKit/601.2.4 (KHTML, like Gecko) Version/9.0.1 Safari/601.2.4 facebookexternalhit/1.1 Facebot Twitterbot/1.0"
104.28.30.76 - - [06/May/2026:13:43:55 +0000] "GET /wp-content/uploads/2022/06/Driewielscooter-Moto-Banner-updated-24-6-22.jpg HTTP/1.1" 200 160196 "-" "NetworkingExtension/8624.1.16.10.6 Network/5812.102.3 iOS/26.4.2"
104.28.30.76 - - [06/May/2026:13:43:55 +0000] "GET /wp-content/uploads/2022/06/Driewielscooter-Moto-Banner-updated-24-6-22.jpg HTTP/1.1" 200 160196 "-" "NetworkingExtension/8624.1.16.10.6 Network/5812.102.3 iOS/26.4.2"
104.28.30.76 - - [06/May/2026:13:43:55 +0000] "GET /wp-content/uploads/2021/04/Ignition-switch.jpg HTTP/1.1" 200 53724 "-" "NetworkingExtension/8624.1.16.10.6 Network/5812.102.3 iOS/26.4.2"
104.28.30.76 - - [06/May/2026:13:43:55 +0000] "GET /wp-content/uploads/2025/05/prideRange-without-word-new-model-May-2025-1024x1024.jpg HTTP/1.1" 200 107100 "-" "NetworkingExtension/8624.1.16.10.6 Network/5812.102.3 iOS/26.4.2"
104.28.30.76 - - [06/May/2026:13:43:31 +0000] "GET /apple-touch-icon.png HTTP/1.1" 404 11759 "-" "NetworkingExtension/8624.1.16.10.6 Network/5812.102.3 iOS/26.4.2"
85.208.96.196 - - [06/May/2026:13:45:57 +0000] "GET /robots.txt HTTP/1.1" 200 122 "-" "Mozilla/5.0 (compatible; SemrushBot/7~bl; +http://www.semrush.com/bot.html)"
85.208.96.205 - - [06/May/2026:13:46:09 +0000] "GET /stores/alblas-tweewielers/ HTTP/1.1" 200 13290 "-" "Mozilla/5.0 (compatible; SemrushBot/7~bl; +http://www.semrush.com/bot.html)"
170.106.147.63 - - [06/May/2026:13:46:21 +0000] "GET /wp-json/oembed/1.0/embed?url=https%3A%2F%2Fnipponia.nl%2Felektrische-scooter-zwolle%2F&format=xml HTTP/1.1" 200 1379 "-" "Mozilla/5.0 (iPhone; CPU iPhone OS 13_2_3 like Mac OS X) AppleWebKit/605.1.15 (KHTML, like Gecko) Version/13.0.3 Mobile/15E148 Safari/604.1"
84.29.9.212 - - [06/May/2026:13:47:27 +0000] "GET /elektrische/ HTTP/1.1" 200 17377 "https://www.google.com/" "Mozilla/5.0 (Linux; Android 10; K) AppleWebKit/537.36 (KHTML, like Gecko) Chrome/147.0.0.0 Mobile Safari/537.36"
84.29.9.212 - - [06/May/2026:13:47:46 +0000] "GET /dealer-netwerk/ HTTP/1.1" 200 16229 "https://www.google.com/" "Mozilla/5.0 (Linux; Android 10; K) AppleWebKit/537.36 (KHTML, like Gecko) Chrome/147.0.0.0 Mobile Safari/537.36"
103.136.23.85 - - [06/May/2026:13:50:14 +0000] "GET / HTTP/1.1" 302 - "-" "Mozilla/5.0 (Windows NT 10.0; Win64; x64) AppleWebKit/537.36 (KHTML, like Gecko) Chrome/147.0.0.0 Safari/537.36"
39.40.168.9 - - [06/May/2026:13:51:58 +0000] "GET / HTTP/1.1" 302 - "-" "Mozilla/5.0 (Linux; Android 7.1.1; OPPO R9sk Build/NMF26F) AppleWebKit/537.36 (KHTML, like Gecko) Version/4.0 Chrome/70.0.3538.80 Mobile Safari/537.36 360 Alitephone Browser (1.5.0.90/1.0.100.1078) mso_sdk(1.0.0)"
20.123.172.228 - - [06/May/2026:13:52:19 +0000] "POST /wp-cron.php?doing_wp_cron=1778075539.3798480033874511718750 HTTP/1.1" 200 - "https://nipponia.nl/wp-cron.php?doing_wp_cron=1778075539.3798480033874511718750" "WordPress/6.1.10; https://nipponia.nl"
66.249.66.167 - - [06/May/2026:13:52:07 +0000] "GET /stores/bnm-motoren/ HTTP/1.1" 200 13232 "-" "Mozilla/5.0 (Linux; Android 6.0.1; Nexus 5X Build/MMB29P) AppleWebKit/537.36 (KHTML, like Gecko) Chrome/147.0.7727.137 Mobile Safari/537.36 (compatible; Googlebot/2.1; +http://www.google.com/bot.html)"
