23.21.204.95 - - [07/May/2026:02:57:05 +0000] "GET /robots.txt HTTP/1.1" 200 122 "-" "Mozilla/5.0 AppleWebKit/537.36 (KHTML, like Gecko; compatible; Amazonbot/0.1; +https://developer.amazon.com/support/amazonbot) Chrome/119.0.6045.214 Safari/537.36"
93.123.109.214 - - [07/May/2026:02:57:07 +0000] "GET / HTTP/1.1" 200 16906 "https://europe.nipponia.com" "Mozilla/5.0 (Windows NT 10.0; Win64; x64; rv:133.0) Gecko/20100101 Firefox/133.0"
54.68.32.247 - - [07/May/2026:02:57:13 +0000] "GET /wp-admin/admin-ajax.php?action=wordfence_doScan&isFork=1&scanMode=standard&cronKey=8878a2ee40f93a26679083af3c1243ab&signature=d92be2cc58a99dc38b2ad9672188a872eb8fbfaeedb9c6fb7e2c19ad2769ff60&remote=1 HTTP/1.1" 200 - "-" "Wordfence API/1.0 (+https://www.wordfence.com/help/api-callbacks/)"
20.123.172.228 - - [07/May/2026:02:58:06 +0000] "POST /wp-cron.php?doing_wp_cron=1778122686.0967779159545898437500 HTTP/1.1" 200 - "https://nipponia.nl/wp-cron.php?doing_wp_cron=1778122686.0967779159545898437500" "WordPress/6.1.10; https://nipponia.nl"
47.128.122.118 - - [07/May/2026:02:58:08 +0000] "GET /stores/de-gereedschapshop/ HTTP/1.1" 404 11758 "-" "Mozilla/5.0 (Linux; Android 5.0) AppleWebKit/537.36 (KHTML, like Gecko) Mobile Safari/537.36 (compatible; TikTokSpider; ttspider-feedback@tiktok.com)"
47.128.122.118 - - [07/May/2026:02:58:24 +0000] "GET /wp-content/themes/airi/css/bootstrap/bootstrap.min.css?ver=1 HTTP/1.1" 200 20519 "https://nipponia.nl/stores/de-gereedschapshop/" "Mozilla/5.0 (Linux; Android 5.0) AppleWebKit/537.36 (KHTML, like Gecko) Mobile Safari/537.36 (compatible; TikTokSpider; ttspider-feedback@tiktok.com)"
47.128.122.118 - - [07/May/2026:02:58:25 +0000] "GET /wp-content/plugins/premium-addons-for-elementor/assets/frontend/min-css/premium-addons.min.css?ver=4.10.82 HTTP/1.1" 200 45232 "https://nipponia.nl/stores/de-gereedschapshop/" "Mozilla/5.0 (Linux; Android 5.0) AppleWebKit/537.36 (KHTML, like Gecko) Mobile Safari/537.36 (compatible; TikTokSpider; ttspider-feedback@tiktok.com)"
47.128.122.118 - - [07/May/2026:02:58:25 +0000] "GET /wp-includes/css/dist/block-library/style.min.css?ver=6.1.10 HTTP/1.1" 200 12540 "https://nipponia.nl/stores/de-gereedschapshop/" "Mozilla/5.0 (Linux; Android 5.0) AppleWebKit/537.36 (KHTML, like Gecko) Mobile Safari/537.36 (compatible; TikTokSpider; ttspider-feedback@tiktok.com)"
47.128.122.118 - - [07/May/2026:02:58:25 +0000] "GET /wp-content/cache/autoptimize/css/autoptimize_single_0e4a098f3f6e3faede64db8b9da80ba2.css?ver=5.7.7 HTTP/1.1" 200 877 "https://nipponia.nl/stores/de-gereedschapshop/" "Mozilla/5.0 (Linux; Android 5.0) AppleWebKit/537.36 (KHTML, like Gecko) Mobile Safari/537.36 (compatible; TikTokSpider; ttspider-feedback@tiktok.com)"
47.128.122.118 - - [07/May/2026:02:58:25 +0000] "GET /wp-includes/css/classic-themes.min.css?ver=1 HTTP/1.1" 200 189 "https://nipponia.nl/stores/de-gereedschapshop/" "Mozilla/5.0 (Linux; Android 5.0) AppleWebKit/537.36 (KHTML, like Gecko) Mobile Safari/537.36 (compatible; TikTokSpider; ttspider-feedback@tiktok.com)"
47.128.122.118 - - [07/May/2026:02:58:25 +0000] "GET /wp-content/cache/autoptimize/css/autoptimize_single_359aca8a88b2331aa34ac505acad9911.css?ver=3.0.8 HTTP/1.1" 200 3809 "https://nipponia.nl/stores/de-gereedschapshop/" "Mozilla/5.0 (Linux; Android 5.0) AppleWebKit/537.36 (KHTML, like Gecko) Mobile Safari/537.36 (compatible; TikTokSpider; ttspider-feedback@tiktok.com)"
47.128.122.118 - - [07/May/2026:02:58:25 +0000] "GET /wp-content/cache/autoptimize/css/autoptimize_single_20e8490fab0dcf7557a5c8b54494db6f.css?ver=3.0.8 HTTP/1.1" 200 772 "https://nipponia.nl/stores/de-gereedschapshop/" "Mozilla/5.0 (Linux; Android 5.0) AppleWebKit/537.36 (KHTML, like Gecko) Mobile Safari/537.36 (compatible; TikTokSpider; ttspider-feedback@tiktok.com)"
47.128.122.118 - - [07/May/2026:02:58:25 +0000] "GET /wp-content/cache/autoptimize/css/autoptimize_single_5b51e7d5730e4076121c9d8a880aac25.css?ver=6.1.10 HTTP/1.1" 200 14271 "https://nipponia.nl/stores/de-gereedschapshop/" "Mozilla/5.0 (Linux; Android 5.0) AppleWebKit/537.36 (KHTML, like Gecko) Mobile Safari/537.36 (compatible; TikTokSpider; ttspider-feedback@tiktok.com)"
47.128.122.118 - - [07/May/2026:02:58:25 +0000] "GET /wp-content/plugins/wp-store-locator/css/styles.min.css?ver=2.2.235 HTTP/1.1" 200 3368 "https://nipponia.nl/stores/de-gereedschapshop/" "Mozilla/5.0 (Linux; Android 5.0) AppleWebKit/537.36 (KHTML, like Gecko) Mobile Safari/537.36 (compatible; TikTokSpider; ttspider-feedback@tiktok.com)"
47.128.122.118 - - [07/May/2026:02:58:25 +0000] "GET /wp-content/themes/airi-child/style.css?ver=6.1.10 HTTP/1.1" 200 258 "https://nipponia.nl/stores/de-gereedschapshop/" "Mozilla/5.0 (Linux; Android 5.0) AppleWebKit/537.36 (KHTML, like Gecko) Mobile Safari/537.36 (compatible; TikTokSpider; ttspider-feedback@tiktok.com)"
47.128.122.118 - - [07/May/2026:02:58:25 +0000] "GET /wp-content/cache/autoptimize/css/autoptimize_single_7bfada4d24aae1256c6c2c41879f015d.css?ver=2.0.4 HTTP/1.1" 200 2472 "https://nipponia.nl/stores/de-gereedschapshop/" "Mozilla/5.0 (Linux; Android 5.0) AppleWebKit/537.36 (KHTML, like Gecko) Mobile Safari/537.36 (compatible; TikTokSpider; ttspider-feedback@tiktok.com)"
47.128.122.118 - - [07/May/2026:02:58:25 +0000] "GET /wp-content/themes/airi/css/font-awesome/css/all.min.css?ver=6.1.10 HTTP/1.1" 200 12863 "https://nipponia.nl/stores/de-gereedschapshop/" "Mozilla/5.0 (Linux; Android 5.0) AppleWebKit/537.36 (KHTML, like Gecko) Mobile Safari/537.36 (compatible; TikTokSpider; ttspider-feedback@tiktok.com)"
47.128.122.118 - - [07/May/2026:02:58:25 +0000] "GET /wp-content/uploads/2021/02/index.png HTTP/1.1" 206 500 "https://nipponia.nl/stores/de-gereedschapshop/" "Mozilla/5.0 (Linux; Android 5.0) AppleWebKit/537.36 (KHTML, like Gecko) Mobile Safari/537.36 (compatible; TikTokSpider; ttspider-feedback@tiktok.com)"
47.128.122.118 - - [07/May/2026:02:58:25 +0000] "GET /wp-content/uploads/2021/02/index-300x62.png HTTP/1.1" 206 500 "https://nipponia.nl/stores/de-gereedschapshop/" "Mozilla/5.0 (Linux; Android 5.0) AppleWebKit/537.36 (KHTML, like Gecko) Mobile Safari/537.36 (compatible; TikTokSpider; ttspider-feedback@tiktok.com)"
47.128.122.118 - - [07/May/2026:02:58:25 +0000] "GET /wp-content/uploads/images/Volty.png HTTP/1.1" 206 500 "https://nipponia.nl/stores/de-gereedschapshop/" "Mozilla/5.0 (Linux; Android 5.0) AppleWebKit/537.36 (KHTML, like Gecko) Mobile Safari/537.36 (compatible; TikTokSpider; ttspider-feedback@tiktok.com)"
47.128.122.118 - - [07/May/2026:02:58:25 +0000] "GET /wp-content/uploads/images/eviball.png HTTP/1.1" 206 500 "https://nipponia.nl/stores/de-gereedschapshop/" "Mozilla/5.0 (Linux; Android 5.0) AppleWebKit/537.36 (KHTML, like Gecko) Mobile Safari/537.36 (compatible; TikTokSpider; ttspider-feedback@tiktok.com)"
47.128.122.118 - - [07/May/2026:02:58:25 +0000] "GET /wp-content/uploads/images/e-Rex.png HTTP/1.1" 206 500 "https://nipponia.nl/stores/de-gereedschapshop/" "Mozilla/5.0 (Linux; Android 5.0) AppleWebKit/537.36 (KHTML, like Gecko) Mobile Safari/537.36 (compatible; TikTokSpider; ttspider-feedback@tiktok.com)"
47.128.122.118 - - [07/May/2026:02:58:25 +0000] "GET /wp-content/uploads/images/elegance.png HTTP/1.1" 206 500 "https://nipponia.nl/stores/de-gereedschapshop/" "Mozilla/5.0 (Linux; Android 5.0) AppleWebKit/537.36 (KHTML, like Gecko) Mobile Safari/537.36 (compatible; TikTokSpider; ttspider-feedback@tiktok.com)"
47.128.122.118 - - [07/May/2026:02:58:26 +0000] "GET /wp-content/uploads/images/one.png HTTP/1.1" 206 500 "https://nipponia.nl/stores/de-gereedschapshop/" "Mozilla/5.0 (Linux; Android 5.0) AppleWebKit/537.36 (KHTML, like Gecko) Mobile Safari/537.36 (compatible; TikTokSpider; ttspider-feedback@tiktok.com)"
47.128.122.118 - - [07/May/2026:02:58:26 +0000] "GET /wp-content/plugins/cookie-law-info/legacy/public/images/logo-cookieyes.svg HTTP/1.1" 206 500 "https://nipponia.nl/stores/de-gereedschapshop/" "Mozilla/5.0 (Linux; Android 5.0) AppleWebKit/537.36 (KHTML, like Gecko) Mobile Safari/537.36 (compatible; TikTokSpider; ttspider-feedback@tiktok.com)"
47.128.122.118 - - [07/May/2026:02:58:26 +0000] "GET /wp-content/plugins/cookie-law-info/legacy/public/images/logo-cookieyes.svg HTTP/1.1" 200 1098 "https://nipponia.nl/stores/de-gereedschapshop/" "Mozilla/5.0 (Linux; Android 5.0) AppleWebKit/537.36 (KHTML, like Gecko) Mobile Safari/537.36 (compatible; TikTokSpider; ttspider-feedback@tiktok.com)"
44.235.211.232 - - [07/May/2026:02:57:50 +0000] "GET /wp-admin/admin-ajax.php?action=wordfence_doScan&isFork=1&scanMode=standard&cronKey=3e23e871c9cbbe585d2c5df0702e9747&signature=314955416b2e92e53dd7c2dea71d86654fe40bf0dc6df3664713f4a637ffa7d1&remote=1 HTTP/1.1" 200 - "-" "Wordfence API/1.0 (+https://www.wordfence.com/help/api-callbacks/)"
54.39.210.6 - - [07/May/2026:02:58:29 +0000] "GET /robots.txt HTTP/1.1" 200 122 "-" "Mozilla/5.0 (compatible; AhrefsBot/7.0; +http://ahrefs.com/robot/)"
20.123.172.228 - - [07/May/2026:02:58:42 +0000] "POST /wp-cron.php?doing_wp_cron=1778122722.3246979713439941406250 HTTP/1.1" 200 - "https://nipponia.nl/wp-cron.php?doing_wp_cron=1778122722.3246979713439941406250" "WordPress/6.1.10; https://nipponia.nl"
54.37.118.77 - - [07/May/2026:02:58:44 +0000] "GET /elektrische-step-ilark-doohan/ HTTP/1.1" 200 16587 "-" "Mozilla/5.0 (compatible; AhrefsBot/7.0; +http://ahrefs.com/robot/)"
54.68.32.247 - - [07/May/2026:02:58:30 +0000] "GET /wp-admin/admin-ajax.php?action=wordfence_doScan&isFork=1&scanMode=standard&cronKey=75e0b3735aacc4e2b6369af2ea12aa0c&signature=e25357d959152840f542b67833e89b13c85cb28c2f6b02ecb80b019d49f2b2b8&remote=1 HTTP/1.1" 200 - "-" "Wordfence API/1.0 (+https://www.wordfence.com/help/api-callbacks/)"
54.68.32.247 - - [07/May/2026:02:59:06 +0000] "GET /wp-admin/admin-ajax.php?action=wordfence_doScan&isFork=1&scanMode=standard&cronKey=f557b7f846665aaefaa8393a8f5ca73e&signature=b9ad59fa7dde90bed80813d2a5fdc9fb247f4ee65bad78e8dfa0ab37f1a96296&remote=1 HTTP/1.1" 200 - "-" "Wordfence API/1.0 (+https://www.wordfence.com/help/api-callbacks/)"
54.71.203.174 - - [07/May/2026:02:59:42 +0000] "GET /wp-admin/admin-ajax.php?action=wordfence_doScan&isFork=1&scanMode=standard&cronKey=69af6d4913d440581d2c63fa1ac962e6&signature=41ee74b7e1fa201605fbfe45d48fc8123b95e9fed28c736f4441a869f2e74270&remote=1 HTTP/1.1" 200 - "-" "Wordfence API/1.0 (+https://www.wordfence.com/help/api-callbacks/)"
20.123.172.228 - - [07/May/2026:03:00:45 +0000] "POST /wp-cron.php?doing_wp_cron=1778122845.1838951110839843750000 HTTP/1.1" 200 - "https://nipponia.nl/wp-cron.php?doing_wp_cron=1778122845.1838951110839843750000" "WordPress/6.1.10; https://nipponia.nl"
44.235.211.232 - - [07/May/2026:03:00:23 +0000] "GET /wp-admin/admin-ajax.php?action=wordfence_doScan&isFork=1&scanMode=standard&cronKey=3e5286990d47e031c7e2621a7bbdfe28&signature=9526527f9d399fc55d92e106bf0f25ca380581031710a264872d645dcdc388d0&remote=1 HTTP/1.1" 200 - "-" "Wordfence API/1.0 (+https://www.wordfence.com/help/api-callbacks/)"
44.235.211.232 - - [07/May/2026:03:01:09 +0000] "GET /wp-admin/admin-ajax.php?action=wordfence_doScan&isFork=1&scanMode=standard&cronKey=ff787f0c30cb0c3b90565416223edb99&signature=a86f3a49dddb87656b9dc75a88aab1d7e9c7ccd79c20efa5ffa5e8e0a5b51b65&remote=1 HTTP/1.1" 200 - "-" "Wordfence API/1.0 (+https://www.wordfence.com/help/api-callbacks/)"
20.123.172.228 - - [07/May/2026:03:02:02 +0000] "POST /wp-cron.php?doing_wp_cron=1778122921.9361510276794433593750 HTTP/1.1" 200 - "https://nipponia.nl/wp-cron.php?doing_wp_cron=1778122921.9361510276794433593750" "WordPress/6.1.10; https://nipponia.nl"
54.71.203.174 - - [07/May/2026:03:01:47 +0000] "GET /wp-admin/admin-ajax.php?action=wordfence_doScan&isFork=1&scanMode=standard&cronKey=633fc4417b0d0c6c5eb36ef647350156&signature=9a1e97af6b96fbcc119a2e54adbbd80b5259007b30e7471f758cf77012771579&remote=1 HTTP/1.1" 200 - "-" "Wordfence API/1.0 (+https://www.wordfence.com/help/api-callbacks/)"
47.128.122.0 - - [07/May/2026:03:02:21 +0000] "GET /robots.txt HTTP/1.1" 200 169 "-" "-"
20.123.172.228 - - [07/May/2026:03:02:38 +0000] "POST /wp-cron.php?doing_wp_cron=1778122958.7729589939117431640625 HTTP/1.1" 200 - "https://nipponia.nl/wp-cron.php?doing_wp_cron=1778122958.7729589939117431640625" "WordPress/6.1.10; https://nipponia.nl"
44.235.211.232 - - [07/May/2026:03:02:24 +0000] "GET /wp-admin/admin-ajax.php?action=wordfence_doScan&isFork=1&scanMode=standard&cronKey=788919d16094b74f95b795c5cf7abd05&signature=883bc4c013a9a23073c29c8c9bc20b4e7ff223f7bf7aa681d9168033642eeeb3&remote=1 HTTP/1.1" 200 - "-" "Wordfence API/1.0 (+https://www.wordfence.com/help/api-callbacks/)"
44.235.211.232 - - [07/May/2026:03:03:01 +0000] "GET /wp-admin/admin-ajax.php?action=wordfence_doScan&isFork=1&scanMode=standard&cronKey=c11de495daa31564763149c8e116782d&signature=473f48319df697973cdc6785b78d962177ea7184e296d5ac330b38b0bf2ce0ab&remote=1 HTTP/1.1" 200 - "-" "Wordfence API/1.0 (+https://www.wordfence.com/help/api-callbacks/)"
51.68.247.219 - - [07/May/2026:03:03:43 +0000] "GET /wp-content/cache/autoptimize/css/autoptimize_single_d281980903e06e348248fe87bed67f2d.css?ver=1745931261 HTTP/1.1" 200 1151 "-" "Mozilla/5.0 (compatible; AhrefsBot/7.0; +http://ahrefs.com/robot/)"
20.123.172.228 - - [07/May/2026:03:03:52 +0000] "POST /wp-cron.php?doing_wp_cron=1778123032.2270920276641845703125 HTTP/1.1" 200 - "https://nipponia.nl/wp-cron.php?doing_wp_cron=1778123032.2270920276641845703125" "WordPress/6.1.10; https://nipponia.nl"
54.68.32.247 - - [07/May/2026:03:03:37 +0000] "GET /wp-admin/admin-ajax.php?action=wordfence_doScan&isFork=1&scanMode=standard&cronKey=513511a76dc03336754a44b264f2a1eb&signature=37bc998613ca9a4753fdbf9d68af633a7dbb4c79d432927f996263a36f870d8a&remote=1 HTTP/1.1" 200 - "-" "Wordfence API/1.0 (+https://www.wordfence.com/help/api-callbacks/)"
54.71.203.174 - - [07/May/2026:03:04:15 +0000] "GET /wp-admin/admin-ajax.php?action=wordfence_doScan&isFork=1&scanMode=standard&cronKey=e2611aadf68d8ef6ab592733e276a6a8&signature=7cb90c5e4f9041b62d843653e3c6430a22c6cd8edde4999f037ce215143917f2&remote=1 HTTP/1.1" 200 - "-" "Wordfence API/1.0 (+https://www.wordfence.com/help/api-callbacks/)"
20.123.172.228 - - [07/May/2026:03:05:05 +0000] "POST /wp-cron.php?doing_wp_cron=1778123105.2578730583190917968750 HTTP/1.1" 200 - "https://nipponia.nl/wp-cron.php?doing_wp_cron=1778123105.2578730583190917968750" "WordPress/6.1.10; https://nipponia.nl"
18.214.138.148 - - [07/May/2026:03:05:06 +0000] "GET /robots.txt HTTP/1.1" 200 122 "-" "Mozilla/5.0 AppleWebKit/537.36 (KHTML, like Gecko; compatible; Amazonbot/0.1; +https://developer.amazon.com/support/amazonbot) Chrome/119.0.6045.214 Safari/537.36"
54.68.32.247 - - [07/May/2026:03:04:50 +0000] "GET /wp-admin/admin-ajax.php?action=wordfence_doScan&isFork=1&scanMode=standard&cronKey=df2b5beccef728c69a1abbb2917137b6&signature=a86b9cdbf6fdd7f267b38f09c1032223090f44a804545a058f458da662fd673e&remote=1 HTTP/1.1" 200 - "-" "Wordfence API/1.0 (+https://www.wordfence.com/help/api-callbacks/)"
20.123.172.228 - - [07/May/2026:03:05:41 +0000] "POST /wp-cron.php?doing_wp_cron=1778123141.4087390899658203125000 HTTP/1.1" 200 - "https://nipponia.nl/wp-cron.php?doing_wp_cron=1778123141.4087390899658203125000" "WordPress/6.1.10; https://nipponia.nl"
195.178.110.223 - - [07/May/2026:03:05:38 +0000] "GET / HTTP/1.1" 200 16906 "-" "Mozilla/5.0 (Windows NT 10.0; Win64; x64) AppleWebKit/537.36 (KHTML, like Gecko) Chrome/131.0.0.0 Safari/537.36"
54.71.203.174 - - [07/May/2026:03:05:28 +0000] "GET /wp-admin/admin-ajax.php?action=wordfence_doScan&isFork=1&scanMode=standard&cronKey=5232e3524da616b970b3988a21dc1e85&signature=0ae9cf001e0e8f70b5611a59ae0092a7dec903df358572c828221a0e37008df1&remote=1 HTTP/1.1" 200 - "-" "Wordfence API/1.0 (+https://www.wordfence.com/help/api-callbacks/)"
216.173.113.103 - - [07/May/2026:03:05:57 +0000] "GET /wp-content/plugins/geeky-bot/readme.txt HTTP/1.1" 404 11758 "-" "Mozilla/5.0 (Windows NT 10.0; Win64; x64) AppleWebKit/537.36 (KHTML, like Gecko) Chrome/147.0.0.0 Safari/537.36"
20.123.172.228 - - [07/May/2026:03:06:07 +0000] "POST /?wordfence_syncAttackData=1778123167.1881 HTTP/1.1" 200 - "https://nipponia.nl/?wordfence_syncAttackData=1778123167.1881" "WordPress/6.1.10; https://nipponia.nl"
216.173.113.103 - - [07/May/2026:03:06:13 +0000] "GET /wp-content/plugins/geeky-bot/readme.md HTTP/1.1" 404 11758 "-" "Mozilla/5.0 (Windows NT 10.0; Win64; x64) AppleWebKit/537.36 (KHTML, like Gecko) Chrome/147.0.0.0 Safari/537.36"
54.71.203.174 - - [07/May/2026:03:06:04 +0000] "GET /wp-admin/admin-ajax.php?action=wordfence_doScan&isFork=1&scanMode=standard&cronKey=9a8d92a77312ad1753b0bcc74feb3204&signature=32d978fce5306bcbe1260e4441a309f76459f82de3289c88d60010d9248f9ac8&remote=1 HTTP/1.1" 200 - "-" "Wordfence API/1.0 (+https://www.wordfence.com/help/api-callbacks/)"
20.123.172.228 - - [07/May/2026:03:06:40 +0000] "POST /wp-cron.php?doing_wp_cron=1778123200.1800909042358398437500 HTTP/1.1" 200 - "https://nipponia.nl/wp-cron.php?doing_wp_cron=1778123200.1800909042358398437500" "WordPress/6.1.10; https://nipponia.nl"
216.173.113.103 - - [07/May/2026:03:06:27 +0000] "GET /wp-content/plugins/user-verification/readme.txt HTTP/1.1" 404 11758 "-" "Mozilla/5.0 (Windows NT 10.0; Win64; x64) AppleWebKit/537.36 (KHTML, like Gecko) Chrome/147.0.0.0 Safari/537.36"
20.123.172.228 - - [07/May/2026:03:06:36 +0000] "POST /?wordfence_syncAttackData=1778123196.1555 HTTP/1.1" 200 - "https://nipponia.nl/?wordfence_syncAttackData=1778123196.1555" "WordPress/6.1.10; https://nipponia.nl"
216.173.113.103 - - [07/May/2026:03:06:43 +0000] "GET /wp-content/plugins/user-verification/readme.md HTTP/1.1" 404 11758 "-" "Mozilla/5.0 (Windows NT 10.0; Win64; x64) AppleWebKit/537.36 (KHTML, like Gecko) Chrome/147.0.0.0 Safari/537.36"
216.173.113.103 - - [07/May/2026:03:06:57 +0000] "GET /wp-content/plugins/restrict-content/readme.txt HTTP/1.1" 404 11758 "-" "Mozilla/5.0 (Windows NT 10.0; Win64; x64) AppleWebKit/537.36 (KHTML, like Gecko) Chrome/147.0.0.0 Safari/537.36"
20.123.172.228 - - [07/May/2026:03:07:07 +0000] "POST /?wordfence_syncAttackData=1778123226.9439 HTTP/1.1" 200 - "https://nipponia.nl/?wordfence_syncAttackData=1778123226.9439" "WordPress/6.1.10; https://nipponia.nl"
54.71.203.174 - - [07/May/2026:03:06:40 +0000] "GET /wp-admin/admin-ajax.php?action=wordfence_doScan&isFork=1&scanMode=standard&cronKey=5c6a3d2654ae1a2fe824725e08bbeee6&signature=0633b344c6939f3f1437f672e2e4ea7dd6f5aa51ee7e132ae6845af1a271189a&remote=1 HTTP/1.1" 200 - "-" "Wordfence API/1.0 (+https://www.wordfence.com/help/api-callbacks/)"
216.173.113.103 - - [07/May/2026:03:07:12 +0000] "GET /wp-content/plugins/restrict-content/readme.md HTTP/1.1" 404 11758 "-" "Mozilla/5.0 (Windows NT 10.0; Win64; x64) AppleWebKit/537.36 (KHTML, like Gecko) Chrome/147.0.0.0 Safari/537.36"
20.123.172.228 - - [07/May/2026:03:07:29 +0000] "POST /?wordfence_syncAttackData=1778123249.2774 HTTP/1.1" 200 - "https://nipponia.nl/?wordfence_syncAttackData=1778123249.2774" "WordPress/6.1.10; https://nipponia.nl"
20.123.172.228 - - [07/May/2026:03:07:40 +0000] "POST /wp-cron.php?doing_wp_cron=1778123260.3970661163330078125000 HTTP/1.1" 200 - "https://nipponia.nl/wp-cron.php?doing_wp_cron=1778123260.3970661163330078125000" "WordPress/6.1.10; https://nipponia.nl"
216.173.113.103 - - [07/May/2026:03:07:26 +0000] "GET /wp-content/plugins/branda-white-labeling/readme.txt HTTP/1.1" 404 11758 "-" "Mozilla/5.0 (Windows NT 10.0; Win64; x64) AppleWebKit/537.36 (KHTML, like Gecko) Chrome/147.0.0.0 Safari/537.36"
44.235.211.232 - - [07/May/2026:03:07:19 +0000] "GET /wp-admin/admin-ajax.php?action=wordfence_doScan&isFork=1&scanMode=standard&cronKey=aa93eadb5cf9baa485204644eecb47f1&signature=c06ffba35bd44eb731876615536e4d6017792b2b2bd770c3d0913563c2d5c06c&remote=1 HTTP/1.1" 200 - "-" "Wordfence API/1.0 (+https://www.wordfence.com/help/api-callbacks/)"
20.123.172.228 - - [07/May/2026:03:07:35 +0000] "POST /?wordfence_syncAttackData=1778123255.277 HTTP/1.1" 200 16906 "https://nipponia.nl/?wordfence_syncAttackData=1778123255.277" "WordPress/6.1.10; https://nipponia.nl"
216.173.113.103 - - [07/May/2026:03:07:43 +0000] "GET /wp-content/plugins/branda-white-labeling/readme.md HTTP/1.1" 404 11758 "-" "Mozilla/5.0 (Windows NT 10.0; Win64; x64) AppleWebKit/537.36 (KHTML, like Gecko) Chrome/147.0.0.0 Safari/537.36"
216.173.113.103 - - [07/May/2026:03:07:57 +0000] "GET /wp-content/plugins/lastudio-element-kit/readme.txt HTTP/1.1" 404 11758 "-" "Mozilla/5.0 (Windows NT 10.0; Win64; x64) AppleWebKit/537.36 (KHTML, like Gecko) Chrome/147.0.0.0 Safari/537.36"
20.123.172.228 - - [07/May/2026:03:08:06 +0000] "POST /?wordfence_syncAttackData=1778123285.8882 HTTP/1.1" 200 - "https://nipponia.nl/?wordfence_syncAttackData=1778123285.8882" "WordPress/6.1.10; https://nipponia.nl"
20.123.172.228 - - [07/May/2026:03:08:06 +0000] "POST /?wordfence_syncAttackData=1778123286.0873 HTTP/1.1" 200 16906 "https://nipponia.nl/?wordfence_syncAttackData=1778123286.0873" "WordPress/6.1.10; https://nipponia.nl"
54.68.32.247 - - [07/May/2026:03:07:56 +0000] "GET /wp-admin/admin-ajax.php?action=wordfence_doScan&isFork=1&scanMode=standard&cronKey=e63b565a0a0bab420756eab394060480&signature=405650de558730a7d428ecfb425b4bfe179da6c61e8dc697e9c75dec981d0db4&remote=1 HTTP/1.1" 200 - "-" "Wordfence API/1.0 (+https://www.wordfence.com/help/api-callbacks/)"
216.173.113.103 - - [07/May/2026:03:08:14 +0000] "GET /wp-content/plugins/lastudio-element-kit/readme.md HTTP/1.1" 404 11758 "-" "Mozilla/5.0 (Windows NT 10.0; Win64; x64) AppleWebKit/537.36 (KHTML, like Gecko) Chrome/147.0.0.0 Safari/537.36"
20.123.172.228 - - [07/May/2026:03:08:13 +0000] "POST /?wordfence_syncAttackData=1778123293.7013 HTTP/1.1" 200 16906 "https://nipponia.nl/?wordfence_syncAttackData=1778123293.7013" "WordPress/6.1.10; https://nipponia.nl"
20.123.172.228 - - [07/May/2026:03:08:48 +0000] "POST /wp-cron.php?doing_wp_cron=1778123328.7406680583953857421875 HTTP/1.1" 200 - "https://nipponia.nl/wp-cron.php?doing_wp_cron=1778123328.7406680583953857421875" "WordPress/6.1.10; https://nipponia.nl"
216.173.113.103 - - [07/May/2026:03:08:35 +0000] "GET /wp-content/plugins/xagio-seo/readme.txt HTTP/1.1" 404 11758 "-" "Mozilla/5.0 (Windows NT 10.0; Win64; x64) AppleWebKit/537.36 (KHTML, like Gecko) Chrome/147.0.0.0 Safari/537.36"
20.123.172.228 - - [07/May/2026:03:08:44 +0000] "POST /?wordfence_syncAttackData=1778123324.6887 HTTP/1.1" 200 - "https://nipponia.nl/?wordfence_syncAttackData=1778123324.6887" "WordPress/6.1.10; https://nipponia.nl"
20.123.172.228 - - [07/May/2026:03:08:46 +0000] "POST /?wordfence_syncAttackData=1778123326.0206 HTTP/1.1" 200 16906 "https://nipponia.nl/?wordfence_syncAttackData=1778123326.0206" "WordPress/6.1.10; https://nipponia.nl"
216.173.113.103 - - [07/May/2026:03:08:51 +0000] "GET /wp-content/plugins/xagio-seo/readme.md HTTP/1.1" 404 11758 "-" "Mozilla/5.0 (Windows NT 10.0; Win64; x64) AppleWebKit/537.36 (KHTML, like Gecko) Chrome/147.0.0.0 Safari/537.36"
44.235.211.232 - - [07/May/2026:03:08:34 +0000] "GET /wp-admin/admin-ajax.php?action=wordfence_doScan&isFork=1&scanMode=standard&cronKey=3b1ed1a6227239f9105ec0b591a54700&signature=d5efca543b084b7125cdb9c108beb91e45987b40ac165b7f65fa5b9180439dd0&remote=1 HTTP/1.1" 200 - "-" "Wordfence API/1.0 (+https://www.wordfence.com/help/api-callbacks/)"
216.173.113.103 - - [07/May/2026:03:09:07 +0000] "GET /wp-content/plugins/s2member/readme.txt HTTP/1.1" 404 11758 "-" "Mozilla/5.0 (Windows NT 10.0; Win64; x64) AppleWebKit/537.36 (KHTML, like Gecko) Chrome/147.0.0.0 Safari/537.36"
20.123.172.228 - - [07/May/2026:03:09:17 +0000] "POST /?wordfence_syncAttackData=1778123357.5373 HTTP/1.1" 200 - "https://nipponia.nl/?wordfence_syncAttackData=1778123357.5373" "WordPress/6.1.10; https://nipponia.nl"
20.123.172.228 - - [07/May/2026:03:09:38 +0000] "POST /wp-cron.php?doing_wp_cron=1778123378.2641479969024658203125 HTTP/1.1" 200 - "https://nipponia.nl/wp-cron.php?doing_wp_cron=1778123378.2641479969024658203125" "WordPress/6.1.10; https://nipponia.nl"
216.173.113.103 - - [07/May/2026:03:09:23 +0000] "GET /wp-content/plugins/s2member/readme.md HTTP/1.1" 404 11758 "-" "Mozilla/5.0 (Windows NT 10.0; Win64; x64) AppleWebKit/537.36 (KHTML, like Gecko) Chrome/147.0.0.0 Safari/537.36"
20.123.172.228 - - [07/May/2026:03:09:25 +0000] "POST /?wordfence_syncAttackData=1778123365.1505 HTTP/1.1" 200 16906 "https://nipponia.nl/?wordfence_syncAttackData=1778123365.1505" "WordPress/6.1.10; https://nipponia.nl"
44.235.211.232 - - [07/May/2026:03:09:13 +0000] "GET /wp-admin/admin-ajax.php?action=wordfence_doScan&isFork=1&scanMode=standard&cronKey=6e74249213d6b5fcdd4da43e378cc5cb&signature=66db9c43c3e22ee5f833b788edd93d21967aa60c07397ae1622884c59fd18b80&remote=1 HTTP/1.1" 200 - "-" "Wordfence API/1.0 (+https://www.wordfence.com/help/api-callbacks/)"
54.71.203.174 - - [07/May/2026:03:09:52 +0000] "GET /wp-admin/admin-ajax.php?action=wordfence_doScan&isFork=1&scanMode=standard&cronKey=7667e6617a635a084652815aeb60c96a&signature=9a74430a3bfeec2f451193399a7f0250efeffafdd4bca022c939a87f198a52bc&remote=1 HTTP/1.1" 200 - "-" "Wordfence API/1.0 (+https://www.wordfence.com/help/api-callbacks/)"
20.123.172.228 - - [07/May/2026:03:10:41 +0000] "POST /wp-cron.php?doing_wp_cron=1778123441.3140161037445068359375 HTTP/1.1" 200 - "https://nipponia.nl/wp-cron.php?doing_wp_cron=1778123441.3140161037445068359375" "WordPress/6.1.10; https://nipponia.nl"
54.71.203.174 - - [07/May/2026:03:10:27 +0000] "GET /wp-admin/admin-ajax.php?action=wordfence_doScan&isFork=1&scanMode=standard&cronKey=e93d999595ca1053f640f95ba58ca886&signature=84716020e07c9084725d58eb0fcb1fe93a87bfd5ffed715c2526216fb8d85826&remote=1 HTTP/1.1" 200 - "-" "Wordfence API/1.0 (+https://www.wordfence.com/help/api-callbacks/)"
54.68.32.247 - - [07/May/2026:03:11:04 +0000] "GET /wp-admin/admin-ajax.php?action=wordfence_doScan&isFork=1&scanMode=standard&cronKey=bf734597608e58b6603d825b95c5ac76&signature=d38b3baa7d51305bd90a42dbd6106139883ca8a980b32361dccb2c44b0367287&remote=1 HTTP/1.1" 200 - "-" "Wordfence API/1.0 (+https://www.wordfence.com/help/api-callbacks/)"
20.123.172.228 - - [07/May/2026:03:11:53 +0000] "POST /wp-cron.php?doing_wp_cron=1778123513.5882709026336669921875 HTTP/1.1" 200 - "https://nipponia.nl/wp-cron.php?doing_wp_cron=1778123513.5882709026336669921875" "WordPress/6.1.10; https://nipponia.nl"
54.68.32.247 - - [07/May/2026:03:11:39 +0000] "GET /wp-admin/admin-ajax.php?action=wordfence_doScan&isFork=1&scanMode=standard&cronKey=feaf4a6a5bacaf58e56578098c2ffdb5&signature=5745b7a5545c24cd25d6440b5d733764a126e7e53f1dda211d878bba06999bd5&remote=1 HTTP/1.1" 200 - "-" "Wordfence API/1.0 (+https://www.wordfence.com/help/api-callbacks/)"
54.71.203.174 - - [07/May/2026:03:12:17 +0000] "GET /wp-admin/admin-ajax.php?action=wordfence_doScan&isFork=1&scanMode=standard&cronKey=44756ea161b6f459e2731198053ad8e6&signature=f8a0a9d07f5c88d90316fe099af3e7945284a5ef3ffde937ba1dd92c03d6f6fe&remote=1 HTTP/1.1" 200 - "-" "Wordfence API/1.0 (+https://www.wordfence.com/help/api-callbacks/)"
20.123.172.228 - - [07/May/2026:03:13:09 +0000] "POST /wp-cron.php?doing_wp_cron=1778123589.1699628829956054687500 HTTP/1.1" 200 - "https://nipponia.nl/wp-cron.php?doing_wp_cron=1778123589.1699628829956054687500" "WordPress/6.1.10; https://nipponia.nl"
44.235.211.232 - - [07/May/2026:03:12:54 +0000] "GET /wp-admin/admin-ajax.php?action=wordfence_doScan&isFork=1&scanMode=standard&cronKey=f993ae4645a30ff553ae282dead03577&signature=46c3745cc942e2c8c6745999f5ba47f4bb014d25c1656473eb3e0c3756b29e52&remote=1 HTTP/1.1" 200 - "-" "Wordfence API/1.0 (+https://www.wordfence.com/help/api-callbacks/)"
195.178.110.108 - - [07/May/2026:03:13:20 +0000] "GET / HTTP/1.1" 200 16906 "-" "Mozilla/5.0 (Windows NT 10.0; Win64; x64; rv:125.0) Gecko/20100101 Firefox/125.0"
20.123.172.228 - - [07/May/2026:03:13:46 +0000] "POST /wp-cron.php?doing_wp_cron=1778123626.0835709571838378906250 HTTP/1.1" 200 - "https://nipponia.nl/wp-cron.php?doing_wp_cron=1778123626.0835709571838378906250" "WordPress/6.1.10; https://nipponia.nl"
54.68.32.247 - - [07/May/2026:03:13:32 +0000] "GET /wp-admin/admin-ajax.php?action=wordfence_doScan&isFork=1&scanMode=standard&cronKey=e16990f92e78db9f17bf400875da564e&signature=d3e78278da0957100da1c75828093eacec019929aa6aa60b441370f47d516d80&remote=1 HTTP/1.1" 200 - "-" "Wordfence API/1.0 (+https://www.wordfence.com/help/api-callbacks/)"
54.71.203.174 - - [07/May/2026:03:14:08 +0000] "GET /wp-admin/admin-ajax.php?action=wordfence_doScan&isFork=1&scanMode=standard&cronKey=50716f417a3710aa1050367579e8e7a6&signature=ef44b40fe30baaf2a8b3403d3daf4abd3c38b9c063e4e8d4b04fedfce58ab2e3&remote=1 HTTP/1.1" 200 - "-" "Wordfence API/1.0 (+https://www.wordfence.com/help/api-callbacks/)"
20.123.172.228 - - [07/May/2026:03:14:58 +0000] "POST /wp-cron.php?doing_wp_cron=1778123698.0371630191802978515625 HTTP/1.1" 200 - "https://nipponia.nl/wp-cron.php?doing_wp_cron=1778123698.0371630191802978515625" "WordPress/6.1.10; https://nipponia.nl"
44.235.211.232 - - [07/May/2026:03:14:43 +0000] "GET /wp-admin/admin-ajax.php?action=wordfence_doScan&isFork=1&scanMode=standard&cronKey=94ff72a789720ce67ef28a93507734a5&signature=97c1826168e76bee993e7b10b7c393b132c1d1ad3286a9c6a2b6693546fb0632&remote=1 HTTP/1.1" 200 - "-" "Wordfence API/1.0 (+https://www.wordfence.com/help/api-callbacks/)"
54.71.203.174 - - [07/May/2026:03:15:20 +0000] "GET /wp-admin/admin-ajax.php?action=wordfence_doScan&isFork=1&scanMode=standard&cronKey=dfea446412beb31bc0ad542cf250b4ba&signature=b25b01f74d8021effbd1a754ef655b2e9990a91112e2df529d03c21e10dd7b00&remote=1 HTTP/1.1" 200 - "-" "Wordfence API/1.0 (+https://www.wordfence.com/help/api-callbacks/)"
20.123.172.228 - - [07/May/2026:03:16:10 +0000] "POST /wp-cron.php?doing_wp_cron=1778123769.9196801185607910156250 HTTP/1.1" 200 - "https://nipponia.nl/wp-cron.php?doing_wp_cron=1778123769.9196801185607910156250" "WordPress/6.1.10; https://nipponia.nl"
54.68.32.247 - - [07/May/2026:03:15:56 +0000] "GET /wp-admin/admin-ajax.php?action=wordfence_doScan&isFork=1&scanMode=standard&cronKey=12189b2718ad9e28f29ccfdc17441b4c&signature=a02fbff598306bca4c9567543354389a0b4d739afc18f2cc199f9141789c7eb3&remote=1 HTTP/1.1" 200 - "-" "Wordfence API/1.0 (+https://www.wordfence.com/help/api-callbacks/)"
20.123.172.228 - - [07/May/2026:03:16:46 +0000] "POST /wp-cron.php?doing_wp_cron=1778123806.5627269744873046875000 HTTP/1.1" 200 - "https://nipponia.nl/wp-cron.php?doing_wp_cron=1778123806.5627269744873046875000" "WordPress/6.1.10; https://nipponia.nl"
54.71.203.174 - - [07/May/2026:03:16:32 +0000] "GET /wp-admin/admin-ajax.php?action=wordfence_doScan&isFork=1&scanMode=standard&cronKey=5a472b99e7af5e69fd473108e67df85b&signature=363ac5b45396edbc0e3d575293a487cc6e087a6063c969af3a325b79241aa466&remote=1 HTTP/1.1" 200 - "-" "Wordfence API/1.0 (+https://www.wordfence.com/help/api-callbacks/)"
54.71.203.174 - - [07/May/2026:03:17:09 +0000] "GET /wp-admin/admin-ajax.php?action=wordfence_doScan&isFork=1&scanMode=standard&cronKey=fe8a73363472456ee6d3da2803221956&signature=bc2cac5eced686f378f8750fdf98703f1e0750c93813edddde8cd19ea9cae773&remote=1 HTTP/1.1" 200 - "-" "Wordfence API/1.0 (+https://www.wordfence.com/help/api-callbacks/)"
20.123.172.228 - - [07/May/2026:03:18:01 +0000] "POST /wp-cron.php?doing_wp_cron=1778123880.9023380279541015625000 HTTP/1.1" 200 - "https://nipponia.nl/wp-cron.php?doing_wp_cron=1778123880.9023380279541015625000" "WordPress/6.1.10; https://nipponia.nl"
54.71.203.174 - - [07/May/2026:03:17:45 +0000] "GET /wp-admin/admin-ajax.php?action=wordfence_doScan&isFork=1&scanMode=standard&cronKey=85ace11ce7e434d448b56fd765de7d19&signature=132accaba0e5db4743456db9be46c705b1b76c0ec49872236ae18792600fa56e&remote=1 HTTP/1.1" 200 - "-" "Wordfence API/1.0 (+https://www.wordfence.com/help/api-callbacks/)"
44.235.211.232 - - [07/May/2026:03:18:24 +0000] "GET /wp-admin/admin-ajax.php?action=wordfence_doScan&isFork=1&scanMode=standard&cronKey=0febc06f86f2ec847f99848e28f41db8&signature=4c083c93186f2bbff86f2a0c19f6e253d5b4f513d43567199c3f863af2e13096&remote=1 HTTP/1.1" 200 - "-" "Wordfence API/1.0 (+https://www.wordfence.com/help/api-callbacks/)"
20.123.172.228 - - [07/May/2026:03:19:13 +0000] "POST /wp-cron.php?doing_wp_cron=1778123953.1873810291290283203125 HTTP/1.1" 200 - "https://nipponia.nl/wp-cron.php?doing_wp_cron=1778123953.1873810291290283203125" "WordPress/6.1.10; https://nipponia.nl"
54.71.203.174 - - [07/May/2026:03:18:58 +0000] "GET /wp-admin/admin-ajax.php?action=wordfence_doScan&isFork=1&scanMode=standard&cronKey=1b300af91d7c72fa80aa3040cb33259c&signature=0b97ee67a6f66062e5e6a368eff548ee751eb4a2eb5b7fd66aa7cea7b2e5c9a2&remote=1 HTTP/1.1" 200 - "-" "Wordfence API/1.0 (+https://www.wordfence.com/help/api-callbacks/)"
20.123.172.228 - - [07/May/2026:03:19:48 +0000] "POST /wp-cron.php?doing_wp_cron=1778123987.9043810367584228515625 HTTP/1.1" 200 - "https://nipponia.nl/wp-cron.php?doing_wp_cron=1778123987.9043810367584228515625" "WordPress/6.1.10; https://nipponia.nl"
44.235.211.232 - - [07/May/2026:03:19:35 +0000] "GET /wp-admin/admin-ajax.php?action=wordfence_doScan&isFork=1&scanMode=standard&cronKey=869043ec0ec95704c88b01d3f36f9bf5&signature=37e93312d8c65edd692c5e028c03d01590d86b956d958fbdaa860ddb13f85449&remote=1 HTTP/1.1" 200 - "-" "Wordfence API/1.0 (+https://www.wordfence.com/help/api-callbacks/)"
54.71.203.174 - - [07/May/2026:03:20:10 +0000] "GET /wp-admin/admin-ajax.php?action=wordfence_doScan&isFork=1&scanMode=standard&cronKey=1c05e29876891087cf565530bc131085&signature=4f29a84b6a06ca167328180bca6bbbb21c09d53d0fa05ca57653e9f7b94ccdcf&remote=1 HTTP/1.1" 200 - "-" "Wordfence API/1.0 (+https://www.wordfence.com/help/api-callbacks/)"
20.123.172.228 - - [07/May/2026:03:21:01 +0000] "POST /wp-cron.php?doing_wp_cron=1778124061.5949859619140625000000 HTTP/1.1" 200 - "https://nipponia.nl/wp-cron.php?doing_wp_cron=1778124061.5949859619140625000000" "WordPress/6.1.10; https://nipponia.nl"
54.71.203.174 - - [07/May/2026:03:20:46 +0000] "GET /wp-admin/admin-ajax.php?action=wordfence_doScan&isFork=1&scanMode=standard&cronKey=a14e7d00577af900c968026a6161b816&signature=6217fe8c6ca3fe2dd779952051ef79f3d48cb637e10ebf7338b76d2bee3154a3&remote=1 HTTP/1.1" 200 - "-" "Wordfence API/1.0 (+https://www.wordfence.com/help/api-callbacks/)"
44.235.211.232 - - [07/May/2026:03:21:24 +0000] "GET /wp-admin/admin-ajax.php?action=wordfence_doScan&isFork=1&scanMode=standard&cronKey=acf9b79bc0a83b00a679adae68e23c93&signature=cac8759c43fe792e1535ced533a81ae7a1d45070c7fc3b23fab1ac0705ea9048&remote=1 HTTP/1.1" 200 - "-" "Wordfence API/1.0 (+https://www.wordfence.com/help/api-callbacks/)"
20.123.172.228 - - [07/May/2026:03:22:14 +0000] "POST /wp-cron.php?doing_wp_cron=1778124134.7640640735626220703125 HTTP/1.1" 200 - "https://nipponia.nl/wp-cron.php?doing_wp_cron=1778124134.7640640735626220703125" "WordPress/6.1.10; https://nipponia.nl"
205.169.39.57 - - [07/May/2026:03:22:13 +0000] "GET / HTTP/1.1" 200 16906 "https://europe.nipponia.com" "Mozilla/5.0 (Windows NT 10.0) AppleWebKit/537.36 (KHTML, like Gecko) Chrome/106.0.0.0 Safari/537.36"
54.71.203.174 - - [07/May/2026:03:22:00 +0000] "GET /wp-admin/admin-ajax.php?action=wordfence_doScan&isFork=1&scanMode=standard&cronKey=8f2f3f1407535bfccd3508b376892346&signature=51134e3817e00b82bc928f5159c212fd7fda8786228249c566935641d5cf8a17&remote=1 HTTP/1.1" 200 - "-" "Wordfence API/1.0 (+https://www.wordfence.com/help/api-callbacks/)"
20.123.172.228 - - [07/May/2026:03:22:50 +0000] "POST /wp-cron.php?doing_wp_cron=1778124170.7803800106048583984375 HTTP/1.1" 200 - "https://nipponia.nl/wp-cron.php?doing_wp_cron=1778124170.7803800106048583984375" "WordPress/6.1.10; https://nipponia.nl"
44.235.211.232 - - [07/May/2026:03:22:37 +0000] "GET /wp-admin/admin-ajax.php?action=wordfence_doScan&isFork=1&scanMode=standard&cronKey=a6cb56a4f9350009eb373f42e5f5eab5&signature=39adf35ba69a681babfab0d314c019aa444161fb47f3cbaf25a474ad90fcb793&remote=1 HTTP/1.1" 200 - "-" "Wordfence API/1.0 (+https://www.wordfence.com/help/api-callbacks/)"
54.68.32.247 - - [07/May/2026:03:23:13 +0000] "GET /wp-admin/admin-ajax.php?action=wordfence_doScan&isFork=1&scanMode=standard&cronKey=7643ce22fe4d67ed1640f8137c729b66&signature=5ed5b648cea3a61bccd5b172acac910c5e7839368378407dcb07d4b814473992&remote=1 HTTP/1.1" 200 - "-" "Wordfence API/1.0 (+https://www.wordfence.com/help/api-callbacks/)"
20.123.172.228 - - [07/May/2026:03:24:02 +0000] "POST /wp-cron.php?doing_wp_cron=1778124242.4576580524444580078125 HTTP/1.1" 200 - "https://nipponia.nl/wp-cron.php?doing_wp_cron=1778124242.4576580524444580078125" "WordPress/6.1.10; https://nipponia.nl"
44.235.211.232 - - [07/May/2026:03:23:47 +0000] "GET /wp-admin/admin-ajax.php?action=wordfence_doScan&isFork=1&scanMode=standard&cronKey=196113c1d5d20f5dfc792e5c84cb53ac&signature=b3999592c74382b166f264a06d9a09436e414af72bea6907d63e9c9bd6d4b1bc&remote=1 HTTP/1.1" 200 - "-" "Wordfence API/1.0 (+https://www.wordfence.com/help/api-callbacks/)"
20.123.172.228 - - [07/May/2026:03:24:38 +0000] "POST /wp-cron.php?doing_wp_cron=1778124278.7669999599456787109375 HTTP/1.1" 200 - "https://nipponia.nl/wp-cron.php?doing_wp_cron=1778124278.7669999599456787109375" "WordPress/6.1.10; https://nipponia.nl"
54.68.32.247 - - [07/May/2026:03:24:25 +0000] "GET /wp-admin/admin-ajax.php?action=wordfence_doScan&isFork=1&scanMode=standard&cronKey=72c407f6dfe1cb4261a8a57074ac8c1f&signature=a74a5350680f080bd8e81d44455156bb7edcd6a7c467b2498a4d3598a365dfec&remote=1 HTTP/1.1" 200 - "-" "Wordfence API/1.0 (+https://www.wordfence.com/help/api-callbacks/)"
44.235.211.232 - - [07/May/2026:03:25:01 +0000] "GET /wp-admin/admin-ajax.php?action=wordfence_doScan&isFork=1&scanMode=standard&cronKey=8b8b33e47239c8a3d6c9b11840aae6f2&signature=12933abb90c6ef613e9660a5862cd59e48a0a5c5efc4865f39062bea55529364&remote=1 HTTP/1.1" 200 - "-" "Wordfence API/1.0 (+https://www.wordfence.com/help/api-callbacks/)"
20.123.172.228 - - [07/May/2026:03:25:54 +0000] "POST /wp-cron.php?doing_wp_cron=1778124354.1741940975189208984375 HTTP/1.1" 200 - "https://nipponia.nl/wp-cron.php?doing_wp_cron=1778124354.1741940975189208984375" "WordPress/6.1.10; https://nipponia.nl"
54.71.203.174 - - [07/May/2026:03:25:37 +0000] "GET /wp-admin/admin-ajax.php?action=wordfence_doScan&isFork=1&scanMode=standard&cronKey=69df211d56df980573732515679d452d&signature=0eaacdbc9fb2c2644ead8e472e472ef18df841f393935075339abda590f7203d&remote=1 HTTP/1.1" 200 - "-" "Wordfence API/1.0 (+https://www.wordfence.com/help/api-callbacks/)"
54.71.203.174 - - [07/May/2026:03:26:18 +0000] "GET /wp-admin/admin-ajax.php?action=wordfence_doScan&isFork=1&scanMode=standard&cronKey=c175fde5146dc6ce4229f5e514f71d17&signature=48ca3dded5f1d72a4378e23260992c6f9a92807c11a6fbfa32d765412b79f479&remote=1 HTTP/1.1" 200 - "-" "Wordfence API/1.0 (+https://www.wordfence.com/help/api-callbacks/)"
20.123.172.228 - - [07/May/2026:03:27:09 +0000] "POST /wp-cron.php?doing_wp_cron=1778124428.8883919715881347656250 HTTP/1.1" 200 - "https://nipponia.nl/wp-cron.php?doing_wp_cron=1778124428.8883919715881347656250" "WordPress/6.1.10; https://nipponia.nl"
54.71.203.174 - - [07/May/2026:03:26:54 +0000] "GET /wp-admin/admin-ajax.php?action=wordfence_doScan&isFork=1&scanMode=standard&cronKey=ebf44c06ee0ed7e26c91fced2a02098b&signature=12f9d2c34f71a3b215e88b006c9e8cdf1b4a0b1f91ad9a23b7d751e82fddd0a8&remote=1 HTTP/1.1" 200 - "-" "Wordfence API/1.0 (+https://www.wordfence.com/help/api-callbacks/)"
47.128.122.112 - - [07/May/2026:03:27:23 +0000] "GET /stores/rg-tweewielers/ HTTP/1.1" 404 11758 "-" "Mozilla/5.0 (Linux; Android 5.0) AppleWebKit/537.36 (KHTML, like Gecko) Mobile Safari/537.36 (compatible; TikTokSpider; ttspider-feedback@tiktok.com)"
20.123.172.228 - - [07/May/2026:03:27:49 +0000] "POST /wp-cron.php?doing_wp_cron=1778124469.0047240257263183593750 HTTP/1.1" 200 - "https://nipponia.nl/wp-cron.php?doing_wp_cron=1778124469.0047240257263183593750" "WordPress/6.1.10; https://nipponia.nl"
54.68.32.247 - - [07/May/2026:03:27:33 +0000] "GET /wp-admin/admin-ajax.php?action=wordfence_doScan&isFork=1&scanMode=standard&cronKey=855f3ff9a2fa1385e25109a03b7ac184&signature=186a0428e785adaec50187d4beb45d7c72a6aead23e88a13696f15597b381b84&remote=1 HTTP/1.1" 200 - "-" "Wordfence API/1.0 (+https://www.wordfence.com/help/api-callbacks/)"
20.123.172.228 - - [07/May/2026:03:28:27 +0000] "POST /wp-cron.php?doing_wp_cron=1778124507.4780390262603759765625 HTTP/1.1" 200 - "https://nipponia.nl/wp-cron.php?doing_wp_cron=1778124507.4780390262603759765625" "WordPress/6.1.10; https://nipponia.nl"
116.179.32.33 - - [07/May/2026:03:28:29 +0000] "GET /wp-json/oembed/1.0/embed?url=https%3A%2F%2Fnipponia.nl%2Fstores%2Famsterdams-bromfiets-huis-2%2F&format=xml HTTP/1.1" 200 1215 "-" "Mozilla/5.0 (compatible; Baiduspider/2.0; +http://www.baidu.com/search/spider.html)"
44.235.211.232 - - [07/May/2026:03:28:12 +0000] "GET /wp-admin/admin-ajax.php?action=wordfence_doScan&isFork=1&scanMode=standard&cronKey=724723610928d5c4906e66118ab446f7&signature=571e69cd7a989ee225066f4ecd144d28a7602872d35a8cfef2a04ac18a62a908&remote=1 HTTP/1.1" 200 - "-" "Wordfence API/1.0 (+https://www.wordfence.com/help/api-callbacks/)"
44.235.211.232 - - [07/May/2026:03:28:51 +0000] "GET /wp-admin/admin-ajax.php?action=wordfence_doScan&isFork=1&scanMode=standard&cronKey=a08bab12882da92a68a44c1e3e377f12&signature=b5b8d7ce3be471d72ca84adf6830618d6ee7e0419935368ca7d0c6df43d53739&remote=1 HTTP/1.1" 200 - "-" "Wordfence API/1.0 (+https://www.wordfence.com/help/api-callbacks/)"
20.123.172.228 - - [07/May/2026:03:29:44 +0000] "POST /wp-cron.php?doing_wp_cron=1778124584.0000829696655273437500 HTTP/1.1" 200 - "https://nipponia.nl/wp-cron.php?doing_wp_cron=1778124584.0000829696655273437500" "WordPress/6.1.10; https://nipponia.nl"
54.71.203.174 - - [07/May/2026:03:29:28 +0000] "GET /wp-admin/admin-ajax.php?action=wordfence_doScan&isFork=1&scanMode=standard&cronKey=a09117a801064b3604e2f1500c16da96&signature=47cf6ef9e9c52ef840b0f60d6c166650944b2390083b8cbf3162803d21021cdd&remote=1 HTTP/1.1" 200 - "-" "Wordfence API/1.0 (+https://www.wordfence.com/help/api-callbacks/)"
54.71.203.174 - - [07/May/2026:03:30:08 +0000] "GET /wp-admin/admin-ajax.php?action=wordfence_doScan&isFork=1&scanMode=standard&cronKey=f4c4de2bde2810a9c97792fa3633d1f1&signature=15e83026e0902c379cf1096041d0fcf29c191860ff0e04fc7dbc047fec3fe4e2&remote=1 HTTP/1.1" 200 - "-" "Wordfence API/1.0 (+https://www.wordfence.com/help/api-callbacks/)"
20.123.172.228 - - [07/May/2026:03:31:03 +0000] "POST /wp-cron.php?doing_wp_cron=1778124663.0264720916748046875000 HTTP/1.1" 200 - "https://nipponia.nl/wp-cron.php?doing_wp_cron=1778124663.0264720916748046875000" "WordPress/6.1.10; https://nipponia.nl"
54.71.203.174 - - [07/May/2026:03:30:46 +0000] "GET /wp-admin/admin-ajax.php?action=wordfence_doScan&isFork=1&scanMode=standard&cronKey=c5833fa2c256d8416d76a673e07bdfc1&signature=b2817f0223605468b7b61c5ddd7f4aa811bb459d24144522e69b87b309e61e2d&remote=1 HTTP/1.1" 200 - "-" "Wordfence API/1.0 (+https://www.wordfence.com/help/api-callbacks/)"
20.123.172.228 - - [07/May/2026:03:31:40 +0000] "POST /wp-cron.php?doing_wp_cron=1778124700.4029929637908935546875 HTTP/1.1" 200 - "https://nipponia.nl/wp-cron.php?doing_wp_cron=1778124700.4029929637908935546875" "WordPress/6.1.10; https://nipponia.nl"
44.235.211.232 - - [07/May/2026:03:31:26 +0000] "GET /wp-admin/admin-ajax.php?action=wordfence_doScan&isFork=1&scanMode=standard&cronKey=4a3b0e5fa9e0109b28f5ff5006ad5304&signature=d4bbf4fb229db276b61c5dcf65a87b08de110d70e01a60d86c2e0017c7c60007&remote=1 HTTP/1.1" 200 - "-" "Wordfence API/1.0 (+https://www.wordfence.com/help/api-callbacks/)"
54.71.203.174 - - [07/May/2026:03:32:03 +0000] "GET /wp-admin/admin-ajax.php?action=wordfence_doScan&isFork=1&scanMode=standard&cronKey=20421b38e91f968d5b9d4adda2e602bb&signature=388bc393fd86b4648892cf2a9c7206bad62f1ff5b935b04c91b8692fe1a029db&remote=1 HTTP/1.1" 200 - "-" "Wordfence API/1.0 (+https://www.wordfence.com/help/api-callbacks/)"
20.123.172.228 - - [07/May/2026:03:32:53 +0000] "POST /wp-cron.php?doing_wp_cron=1778124773.4242889881134033203125 HTTP/1.1" 200 - "https://nipponia.nl/wp-cron.php?doing_wp_cron=1778124773.4242889881134033203125" "WordPress/6.1.10; https://nipponia.nl"
54.157.84.74 - - [07/May/2026:03:32:45 +0000] "GET /robots.txt HTTP/1.1" 200 122 "-" "Mozilla/5.0 AppleWebKit/537.36 (KHTML, like Gecko; compatible; Amazonbot/0.1; +https://developer.amazon.com/support/amazonbot) Chrome/119.0.6045.214 Safari/537.36"
54.71.203.174 - - [07/May/2026:03:32:38 +0000] "GET /wp-admin/admin-ajax.php?action=wordfence_doScan&isFork=1&scanMode=standard&cronKey=f4612acc9560f85aaf062ae95d938909&signature=2d49bf9edef2e38780441fe9296168797b0a4d7fd8309446a3859c6c4664b0f5&remote=1 HTTP/1.1" 200 - "-" "Wordfence API/1.0 (+https://www.wordfence.com/help/api-callbacks/)"
54.68.32.247 - - [07/May/2026:03:33:16 +0000] "GET /wp-admin/admin-ajax.php?action=wordfence_doScan&isFork=1&scanMode=standard&cronKey=32e1ca33815e306b2ed4e3412bab826e&signature=d0c0711a3929b9083fc428d96d4e5899f65cc2a4508e3ee5e4fd7e5a1f18589f&remote=1 HTTP/1.1" 200 - "-" "Wordfence API/1.0 (+https://www.wordfence.com/help/api-callbacks/)"
20.123.172.228 - - [07/May/2026:03:34:09 +0000] "POST /wp-cron.php?doing_wp_cron=1778124849.4360690116882324218750 HTTP/1.1" 200 - "https://nipponia.nl/wp-cron.php?doing_wp_cron=1778124849.4360690116882324218750" "WordPress/6.1.10; https://nipponia.nl"
44.235.211.232 - - [07/May/2026:03:33:52 +0000] "GET /wp-admin/admin-ajax.php?action=wordfence_doScan&isFork=1&scanMode=standard&cronKey=1d0757d1b4cb116fa764659a2264e056&signature=0f0ac82b0cd68898b4bda792793745cab282272599bfaf9a97d440a2e0c0871b&remote=1 HTTP/1.1" 200 - "-" "Wordfence API/1.0 (+https://www.wordfence.com/help/api-callbacks/)"
20.123.172.228 - - [07/May/2026:03:34:45 +0000] "POST /wp-cron.php?doing_wp_cron=1778124885.4714579582214355468750 HTTP/1.1" 200 - "https://nipponia.nl/wp-cron.php?doing_wp_cron=1778124885.4714579582214355468750" "WordPress/6.1.10; https://nipponia.nl"
54.71.203.174 - - [07/May/2026:03:34:32 +0000] "GET /wp-admin/admin-ajax.php?action=wordfence_doScan&isFork=1&scanMode=standard&cronKey=882cee03ab206b972a7213f9851858bd&signature=8b124d930b1e0cffa8392521aec85ba3be6cd139e27c8c21a8c8bf32f3cb2367&remote=1 HTTP/1.1" 200 - "-" "Wordfence API/1.0 (+https://www.wordfence.com/help/api-callbacks/)"
54.71.203.174 - - [07/May/2026:03:35:08 +0000] "GET /wp-admin/admin-ajax.php?action=wordfence_doScan&isFork=1&scanMode=standard&cronKey=f138e97471823fa0cdd798cdc9d6feca&signature=847a9560a960fca05b0545a742e3b3c3da8d642e8d4b798dbc57f2e21c572f6a&remote=1 HTTP/1.1" 200 - "-" "Wordfence API/1.0 (+https://www.wordfence.com/help/api-callbacks/)"
20.123.172.228 - - [07/May/2026:03:35:58 +0000] "POST /wp-cron.php?doing_wp_cron=1778124958.7741560935974121093750 HTTP/1.1" 200 - "https://nipponia.nl/wp-cron.php?doing_wp_cron=1778124958.7741560935974121093750" "WordPress/6.1.10; https://nipponia.nl"
54.71.203.174 - - [07/May/2026:03:35:43 +0000] "GET /wp-admin/admin-ajax.php?action=wordfence_doScan&isFork=1&scanMode=standard&cronKey=aa067488a037eaa9063f6be176d553ff&signature=1917db2c2d4fee721f16f80221e00f9489b71a544ff7c707b41ede0d05f6ea63&remote=1 HTTP/1.1" 200 - "-" "Wordfence API/1.0 (+https://www.wordfence.com/help/api-callbacks/)"
54.68.32.247 - - [07/May/2026:03:36:22 +0000] "GET /wp-admin/admin-ajax.php?action=wordfence_doScan&isFork=1&scanMode=standard&cronKey=edb9721f36353854c24ae9ab143c2b4d&signature=a794222cad6de60edf6fd7cf6b5161e3dfd3eaa62abefaf9c48d83893ad7d852&remote=1 HTTP/1.1" 200 - "-" "Wordfence API/1.0 (+https://www.wordfence.com/help/api-callbacks/)"
20.123.172.228 - - [07/May/2026:03:37:12 +0000] "POST /wp-cron.php?doing_wp_cron=1778125032.8112139701843261718750 HTTP/1.1" 200 - "https://nipponia.nl/wp-cron.php?doing_wp_cron=1778125032.8112139701843261718750" "WordPress/6.1.10; https://nipponia.nl"
54.71.203.174 - - [07/May/2026:03:36:58 +0000] "GET /wp-admin/admin-ajax.php?action=wordfence_doScan&isFork=1&scanMode=standard&cronKey=b90295fb5406d93570e97df5c9e6ed3a&signature=0be3c3af7afdc17d603dfb0da7697d435667c02987d55b8053b57f5ae49e67d3&remote=1 HTTP/1.1" 200 - "-" "Wordfence API/1.0 (+https://www.wordfence.com/help/api-callbacks/)"
20.123.172.228 - - [07/May/2026:03:37:52 +0000] "POST /wp-cron.php?doing_wp_cron=1778125072.6794350147247314453125 HTTP/1.1" 200 - "https://nipponia.nl/wp-cron.php?doing_wp_cron=1778125072.6794350147247314453125" "WordPress/6.1.10; https://nipponia.nl"
44.235.211.232 - - [07/May/2026:03:37:36 +0000] "GET /wp-admin/admin-ajax.php?action=wordfence_doScan&isFork=1&scanMode=standard&cronKey=03bb67cbd80a09619a2344214f8e295d&signature=fce6ad56164bc81d7d4cc58cbf3dff733041e32e7822a58d97f9fdfaf741812a&remote=1 HTTP/1.1" 200 - "-" "Wordfence API/1.0 (+https://www.wordfence.com/help/api-callbacks/)"
54.71.203.174 - - [07/May/2026:03:38:15 +0000] "GET /wp-admin/admin-ajax.php?action=wordfence_doScan&isFork=1&scanMode=standard&cronKey=317c837e9f98df33c1227348bef8ba64&signature=6d120b604043130fcfcb357219fd5d23ce3466c107b1fa17b0ed4964d4cf02c4&remote=1 HTTP/1.1" 200 - "-" "Wordfence API/1.0 (+https://www.wordfence.com/help/api-callbacks/)"
20.123.172.228 - - [07/May/2026:03:38:55 +0000] "POST /wp-cron.php?doing_wp_cron=1778125135.0063529014587402343750 HTTP/1.1" 200 - "https://nipponia.nl/wp-cron.php?doing_wp_cron=1778125135.0063529014587402343750" "WordPress/6.1.10; https://nipponia.nl"
34.231.181.240 - - [07/May/2026:03:38:41 +0000] "GET /robots.txt HTTP/1.1" 200 122 "-" "Mozilla/5.0 AppleWebKit/537.36 (KHTML, like Gecko; compatible; Amazonbot/0.1; +https://developer.amazon.com/support/amazonbot) Chrome/119.0.6045.214 Safari/537.36"
54.71.203.174 - - [07/May/2026:03:38:49 +0000] "GET /wp-admin/admin-ajax.php?action=wordfence_doScan&isFork=1&scanMode=standard&cronKey=024e0433e396be9556f3fa3e38b9da71&signature=f309299bb78be7b2cc5d5ed638c360497c95f15ab2203a3fb6be93441d626834&remote=1 HTTP/1.1" 200 - "-" "Wordfence API/1.0 (+https://www.wordfence.com/help/api-callbacks/)"
