85.203.21.221 - - [07/May/2026:02:22:19 +0000] "GET /wp-content/cache/autoptimize/css/autoptimize_single_5b51e7d5730e4076121c9d8a880aac25.css?ver=6.1.10 HTTP/1.1" 200 14271 "https://nipponia.nl/en/home/" "Mozilla/5.0 (Windows NT 10.0; Win64; x64; rv:150.0) Gecko/20100101 Firefox/150.0"
85.203.21.192 - - [07/May/2026:02:22:19 +0000] "GET /wp-content/themes/airi-child/style.css?ver=6.1.10 HTTP/1.1" 200 258 "https://nipponia.nl/en/home/" "Mozilla/5.0 (Windows NT 10.0; Win64; x64; rv:150.0) Gecko/20100101 Firefox/150.0"
85.203.21.202 - - [07/May/2026:02:22:19 +0000] "GET /wp-content/themes/airi/css/font-awesome/css/all.min.css?ver=6.1.10 HTTP/1.1" 200 12863 "https://nipponia.nl/en/home/" "Mozilla/5.0 (Windows NT 10.0; Win64; x64; rv:150.0) Gecko/20100101 Firefox/150.0"
85.203.21.192 - - [07/May/2026:02:22:20 +0000] "GET /wp-content/cache/autoptimize/css/autoptimize_single_7bfada4d24aae1256c6c2c41879f015d.css?ver=2.0.4 HTTP/1.1" 200 2472 "https://nipponia.nl/en/home/" "Mozilla/5.0 (Windows NT 10.0; Win64; x64; rv:150.0) Gecko/20100101 Firefox/150.0"
85.203.21.192 - - [07/May/2026:02:22:20 +0000] "GET /wp-content/plugins/elementor/assets/lib/eicons/css/elementor-icons.min.css?ver=5.17.0 HTTP/1.1" 200 3969 "https://nipponia.nl/en/home/" "Mozilla/5.0 (Windows NT 10.0; Win64; x64; rv:150.0) Gecko/20100101 Firefox/150.0"
85.203.21.201 - - [07/May/2026:02:22:20 +0000] "GET /wp-content/plugins/elementor/assets/css/frontend-legacy.min.css?ver=3.10.1 HTTP/1.1" 200 708 "https://nipponia.nl/en/home/" "Mozilla/5.0 (Windows NT 10.0; Win64; x64; rv:150.0) Gecko/20100101 Firefox/150.0"
85.203.21.202 - - [07/May/2026:02:22:20 +0000] "GET /wp-content/plugins/elementor/assets/css/frontend.min.css?ver=3.10.1 HTTP/1.1" 200 19457 "https://nipponia.nl/en/home/" "Mozilla/5.0 (Windows NT 10.0; Win64; x64; rv:150.0) Gecko/20100101 Firefox/150.0"
85.203.21.221 - - [07/May/2026:02:22:20 +0000] "GET /wp-content/cache/autoptimize/css/autoptimize_single_20f15ecfaca3374b57a05300ef74a5e5.css?ver=1745828269 HTTP/1.1" 200 351 "https://nipponia.nl/en/home/" "Mozilla/5.0 (Windows NT 10.0; Win64; x64; rv:150.0) Gecko/20100101 Firefox/150.0"
85.203.21.192 - - [07/May/2026:02:22:20 +0000] "GET /wp-content/cache/autoptimize/css/autoptimize_single_04ea321a4b1aa8921a8b2e1782d261b2.css?ver=1747291980 HTTP/1.1" 200 505 "https://nipponia.nl/en/home/" "Mozilla/5.0 (Windows NT 10.0; Win64; x64; rv:150.0) Gecko/20100101 Firefox/150.0"
85.203.21.192 - - [07/May/2026:02:22:20 +0000] "GET /wp-includes/js/mediaelement/mediaelementplayer-legacy.min.css?ver=4.2.17 HTTP/1.1" 200 2592 "https://nipponia.nl/en/home/" "Mozilla/5.0 (Windows NT 10.0; Win64; x64; rv:150.0) Gecko/20100101 Firefox/150.0"
85.203.21.201 - - [07/May/2026:02:22:20 +0000] "GET /wp-includes/js/mediaelement/wp-mediaelement.min.css?ver=6.1.10 HTTP/1.1" 200 1156 "https://nipponia.nl/en/home/" "Mozilla/5.0 (Windows NT 10.0; Win64; x64; rv:150.0) Gecko/20100101 Firefox/150.0"
85.203.21.207 - - [07/May/2026:02:22:20 +0000] "GET /wp-includes/js/jquery/jquery.min.js?ver=3.6.1 HTTP/1.1" 200 30995 "https://nipponia.nl/en/home/" "Mozilla/5.0 (Windows NT 10.0; Win64; x64; rv:150.0) Gecko/20100101 Firefox/150.0"
85.203.21.221 - - [07/May/2026:02:22:20 +0000] "GET /wp-content/cache/autoptimize/css/autoptimize_single_26b4f0c3c1bcf76291fa4952fb7f04fb.css?ver=3.0.8 HTTP/1.1" 200 1369 "https://nipponia.nl/en/home/" "Mozilla/5.0 (Windows NT 10.0; Win64; x64; rv:150.0) Gecko/20100101 Firefox/150.0"
85.203.21.202 - - [07/May/2026:02:22:20 +0000] "GET /wp-includes/js/wp-emoji-release.min.js?ver=6.1.10 HTTP/1.1" 200 5009 "https://nipponia.nl/en/home/" "Mozilla/5.0 (Windows NT 10.0; Win64; x64; rv:150.0) Gecko/20100101 Firefox/150.0"
85.203.21.192 - - [07/May/2026:02:22:20 +0000] "GET /wp-content/plugins/elementor/assets/lib/animations/animations.min.css?ver=3.10.1 HTTP/1.1" 200 2592 "https://nipponia.nl/en/home/" "Mozilla/5.0 (Windows NT 10.0; Win64; x64; rv:150.0) Gecko/20100101 Firefox/150.0"
85.203.21.192 - - [07/May/2026:02:22:20 +0000] "GET /wp-includes/js/dist/vendor/regenerator-runtime.min.js?ver=0.13.9 HTTP/1.1" 200 2457 "https://nipponia.nl/en/home/" "Mozilla/5.0 (Windows NT 10.0; Win64; x64; rv:150.0) Gecko/20100101 Firefox/150.0"
85.203.21.201 - - [07/May/2026:02:22:20 +0000] "GET /wp-includes/js/dist/vendor/wp-polyfill.min.js?ver=3.15.0 HTTP/1.1" 200 6532 "https://nipponia.nl/en/home/" "Mozilla/5.0 (Windows NT 10.0; Win64; x64; rv:150.0) Gecko/20100101 Firefox/150.0"
85.203.21.221 - - [07/May/2026:02:22:20 +0000] "GET /wp-content/uploads/images/e-Rex.png HTTP/1.1" 200 7953 "https://nipponia.nl/en/home/" "Mozilla/5.0 (Windows NT 10.0; Win64; x64; rv:150.0) Gecko/20100101 Firefox/150.0"
85.203.21.192 - - [07/May/2026:02:22:20 +0000] "GET /wp-content/uploads/images/elegance.png HTTP/1.1" 200 7658 "https://nipponia.nl/en/home/" "Mozilla/5.0 (Windows NT 10.0; Win64; x64; rv:150.0) Gecko/20100101 Firefox/150.0"
85.203.21.192 - - [07/May/2026:02:22:20 +0000] "GET /wp-content/plugins/cookie-law-info/legacy/public/images/logo-cookieyes.svg HTTP/1.1" 200 1098 "https://nipponia.nl/en/home/" "Mozilla/5.0 (Windows NT 10.0; Win64; x64; rv:150.0) Gecko/20100101 Firefox/150.0"
85.203.21.201 - - [07/May/2026:02:22:20 +0000] "GET /wp-content/uploads/images/one.png HTTP/1.1" 200 3003 "https://nipponia.nl/en/home/" "Mozilla/5.0 (Windows NT 10.0; Win64; x64; rv:150.0) Gecko/20100101 Firefox/150.0"
85.203.21.221 - - [07/May/2026:02:22:20 +0000] "GET /wp-content/uploads/2021/02/index.png HTTP/1.1" 200 10087 "https://nipponia.nl/en/home/" "Mozilla/5.0 (Windows NT 10.0; Win64; x64; rv:150.0) Gecko/20100101 Firefox/150.0"
85.203.21.192 - - [07/May/2026:02:22:20 +0000] "GET /wp-content/uploads/2021/02/index-300x62.png HTTP/1.1" 200 21630 "https://nipponia.nl/en/home/" "Mozilla/5.0 (Windows NT 10.0; Win64; x64; rv:150.0) Gecko/20100101 Firefox/150.0"
85.203.21.192 - - [07/May/2026:02:22:20 +0000] "GET /wp-content/fonts/work-sans/font HTTP/1.1" 200 26412 "https://nipponia.nl/en/home/" "Mozilla/5.0 (Windows NT 10.0; Win64; x64; rv:150.0) Gecko/20100101 Firefox/150.0"
85.203.21.201 - - [07/May/2026:02:22:20 +0000] "GET /wp-content/themes/airi/css/font-awesome/webfonts/fa-solid-900.woff2 HTTP/1.1" 200 78212 "https://nipponia.nl/wp-content/themes/airi/css/font-awesome/css/all.min.css?ver=6.1.10" "Mozilla/5.0 (Windows NT 10.0; Win64; x64; rv:150.0) Gecko/20100101 Firefox/150.0"
85.203.21.207 - - [07/May/2026:02:22:20 +0000] "GET /wp-content/cache/autoptimize/js/autoptimize_cf679e5893ee5f2a92dcfca6e5be1faf.js HTTP/1.1" 200 167726 "https://nipponia.nl/en/home/" "Mozilla/5.0 (Windows NT 10.0; Win64; x64; rv:150.0) Gecko/20100101 Firefox/150.0"
85.203.21.221 - - [07/May/2026:02:22:20 +0000] "GET /wp-content/uploads/images/eviball.png HTTP/1.1" 200 3676 "https://nipponia.nl/en/home/" "Mozilla/5.0 (Windows NT 10.0; Win64; x64; rv:150.0) Gecko/20100101 Firefox/150.0"
85.203.21.192 - - [07/May/2026:02:22:21 +0000] "GET /wp-content/uploads/images/Volty.png HTTP/1.1" 200 5379 "https://nipponia.nl/en/home/" "Mozilla/5.0 (Windows NT 10.0; Win64; x64; rv:150.0) Gecko/20100101 Firefox/150.0"
85.203.21.207 - - [07/May/2026:02:22:21 +0000] "GET /wp-content/uploads/2022/10/banner-for-web-3.jpg HTTP/1.1" 200 279980 "https://nipponia.nl/en/home/" "Mozilla/5.0 (Windows NT 10.0; Win64; x64; rv:150.0) Gecko/20100101 Firefox/150.0"
85.203.21.202 - - [07/May/2026:02:22:20 +0000] "GET /wp-content/uploads/2023/07/Head-Banner-Site-1920-%C3%97-980-px-1920-%C3%97-880-px.mp4 HTTP/1.1" 206 2244106 "https://nipponia.nl/en/home/" "Mozilla/5.0 (Windows NT 10.0; Win64; x64; rv:150.0) Gecko/20100101 Firefox/150.0"
85.203.21.192 - - [07/May/2026:02:22:21 +0000] "GET /wp-content/uploads/2022/10/2-fast-for-web.jpg HTTP/1.1" 200 194839 "https://nipponia.nl/en/home/" "Mozilla/5.0 (Windows NT 10.0; Win64; x64; rv:150.0) Gecko/20100101 Firefox/150.0"
85.203.21.201 - - [07/May/2026:02:22:21 +0000] "GET /wp-content/uploads/2021/03/cropped-1c_v_logo_hr_b.png HTTP/1.1" 200 24757 "https://nipponia.nl/en/home/" "Mozilla/5.0 (Windows NT 10.0; Win64; x64; rv:150.0) Gecko/20100101 Firefox/150.0"
85.203.21.192 - - [07/May/2026:02:22:21 +0000] "GET /wp-content/uploads/2021/03/cropped-1c_v_logo_hr_b-150x150.png HTTP/1.1" 200 12708 "https://nipponia.nl/en/home/" "Mozilla/5.0 (Windows NT 10.0; Win64; x64; rv:150.0) Gecko/20100101 Firefox/150.0"
54.68.32.247 - - [07/May/2026:02:21:52 +0000] "GET /wp-admin/admin-ajax.php?action=wordfence_doScan&isFork=1&scanMode=standard&cronKey=a5cc3a0cd0f53fc1d3b6fafb0a34546e&signature=0dca62bcb53a8d137d40c0ef5b9fd7f877ed331d8a6836ed27a88b04726a8e4d&remote=1 HTTP/1.1" 200 - "-" "Wordfence API/1.0 (+https://www.wordfence.com/help/api-callbacks/)"
20.123.172.228 - - [07/May/2026:02:22:44 +0000] "POST /wp-cron.php?doing_wp_cron=1778120564.7506270408630371093750 HTTP/1.1" 200 - "https://nipponia.nl/wp-cron.php?doing_wp_cron=1778120564.7506270408630371093750" "WordPress/6.1.10; https://nipponia.nl"
44.235.211.232 - - [07/May/2026:02:22:30 +0000] "GET /wp-admin/admin-ajax.php?action=wordfence_doScan&isFork=1&scanMode=standard&cronKey=b64df3e035c8a6a5dc1c55f7412e7d87&signature=bbeba28898b55faf1cc420373aa5eab1f3892a11e4673d4e16cec0d6b8eadccc&remote=1 HTTP/1.1" 200 - "-" "Wordfence API/1.0 (+https://www.wordfence.com/help/api-callbacks/)"
54.71.203.174 - - [07/May/2026:02:23:08 +0000] "GET /wp-admin/admin-ajax.php?action=wordfence_doScan&isFork=1&scanMode=standard&cronKey=538b712997852c4b2c22d6b6027ed8d6&signature=6656c2ec8db90f33bbf99aaedac815659b20bca59dee016022fd548da1072ba4&remote=1 HTTP/1.1" 200 - "-" "Wordfence API/1.0 (+https://www.wordfence.com/help/api-callbacks/)"
20.123.172.228 - - [07/May/2026:02:24:05 +0000] "POST /wp-cron.php?doing_wp_cron=1778120645.0657420158386230468750 HTTP/1.1" 200 - "https://nipponia.nl/wp-cron.php?doing_wp_cron=1778120645.0657420158386230468750" "WordPress/6.1.10; https://nipponia.nl"
54.71.203.174 - - [07/May/2026:02:23:48 +0000] "GET /wp-admin/admin-ajax.php?action=wordfence_doScan&isFork=1&scanMode=standard&cronKey=b3bbafe3399d4c45c4bb0f2d60401d19&signature=81f3bf9a5f88b50e7e245f91a647e8e99aabd6d718097ccf0f69451f74edee05&remote=1 HTTP/1.1" 200 - "-" "Wordfence API/1.0 (+https://www.wordfence.com/help/api-callbacks/)"
20.123.172.228 - - [07/May/2026:02:24:41 +0000] "POST /wp-cron.php?doing_wp_cron=1778120681.4538629055023193359375 HTTP/1.1" 200 - "https://nipponia.nl/wp-cron.php?doing_wp_cron=1778120681.4538629055023193359375" "WordPress/6.1.10; https://nipponia.nl"
54.71.203.174 - - [07/May/2026:02:24:27 +0000] "GET /wp-admin/admin-ajax.php?action=wordfence_doScan&isFork=1&scanMode=standard&cronKey=6569a299d7eaf0b0f0de9c5c38b5dff1&signature=fa01430de3a5555832e47890bd5e93389e0d579face3effff813ec5bd79c04ec&remote=1 HTTP/1.1" 200 - "-" "Wordfence API/1.0 (+https://www.wordfence.com/help/api-callbacks/)"
54.68.32.247 - - [07/May/2026:02:25:05 +0000] "GET /wp-admin/admin-ajax.php?action=wordfence_doScan&isFork=1&scanMode=standard&cronKey=740f3d9c41a5ff28fed2ef101eb5241f&signature=47bf6bc71d61c4a1c731987b986c6441c6fdcc64e497358c310af7032b66b468&remote=1 HTTP/1.1" 200 - "-" "Wordfence API/1.0 (+https://www.wordfence.com/help/api-callbacks/)"
20.123.172.228 - - [07/May/2026:02:25:58 +0000] "POST /wp-cron.php?doing_wp_cron=1778120757.8725340366363525390625 HTTP/1.1" 200 - "https://nipponia.nl/wp-cron.php?doing_wp_cron=1778120757.8725340366363525390625" "WordPress/6.1.10; https://nipponia.nl"
199.185.131.6 - - [07/May/2026:02:25:51 +0000] "GET /stores/techzorg/ HTTP/1.1" 200 13260 "-" "Mozilla/5.0 (Macintosh; Intel Mac OS X 10_15_7) AppleWebKit/537.36 (KHTML, like Gecko) Chrome/136.0.0.0 Safari/537.36"
98.204.0.114 - - [07/May/2026:02:25:59 +0000] "GET /stores/baecke-motoren/ HTTP/1.1" 200 13259 "-" "Mozilla/5.0 (Macintosh; Intel Mac OS X 10_15_7) AppleWebKit/537.36 (KHTML, like Gecko) Chrome/119.0.0.0 Safari/537.36"
54.71.203.174 - - [07/May/2026:02:25:41 +0000] "GET /wp-admin/admin-ajax.php?action=wordfence_doScan&isFork=1&scanMode=standard&cronKey=09b610fd99619b71e3819e2d3f9bbcaa&signature=ed9edbeca8a6573c5a119d59bd78b95b5a1f795a404cf9e858462d7768c4d52f&remote=1 HTTP/1.1" 200 - "-" "Wordfence API/1.0 (+https://www.wordfence.com/help/api-callbacks/)"
103.141.30.37 - - [07/May/2026:02:26:13 +0000] "GET / HTTP/1.1" 302 - "https://www.google.com/" "Mozilla/5.0 (Windows NT 10.0; Win64; x64) AppleWebKit/537.36 (KHTML, like Gecko) Chrome/147.0.0.0 Safari/537.36"
185.236.200.244 - - [07/May/2026:02:26:12 +0000] "GET /stores/techzorg/ HTTP/1.1" 200 13260 "-" "Mozilla/5.0 (Macintosh; Intel Mac OS X 10_15_7) AppleWebKit/537.36 (KHTML, like Gecko) Chrome/120.0.0.0 Safari/537.36"
193.186.4.183 - - [07/May/2026:02:26:12 +0000] "GET /f3/ HTTP/1.1" 200 18317 "https://www.google.com/" "Mozilla/5.0 (Windows NT 10.0; Win64; x64) AppleWebKit/537.36 (KHTML, like Gecko) Chrome/147.0.0.0 Safari/537.36"
177.87.33.187 - - [07/May/2026:02:26:18 +0000] "GET /wp-content/uploads/manuals/Cit-e_manual_EN.pdf HTTP/1.1" 200 4594344 "-" "Mozilla/5.0 (Windows NT 10.0; WOW64) AppleWebKit/537.36 (KHTML, like Gecko) Chrome/70.0.3538.25 Safari/537.36 Core/1.70.3722.400 QQBrowser/10.5.3739.400"
103.141.30.37 - - [07/May/2026:02:26:24 +0000] "GET /en/home/ HTTP/1.1" 200 16607 "https://www.google.com/" "Mozilla/5.0 (Windows NT 10.0; Win64; x64) AppleWebKit/537.36 (KHTML, like Gecko) Chrome/147.0.0.0 Safari/537.36"
103.141.30.37 - - [07/May/2026:02:26:42 +0000] "GET /wp-content/plugins/premium-addons-for-elementor/assets/frontend/min-css/premium-addons.min.css?ver=4.10.82 HTTP/1.1" 200 45232 "https://nipponia.nl/en/home/" "Mozilla/5.0 (Windows NT 10.0; Win64; x64) AppleWebKit/537.36 (KHTML, like Gecko) Chrome/147.0.0.0 Safari/537.36"
103.141.30.37 - - [07/May/2026:02:26:42 +0000] "GET /wp-content/themes/airi/css/bootstrap/bootstrap.min.css?ver=1 HTTP/1.1" 200 20519 "https://nipponia.nl/en/home/" "Mozilla/5.0 (Windows NT 10.0; Win64; x64) AppleWebKit/537.36 (KHTML, like Gecko) Chrome/147.0.0.0 Safari/537.36"
103.141.30.37 - - [07/May/2026:02:26:42 +0000] "GET /wp-includes/css/dist/block-library/style.min.css?ver=6.1.10 HTTP/1.1" 200 12540 "https://nipponia.nl/en/home/" "Mozilla/5.0 (Windows NT 10.0; Win64; x64) AppleWebKit/537.36 (KHTML, like Gecko) Chrome/147.0.0.0 Safari/537.36"
103.141.30.37 - - [07/May/2026:02:26:42 +0000] "GET /wp-includes/css/classic-themes.min.css?ver=1 HTTP/1.1" 200 189 "https://nipponia.nl/en/home/" "Mozilla/5.0 (Windows NT 10.0; Win64; x64) AppleWebKit/537.36 (KHTML, like Gecko) Chrome/147.0.0.0 Safari/537.36"
103.141.30.37 - - [07/May/2026:02:26:42 +0000] "GET /wp-content/cache/autoptimize/css/autoptimize_single_0e4a098f3f6e3faede64db8b9da80ba2.css?ver=5.7.7 HTTP/1.1" 200 877 "https://nipponia.nl/en/home/" "Mozilla/5.0 (Windows NT 10.0; Win64; x64) AppleWebKit/537.36 (KHTML, like Gecko) Chrome/147.0.0.0 Safari/537.36"
103.141.30.37 - - [07/May/2026:02:26:43 +0000] "GET /wp-content/cache/autoptimize/css/autoptimize_single_20e8490fab0dcf7557a5c8b54494db6f.css?ver=3.0.8 HTTP/1.1" 200 772 "https://nipponia.nl/en/home/" "Mozilla/5.0 (Windows NT 10.0; Win64; x64) AppleWebKit/537.36 (KHTML, like Gecko) Chrome/147.0.0.0 Safari/537.36"
103.141.30.37 - - [07/May/2026:02:26:43 +0000] "GET /wp-content/cache/autoptimize/css/autoptimize_single_359aca8a88b2331aa34ac505acad9911.css?ver=3.0.8 HTTP/1.1" 200 3809 "https://nipponia.nl/en/home/" "Mozilla/5.0 (Windows NT 10.0; Win64; x64) AppleWebKit/537.36 (KHTML, like Gecko) Chrome/147.0.0.0 Safari/537.36"
103.141.30.37 - - [07/May/2026:02:26:43 +0000] "GET /wp-content/plugins/wp-store-locator/css/styles.min.css?ver=2.2.235 HTTP/1.1" 200 3368 "https://nipponia.nl/en/home/" "Mozilla/5.0 (Windows NT 10.0; Win64; x64) AppleWebKit/537.36 (KHTML, like Gecko) Chrome/147.0.0.0 Safari/537.36"
103.141.30.37 - - [07/May/2026:02:26:43 +0000] "GET /wp-content/cache/autoptimize/css/autoptimize_single_5b51e7d5730e4076121c9d8a880aac25.css?ver=6.1.10 HTTP/1.1" 200 14271 "https://nipponia.nl/en/home/" "Mozilla/5.0 (Windows NT 10.0; Win64; x64) AppleWebKit/537.36 (KHTML, like Gecko) Chrome/147.0.0.0 Safari/537.36"
103.141.30.37 - - [07/May/2026:02:26:43 +0000] "GET /wp-content/themes/airi-child/style.css?ver=6.1.10 HTTP/1.1" 200 258 "https://nipponia.nl/en/home/" "Mozilla/5.0 (Windows NT 10.0; Win64; x64) AppleWebKit/537.36 (KHTML, like Gecko) Chrome/147.0.0.0 Safari/537.36"
103.141.30.37 - - [07/May/2026:02:26:43 +0000] "GET /wp-content/themes/airi/css/font-awesome/css/all.min.css?ver=6.1.10 HTTP/1.1" 200 12863 "https://nipponia.nl/en/home/" "Mozilla/5.0 (Windows NT 10.0; Win64; x64) AppleWebKit/537.36 (KHTML, like Gecko) Chrome/147.0.0.0 Safari/537.36"
103.141.30.37 - - [07/May/2026:02:26:43 +0000] "GET /wp-content/cache/autoptimize/css/autoptimize_single_7bfada4d24aae1256c6c2c41879f015d.css?ver=2.0.4 HTTP/1.1" 200 2472 "https://nipponia.nl/en/home/" "Mozilla/5.0 (Windows NT 10.0; Win64; x64) AppleWebKit/537.36 (KHTML, like Gecko) Chrome/147.0.0.0 Safari/537.36"
103.141.30.37 - - [07/May/2026:02:26:43 +0000] "GET /wp-content/plugins/elementor/assets/lib/eicons/css/elementor-icons.min.css?ver=5.17.0 HTTP/1.1" 200 3969 "https://nipponia.nl/en/home/" "Mozilla/5.0 (Windows NT 10.0; Win64; x64) AppleWebKit/537.36 (KHTML, like Gecko) Chrome/147.0.0.0 Safari/537.36"
103.141.30.37 - - [07/May/2026:02:26:43 +0000] "GET /wp-content/plugins/elementor/assets/css/frontend-legacy.min.css?ver=3.10.1 HTTP/1.1" 200 708 "https://nipponia.nl/en/home/" "Mozilla/5.0 (Windows NT 10.0; Win64; x64) AppleWebKit/537.36 (KHTML, like Gecko) Chrome/147.0.0.0 Safari/537.36"
103.141.30.37 - - [07/May/2026:02:26:43 +0000] "GET /wp-content/cache/autoptimize/css/autoptimize_single_20f15ecfaca3374b57a05300ef74a5e5.css?ver=1745828269 HTTP/1.1" 200 351 "https://nipponia.nl/en/home/" "Mozilla/5.0 (Windows NT 10.0; Win64; x64) AppleWebKit/537.36 (KHTML, like Gecko) Chrome/147.0.0.0 Safari/537.36"
103.141.30.37 - - [07/May/2026:02:26:43 +0000] "GET /wp-content/plugins/elementor/assets/css/frontend.min.css?ver=3.10.1 HTTP/1.1" 200 19457 "https://nipponia.nl/en/home/" "Mozilla/5.0 (Windows NT 10.0; Win64; x64) AppleWebKit/537.36 (KHTML, like Gecko) Chrome/147.0.0.0 Safari/537.36"
103.141.30.37 - - [07/May/2026:02:26:43 +0000] "GET /wp-content/cache/autoptimize/css/autoptimize_single_04ea321a4b1aa8921a8b2e1782d261b2.css?ver=1747291980 HTTP/1.1" 200 505 "https://nipponia.nl/en/home/" "Mozilla/5.0 (Windows NT 10.0; Win64; x64) AppleWebKit/537.36 (KHTML, like Gecko) Chrome/147.0.0.0 Safari/537.36"
103.141.30.37 - - [07/May/2026:02:26:44 +0000] "GET /wp-includes/js/mediaelement/wp-mediaelement.min.css?ver=6.1.10 HTTP/1.1" 200 1156 "https://nipponia.nl/en/home/" "Mozilla/5.0 (Windows NT 10.0; Win64; x64) AppleWebKit/537.36 (KHTML, like Gecko) Chrome/147.0.0.0 Safari/537.36"
103.141.30.37 - - [07/May/2026:02:26:44 +0000] "GET /wp-includes/js/mediaelement/mediaelementplayer-legacy.min.css?ver=4.2.17 HTTP/1.1" 200 2592 "https://nipponia.nl/en/home/" "Mozilla/5.0 (Windows NT 10.0; Win64; x64) AppleWebKit/537.36 (KHTML, like Gecko) Chrome/147.0.0.0 Safari/537.36"
103.141.30.37 - - [07/May/2026:02:26:44 +0000] "GET /wp-content/uploads/2021/02/index-300x62.png HTTP/1.1" 200 21630 "https://nipponia.nl/en/home/" "Mozilla/5.0 (Windows NT 10.0; Win64; x64) AppleWebKit/537.36 (KHTML, like Gecko) Chrome/147.0.0.0 Safari/537.36"
103.141.30.37 - - [07/May/2026:02:26:44 +0000] "GET /wp-content/uploads/2021/02/index.png HTTP/1.1" 200 10087 "https://nipponia.nl/en/home/" "Mozilla/5.0 (Windows NT 10.0; Win64; x64) AppleWebKit/537.36 (KHTML, like Gecko) Chrome/147.0.0.0 Safari/537.36"
103.141.30.37 - - [07/May/2026:02:26:44 +0000] "GET /wp-includes/js/jquery/jquery.min.js?ver=3.6.1 HTTP/1.1" 200 30995 "https://nipponia.nl/en/home/" "Mozilla/5.0 (Windows NT 10.0; Win64; x64) AppleWebKit/537.36 (KHTML, like Gecko) Chrome/147.0.0.0 Safari/537.36"
103.141.30.37 - - [07/May/2026:02:26:44 +0000] "GET /wp-content/uploads/images/eviball.png HTTP/1.1" 200 3676 "https://nipponia.nl/en/home/" "Mozilla/5.0 (Windows NT 10.0; Win64; x64) AppleWebKit/537.36 (KHTML, like Gecko) Chrome/147.0.0.0 Safari/537.36"
103.141.30.37 - - [07/May/2026:02:26:44 +0000] "GET /wp-content/uploads/images/Volty.png HTTP/1.1" 200 5379 "https://nipponia.nl/en/home/" "Mozilla/5.0 (Windows NT 10.0; Win64; x64) AppleWebKit/537.36 (KHTML, like Gecko) Chrome/147.0.0.0 Safari/537.36"
103.141.30.37 - - [07/May/2026:02:26:44 +0000] "GET /wp-content/uploads/images/elegance.png HTTP/1.1" 200 7658 "https://nipponia.nl/en/home/" "Mozilla/5.0 (Windows NT 10.0; Win64; x64) AppleWebKit/537.36 (KHTML, like Gecko) Chrome/147.0.0.0 Safari/537.36"
103.141.30.37 - - [07/May/2026:02:26:44 +0000] "GET /wp-content/cache/autoptimize/css/autoptimize_single_26b4f0c3c1bcf76291fa4952fb7f04fb.css?ver=3.0.8 HTTP/1.1" 200 1369 "https://nipponia.nl/en/home/" "Mozilla/5.0 (Windows NT 10.0; Win64; x64) AppleWebKit/537.36 (KHTML, like Gecko) Chrome/147.0.0.0 Safari/537.36"
103.141.30.37 - - [07/May/2026:02:26:44 +0000] "GET /wp-content/plugins/elementor/assets/lib/animations/animations.min.css?ver=3.10.1 HTTP/1.1" 200 2592 "https://nipponia.nl/en/home/" "Mozilla/5.0 (Windows NT 10.0; Win64; x64) AppleWebKit/537.36 (KHTML, like Gecko) Chrome/147.0.0.0 Safari/537.36"
103.141.30.37 - - [07/May/2026:02:26:44 +0000] "GET /wp-includes/js/dist/vendor/regenerator-runtime.min.js?ver=0.13.9 HTTP/1.1" 200 2457 "https://nipponia.nl/en/home/" "Mozilla/5.0 (Windows NT 10.0; Win64; x64) AppleWebKit/537.36 (KHTML, like Gecko) Chrome/147.0.0.0 Safari/537.36"
103.141.30.37 - - [07/May/2026:02:26:44 +0000] "GET /wp-includes/js/dist/vendor/wp-polyfill.min.js?ver=3.15.0 HTTP/1.1" 200 6532 "https://nipponia.nl/en/home/" "Mozilla/5.0 (Windows NT 10.0; Win64; x64) AppleWebKit/537.36 (KHTML, like Gecko) Chrome/147.0.0.0 Safari/537.36"
103.141.30.37 - - [07/May/2026:02:26:45 +0000] "GET /wp-includes/js/wp-emoji-release.min.js?ver=6.1.10 HTTP/1.1" 200 5009 "https://nipponia.nl/en/home/" "Mozilla/5.0 (Windows NT 10.0; Win64; x64) AppleWebKit/537.36 (KHTML, like Gecko) Chrome/147.0.0.0 Safari/537.36"
103.141.30.37 - - [07/May/2026:02:26:45 +0000] "GET /wp-content/uploads/images/e-Rex.png HTTP/1.1" 200 7953 "https://nipponia.nl/en/home/" "Mozilla/5.0 (Windows NT 10.0; Win64; x64) AppleWebKit/537.36 (KHTML, like Gecko) Chrome/147.0.0.0 Safari/537.36"
103.141.30.37 - - [07/May/2026:02:26:45 +0000] "GET /wp-content/uploads/images/one.png HTTP/1.1" 200 3003 "https://nipponia.nl/en/home/" "Mozilla/5.0 (Windows NT 10.0; Win64; x64) AppleWebKit/537.36 (KHTML, like Gecko) Chrome/147.0.0.0 Safari/537.36"
103.141.30.37 - - [07/May/2026:02:26:45 +0000] "GET /wp-content/plugins/cookie-law-info/legacy/public/images/logo-cookieyes.svg HTTP/1.1" 200 1098 "https://nipponia.nl/en/home/" "Mozilla/5.0 (Windows NT 10.0; Win64; x64) AppleWebKit/537.36 (KHTML, like Gecko) Chrome/147.0.0.0 Safari/537.36"
103.141.30.37 - - [07/May/2026:02:26:45 +0000] "GET /wp-content/cache/autoptimize/js/autoptimize_cf679e5893ee5f2a92dcfca6e5be1faf.js HTTP/1.1" 200 167726 "https://nipponia.nl/en/home/" "Mozilla/5.0 (Windows NT 10.0; Win64; x64) AppleWebKit/537.36 (KHTML, like Gecko) Chrome/147.0.0.0 Safari/537.36"
103.141.30.37 - - [07/May/2026:02:26:46 +0000] "GET /wp-content/fonts/work-sans/font HTTP/1.1" 200 25976 "https://nipponia.nl/en/home/" "Mozilla/5.0 (Windows NT 10.0; Win64; x64) AppleWebKit/537.36 (KHTML, like Gecko) Chrome/147.0.0.0 Safari/537.36"
103.141.30.37 - - [07/May/2026:02:26:48 +0000] "GET /wp-content/uploads/2021/03/cropped-1c_v_logo_hr_b-150x150.png HTTP/1.1" 200 12708 "https://nipponia.nl/en/home/" "Mozilla/5.0 (Windows NT 10.0; Win64; x64) AppleWebKit/537.36 (KHTML, like Gecko) Chrome/147.0.0.0 Safari/537.36"
54.71.203.174 - - [07/May/2026:02:26:20 +0000] "GET /wp-admin/admin-ajax.php?action=wordfence_doScan&isFork=1&scanMode=standard&cronKey=754e6380a0f5f87f4a93708021dc1cce&signature=9914a1fceef686c682fcfd635ff0cafb0976b6a94b08b26b08417952aaae47ee&remote=1 HTTP/1.1" 200 - "-" "Wordfence API/1.0 (+https://www.wordfence.com/help/api-callbacks/)"
20.123.172.228 - - [07/May/2026:02:27:11 +0000] "POST /wp-cron.php?doing_wp_cron=1778120831.5339889526367187500000 HTTP/1.1" 200 - "https://nipponia.nl/wp-cron.php?doing_wp_cron=1778120831.5339889526367187500000" "WordPress/6.1.10; https://nipponia.nl"
52.6.97.88 - - [07/May/2026:02:27:09 +0000] "GET /robots.txt HTTP/1.1" 200 122 "-" "Mozilla/5.0 AppleWebKit/537.36 (KHTML, like Gecko; compatible; Amazonbot/0.1; +https://developer.amazon.com/support/amazonbot) Chrome/119.0.6045.214 Safari/537.36"
54.71.203.174 - - [07/May/2026:02:26:57 +0000] "GET /wp-admin/admin-ajax.php?action=wordfence_doScan&isFork=1&scanMode=standard&cronKey=e061c83beb21ae1fcb81ccc20d21e0bd&signature=731bf344133af3d0e31991fed318fec9bb8b13b11678ef27f302b29c85c18fd2&remote=1 HTTP/1.1" 200 - "-" "Wordfence API/1.0 (+https://www.wordfence.com/help/api-callbacks/)"
20.123.172.228 - - [07/May/2026:02:27:47 +0000] "POST /wp-cron.php?doing_wp_cron=1778120867.3686189651489257812500 HTTP/1.1" 200 - "https://nipponia.nl/wp-cron.php?doing_wp_cron=1778120867.3686189651489257812500" "WordPress/6.1.10; https://nipponia.nl"
54.71.203.174 - - [07/May/2026:02:27:34 +0000] "GET /wp-admin/admin-ajax.php?action=wordfence_doScan&isFork=1&scanMode=standard&cronKey=de814564c5ccb55942445621c86fa4fa&signature=d98365dfb369d57f29762ea1849c826b9b2d9ef66cb476adf174b13f9c52c636&remote=1 HTTP/1.1" 200 - "-" "Wordfence API/1.0 (+https://www.wordfence.com/help/api-callbacks/)"
20.123.172.228 - - [07/May/2026:02:28:24 +0000] "POST /wp-cron.php?doing_wp_cron=1778120904.6029310226440429687500 HTTP/1.1" 200 - "https://nipponia.nl/wp-cron.php?doing_wp_cron=1778120904.6029310226440429687500" "WordPress/6.1.10; https://nipponia.nl"
44.235.211.232 - - [07/May/2026:02:28:11 +0000] "GET /wp-admin/admin-ajax.php?action=wordfence_doScan&isFork=1&scanMode=standard&cronKey=196d10b3da934046c2c3e82254309b19&signature=a57ebb17718f618e5ede88c1447d400c42e0c47f5ce82ec2cfcc96d98afb5879&remote=1 HTTP/1.1" 200 - "-" "Wordfence API/1.0 (+https://www.wordfence.com/help/api-callbacks/)"
20.123.172.228 - - [07/May/2026:02:29:05 +0000] "POST /wp-cron.php?doing_wp_cron=1778120945.5136280059814453125000 HTTP/1.1" 200 - "https://nipponia.nl/wp-cron.php?doing_wp_cron=1778120945.5136280059814453125000" "WordPress/6.1.10; https://nipponia.nl"
54.71.203.174 - - [07/May/2026:02:28:48 +0000] "GET /wp-admin/admin-ajax.php?action=wordfence_doScan&isFork=1&scanMode=standard&cronKey=1a8a70714c2c0c783559fdaa06fa294d&signature=00df609c66de6b981f1154a3b0dbeb7f49e56088191315d47953ef408168977f&remote=1 HTTP/1.1" 200 - "-" "Wordfence API/1.0 (+https://www.wordfence.com/help/api-callbacks/)"
20.123.172.228 - - [07/May/2026:02:29:43 +0000] "POST /wp-cron.php?doing_wp_cron=1778120983.8516559600830078125000 HTTP/1.1" 200 - "https://nipponia.nl/wp-cron.php?doing_wp_cron=1778120983.8516559600830078125000" "WordPress/6.1.10; https://nipponia.nl"
54.68.32.247 - - [07/May/2026:02:29:29 +0000] "GET /wp-admin/admin-ajax.php?action=wordfence_doScan&isFork=1&scanMode=standard&cronKey=07e06c088b5e075f4e7473e1642f2a61&signature=abb21de5458c4eed43d7b59a68b2b00c711b2c568b078261f598d7c405990eb7&remote=1 HTTP/1.1" 200 - "-" "Wordfence API/1.0 (+https://www.wordfence.com/help/api-callbacks/)"
54.71.203.174 - - [07/May/2026:02:30:06 +0000] "GET /wp-admin/admin-ajax.php?action=wordfence_doScan&isFork=1&scanMode=standard&cronKey=1b4f22dd205fd5f6d40c0f57d8f571d0&signature=8c5413db8089526dafd0a9dd8cbc14692f20691d0b1fc16e10ace4a09617d684&remote=1 HTTP/1.1" 200 - "-" "Wordfence API/1.0 (+https://www.wordfence.com/help/api-callbacks/)"
20.123.172.228 - - [07/May/2026:02:30:55 +0000] "POST /wp-cron.php?doing_wp_cron=1778121055.5314888954162597656250 HTTP/1.1" 200 - "https://nipponia.nl/wp-cron.php?doing_wp_cron=1778121055.5314888954162597656250" "WordPress/6.1.10; https://nipponia.nl"
54.71.203.174 - - [07/May/2026:02:30:41 +0000] "GET /wp-admin/admin-ajax.php?action=wordfence_doScan&isFork=1&scanMode=standard&cronKey=a89543f1c6f51bac8f995970a4f25976&signature=1aead285a94d6f1c52481984a7539ef05ffe5e27b48bc5b9a26b822f58fe704e&remote=1 HTTP/1.1" 200 - "-" "Wordfence API/1.0 (+https://www.wordfence.com/help/api-callbacks/)"
54.71.203.174 - - [07/May/2026:02:31:18 +0000] "GET /wp-admin/admin-ajax.php?action=wordfence_doScan&isFork=1&scanMode=standard&cronKey=a850c1e41e4dd568a1b357254bcc25e1&signature=9e7abb9b624685e5598705677c100aefa5163eab21a833c2011e26b426c350f3&remote=1 HTTP/1.1" 200 - "-" "Wordfence API/1.0 (+https://www.wordfence.com/help/api-callbacks/)"
20.123.172.228 - - [07/May/2026:02:32:04 +0000] "POST /wp-cron.php?doing_wp_cron=1778121124.7421569824218750000000 HTTP/1.1" 200 - "https://nipponia.nl/wp-cron.php?doing_wp_cron=1778121124.7421569824218750000000" "WordPress/6.1.10; https://nipponia.nl"
54.71.203.174 - - [07/May/2026:02:31:52 +0000] "GET /wp-admin/admin-ajax.php?action=wordfence_doScan&isFork=1&scanMode=standard&cronKey=1af955723a31a33b95eff18c17a21cce&signature=f1d0d8af9961444a9d33681b468fe36584b818387e38002fd896d2bfab0ff19f&remote=1 HTTP/1.1" 200 - "-" "Wordfence API/1.0 (+https://www.wordfence.com/help/api-callbacks/)"
3.216.86.144 - - [07/May/2026:02:32:20 +0000] "GET /robots.txt HTTP/1.1" 200 122 "-" "Mozilla/5.0 AppleWebKit/537.36 (KHTML, like Gecko; compatible; Amazonbot/0.1; +https://developer.amazon.com/support/amazonbot) Chrome/119.0.6045.214 Safari/537.36"
20.123.172.228 - - [07/May/2026:02:32:42 +0000] "POST /wp-cron.php?doing_wp_cron=1778121162.0100100040435791015625 HTTP/1.1" 200 - "https://nipponia.nl/wp-cron.php?doing_wp_cron=1778121162.0100100040435791015625" "WordPress/6.1.10; https://nipponia.nl"
54.68.32.247 - - [07/May/2026:02:32:28 +0000] "GET /wp-admin/admin-ajax.php?action=wordfence_doScan&isFork=1&scanMode=standard&cronKey=3259d43af13406a2a314ef89d90de675&signature=0cd9bf6a50648bba3560f36dcb26fb3b880654a62231307c56ea0b977f96ff18&remote=1 HTTP/1.1" 200 - "-" "Wordfence API/1.0 (+https://www.wordfence.com/help/api-callbacks/)"
54.71.203.174 - - [07/May/2026:02:33:04 +0000] "GET /wp-admin/admin-ajax.php?action=wordfence_doScan&isFork=1&scanMode=standard&cronKey=a862f1a436917dceea3d522b4d82d472&signature=055359e72dcb9e12a8f3002ad283d52f78635e6a7d45c5ff34c4f18802dfb769&remote=1 HTTP/1.1" 200 - "-" "Wordfence API/1.0 (+https://www.wordfence.com/help/api-callbacks/)"
20.123.172.228 - - [07/May/2026:02:33:54 +0000] "POST /wp-cron.php?doing_wp_cron=1778121234.4902861118316650390625 HTTP/1.1" 200 - "https://nipponia.nl/wp-cron.php?doing_wp_cron=1778121234.4902861118316650390625" "WordPress/6.1.10; https://nipponia.nl"
54.68.32.247 - - [07/May/2026:02:33:40 +0000] "GET /wp-admin/admin-ajax.php?action=wordfence_doScan&isFork=1&scanMode=standard&cronKey=4ffc34768954a9d082d808aac6602d18&signature=56bacb6a1f0545c6fdeedff8d08843496bee884577d09cdb59c7a59476d14ea5&remote=1 HTTP/1.1" 200 - "-" "Wordfence API/1.0 (+https://www.wordfence.com/help/api-callbacks/)"
54.71.203.174 - - [07/May/2026:02:34:17 +0000] "GET /wp-admin/admin-ajax.php?action=wordfence_doScan&isFork=1&scanMode=standard&cronKey=0d6240fe5c58e858eee84ebf836fa056&signature=27309910f425b420c4303cd6838432993563b34187ec216178d4f44502ffa90b&remote=1 HTTP/1.1" 200 - "-" "Wordfence API/1.0 (+https://www.wordfence.com/help/api-callbacks/)"
20.123.172.228 - - [07/May/2026:02:35:07 +0000] "POST /wp-cron.php?doing_wp_cron=1778121307.4230399131774902343750 HTTP/1.1" 200 - "https://nipponia.nl/wp-cron.php?doing_wp_cron=1778121307.4230399131774902343750" "WordPress/6.1.10; https://nipponia.nl"
54.71.203.174 - - [07/May/2026:02:34:53 +0000] "GET /wp-admin/admin-ajax.php?action=wordfence_doScan&isFork=1&scanMode=standard&cronKey=401dd93cfe7783a89a2215f46959a712&signature=d4b0a71f11cc96e8045e8ff0e6472f792c179505df25c65fe326edd8788fd524&remote=1 HTTP/1.1" 200 - "-" "Wordfence API/1.0 (+https://www.wordfence.com/help/api-callbacks/)"
20.123.172.228 - - [07/May/2026:02:35:43 +0000] "POST /wp-cron.php?doing_wp_cron=1778121343.8001270294189453125000 HTTP/1.1" 200 - "https://nipponia.nl/wp-cron.php?doing_wp_cron=1778121343.8001270294189453125000" "WordPress/6.1.10; https://nipponia.nl"
44.235.211.232 - - [07/May/2026:02:35:30 +0000] "GET /wp-admin/admin-ajax.php?action=wordfence_doScan&isFork=1&scanMode=standard&cronKey=2129bf0039a17fdcb0783ddf0571b722&signature=a7156994a37545b5003a1d9c92508ac29214cf3db85c8de2023b0f03e49f8208&remote=1 HTTP/1.1" 200 - "-" "Wordfence API/1.0 (+https://www.wordfence.com/help/api-callbacks/)"
20.123.172.228 - - [07/May/2026:02:36:39 +0000] "POST /wp-cron.php?doing_wp_cron=1778121399.6423358917236328125000 HTTP/1.1" 200 - "https://nipponia.nl/wp-cron.php?doing_wp_cron=1778121399.6423358917236328125000" "WordPress/6.1.10; https://nipponia.nl"
54.68.32.247 - - [07/May/2026:02:36:06 +0000] "GET /wp-admin/admin-ajax.php?action=wordfence_doScan&isFork=1&scanMode=standard&cronKey=95652a8654ece832843da2aa41e7b300&signature=1c152928d2c84430cb9e987d769d9c03c561bf8e5a2536019f37dd80dd0c399b&remote=1 HTTP/1.1" 200 - "-" "Wordfence API/1.0 (+https://www.wordfence.com/help/api-callbacks/)"
81.204.9.253 - - [07/May/2026:02:36:25 +0000] "GET / HTTP/1.1" 200 16900 "-" "Mozilla/5.0 (iPhone; CPU iPhone OS 18_7 like Mac OS X) AppleWebKit/605.1.15 (KHTML, like Gecko) Version/26.4 Mobile/15E148 Safari/604.1"
54.71.203.174 - - [07/May/2026:02:36:41 +0000] "GET /wp-admin/admin-ajax.php?action=wordfence_doScan&isFork=1&scanMode=standard&cronKey=26252421f1a82981152477dec3292827&signature=e1117028932b53eb29eb0eb45a5d95140b71a264d72cab29b7bae612dbf960bd&remote=1 HTTP/1.1" 200 - "-" "Wordfence API/1.0 (+https://www.wordfence.com/help/api-callbacks/)"
54.71.203.174 - - [07/May/2026:02:37:17 +0000] "GET /wp-admin/admin-ajax.php?action=wordfence_doScan&isFork=1&scanMode=standard&cronKey=082cc20a2d94775c7aafa8aa4fb4634b&signature=a48581cb8045dcfd72f08bc7e73029666f68db7dbc3a42dc1af24765df7fdf2d&remote=1 HTTP/1.1" 200 - "-" "Wordfence API/1.0 (+https://www.wordfence.com/help/api-callbacks/)"
20.123.172.228 - - [07/May/2026:02:38:09 +0000] "POST /wp-cron.php?doing_wp_cron=1778121489.5021169185638427734375 HTTP/1.1" 200 - "https://nipponia.nl/wp-cron.php?doing_wp_cron=1778121489.5021169185638427734375" "WordPress/6.1.10; https://nipponia.nl"
54.68.32.247 - - [07/May/2026:02:37:54 +0000] "GET /wp-admin/admin-ajax.php?action=wordfence_doScan&isFork=1&scanMode=standard&cronKey=b58362430d6800e0d4b19b4900ba8337&signature=cc2e07954b7b3bc431bc03fe2b37df202ea0dd9bb74c742f90e8625240d49b9f&remote=1 HTTP/1.1" 200 - "-" "Wordfence API/1.0 (+https://www.wordfence.com/help/api-callbacks/)"
20.123.172.228 - - [07/May/2026:02:38:45 +0000] "POST /wp-cron.php?doing_wp_cron=1778121524.9089109897613525390625 HTTP/1.1" 200 - "https://nipponia.nl/wp-cron.php?doing_wp_cron=1778121524.9089109897613525390625" "WordPress/6.1.10; https://nipponia.nl"
54.71.203.174 - - [07/May/2026:02:38:32 +0000] "GET /wp-admin/admin-ajax.php?action=wordfence_doScan&isFork=1&scanMode=standard&cronKey=c151f1db054637806af0a2c756e30fd9&signature=e246ae5524eb5828f7231842294fbcdfd78f8c48208370e709a5ae6d0e33dd0e&remote=1 HTTP/1.1" 200 - "-" "Wordfence API/1.0 (+https://www.wordfence.com/help/api-callbacks/)"
54.68.32.247 - - [07/May/2026:02:39:07 +0000] "GET /wp-admin/admin-ajax.php?action=wordfence_doScan&isFork=1&scanMode=standard&cronKey=a33b46fa5d7650d5cfacb30f7432e050&signature=ba8f66d53a834664a630ef9f66a292a78cb6d88d1b78c83d91ea05cb44d96190&remote=1 HTTP/1.1" 200 - "-" "Wordfence API/1.0 (+https://www.wordfence.com/help/api-callbacks/)"
20.123.172.228 - - [07/May/2026:02:39:57 +0000] "POST /wp-cron.php?doing_wp_cron=1778121597.4737360477447509765625 HTTP/1.1" 200 - "https://nipponia.nl/wp-cron.php?doing_wp_cron=1778121597.4737360477447509765625" "WordPress/6.1.10; https://nipponia.nl"
54.71.203.174 - - [07/May/2026:02:39:42 +0000] "GET /wp-admin/admin-ajax.php?action=wordfence_doScan&isFork=1&scanMode=standard&cronKey=34a639b450242878c1bd3eb91e539556&signature=76b328c6effed46958bdf2a5a7a24ad97c467ef1dd1f2e6faef5a5f9194fd673&remote=1 HTTP/1.1" 200 - "-" "Wordfence API/1.0 (+https://www.wordfence.com/help/api-callbacks/)"
54.71.203.174 - - [07/May/2026:02:40:20 +0000] "GET /wp-admin/admin-ajax.php?action=wordfence_doScan&isFork=1&scanMode=standard&cronKey=dfa3ad759ca69c4ad097b201f78b7489&signature=63406cd5ee3293e50379ac5d1457882b6d9b18f233676b65df68a42ee6b2e4a4&remote=1 HTTP/1.1" 200 - "-" "Wordfence API/1.0 (+https://www.wordfence.com/help/api-callbacks/)"
20.123.172.228 - - [07/May/2026:02:41:09 +0000] "POST /wp-cron.php?doing_wp_cron=1778121668.9997160434722900390625 HTTP/1.1" 200 - "https://nipponia.nl/wp-cron.php?doing_wp_cron=1778121668.9997160434722900390625" "WordPress/6.1.10; https://nipponia.nl"
44.235.211.232 - - [07/May/2026:02:40:54 +0000] "GET /wp-admin/admin-ajax.php?action=wordfence_doScan&isFork=1&scanMode=standard&cronKey=b17b10e09adc6b3873fc1e13f20d3138&signature=d36dc1271535191cc97f288485c8cd6d9774a1e0bba1df90cc340987a05e265e&remote=1 HTTP/1.1" 200 - "-" "Wordfence API/1.0 (+https://www.wordfence.com/help/api-callbacks/)"
20.123.172.228 - - [07/May/2026:02:41:46 +0000] "POST /wp-cron.php?doing_wp_cron=1778121705.7626559734344482421875 HTTP/1.1" 200 - "https://nipponia.nl/wp-cron.php?doing_wp_cron=1778121705.7626559734344482421875" "WordPress/6.1.10; https://nipponia.nl"
54.71.203.174 - - [07/May/2026:02:41:32 +0000] "GET /wp-admin/admin-ajax.php?action=wordfence_doScan&isFork=1&scanMode=standard&cronKey=0a9a1f9705fea7c773373a5b776793e3&signature=376521372c8e01a95144811f4fae04844a65c0a5a8ec820d20cde3a4cf841f81&remote=1 HTTP/1.1" 200 - "-" "Wordfence API/1.0 (+https://www.wordfence.com/help/api-callbacks/)"
44.235.211.232 - - [07/May/2026:02:42:08 +0000] "GET /wp-admin/admin-ajax.php?action=wordfence_doScan&isFork=1&scanMode=standard&cronKey=4ea39070ade61cd54d3bc436a2931c88&signature=af47adac14373afc1431867369caa589170030bdbb95226f3e4f89940b030f3e&remote=1 HTTP/1.1" 200 - "-" "Wordfence API/1.0 (+https://www.wordfence.com/help/api-callbacks/)"
20.123.172.228 - - [07/May/2026:02:42:57 +0000] "POST /wp-cron.php?doing_wp_cron=1778121777.3755791187286376953125 HTTP/1.1" 200 - "https://nipponia.nl/wp-cron.php?doing_wp_cron=1778121777.3755791187286376953125" "WordPress/6.1.10; https://nipponia.nl"
54.71.203.174 - - [07/May/2026:02:42:43 +0000] "GET /wp-admin/admin-ajax.php?action=wordfence_doScan&isFork=1&scanMode=standard&cronKey=fcb2a14b3cb6cd62bb5dd3a3ed51f7de&signature=5991ff6573a3b4db1403ed94b0c88cedbc800d6eb68359453136e119672b41f3&remote=1 HTTP/1.1" 200 - "-" "Wordfence API/1.0 (+https://www.wordfence.com/help/api-callbacks/)"
54.71.203.174 - - [07/May/2026:02:43:20 +0000] "GET /wp-admin/admin-ajax.php?action=wordfence_doScan&isFork=1&scanMode=standard&cronKey=91a00a32b394e32ce4aee2a6edf4885f&signature=1959ab3ce3b13ea148825bd9512054342e0fdc7708335445425d3da58515a207&remote=1 HTTP/1.1" 200 - "-" "Wordfence API/1.0 (+https://www.wordfence.com/help/api-callbacks/)"
20.123.172.228 - - [07/May/2026:02:44:11 +0000] "POST /wp-cron.php?doing_wp_cron=1778121851.4632120132446289062500 HTTP/1.1" 200 - "https://nipponia.nl/wp-cron.php?doing_wp_cron=1778121851.4632120132446289062500" "WordPress/6.1.10; https://nipponia.nl"
54.71.203.174 - - [07/May/2026:02:43:57 +0000] "GET /wp-admin/admin-ajax.php?action=wordfence_doScan&isFork=1&scanMode=standard&cronKey=b483eb06c059b472ee10faef6dbb810e&signature=d82cddd016430322aae49d99363a5da516ec50cf9a43e6f6c80d11309c592859&remote=1 HTTP/1.1" 200 - "-" "Wordfence API/1.0 (+https://www.wordfence.com/help/api-callbacks/)"
20.123.172.228 - - [07/May/2026:02:44:46 +0000] "POST /wp-cron.php?doing_wp_cron=1778121886.6557660102844238281250 HTTP/1.1" 200 - "https://nipponia.nl/wp-cron.php?doing_wp_cron=1778121886.6557660102844238281250" "WordPress/6.1.10; https://nipponia.nl"
54.68.32.247 - - [07/May/2026:02:44:34 +0000] "GET /wp-admin/admin-ajax.php?action=wordfence_doScan&isFork=1&scanMode=standard&cronKey=ffa7456db6d860396af3da511b4656e2&signature=965bc68198fe81a6c91634ad3797929e9731548b6abd3697bbe597b5b7e5466c&remote=1 HTTP/1.1" 200 - "-" "Wordfence API/1.0 (+https://www.wordfence.com/help/api-callbacks/)"
54.71.203.174 - - [07/May/2026:02:45:09 +0000] "GET /wp-admin/admin-ajax.php?action=wordfence_doScan&isFork=1&scanMode=standard&cronKey=0306c7f472f7404dab4db076a6ae3e6d&signature=7d43fa949b975598a900a8af39368f60bff3d3cff8e529e98520d29955cc947f&remote=1 HTTP/1.1" 200 - "-" "Wordfence API/1.0 (+https://www.wordfence.com/help/api-callbacks/)"
20.123.172.228 - - [07/May/2026:02:45:58 +0000] "POST /wp-cron.php?doing_wp_cron=1778121958.3957800865173339843750 HTTP/1.1" 200 - "https://nipponia.nl/wp-cron.php?doing_wp_cron=1778121958.3957800865173339843750" "WordPress/6.1.10; https://nipponia.nl"
44.235.211.232 - - [07/May/2026:02:45:43 +0000] "GET /wp-admin/admin-ajax.php?action=wordfence_doScan&isFork=1&scanMode=standard&cronKey=2afca68a36213a009eea9c5d0f6d981a&signature=2aac0d8500a0c456717c96630016ccfae37b0b49c068ee28f22d30476919c341&remote=1 HTTP/1.1" 200 - "-" "Wordfence API/1.0 (+https://www.wordfence.com/help/api-callbacks/)"
54.71.203.174 - - [07/May/2026:02:46:21 +0000] "GET /wp-admin/admin-ajax.php?action=wordfence_doScan&isFork=1&scanMode=standard&cronKey=9c8f34eadb6639192f6ad5be5e138f50&signature=13baf080edb52ac8fa776c2397cd197a3d96b0ed6a9cbb3c48ee58bb34604bd7&remote=1 HTTP/1.1" 200 - "-" "Wordfence API/1.0 (+https://www.wordfence.com/help/api-callbacks/)"
20.123.172.228 - - [07/May/2026:02:47:12 +0000] "POST /wp-cron.php?doing_wp_cron=1778122032.1038980484008789062500 HTTP/1.1" 200 - "https://nipponia.nl/wp-cron.php?doing_wp_cron=1778122032.1038980484008789062500" "WordPress/6.1.10; https://nipponia.nl"
54.71.203.174 - - [07/May/2026:02:46:56 +0000] "GET /wp-admin/admin-ajax.php?action=wordfence_doScan&isFork=1&scanMode=standard&cronKey=6cb35c913e2c528afcd5a6c2def27f15&signature=d4f11ddd23aa213ff726cea1267c8bac3b743730fa99749721f7cc71804a9d39&remote=1 HTTP/1.1" 200 - "-" "Wordfence API/1.0 (+https://www.wordfence.com/help/api-callbacks/)"
20.123.172.228 - - [07/May/2026:02:47:49 +0000] "POST /wp-cron.php?doing_wp_cron=1778122069.5054790973663330078125 HTTP/1.1" 200 - "https://nipponia.nl/wp-cron.php?doing_wp_cron=1778122069.5054790973663330078125" "WordPress/6.1.10; https://nipponia.nl"
44.235.211.232 - - [07/May/2026:02:47:34 +0000] "GET /wp-admin/admin-ajax.php?action=wordfence_doScan&isFork=1&scanMode=standard&cronKey=086fd22a14334917c54e3f90604b652a&signature=722a8efc5f9bf1580960e87af0a815f2f97c2472cd8230b150655b50f903804a&remote=1 HTTP/1.1" 200 - "-" "Wordfence API/1.0 (+https://www.wordfence.com/help/api-callbacks/)"
54.68.32.247 - - [07/May/2026:02:48:12 +0000] "GET /wp-admin/admin-ajax.php?action=wordfence_doScan&isFork=1&scanMode=standard&cronKey=4e83dadceeed67dccf739cf3671a8dcb&signature=80681b7e9fbecea39dd89db1224e770bb4781560d1024fffdd588cca960424f3&remote=1 HTTP/1.1" 200 - "-" "Wordfence API/1.0 (+https://www.wordfence.com/help/api-callbacks/)"
20.123.172.228 - - [07/May/2026:02:49:02 +0000] "POST /wp-cron.php?doing_wp_cron=1778122142.5533668994903564453125 HTTP/1.1" 200 - "https://nipponia.nl/wp-cron.php?doing_wp_cron=1778122142.5533668994903564453125" "WordPress/6.1.10; https://nipponia.nl"
54.68.32.247 - - [07/May/2026:02:48:48 +0000] "GET /wp-admin/admin-ajax.php?action=wordfence_doScan&isFork=1&scanMode=standard&cronKey=daa14ee4ebe9fdb30a6c1a49409ade20&signature=f949a35840a2a5c79d1f1f3400567e49bae27ec207af01bf964eac6b43c31b68&remote=1 HTTP/1.1" 200 - "-" "Wordfence API/1.0 (+https://www.wordfence.com/help/api-callbacks/)"
20.123.172.228 - - [07/May/2026:02:49:39 +0000] "POST /wp-cron.php?doing_wp_cron=1778122179.5650699138641357421875 HTTP/1.1" 200 - "https://nipponia.nl/wp-cron.php?doing_wp_cron=1778122179.5650699138641357421875" "WordPress/6.1.10; https://nipponia.nl"
54.71.203.174 - - [07/May/2026:02:49:25 +0000] "GET /wp-admin/admin-ajax.php?action=wordfence_doScan&isFork=1&scanMode=standard&cronKey=2ac6918ee18023a56f96b4b419ade3d0&signature=c4e2c1077f633827fcd05de581d0c09c7b65e38b6b1ba7ab0b2b01718c7f3eb8&remote=1 HTTP/1.1" 200 - "-" "Wordfence API/1.0 (+https://www.wordfence.com/help/api-callbacks/)"
54.71.203.174 - - [07/May/2026:02:50:02 +0000] "GET /wp-admin/admin-ajax.php?action=wordfence_doScan&isFork=1&scanMode=standard&cronKey=edaafe93fb37e2464ea49ee1aadc5dcb&signature=dbe8f5a89894bf75a48294491f4ed506846ec2308f39890bee8ea0d20c508f6a&remote=1 HTTP/1.1" 200 - "-" "Wordfence API/1.0 (+https://www.wordfence.com/help/api-callbacks/)"
20.123.172.228 - - [07/May/2026:02:51:07 +0000] "POST /wp-cron.php?doing_wp_cron=1778122267.2334759235382080078125 HTTP/1.1" 200 - "https://nipponia.nl/wp-cron.php?doing_wp_cron=1778122267.2334759235382080078125" "WordPress/6.1.10; https://nipponia.nl"
54.68.32.247 - - [07/May/2026:02:50:41 +0000] "GET /wp-admin/admin-ajax.php?action=wordfence_doScan&isFork=1&scanMode=standard&cronKey=73a9c018c46daebfb6414de4952c9741&signature=b2fc17bcfe0c98ca016f2247a4b40e5dd91f14cd3fd2e68613c144a463f6c70d&remote=1 HTTP/1.1" 200 - "-" "Wordfence API/1.0 (+https://www.wordfence.com/help/api-callbacks/)"
20.123.172.228 - - [07/May/2026:02:51:47 +0000] "POST /wp-cron.php?doing_wp_cron=1778122307.3810510635375976562500 HTTP/1.1" 200 - "https://nipponia.nl/wp-cron.php?doing_wp_cron=1778122307.3810510635375976562500" "WordPress/6.1.10; https://nipponia.nl"
44.235.211.232 - - [07/May/2026:02:51:32 +0000] "GET /wp-admin/admin-ajax.php?action=wordfence_doScan&isFork=1&scanMode=standard&cronKey=c11bad94ad98126c0ec828db6cfcf72f&signature=78cf2074ea545f44da14fe8b791d7d3cb5a021a42088e50961dd98cf52d6ef20&remote=1 HTTP/1.1" 200 - "-" "Wordfence API/1.0 (+https://www.wordfence.com/help/api-callbacks/)"
44.235.211.232 - - [07/May/2026:02:52:13 +0000] "GET /wp-admin/admin-ajax.php?action=wordfence_doScan&isFork=1&scanMode=standard&cronKey=68eeae1b0f4c4357ed3c6cc2a9f9bc41&signature=1a3ecbe788c7ff0fa46fa9e45f474e0796852fb13be99b620cff0510b8e85424&remote=1 HTTP/1.1" 200 - "-" "Wordfence API/1.0 (+https://www.wordfence.com/help/api-callbacks/)"
20.123.172.228 - - [07/May/2026:02:53:06 +0000] "POST /wp-cron.php?doing_wp_cron=1778122386.2010660171508789062500 HTTP/1.1" 200 - "https://nipponia.nl/wp-cron.php?doing_wp_cron=1778122386.2010660171508789062500" "WordPress/6.1.10; https://nipponia.nl"
54.71.203.174 - - [07/May/2026:02:52:50 +0000] "GET /wp-admin/admin-ajax.php?action=wordfence_doScan&isFork=1&scanMode=standard&cronKey=9eed6af3f4ee0db641c8cdeaa3626201&signature=282f56d67198eaec9930dafe8c887a9dd2205d6f73ddfad081df6664b72f0b27&remote=1 HTTP/1.1" 200 - "-" "Wordfence API/1.0 (+https://www.wordfence.com/help/api-callbacks/)"
20.123.172.228 - - [07/May/2026:02:53:43 +0000] "POST /wp-cron.php?doing_wp_cron=1778122423.6116259098052978515625 HTTP/1.1" 200 - "https://nipponia.nl/wp-cron.php?doing_wp_cron=1778122423.6116259098052978515625" "WordPress/6.1.10; https://nipponia.nl"
54.71.203.174 - - [07/May/2026:02:53:29 +0000] "GET /wp-admin/admin-ajax.php?action=wordfence_doScan&isFork=1&scanMode=standard&cronKey=31a63668a7c3f8d93a36b0bd2d1a62b6&signature=a684abd6c9e2d958da2ec872d9920431535b7ca423e95758aa746ecb4ee4ca03&remote=1 HTTP/1.1" 200 - "-" "Wordfence API/1.0 (+https://www.wordfence.com/help/api-callbacks/)"
103.141.30.37 - - [07/May/2026:02:54:13 +0000] "GET /wp-content/uploads/2023/07/Head-Banner-Site-1920-%C3%97-980-px-1920-%C3%97-880-px.mp4 HTTP/1.1" 206 2244106 "https://nipponia.nl/en/home/" "Mozilla/5.0 (Windows NT 10.0; Win64; x64) AppleWebKit/537.36 (KHTML, like Gecko) Chrome/147.0.0.0 Safari/537.36"
54.71.203.174 - - [07/May/2026:02:54:06 +0000] "GET /wp-admin/admin-ajax.php?action=wordfence_doScan&isFork=1&scanMode=standard&cronKey=974387ba0981e5a7d638b2c30c00a14f&signature=e77277148333bd997140a013ee61510e9b564d6120096c3b1383f796a5ec3f87&remote=1 HTTP/1.1" 200 - "-" "Wordfence API/1.0 (+https://www.wordfence.com/help/api-callbacks/)"
20.123.172.228 - - [07/May/2026:02:54:56 +0000] "POST /wp-cron.php?doing_wp_cron=1778122496.1678729057312011718750 HTTP/1.1" 200 - "https://nipponia.nl/wp-cron.php?doing_wp_cron=1778122496.1678729057312011718750" "WordPress/6.1.10; https://nipponia.nl"
54.71.203.174 - - [07/May/2026:02:54:42 +0000] "GET /wp-admin/admin-ajax.php?action=wordfence_doScan&isFork=1&scanMode=standard&cronKey=6f805e6fe829b46dd7d35265e8be420a&signature=9d9185480198290aabce38c5ac6d6e884a421ecb9f8e8e05b6cec1b2b8f2d452&remote=1 HTTP/1.1" 200 - "-" "Wordfence API/1.0 (+https://www.wordfence.com/help/api-callbacks/)"
54.68.32.247 - - [07/May/2026:02:55:19 +0000] "GET /wp-admin/admin-ajax.php?action=wordfence_doScan&isFork=1&scanMode=standard&cronKey=8672cc2af28102afe95bbfefc1b7b816&signature=697907d40662e5720df2b85c54b426298f40666b2caf1a9d2fcfad939ea90c79&remote=1 HTTP/1.1" 200 - "-" "Wordfence API/1.0 (+https://www.wordfence.com/help/api-callbacks/)"
20.123.172.228 - - [07/May/2026:02:56:11 +0000] "POST /wp-cron.php?doing_wp_cron=1778122570.9017310142517089843750 HTTP/1.1" 200 - "https://nipponia.nl/wp-cron.php?doing_wp_cron=1778122570.9017310142517089843750" "WordPress/6.1.10; https://nipponia.nl"
44.235.211.232 - - [07/May/2026:02:55:54 +0000] "GET /wp-admin/admin-ajax.php?action=wordfence_doScan&isFork=1&scanMode=standard&cronKey=e19439d15ce297637e878af5853ea17a&signature=acbe8ad0d27cce3c09107ca8bb7e85f45c18c9c3071976391c39935b2448fbfd&remote=1 HTTP/1.1" 200 - "-" "Wordfence API/1.0 (+https://www.wordfence.com/help/api-callbacks/)"
20.123.172.228 - - [07/May/2026:02:56:50 +0000] "POST /wp-cron.php?doing_wp_cron=1778122609.9901490211486816406250 HTTP/1.1" 200 - "https://nipponia.nl/wp-cron.php?doing_wp_cron=1778122609.9901490211486816406250" "WordPress/6.1.10; https://nipponia.nl"
54.71.203.174 - - [07/May/2026:02:56:34 +0000] "GET /wp-admin/admin-ajax.php?action=wordfence_doScan&isFork=1&scanMode=standard&cronKey=2470959d082edc86c2635d6b1e6c315b&signature=cd755aff2abd6c1aebd462013dfb3cbf6dc5c9588ee45f4d00d6715e0170caf7&remote=1 HTTP/1.1" 200 - "-" "Wordfence API/1.0 (+https://www.wordfence.com/help/api-callbacks/)"
