213.35.117.25 - - [07/May/2026:19:24:40 +0000] "GET /wp-admin/index.php HTTP/1.1" 302 - "https://sweetrich.nl/wp-login.php" "Mozilla/5.0 (X11; Linux x86_64) AppleWebKit/537.36 (KHTML, like Gecko) Chrome/92.0.4515.131 Safari/537.36"
213.35.117.25 - - [07/May/2026:19:24:46 +0000] "GET /wp-admin/index.php HTTP/1.1" 302 - "https://sweetrich.nl/wp-login.php" "Mozilla/5.0 (X11; Linux x86_64) AppleWebKit/537.36 (KHTML, like Gecko) Chrome/92.0.4515.131 Safari/537.36"
213.35.117.25 - - [07/May/2026:19:24:51 +0000] "POST /wp-login.php HTTP/1.1" 200 2562 "https://sweetrich.nl/wp-login.php" "Mozilla/5.0 (Windows NT 6.1; Win64; x64; rv:91.0) Gecko/20100101 Firefox/91.0"
213.35.117.25 - - [07/May/2026:19:25:01 +0000] "POST /wp-login.php HTTP/1.1" 200 2564 "https://sweetrich.nl/wp-login.php" "Mozilla/5.0 (Windows NT 6.1; Win64; x64) AppleWebKit/537.36 (KHTML, like Gecko) Chrome/90.0.4430.212 Safari/537.36"
213.35.117.25 - - [07/May/2026:19:25:12 +0000] "POST /wp-login.php HTTP/1.1" 200 2564 "https://sweetrich.nl/wp-login.php" "Mozilla/5.0 (Macintosh; Intel Mac OS X 10_15_7; rv:89.0) Gecko/20100101 Firefox/89.0.2"
213.35.117.25 - - [07/May/2026:19:25:21 +0000] "GET /wp-admin/index.php HTTP/1.1" 302 - "https://sweetrich.nl/wp-login.php" "Mozilla/5.0 (Windows NT 10.0; Win64; x64) AppleWebKit/605.1.15 (KHTML, like Gecko) Version/15.0 Safari/605.1.15"
213.35.117.25 - - [07/May/2026:19:25:26 +0000] "GET /wp-admin/index.php HTTP/1.1" 302 - "https://sweetrich.nl/wp-login.php" "Mozilla/5.0 (Windows NT 10.0; Win64; x64) AppleWebKit/605.1.15 (KHTML, like Gecko) Version/15.0 Safari/605.1.15"
213.35.117.25 - - [07/May/2026:19:25:31 +0000] "POST /wp-login.php HTTP/1.1" 200 2560 "https://sweetrich.nl/wp-login.php" "Mozilla/5.0 (Windows NT 10.0; Win64; x64) AppleWebKit/537.36 (KHTML, like Gecko) Chrome/93.0.4577.63 Safari/537.36"
213.35.117.25 - - [07/May/2026:19:25:40 +0000] "GET /wp-admin/index.php HTTP/1.1" 302 - "https://sweetrich.nl/wp-login.php" "Mozilla/5.0 (Windows NT 10.0; Win64; x64) AppleWebKit/605.1.15 (KHTML, like Gecko) Version/14.1 Safari/605.1.15"
213.35.117.25 - - [07/May/2026:19:25:45 +0000] "GET /wp-admin/index.php HTTP/1.1" 302 - "https://sweetrich.nl/wp-login.php" "Mozilla/5.0 (Windows NT 10.0; Win64; x64) AppleWebKit/605.1.15 (KHTML, like Gecko) Version/14.1 Safari/605.1.15"
213.35.117.25 - - [07/May/2026:19:25:51 +0000] "POST /wp-login.php HTTP/1.1" 200 2560 "https://sweetrich.nl/wp-login.php" "Mozilla/5.0 (Macintosh; Intel Mac OS X 10_15_7) AppleWebKit/537.36 (KHTML, like Gecko) Chrome/94.0.4606.71 Safari/537.36"
213.35.117.25 - - [07/May/2026:19:26:00 +0000] "GET /wp-admin/index.php HTTP/1.1" 302 - "https://sweetrich.nl/wp-login.php" "Mozilla/5.0 (X11; Linux x86_64) AppleWebKit/537.36 (KHTML, like Gecko) Chrome/90.0.4430.212 Safari/537.36"
213.35.117.25 - - [07/May/2026:19:26:05 +0000] "GET /wp-admin/index.php HTTP/1.1" 302 - "https://sweetrich.nl/wp-login.php" "Mozilla/5.0 (X11; Linux x86_64) AppleWebKit/537.36 (KHTML, like Gecko) Chrome/90.0.4430.212 Safari/537.36"
213.35.117.25 - - [07/May/2026:19:26:11 +0000] "POST /wp-login.php HTTP/1.1" 200 2561 "https://sweetrich.nl/wp-login.php" "Mozilla/5.0 (X11; Linux x86_64) AppleWebKit/537.36 (KHTML, like Gecko) Chrome/92.0.4515.131 Safari/537.36"
213.35.117.25 - - [07/May/2026:19:26:21 +0000] "POST /wp-login.php HTTP/1.1" 200 2560 "https://sweetrich.nl/wp-login.php" "Mozilla/5.0 (X11; Linux x86_64) AppleWebKit/537.36 (KHTML, like Gecko) Chrome/92.0.4515.131 Safari/537.36"
213.35.117.25 - - [07/May/2026:19:26:30 +0000] "GET /wp-admin/index.php HTTP/1.1" 302 - "https://sweetrich.nl/wp-login.php" "Mozilla/5.0 (Windows NT 6.1; Win64; x64; rv:91.0) Gecko/20100101 Firefox/91.0"
213.35.117.25 - - [07/May/2026:19:26:36 +0000] "GET /wp-admin/index.php HTTP/1.1" 302 - "https://sweetrich.nl/wp-login.php" "Mozilla/5.0 (Windows NT 6.1; Win64; x64; rv:91.0) Gecko/20100101 Firefox/91.0"
213.35.117.25 - - [07/May/2026:19:26:41 +0000] "POST /wp-login.php HTTP/1.1" 200 2561 "https://sweetrich.nl/wp-login.php" "Mozilla/5.0 (Windows NT 10.0; Win64; x64) AppleWebKit/537.36 (KHTML, like Gecko) Chrome/92.0.4515.131 Safari/537.36"
213.35.117.25 - - [07/May/2026:19:26:50 +0000] "GET /wp-admin/index.php HTTP/1.1" 302 - "https://sweetrich.nl/wp-login.php" "Mozilla/5.0 (Macintosh; Intel Mac OS X 10_15_7) AppleWebKit/605.1.15 (KHTML, like Gecko) Version/14.0.3 Safari/605.1.15"
213.35.117.25 - - [07/May/2026:19:26:56 +0000] "GET /wp-admin/index.php HTTP/1.1" 302 - "https://sweetrich.nl/wp-login.php" "Mozilla/5.0 (Macintosh; Intel Mac OS X 10_15_7) AppleWebKit/605.1.15 (KHTML, like Gecko) Version/14.0.3 Safari/605.1.15"
213.35.117.25 - - [07/May/2026:19:27:01 +0000] "POST /wp-login.php HTTP/1.1" 200 2560 "https://sweetrich.nl/wp-login.php" "Mozilla/5.0 (X11; Linux x86_64) AppleWebKit/537.36 (KHTML, like Gecko) Chrome/94.0.4606.71 Safari/537.36"
213.35.117.25 - - [07/May/2026:19:27:10 +0000] "GET /wp-admin/index.php HTTP/1.1" 302 - "https://sweetrich.nl/wp-login.php" "Mozilla/5.0 (X11; Linux x86_64) AppleWebKit/537.36 (KHTML, like Gecko) Chrome/93.0.4577.63 Safari/537.36"
213.35.117.25 - - [07/May/2026:19:27:16 +0000] "GET /wp-admin/index.php HTTP/1.1" 302 - "https://sweetrich.nl/wp-login.php" "Mozilla/5.0 (X11; Linux x86_64) AppleWebKit/537.36 (KHTML, like Gecko) Chrome/93.0.4577.63 Safari/537.36"
213.35.117.25 - - [07/May/2026:19:27:21 +0000] "POST /wp-login.php HTTP/1.1" 200 2561 "https://sweetrich.nl/wp-login.php" "Mozilla/5.0 (Windows NT 10.0; Win64; x64) AppleWebKit/537.36 (KHTML, like Gecko) Chrome/90.0.4430.212 Safari/537.36"
213.35.117.25 - - [07/May/2026:19:27:31 +0000] "POST /wp-login.php HTTP/1.1" 200 2564 "https://sweetrich.nl/wp-login.php" "Mozilla/5.0 (Windows NT 10.0; Win64; x64) AppleWebKit/537.36 (KHTML, like Gecko) Chrome/92.0.4515.131 Safari/537.36"
213.35.117.25 - - [07/May/2026:19:27:40 +0000] "GET /wp-admin/index.php HTTP/1.1" 302 - "https://sweetrich.nl/wp-login.php" "Mozilla/5.0 (Windows NT 6.1; Win64; x64) AppleWebKit/537.36 (KHTML, like Gecko) Chrome/93.0.4577.63 Safari/537.36"
213.35.117.25 - - [07/May/2026:19:27:45 +0000] "GET /wp-admin/index.php HTTP/1.1" 302 - "https://sweetrich.nl/wp-login.php" "Mozilla/5.0 (Windows NT 6.1; Win64; x64) AppleWebKit/537.36 (KHTML, like Gecko) Chrome/93.0.4577.63 Safari/537.36"
213.35.117.25 - - [07/May/2026:19:27:51 +0000] "POST /wp-login.php HTTP/1.1" 200 2565 "https://sweetrich.nl/wp-login.php" "Mozilla/5.0 (Windows NT 10.0; Win64; x64) AppleWebKit/537.36 (KHTML, like Gecko) Chrome/94.0.4606.71 Safari/537.36"
213.35.117.25 - - [07/May/2026:19:28:00 +0000] "GET /wp-admin/index.php HTTP/1.1" 302 - "https://sweetrich.nl/wp-login.php" "Mozilla/5.0 (Macintosh; Intel Mac OS X 10_15_7; rv:89.0) Gecko/20100101 Firefox/89.0.2"
213.35.117.25 - - [07/May/2026:19:28:05 +0000] "GET /wp-admin/index.php HTTP/1.1" 302 - "https://sweetrich.nl/wp-login.php" "Mozilla/5.0 (Macintosh; Intel Mac OS X 10_15_7; rv:89.0) Gecko/20100101 Firefox/89.0.2"
213.35.117.25 - - [07/May/2026:19:28:10 +0000] "POST /wp-login.php HTTP/1.1" 200 2561 "https://sweetrich.nl/wp-login.php" "Mozilla/5.0 (X11; Linux x86_64) AppleWebKit/537.36 (KHTML, like Gecko) Chrome/90.0.4430.212 Safari/537.36"
213.35.117.25 - - [07/May/2026:19:28:19 +0000] "GET /wp-admin/index.php HTTP/1.1" 302 - "https://sweetrich.nl/wp-login.php" "Mozilla/5.0 (Windows NT 6.1; Win64; x64) AppleWebKit/537.36 (KHTML, like Gecko) Chrome/90.0.4430.212 Safari/537.36"
213.35.117.25 - - [07/May/2026:19:28:25 +0000] "GET /wp-admin/index.php HTTP/1.1" 302 - "https://sweetrich.nl/wp-login.php" "Mozilla/5.0 (Windows NT 6.1; Win64; x64) AppleWebKit/537.36 (KHTML, like Gecko) Chrome/90.0.4430.212 Safari/537.36"
213.35.117.25 - - [07/May/2026:19:28:30 +0000] "POST /wp-login.php HTTP/1.1" 200 2561 "https://sweetrich.nl/wp-login.php" "Mozilla/5.0 (Macintosh; Intel Mac OS X 10_15_7) AppleWebKit/537.36 (KHTML, like Gecko) Chrome/94.0.4606.71 Safari/537.36"
213.35.117.25 - - [07/May/2026:19:28:38 +0000] "GET /wp-admin/index.php HTTP/1.1" 302 - "https://sweetrich.nl/wp-login.php" "Mozilla/5.0 (Macintosh; Intel Mac OS X 10_15_7) AppleWebKit/605.1.15 (KHTML, like Gecko) Version/15.0 Safari/605.1.15"
213.35.117.25 - - [07/May/2026:19:28:43 +0000] "GET /wp-admin/index.php HTTP/1.1" 302 - "https://sweetrich.nl/wp-login.php" "Mozilla/5.0 (Macintosh; Intel Mac OS X 10_15_7) AppleWebKit/605.1.15 (KHTML, like Gecko) Version/15.0 Safari/605.1.15"
213.35.117.25 - - [07/May/2026:19:28:49 +0000] "POST /wp-login.php HTTP/1.1" 200 2561 "https://sweetrich.nl/wp-login.php" "Mozilla/5.0 (Windows NT 6.1; Win64; x64) AppleWebKit/537.36 (KHTML, like Gecko) Chrome/90.0.4430.212 Safari/537.36"
213.35.117.25 - - [07/May/2026:19:28:57 +0000] "GET /wp-admin/index.php HTTP/1.1" 302 - "https://sweetrich.nl/wp-login.php" "Mozilla/5.0 (Windows NT 10.0; Win64; x64) AppleWebKit/537.36 (KHTML, like Gecko) Chrome/93.0.4577.63 Safari/537.36"
213.35.117.25 - - [07/May/2026:19:29:03 +0000] "GET /wp-admin/index.php HTTP/1.1" 302 - "https://sweetrich.nl/wp-login.php" "Mozilla/5.0 (Windows NT 10.0; Win64; x64) AppleWebKit/537.36 (KHTML, like Gecko) Chrome/93.0.4577.63 Safari/537.36"
213.35.117.25 - - [07/May/2026:19:29:08 +0000] "POST /wp-login.php HTTP/1.1" 200 2563 "https://sweetrich.nl/wp-login.php" "Mozilla/5.0 (Macintosh; Intel Mac OS X 10_15_7) AppleWebKit/537.36 (KHTML, like Gecko) Chrome/91.0.4472.124 Safari/537.36"
213.35.117.25 - - [07/May/2026:19:29:17 +0000] "GET /wp-admin/index.php HTTP/1.1" 302 - "https://sweetrich.nl/wp-login.php" "Mozilla/5.0 (Macintosh; Intel Mac OS X 10_15_7) AppleWebKit/537.36 (KHTML, like Gecko) Chrome/93.0.4577.63 Safari/537.36"
213.35.117.25 - - [07/May/2026:19:29:22 +0000] "GET /wp-admin/index.php HTTP/1.1" 302 - "https://sweetrich.nl/wp-login.php" "Mozilla/5.0 (Macintosh; Intel Mac OS X 10_15_7) AppleWebKit/537.36 (KHTML, like Gecko) Chrome/93.0.4577.63 Safari/537.36"
213.35.117.25 - - [07/May/2026:19:29:28 +0000] "POST /wp-login.php HTTP/1.1" 200 2569 "https://sweetrich.nl/wp-login.php" "Mozilla/5.0 (Windows NT 10.0; Win64; x64; rv:90.0) Gecko/20100101 Firefox/90.0.1"
213.35.117.25 - - [07/May/2026:19:29:37 +0000] "GET /wp-admin/index.php HTTP/1.1" 302 - "https://sweetrich.nl/wp-login.php" "Mozilla/5.0 (Macintosh; Intel Mac OS X 10_15_7) AppleWebKit/537.36 (KHTML, like Gecko) Chrome/90.0.4430.212 Safari/537.36"
213.35.117.25 - - [07/May/2026:19:29:42 +0000] "GET /wp-admin/index.php HTTP/1.1" 302 - "https://sweetrich.nl/wp-login.php" "Mozilla/5.0 (Macintosh; Intel Mac OS X 10_15_7) AppleWebKit/537.36 (KHTML, like Gecko) Chrome/90.0.4430.212 Safari/537.36"
213.35.117.25 - - [07/May/2026:19:29:47 +0000] "POST /wp-login.php HTTP/1.1" 200 2568 "https://sweetrich.nl/wp-login.php" "Mozilla/5.0 (Macintosh; Intel Mac OS X 10_15_7) AppleWebKit/537.36 (KHTML, like Gecko) Chrome/93.0.4577.63 Safari/537.36"
213.35.117.25 - - [07/May/2026:19:29:56 +0000] "GET /wp-admin/index.php HTTP/1.1" 302 - "https://sweetrich.nl/wp-login.php" "Mozilla/5.0 (X11; Linux x86_64) AppleWebKit/537.36 (KHTML, like Gecko) Chrome/91.0.4472.124 Safari/537.36"
213.35.117.25 - - [07/May/2026:19:30:02 +0000] "GET /wp-admin/index.php HTTP/1.1" 302 - "https://sweetrich.nl/wp-login.php" "Mozilla/5.0 (X11; Linux x86_64) AppleWebKit/537.36 (KHTML, like Gecko) Chrome/91.0.4472.124 Safari/537.36"
213.35.117.25 - - [07/May/2026:19:30:07 +0000] "POST /wp-login.php HTTP/1.1" 200 2560 "https://sweetrich.nl/wp-login.php" "Mozilla/5.0 (X11; Linux x86_64) AppleWebKit/537.36 (KHTML, like Gecko) Chrome/93.0.4577.63 Safari/537.36"
213.35.117.25 - - [07/May/2026:19:30:16 +0000] "GET /wp-admin/index.php HTTP/1.1" 302 - "https://sweetrich.nl/wp-login.php" "Mozilla/5.0 (X11; Linux x86_64) AppleWebKit/537.36 (KHTML, like Gecko) Chrome/90.0.4430.212 Safari/537.36"
213.35.117.25 - - [07/May/2026:19:30:22 +0000] "GET /wp-admin/index.php HTTP/1.1" 302 - "https://sweetrich.nl/wp-login.php" "Mozilla/5.0 (X11; Linux x86_64) AppleWebKit/537.36 (KHTML, like Gecko) Chrome/90.0.4430.212 Safari/537.36"
213.35.117.25 - - [07/May/2026:19:30:27 +0000] "POST /wp-login.php HTTP/1.1" 200 2567 "https://sweetrich.nl/wp-login.php" "Mozilla/5.0 (Windows NT 10.0; Win64; x64; rv:92.0) Gecko/20100101 Firefox/92.0"
213.35.117.25 - - [07/May/2026:19:30:36 +0000] "GET /wp-admin/index.php HTTP/1.1" 302 - "https://sweetrich.nl/wp-login.php" "Mozilla/5.0 (Windows NT 10.0; Win64; x64; rv:89.0) Gecko/20100101 Firefox/89.0.2"
50.6.229.148 - - [07/May/2026:19:30:37 +0000] "GET /feed/ HTTP/1.1" 200 2161 "-" "Mozilla/5.0 (Windows NT 10.0; Win64; x64) AppleWebKit/537.36 (KHTML, like Gecko) Chrome/131.0.0.0 Safari/537.36, Mozilla/5.0 (Windows NT 10.0; Win64; x64) AppleWebKit/537.36 (KHTML, like Gecko) Chrome/131.0.0.0 Safari/537.36 Edg/131.0.0.0"
121.200.217.27 - - [07/May/2026:19:30:38 +0000] "GET /?rest_route=/wp/v2/users&_fields=slug&per_page=100&page=1 HTTP/1.1" 200 41 "-" "Mozilla/5.0 (Windows NT 10.0; Win64; x64) AppleWebKit/537.36 (KHTML, like Gecko) Chrome/131.0.0.0 Safari/537.36, Mozilla/5.0 (Windows NT 10.0; Win64; x64) AppleWebKit/537.36 (KHTML, like Gecko) Chrome/131.0.0.0 Safari/537.36"
213.35.117.25 - - [07/May/2026:19:30:41 +0000] "GET /wp-admin/index.php HTTP/1.1" 302 - "https://sweetrich.nl/wp-login.php" "Mozilla/5.0 (Windows NT 10.0; Win64; x64; rv:89.0) Gecko/20100101 Firefox/89.0.2"
98.130.43.189 - - [07/May/2026:19:30:44 +0000] "GET /author-sitemap.xml HTTP/1.1" 200 362 "-" "Mozilla/5.0 (Windows NT 10.0; Win64; x64) AppleWebKit/537.36 (KHTML, like Gecko) Chrome/131.0.0.0 Safari/537.36, Mozilla/5.0 (Windows NT 10.0; Win64; x64) AppleWebKit/537.36 (KHTML, like Gecko) Chrome/130.0.0.0 Safari/537.36"
213.35.117.25 - - [07/May/2026:19:30:47 +0000] "POST /wp-login.php HTTP/1.1" 200 2560 "https://sweetrich.nl/wp-login.php" "Mozilla/5.0 (Macintosh; Intel Mac OS X 10_15_7) AppleWebKit/537.36 (KHTML, like Gecko) Chrome/90.0.4430.212 Safari/537.36"
54.37.84.217 - - [07/May/2026:19:30:47 +0000] "POST /graphql HTTP/1.1" 404 12327 "-" "Mozilla/5.0 (Windows NT 10.0; Win64; x64) AppleWebKit/537.36 (KHTML, like Gecko) Chrome/131.0.0.0 Safari/537.36, Mozilla/5.0 (Windows NT 10.0; Win64; x64) AppleWebKit/537.36 (KHTML, like Gecko) Chrome/130.0.0.0 Safari/537.36"
129.121.41.228 - - [07/May/2026:19:30:52 +0000] "GET /?rest_route=/wp/v2/users&callback=jsonp&per_page=100&_fields=id,slug HTTP/1.1" 200 51 "-" "Mozilla/5.0 (Windows NT 10.0; Win64; x64) AppleWebKit/537.36 (KHTML, like Gecko) Chrome/131.0.0.0 Safari/537.36, Mozilla/5.0 (Windows NT 10.0; Win64; x64) AppleWebKit/537.36 (KHTML, like Gecko) Chrome/131.0.0.0 Safari/537.36 Edg/131.0.0.0"
38.95.35.85 - - [07/May/2026:19:30:54 +0000] "GET /?author=1 HTTP/1.1" 301 - "-" "Mozilla/5.0 (Windows NT 10.0; Win64; x64) AppleWebKit/537.36 (KHTML, like Gecko) Chrome/131.0.0.0 Safari/537.36, Mozilla/5.0 (Windows NT 10.0; Win64; x64) AppleWebKit/537.36 (KHTML, like Gecko) Chrome/130.0.0.0 Safari/537.36"
213.35.117.25 - - [07/May/2026:19:30:57 +0000] "POST /wp-login.php HTTP/1.1" 200 2563 "https://sweetrich.nl/wp-login.php" "Mozilla/5.0 (Windows NT 10.0; Win64; x64) AppleWebKit/605.1.15 (KHTML, like Gecko) Version/15.0 Safari/605.1.15"
69.49.112.67 - - [07/May/2026:19:31:03 +0000] "GET /wp-json/wp/v2/users?callback=jsonp&per_page=100&_fields=id,slug HTTP/1.1" 200 51 "-" "Mozilla/5.0 (Windows NT 10.0; Win64; x64) AppleWebKit/537.36 (KHTML, like Gecko) Chrome/131.0.0.0 Safari/537.36, Mozilla/5.0 (Windows NT 10.0; Win64; x64) AppleWebKit/537.36 (KHTML, like Gecko) Chrome/131.0.0.0 Safari/537.36"
213.35.117.25 - - [07/May/2026:19:31:06 +0000] "GET /wp-admin/index.php HTTP/1.1" 302 - "https://sweetrich.nl/wp-login.php" "Mozilla/5.0 (X11; Linux x86_64) AppleWebKit/537.36 (KHTML, like Gecko) Chrome/90.0.4430.212 Safari/537.36"
38.95.35.85 - - [07/May/2026:19:31:07 +0000] "GET /author/vt/ HTTP/1.1" 200 15113 "-" "Mozilla/5.0 (Windows NT 10.0; Win64; x64) AppleWebKit/537.36 (KHTML, like Gecko) Chrome/131.0.0.0 Safari/537.36, Mozilla/5.0 (Windows NT 10.0; Win64; x64) AppleWebKit/537.36 (KHTML, like Gecko) Chrome/130.0.0.0 Safari/537.36"
190.92.169.79 - - [07/May/2026:19:31:08 +0000] "POST /wp-json/wp/v2/graphql HTTP/1.1" 404 117 "-" "Mozilla/5.0 (Windows NT 10.0; Win64; x64) AppleWebKit/537.36 (KHTML, like Gecko) Chrome/131.0.0.0 Safari/537.36, Mozilla/5.0 (Windows NT 10.0; Win64; x64) AppleWebKit/537.36 (KHTML, like Gecko) Chrome/131.0.0.0 Safari/537.36"
69.49.112.67 - - [07/May/2026:19:31:09 +0000] "POST /graphql HTTP/1.1" 404 12327 "-" "Mozilla/5.0 (Windows NT 10.0; Win64; x64) AppleWebKit/537.36 (KHTML, like Gecko) Chrome/131.0.0.0 Safari/537.36, Mozilla/5.0 (Macintosh; Intel Mac OS X 10.15; rv:132.0) Gecko/20100101 Firefox/132.0"
213.35.117.25 - - [07/May/2026:19:31:12 +0000] "GET /wp-admin/index.php HTTP/1.1" 302 - "https://sweetrich.nl/wp-login.php" "Mozilla/5.0 (X11; Linux x86_64) AppleWebKit/537.36 (KHTML, like Gecko) Chrome/90.0.4430.212 Safari/537.36"
103.127.30.137 - - [07/May/2026:19:31:12 +0000] "GET /wp-json/wpuf/v1/users HTTP/1.1" 404 117 "-" "Mozilla/5.0 (Windows NT 10.0; Win64; x64) AppleWebKit/537.36 (KHTML, like Gecko) Chrome/131.0.0.0 Safari/537.36, Mozilla/5.0 (Macintosh; Intel Mac OS X 10.15; rv:132.0) Gecko/20100101 Firefox/132.0"
213.35.117.25 - - [07/May/2026:19:31:17 +0000] "POST /wp-login.php HTTP/1.1" 200 2562 "https://sweetrich.nl/wp-login.php" "Mozilla/5.0 (Windows NT 10.0; Win64; x64) AppleWebKit/605.1.15 (KHTML, like Gecko) Version/14.1 Safari/605.1.15"
178.18.246.56 - - [07/May/2026:19:31:22 +0000] "POST /api/graphql HTTP/1.1" 404 12327 "-" "Mozilla/5.0 (Windows NT 10.0; Win64; x64) AppleWebKit/537.36 (KHTML, like Gecko) Chrome/131.0.0.0 Safari/537.36, Mozilla/5.0 (Windows NT 10.0; Win64; x64) AppleWebKit/537.36 (KHTML, like Gecko) Chrome/130.0.0.0 Safari/537.36"
103.90.232.170 - - [07/May/2026:19:31:24 +0000] "GET /wp-json/wp/v2/comments?per_page=100&_fields=author_name,author_url HTTP/1.1" 200 22 "-" "Mozilla/5.0 (Windows NT 10.0; Win64; x64) AppleWebKit/537.36 (KHTML, like Gecko) Chrome/131.0.0.0 Safari/537.36, Mozilla/5.0 (Macintosh; Intel Mac OS X 10_15_7) AppleWebKit/537.36 (KHTML, like Gecko) Chrome/131.0.0.0 Safari/537.36"
104.152.49.21 - - [07/May/2026:19:31:26 +0000] "GET /?author=3 HTTP/1.1" 301 - "-" "Mozilla/5.0 (Windows NT 10.0; Win64; x64) AppleWebKit/537.36 (KHTML, like Gecko) Chrome/131.0.0.0 Safari/537.36, Mozilla/5.0 (Macintosh; Intel Mac OS X 10_15_7) AppleWebKit/537.36 (KHTML, like Gecko) Chrome/131.0.0.0 Safari/537.36"
213.35.117.25 - - [07/May/2026:19:31:28 +0000] "POST /wp-login.php HTTP/1.1" 200 2565 "https://sweetrich.nl/wp-login.php" "Mozilla/5.0 (Windows NT 6.1; Win64; x64; rv:90.0) Gecko/20100101 Firefox/90.0.1"
208.109.188.137 - - [07/May/2026:19:31:31 +0000] "GET /wp-json/wp/v2/users?per_page=100&%70%65%72%5f%70%61%67%65=100 HTTP/1.1" 200 1648 "-" "Mozilla/5.0 (Windows NT 10.0; Win64; x64) AppleWebKit/537.36 (KHTML, like Gecko) Chrome/131.0.0.0 Safari/537.36, Mozilla/5.0 (Windows NT 10.0; Win64; x64) AppleWebKit/537.36 (KHTML, like Gecko) Chrome/131.0.0.0 Safari/537.36 Edg/131.0.0.0"
121.200.217.27 - - [07/May/2026:19:31:32 +0000] "GET /?author=3&feed=rss2 HTTP/1.1" 301 - "-" "Mozilla/5.0 (Windows NT 10.0; Win64; x64) AppleWebKit/537.36 (KHTML, like Gecko) Chrome/131.0.0.0 Safari/537.36, Mozilla/5.0 (Macintosh; Intel Mac OS X 10.15; rv:132.0) Gecko/20100101 Firefox/132.0"
178.18.246.56 - - [07/May/2026:19:31:32 +0000] "GET /wp-json/mepr/v1/members HTTP/1.1" 404 117 "-" "Mozilla/5.0 (Windows NT 10.0; Win64; x64) AppleWebKit/537.36 (KHTML, like Gecko) Chrome/131.0.0.0 Safari/537.36, Mozilla/5.0 (Windows NT 10.0; Win64; x64) AppleWebKit/537.36 (KHTML, like Gecko) Chrome/131.0.0.0 Safari/537.36 Edg/131.0.0.0"
83.212.59.108 - - [07/May/2026:19:31:35 +0000] "GET /wp-json/ldlms/v2/users HTTP/1.1" 404 117 "-" "Mozilla/5.0 (Windows NT 10.0; Win64; x64) AppleWebKit/537.36 (KHTML, like Gecko) Chrome/131.0.0.0 Safari/537.36, Mozilla/5.0 (Windows NT 10.0; Win64; x64) AppleWebKit/537.36 (KHTML, like Gecko) Chrome/131.0.0.0 Safari/537.36 Edg/131.0.0.0"
213.35.117.25 - - [07/May/2026:19:31:38 +0000] "POST /wp-login.php HTTP/1.1" 200 2568 "https://sweetrich.nl/wp-login.php" "Mozilla/5.0 (Macintosh; Intel Mac OS X 10_15_7; rv:93.0) Gecko/20100101 Firefox/93.0"
173.236.218.69 - - [07/May/2026:19:31:47 +0000] "GET /?author=8 HTTP/1.1" 404 12327 "-" "Mozilla/5.0 (Windows NT 10.0; Win64; x64) AppleWebKit/537.36 (KHTML, like Gecko) Chrome/131.0.0.0 Safari/537.36, Mozilla/5.0 (Windows NT 10.0; Win64; x64) AppleWebKit/537.36 (KHTML, like Gecko) Chrome/131.0.0.0 Safari/537.36"
213.35.117.25 - - [07/May/2026:19:31:48 +0000] "POST /wp-login.php HTTP/1.1" 200 2566 "https://sweetrich.nl/wp-login.php" "Mozilla/5.0 (Windows NT 10.0; Win64; x64) AppleWebKit/605.1.15 (KHTML, like Gecko) Version/14.1.1 Safari/605.1.15"
213.35.117.25 - - [07/May/2026:19:31:59 +0000] "POST /wp-login.php HTTP/1.1" 200 2564 "https://sweetrich.nl/wp-login.php" "Mozilla/5.0 (Windows NT 6.1; Win64; x64) AppleWebKit/537.36 (KHTML, like Gecko) Chrome/90.0.4430.212 Safari/537.36"
138.246.253.24 - - [07/May/2026:19:32:03 +0000] "GET /robots.txt HTTP/1.1" 301 - "-" "Mozilla/5.0 (Windows NT 10.0; Win64; x64) AppleWebKit/537.36 (KHTML, like Gecko) Chrome/103.0.5060.134 Safari/537.36"
213.35.117.25 - - [07/May/2026:19:32:09 +0000] "POST /wp-login.php HTTP/1.1" 200 2564 "https://sweetrich.nl/wp-login.php" "Mozilla/5.0 (Macintosh; Intel Mac OS X 10_15_7) AppleWebKit/605.1.15 (KHTML, like Gecko) Version/15.0 Safari/605.1.15"
192.99.100.166 - - [07/May/2026:19:32:07 +0000] "GET /?author=11 HTTP/1.1" 404 12327 "-" "Mozilla/5.0 (Windows NT 10.0; Win64; x64) AppleWebKit/537.36 (KHTML, like Gecko) Chrome/131.0.0.0 Safari/537.36, Mozilla/5.0 (Macintosh; Intel Mac OS X 10_15_7) AppleWebKit/537.36 (KHTML, like Gecko) Chrome/131.0.0.0 Safari/537.36"
103.127.30.137 - - [07/May/2026:19:32:11 +0000] "GET /?author=12 HTTP/1.1" 404 12327 "-" "Mozilla/5.0 (Windows NT 10.0; Win64; x64) AppleWebKit/537.36 (KHTML, like Gecko) Chrome/131.0.0.0 Safari/537.36, Mozilla/5.0 (Macintosh; Intel Mac OS X 10.15; rv:132.0) Gecko/20100101 Firefox/132.0"
213.35.117.25 - - [07/May/2026:19:32:19 +0000] "POST /wp-login.php HTTP/1.1" 200 2560 "https://sweetrich.nl/wp-login.php" "Mozilla/5.0 (Windows NT 10.0; Win64; x64) AppleWebKit/605.1.15 (KHTML, like Gecko) Version/14.1.1 Safari/605.1.15"
80.77.146.194 - - [07/May/2026:19:32:26 +0000] "GET /?author=15 HTTP/1.1" 404 12327 "-" "Mozilla/5.0 (Windows NT 10.0; Win64; x64) AppleWebKit/537.36 (KHTML, like Gecko) Chrome/131.0.0.0 Safari/537.36, Mozilla/5.0 (Windows NT 10.0; Win64; x64) AppleWebKit/537.36 (KHTML, like Gecko) Chrome/130.0.0.0 Safari/537.36"
213.35.117.25 - - [07/May/2026:19:32:30 +0000] "POST /wp-login.php HTTP/1.1" 200 2569 "https://sweetrich.nl/wp-login.php" "Mozilla/5.0 (X11; Linux x86_64) AppleWebKit/537.36 (KHTML, like Gecko) Chrome/94.0.4606.71 Safari/537.36"
213.35.117.25 - - [07/May/2026:19:32:40 +0000] "POST /wp-login.php HTTP/1.1" 200 2569 "https://sweetrich.nl/wp-login.php" "Mozilla/5.0 (Macintosh; Intel Mac OS X 10_15_7) AppleWebKit/537.36 (KHTML, like Gecko) Chrome/91.0.4472.124 Safari/537.36"
213.35.117.25 - - [07/May/2026:19:32:50 +0000] "POST /wp-login.php HTTP/1.1" 200 2569 "https://sweetrich.nl/wp-login.php" "Mozilla/5.0 (Macintosh; Intel Mac OS X 10_15_7) AppleWebKit/537.36 (KHTML, like Gecko) Chrome/94.0.4606.71 Safari/537.36"
103.216.117.42 - - [07/May/2026:19:32:59 +0000] "GET /?author=18 HTTP/1.1" 404 12327 "-" "Mozilla/5.0 (Windows NT 10.0; Win64; x64) AppleWebKit/537.36 (KHTML, like Gecko) Chrome/131.0.0.0 Safari/537.36, Mozilla/5.0 (Windows NT 10.0; Win64; x64; rv:132.0) Gecko/20100101 Firefox/132.0"
213.35.117.25 - - [07/May/2026:19:33:00 +0000] "GET /wp-admin/index.php HTTP/1.1" 302 - "https://sweetrich.nl/wp-login.php" "Mozilla/5.0 (Macintosh; Intel Mac OS X 10_15_7) AppleWebKit/537.36 (KHTML, like Gecko) Chrome/91.0.4472.124 Safari/537.36"
213.35.117.25 - - [07/May/2026:19:33:05 +0000] "GET /wp-admin/index.php HTTP/1.1" 302 - "https://sweetrich.nl/wp-login.php" "Mozilla/5.0 (Macintosh; Intel Mac OS X 10_15_7) AppleWebKit/537.36 (KHTML, like Gecko) Chrome/91.0.4472.124 Safari/537.36"
213.35.117.25 - - [07/May/2026:19:33:11 +0000] "POST /wp-login.php HTTP/1.1" 200 2560 "https://sweetrich.nl/wp-login.php" "Mozilla/5.0 (Windows NT 6.1; Win64; x64) AppleWebKit/537.36 (KHTML, like Gecko) Chrome/91.0.4472.124 Safari/537.36"
160.250.204.105 - - [07/May/2026:19:33:15 +0000] "GET /?author=22 HTTP/1.1" 404 12327 "-" "Mozilla/5.0 (Windows NT 10.0; Win64; x64) AppleWebKit/537.36 (KHTML, like Gecko) Chrome/131.0.0.0 Safari/537.36, Mozilla/5.0 (X11; Linux x86_64) AppleWebKit/537.36 (KHTML, like Gecko) Chrome/131.0.0.0 Safari/537.36"
213.35.117.25 - - [07/May/2026:19:33:21 +0000] "GET /wp-admin/index.php HTTP/1.1" 302 - "https://sweetrich.nl/wp-login.php" "Mozilla/5.0 (Windows NT 10.0; Win64; x64) AppleWebKit/537.36 (KHTML, like Gecko) Chrome/93.0.4577.63 Safari/537.36"
162.240.175.101 - - [07/May/2026:19:33:22 +0000] "GET /?author=23 HTTP/1.1" 404 12327 "-" "Mozilla/5.0 (Windows NT 10.0; Win64; x64) AppleWebKit/537.36 (KHTML, like Gecko) Chrome/131.0.0.0 Safari/537.36, Mozilla/5.0 (Macintosh; Intel Mac OS X 10_15_7) AppleWebKit/537.36 (KHTML, like Gecko) Chrome/131.0.0.0 Safari/537.36"
213.35.117.25 - - [07/May/2026:19:33:26 +0000] "GET /wp-admin/index.php HTTP/1.1" 302 - "https://sweetrich.nl/wp-login.php" "Mozilla/5.0 (Windows NT 10.0; Win64; x64) AppleWebKit/537.36 (KHTML, like Gecko) Chrome/93.0.4577.63 Safari/537.36"
213.35.117.25 - - [07/May/2026:19:33:31 +0000] "POST /wp-login.php HTTP/1.1" 200 2566 "https://sweetrich.nl/wp-login.php" "Mozilla/5.0 (Windows NT 10.0; Win64; x64) AppleWebKit/537.36 (KHTML, like Gecko) Chrome/91.0.4472.124 Safari/537.36"
195.250.20.172 - - [07/May/2026:19:33:36 +0000] "GET /?author=24 HTTP/1.1" 404 12327 "-" "Mozilla/5.0 (Windows NT 10.0; Win64; x64) AppleWebKit/537.36 (KHTML, like Gecko) Chrome/131.0.0.0 Safari/537.36, Mozilla/5.0 (X11; Linux x86_64) AppleWebKit/537.36 (KHTML, like Gecko) Chrome/131.0.0.0 Safari/537.36"
213.35.117.25 - - [07/May/2026:19:33:40 +0000] "GET /wp-admin/index.php HTTP/1.1" 302 - "https://sweetrich.nl/wp-login.php" "Mozilla/5.0 (Macintosh; Intel Mac OS X 10_15_7) AppleWebKit/605.1.15 (KHTML, like Gecko) Version/14.1 Safari/605.1.15"
213.35.117.25 - - [07/May/2026:19:33:45 +0000] "GET /wp-admin/index.php HTTP/1.1" 302 - "https://sweetrich.nl/wp-login.php" "Mozilla/5.0 (Macintosh; Intel Mac OS X 10_15_7) AppleWebKit/605.1.15 (KHTML, like Gecko) Version/14.1 Safari/605.1.15"
165.22.95.96 - - [07/May/2026:19:33:47 +0000] "GET /?author=26 HTTP/1.1" 404 12327 "-" "Mozilla/5.0 (Windows NT 10.0; Win64; x64) AppleWebKit/537.36 (KHTML, like Gecko) Chrome/131.0.0.0 Safari/537.36, Mozilla/5.0 (Windows NT 10.0; Win64; x64) AppleWebKit/537.36 (KHTML, like Gecko) Chrome/130.0.0.0 Safari/537.36"
213.35.117.25 - - [07/May/2026:19:33:51 +0000] "POST /wp-login.php HTTP/1.1" 200 2564 "https://sweetrich.nl/wp-login.php" "Mozilla/5.0 (Macintosh; Intel Mac OS X 10_15_7) AppleWebKit/605.1.15 (KHTML, like Gecko) Version/14.1.1 Safari/605.1.15"
213.35.117.25 - - [07/May/2026:19:34:00 +0000] "GET /wp-admin/index.php HTTP/1.1" 302 - "https://sweetrich.nl/wp-login.php" "Mozilla/5.0 (X11; Linux x86_64) AppleWebKit/537.36 (KHTML, like Gecko) Chrome/94.0.4606.71 Safari/537.36"
103.216.117.42 - - [07/May/2026:19:34:03 +0000] "GET /?author=27 HTTP/1.1" 404 12327 "-" "Mozilla/5.0 (Windows NT 10.0; Win64; x64) AppleWebKit/537.36 (KHTML, like Gecko) Chrome/131.0.0.0 Safari/537.36, Mozilla/5.0 (Windows NT 10.0; Win64; x64) AppleWebKit/537.36 (KHTML, like Gecko) Chrome/131.0.0.0 Safari/537.36 Edg/131.0.0.0"
213.35.117.25 - - [07/May/2026:19:34:05 +0000] "GET /wp-admin/index.php HTTP/1.1" 302 - "https://sweetrich.nl/wp-login.php" "Mozilla/5.0 (X11; Linux x86_64) AppleWebKit/537.36 (KHTML, like Gecko) Chrome/94.0.4606.71 Safari/537.36"
213.35.117.25 - - [07/May/2026:19:34:11 +0000] "POST /wp-login.php HTTP/1.1" 200 2565 "https://sweetrich.nl/wp-login.php" "Mozilla/5.0 (Macintosh; Intel Mac OS X 10_15_7) AppleWebKit/537.36 (KHTML, like Gecko) Chrome/91.0.4472.124 Safari/537.36"
78.142.18.172 - - [07/May/2026:19:34:15 +0000] "GET /?author=28 HTTP/1.1" 404 12327 "-" "Mozilla/5.0 (Windows NT 10.0; Win64; x64) AppleWebKit/537.36 (KHTML, like Gecko) Chrome/131.0.0.0 Safari/537.36, Mozilla/5.0 (Windows NT 10.0; Win64; x64) AppleWebKit/537.36 (KHTML, like Gecko) Chrome/130.0.0.0 Safari/537.36"
213.35.117.25 - - [07/May/2026:19:34:20 +0000] "GET /wp-admin/index.php HTTP/1.1" 302 - "https://sweetrich.nl/wp-login.php" "Mozilla/5.0 (Windows NT 10.0; Win64; x64) AppleWebKit/605.1.15 (KHTML, like Gecko) Version/14.1.2 Safari/605.1.15"
213.35.117.25 - - [07/May/2026:19:34:26 +0000] "GET /wp-admin/index.php HTTP/1.1" 302 - "https://sweetrich.nl/wp-login.php" "Mozilla/5.0 (Windows NT 10.0; Win64; x64) AppleWebKit/605.1.15 (KHTML, like Gecko) Version/14.1.2 Safari/605.1.15"
213.35.117.25 - - [07/May/2026:19:34:31 +0000] "POST /wp-login.php HTTP/1.1" 200 2570 "https://sweetrich.nl/wp-login.php" "Mozilla/5.0 (Macintosh; Intel Mac OS X 10_15_7) AppleWebKit/605.1.15 (KHTML, like Gecko) Version/14.0.3 Safari/605.1.15"
213.35.117.25 - - [07/May/2026:19:34:41 +0000] "GET /wp-admin/index.php HTTP/1.1" 302 - "https://sweetrich.nl/wp-login.php" "Mozilla/5.0 (Windows NT 10.0; Win64; x64) AppleWebKit/605.1.15 (KHTML, like Gecko) Version/15.0 Safari/605.1.15"
213.35.117.25 - - [07/May/2026:19:34:46 +0000] "GET /wp-admin/index.php HTTP/1.1" 302 - "https://sweetrich.nl/wp-login.php" "Mozilla/5.0 (Windows NT 10.0; Win64; x64) AppleWebKit/605.1.15 (KHTML, like Gecko) Version/15.0 Safari/605.1.15"
213.35.117.25 - - [07/May/2026:19:34:51 +0000] "POST /wp-login.php HTTP/1.1" 200 2563 "https://sweetrich.nl/wp-login.php" "Mozilla/5.0 (Windows NT 10.0; Win64; x64) AppleWebKit/605.1.15 (KHTML, like Gecko) Version/14.1.1 Safari/605.1.15"
213.35.117.25 - - [07/May/2026:19:35:00 +0000] "GET /wp-admin/index.php HTTP/1.1" 302 - "https://sweetrich.nl/wp-login.php" "Mozilla/5.0 (Windows NT 6.1; Win64; x64) AppleWebKit/537.36 (KHTML, like Gecko) Chrome/90.0.4430.212 Safari/537.36"
213.35.117.25 - - [07/May/2026:19:35:05 +0000] "GET /wp-admin/index.php HTTP/1.1" 302 - "https://sweetrich.nl/wp-login.php" "Mozilla/5.0 (Windows NT 6.1; Win64; x64) AppleWebKit/537.36 (KHTML, like Gecko) Chrome/90.0.4430.212 Safari/537.36"
213.35.117.25 - - [07/May/2026:19:35:10 +0000] "POST /wp-login.php HTTP/1.1" 200 2569 "https://sweetrich.nl/wp-login.php" "Mozilla/5.0 (Windows NT 10.0; Win64; x64) AppleWebKit/605.1.15 (KHTML, like Gecko) Version/14.1 Safari/605.1.15"
78.142.18.172 - - [07/May/2026:19:35:19 +0000] "GET /?author=33 HTTP/1.1" 404 12327 "-" "Mozilla/5.0 (Windows NT 10.0; Win64; x64) AppleWebKit/537.36 (KHTML, like Gecko) Chrome/131.0.0.0 Safari/537.36, Mozilla/5.0 (Windows NT 10.0; Win64; x64) AppleWebKit/537.36 (KHTML, like Gecko) Chrome/131.0.0.0 Safari/537.36 Edg/131.0.0.0"
213.35.117.25 - - [07/May/2026:19:35:19 +0000] "GET /wp-admin/index.php HTTP/1.1" 302 - "https://sweetrich.nl/wp-login.php" "Mozilla/5.0 (Macintosh; Intel Mac OS X 10_15_7) AppleWebKit/537.36 (KHTML, like Gecko) Chrome/94.0.4606.71 Safari/537.36"
213.35.117.25 - - [07/May/2026:19:35:25 +0000] "GET /wp-admin/index.php HTTP/1.1" 302 - "https://sweetrich.nl/wp-login.php" "Mozilla/5.0 (Macintosh; Intel Mac OS X 10_15_7) AppleWebKit/537.36 (KHTML, like Gecko) Chrome/94.0.4606.71 Safari/537.36"
213.35.117.25 - - [07/May/2026:19:35:30 +0000] "POST /wp-login.php HTTP/1.1" 200 2561 "https://sweetrich.nl/wp-login.php" "Mozilla/5.0 (Windows NT 6.1; Win64; x64; rv:92.0) Gecko/20100101 Firefox/92.0"
69.49.112.63 - - [07/May/2026:19:35:34 +0000] "GET /?author=37 HTTP/1.1" 404 12327 "-" "Mozilla/5.0 (Windows NT 10.0; Win64; x64) AppleWebKit/537.36 (KHTML, like Gecko) Chrome/131.0.0.0 Safari/537.36, Mozilla/5.0 (Windows NT 10.0; Win64; x64) AppleWebKit/537.36 (KHTML, like Gecko) Chrome/131.0.0.0 Safari/537.36"
213.35.117.25 - - [07/May/2026:19:35:39 +0000] "GET /wp-admin/index.php HTTP/1.1" 302 - "https://sweetrich.nl/wp-login.php" "Mozilla/5.0 (X11; Linux x86_64; rv:93.0) Gecko/20100101 Firefox/93.0"
213.35.117.25 - - [07/May/2026:19:35:45 +0000] "GET /wp-admin/index.php HTTP/1.1" 302 - "https://sweetrich.nl/wp-login.php" "Mozilla/5.0 (X11; Linux x86_64; rv:93.0) Gecko/20100101 Firefox/93.0"
213.35.117.25 - - [07/May/2026:19:35:50 +0000] "GET /?author=1 HTTP/1.1" 301 - "-" "Mozilla/5.0 (Windows NT 10.0; Win64; x64) AppleWebKit/605.1.15 (KHTML, like Gecko) Version/14.1.1 Safari/605.1.15"
213.35.117.25 - - [07/May/2026:19:35:55 +0000] "GET /wp-json/wp/v2/users HTTP/1.1" 200 1648 "-" "Mozilla/5.0 (Windows NT 10.0; Win64; x64) AppleWebKit/605.1.15 (KHTML, like Gecko) Version/15.0 Safari/605.1.15"
78.142.18.172 - - [07/May/2026:19:35:57 +0000] "GET /?author=39 HTTP/1.1" 404 12327 "-" "Mozilla/5.0 (Windows NT 10.0; Win64; x64) AppleWebKit/537.36 (KHTML, like Gecko) Chrome/131.0.0.0 Safari/537.36, Mozilla/5.0 (Windows NT 10.0; Win64; x64) AppleWebKit/537.36 (KHTML, like Gecko) Chrome/131.0.0.0 Safari/537.36"
213.35.117.25 - - [07/May/2026:19:36:01 +0000] "POST /wp-login.php HTTP/1.1" 200 2561 "https://sweetrich.nl/wp-login.php" "Mozilla/5.0 (Macintosh; Intel Mac OS X 10_15_7) AppleWebKit/605.1.15 (KHTML, like Gecko) Version/14.1.2 Safari/605.1.15"
213.35.117.25 - - [07/May/2026:19:36:09 +0000] "GET /wp-admin/index.php HTTP/1.1" 302 - "https://sweetrich.nl/wp-login.php" "Mozilla/5.0 (Windows NT 10.0; Win64; x64) AppleWebKit/537.36 (KHTML, like Gecko) Chrome/93.0.4577.63 Safari/537.36"
213.35.117.25 - - [07/May/2026:19:36:14 +0000] "GET /wp-admin/index.php HTTP/1.1" 302 - "https://sweetrich.nl/wp-login.php" "Mozilla/5.0 (Windows NT 10.0; Win64; x64) AppleWebKit/537.36 (KHTML, like Gecko) Chrome/93.0.4577.63 Safari/537.36"
24.199.108.111 - - [07/May/2026:19:36:17 +0000] "GET /?author=41 HTTP/1.1" 404 12327 "-" "Mozilla/5.0 (Windows NT 10.0; Win64; x64) AppleWebKit/537.36 (KHTML, like Gecko) Chrome/131.0.0.0 Safari/537.36, Mozilla/5.0 (Windows NT 10.0; Win64; x64) AppleWebKit/537.36 (KHTML, like Gecko) Chrome/131.0.0.0 Safari/537.36 Edg/131.0.0.0"
213.35.117.25 - - [07/May/2026:19:36:19 +0000] "POST /wp-login.php HTTP/1.1" 200 2561 "https://sweetrich.nl/wp-login.php" "Mozilla/5.0 (Macintosh; Intel Mac OS X 10_15_7; rv:90.0) Gecko/20100101 Firefox/90.0.1"
213.35.117.25 - - [07/May/2026:19:36:29 +0000] "GET /wp-admin/index.php HTTP/1.1" 302 - "https://sweetrich.nl/wp-login.php" "Mozilla/5.0 (Windows NT 10.0; Win64; x64) AppleWebKit/537.36 (KHTML, like Gecko) Chrome/93.0.4577.63 Safari/537.36"
50.6.229.148 - - [07/May/2026:19:36:31 +0000] "GET /?author=42 HTTP/1.1" 404 12327 "-" "Mozilla/5.0 (Windows NT 10.0; Win64; x64) AppleWebKit/537.36 (KHTML, like Gecko) Chrome/131.0.0.0 Safari/537.36, Mozilla/5.0 (Macintosh; Intel Mac OS X 10_15_7) AppleWebKit/537.36 (KHTML, like Gecko) Chrome/131.0.0.0 Safari/537.36"
213.35.117.25 - - [07/May/2026:19:36:35 +0000] "GET /wp-admin/index.php HTTP/1.1" 302 - "https://sweetrich.nl/wp-login.php" "Mozilla/5.0 (Windows NT 10.0; Win64; x64) AppleWebKit/537.36 (KHTML, like Gecko) Chrome/93.0.4577.63 Safari/537.36"
213.35.117.25 - - [07/May/2026:19:36:40 +0000] "POST /wp-login.php HTTP/1.1" 200 2561 "https://sweetrich.nl/wp-login.php" "Mozilla/5.0 (Macintosh; Intel Mac OS X 10_15_7) AppleWebKit/537.36 (KHTML, like Gecko) Chrome/92.0.4515.131 Safari/537.36"
46.22.135.218 - - [07/May/2026:19:36:48 +0000] "GET /?author=43 HTTP/1.1" 404 12327 "-" "Mozilla/5.0 (Windows NT 10.0; Win64; x64) AppleWebKit/537.36 (KHTML, like Gecko) Chrome/131.0.0.0 Safari/537.36, Mozilla/5.0 (Macintosh; Intel Mac OS X 10_15_7) AppleWebKit/537.36 (KHTML, like Gecko) Chrome/131.0.0.0 Safari/537.36"
213.35.117.25 - - [07/May/2026:19:36:49 +0000] "GET /wp-admin/index.php HTTP/1.1" 302 - "https://sweetrich.nl/wp-login.php" "Mozilla/5.0 (X11; Linux x86_64) AppleWebKit/537.36 (KHTML, like Gecko) Chrome/91.0.4472.124 Safari/537.36"
213.35.117.25 - - [07/May/2026:19:36:54 +0000] "GET /wp-admin/index.php HTTP/1.1" 302 - "https://sweetrich.nl/wp-login.php" "Mozilla/5.0 (X11; Linux x86_64) AppleWebKit/537.36 (KHTML, like Gecko) Chrome/91.0.4472.124 Safari/537.36"
213.35.117.25 - - [07/May/2026:19:36:59 +0000] "POST /wp-login.php HTTP/1.1" 200 2561 "https://sweetrich.nl/wp-login.php" "Mozilla/5.0 (Windows NT 6.1; Win64; x64) AppleWebKit/537.36 (KHTML, like Gecko) Chrome/91.0.4472.124 Safari/537.36"
69.49.112.67 - - [07/May/2026:19:36:58 +0000] "GET /?author=44 HTTP/1.1" 404 12327 "-" "Mozilla/5.0 (Windows NT 10.0; Win64; x64) AppleWebKit/537.36 (KHTML, like Gecko) Chrome/131.0.0.0 Safari/537.36, Mozilla/5.0 (Windows NT 10.0; Win64; x64; rv:132.0) Gecko/20100101 Firefox/132.0"
213.35.117.25 - - [07/May/2026:19:37:09 +0000] "GET /wp-admin/index.php HTTP/1.1" 302 - "https://sweetrich.nl/wp-login.php" "Mozilla/5.0 (Windows NT 10.0; Win64; x64) AppleWebKit/605.1.15 (KHTML, like Gecko) Version/14.0.3 Safari/605.1.15"
213.35.117.25 - - [07/May/2026:19:37:14 +0000] "GET /wp-admin/index.php HTTP/1.1" 302 - "https://sweetrich.nl/wp-login.php" "Mozilla/5.0 (Windows NT 10.0; Win64; x64) AppleWebKit/605.1.15 (KHTML, like Gecko) Version/14.0.3 Safari/605.1.15"
103.216.117.42 - - [07/May/2026:19:37:16 +0000] "GET /?author=46 HTTP/1.1" 404 12327 "-" "Mozilla/5.0 (Windows NT 10.0; Win64; x64) AppleWebKit/537.36 (KHTML, like Gecko) Chrome/131.0.0.0 Safari/537.36, Mozilla/5.0 (Windows NT 10.0; Win64; x64) AppleWebKit/537.36 (KHTML, like Gecko) Chrome/131.0.0.0 Safari/537.36"
213.35.117.25 - - [07/May/2026:19:37:20 +0000] "POST /wp-login.php HTTP/1.1" 200 2561 "https://sweetrich.nl/wp-login.php" "Mozilla/5.0 (Macintosh; Intel Mac OS X 10_15_7) AppleWebKit/537.36 (KHTML, like Gecko) Chrome/94.0.4606.71 Safari/537.36"
213.35.117.25 - - [07/May/2026:19:37:30 +0000] "POST /wp-login.php HTTP/1.1" 200 2560 "https://sweetrich.nl/wp-login.php" "Mozilla/5.0 (Windows NT 10.0; Win64; x64) AppleWebKit/537.36 (KHTML, like Gecko) Chrome/90.0.4430.212 Safari/537.36"
213.35.117.25 - - [07/May/2026:19:37:39 +0000] "GET /wp-admin/index.php HTTP/1.1" 302 - "https://sweetrich.nl/wp-login.php" "Mozilla/5.0 (Windows NT 10.0; Win64; x64) AppleWebKit/537.36 (KHTML, like Gecko) Chrome/93.0.4577.63 Safari/537.36"
213.35.117.25 - - [07/May/2026:19:37:45 +0000] "GET /wp-admin/index.php HTTP/1.1" 302 - "https://sweetrich.nl/wp-login.php" "Mozilla/5.0 (Windows NT 10.0; Win64; x64) AppleWebKit/537.36 (KHTML, like Gecko) Chrome/93.0.4577.63 Safari/537.36"
213.35.117.25 - - [07/May/2026:19:37:50 +0000] "POST /wp-login.php HTTP/1.1" 200 2560 "https://sweetrich.nl/wp-login.php" "Mozilla/5.0 (Windows NT 10.0; Win64; x64; rv:93.0) Gecko/20100101 Firefox/93.0"
209.141.37.194 - - [07/May/2026:19:37:58 +0000] "GET /wp-login.php HTTP/1.1" 200 10493 "-" "Mozilla/5.0 (Windows NT 10.0; Win64; x64)"
213.35.117.25 - - [07/May/2026:19:37:59 +0000] "GET /wp-admin/index.php HTTP/1.1" 302 - "https://sweetrich.nl/wp-login.php" "Mozilla/5.0 (Macintosh; Intel Mac OS X 10_15_7) AppleWebKit/605.1.15 (KHTML, like Gecko) Version/15.0 Safari/605.1.15"
213.35.117.25 - - [07/May/2026:19:38:05 +0000] "GET /wp-admin/index.php HTTP/1.1" 302 - "https://sweetrich.nl/wp-login.php" "Mozilla/5.0 (Macintosh; Intel Mac OS X 10_15_7) AppleWebKit/605.1.15 (KHTML, like Gecko) Version/15.0 Safari/605.1.15"
213.35.117.25 - - [07/May/2026:19:38:10 +0000] "POST /wp-login.php HTTP/1.1" 200 2560 "https://sweetrich.nl/wp-login.php" "Mozilla/5.0 (Macintosh; Intel Mac OS X 10_15_7) AppleWebKit/605.1.15 (KHTML, like Gecko) Version/14.1.1 Safari/605.1.15"
213.35.117.25 - - [07/May/2026:19:38:19 +0000] "GET /wp-admin/index.php HTTP/1.1" 302 - "https://sweetrich.nl/wp-login.php" "Mozilla/5.0 (Windows NT 6.1; Win64; x64; rv:89.0) Gecko/20100101 Firefox/89.0.2"
213.35.117.25 - - [07/May/2026:19:38:24 +0000] "GET /wp-admin/index.php HTTP/1.1" 302 - "https://sweetrich.nl/wp-login.php" "Mozilla/5.0 (Windows NT 6.1; Win64; x64; rv:89.0) Gecko/20100101 Firefox/89.0.2"
213.35.117.25 - - [07/May/2026:19:38:30 +0000] "POST /wp-login.php HTTP/1.1" 200 2560 "https://sweetrich.nl/wp-login.php" "Mozilla/5.0 (Windows NT 10.0; Win64; x64) AppleWebKit/537.36 (KHTML, like Gecko) Chrome/91.0.4472.124 Safari/537.36"
213.35.117.25 - - [07/May/2026:19:38:38 +0000] "GET /wp-admin/index.php HTTP/1.1" 302 - "https://sweetrich.nl/wp-login.php" "Mozilla/5.0 (Macintosh; Intel Mac OS X 10_15_7) AppleWebKit/605.1.15 (KHTML, like Gecko) Version/15.0 Safari/605.1.15"
213.35.117.25 - - [07/May/2026:19:38:44 +0000] "GET /wp-admin/index.php HTTP/1.1" 302 - "https://sweetrich.nl/wp-login.php" "Mozilla/5.0 (Macintosh; Intel Mac OS X 10_15_7) AppleWebKit/605.1.15 (KHTML, like Gecko) Version/15.0 Safari/605.1.15"
213.35.117.25 - - [07/May/2026:19:38:49 +0000] "POST /wp-login.php HTTP/1.1" 200 2560 "https://sweetrich.nl/wp-login.php" "Mozilla/5.0 (Windows NT 6.1; Win64; x64) AppleWebKit/537.36 (KHTML, like Gecko) Chrome/90.0.4430.212 Safari/537.36"
209.141.37.194 - - [07/May/2026:19:38:52 +0000] "POST /wp-login.php HTTP/1.1" 200 10980 "-" "Mozilla/5.0 (Windows NT 10.0; Win64; x64)"
213.35.117.25 - - [07/May/2026:19:38:59 +0000] "GET /wp-admin/index.php HTTP/1.1" 302 - "https://sweetrich.nl/wp-login.php" "Mozilla/5.0 (Windows NT 6.1; Win64; x64) AppleWebKit/537.36 (KHTML, like Gecko) Chrome/92.0.4515.131 Safari/537.36"
213.35.117.25 - - [07/May/2026:19:39:04 +0000] "GET /wp-admin/index.php HTTP/1.1" 302 - "https://sweetrich.nl/wp-login.php" "Mozilla/5.0 (Windows NT 6.1; Win64; x64) AppleWebKit/537.36 (KHTML, like Gecko) Chrome/92.0.4515.131 Safari/537.36"
213.35.117.25 - - [07/May/2026:19:39:09 +0000] "POST /wp-login.php HTTP/1.1" 200 2560 "https://sweetrich.nl/wp-login.php" "Mozilla/5.0 (Macintosh; Intel Mac OS X 10_15_7; rv:92.0) Gecko/20100101 Firefox/92.0"
213.35.117.25 - - [07/May/2026:19:39:18 +0000] "GET /wp-admin/index.php HTTP/1.1" 302 - "https://sweetrich.nl/wp-login.php" "Mozilla/5.0 (Windows NT 6.1; Win64; x64) AppleWebKit/537.36 (KHTML, like Gecko) Chrome/90.0.4430.212 Safari/537.36"
213.35.117.25 - - [07/May/2026:19:39:24 +0000] "GET /wp-admin/index.php HTTP/1.1" 302 - "https://sweetrich.nl/wp-login.php" "Mozilla/5.0 (Windows NT 6.1; Win64; x64) AppleWebKit/537.36 (KHTML, like Gecko) Chrome/90.0.4430.212 Safari/537.36"
213.35.117.25 - - [07/May/2026:19:39:29 +0000] "POST /wp-login.php HTTP/1.1" 200 2560 "https://sweetrich.nl/wp-login.php" "Mozilla/5.0 (X11; Linux x86_64) AppleWebKit/537.36 (KHTML, like Gecko) Chrome/93.0.4577.63 Safari/537.36"
213.35.117.25 - - [07/May/2026:19:39:38 +0000] "GET /wp-admin/index.php HTTP/1.1" 302 - "https://sweetrich.nl/wp-login.php" "Mozilla/5.0 (Macintosh; Intel Mac OS X 10_15_7) AppleWebKit/537.36 (KHTML, like Gecko) Chrome/93.0.4577.63 Safari/537.36"
213.35.117.25 - - [07/May/2026:19:39:43 +0000] "GET /wp-admin/index.php HTTP/1.1" 302 - "https://sweetrich.nl/wp-login.php" "Mozilla/5.0 (Macintosh; Intel Mac OS X 10_15_7) AppleWebKit/537.36 (KHTML, like Gecko) Chrome/93.0.4577.63 Safari/537.36"
213.35.117.25 - - [07/May/2026:19:39:48 +0000] "POST /wp-login.php HTTP/1.1" 200 2560 "https://sweetrich.nl/wp-login.php" "Mozilla/5.0 (Macintosh; Intel Mac OS X 10_15_7) AppleWebKit/605.1.15 (KHTML, like Gecko) Version/14.0.3 Safari/605.1.15"
213.35.117.25 - - [07/May/2026:19:39:57 +0000] "GET /wp-admin/index.php HTTP/1.1" 302 - "https://sweetrich.nl/wp-login.php" "Mozilla/5.0 (Macintosh; Intel Mac OS X 10_15_7) AppleWebKit/605.1.15 (KHTML, like Gecko) Version/14.1.2 Safari/605.1.15"
213.35.117.25 - - [07/May/2026:19:40:02 +0000] "GET /wp-admin/index.php HTTP/1.1" 302 - "https://sweetrich.nl/wp-login.php" "Mozilla/5.0 (Macintosh; Intel Mac OS X 10_15_7) AppleWebKit/605.1.15 (KHTML, like Gecko) Version/14.1.2 Safari/605.1.15"
213.35.117.25 - - [07/May/2026:19:40:08 +0000] "POST /wp-login.php HTTP/1.1" 200 2560 "https://sweetrich.nl/wp-login.php" "Mozilla/5.0 (Macintosh; Intel Mac OS X 10_15_7) AppleWebKit/605.1.15 (KHTML, like Gecko) Version/14.0.3 Safari/605.1.15"
213.35.117.25 - - [07/May/2026:19:40:16 +0000] "GET /wp-admin/index.php HTTP/1.1" 302 - "https://sweetrich.nl/wp-login.php" "Mozilla/5.0 (Windows NT 10.0; Win64; x64) AppleWebKit/537.36 (KHTML, like Gecko) Chrome/91.0.4472.124 Safari/537.36"
213.35.117.25 - - [07/May/2026:19:40:21 +0000] "GET /wp-admin/index.php HTTP/1.1" 302 - "https://sweetrich.nl/wp-login.php" "Mozilla/5.0 (Windows NT 10.0; Win64; x64) AppleWebKit/537.36 (KHTML, like Gecko) Chrome/91.0.4472.124 Safari/537.36"
213.35.117.25 - - [07/May/2026:19:40:26 +0000] "POST /wp-login.php HTTP/1.1" 200 2560 "https://sweetrich.nl/wp-login.php" "Mozilla/5.0 (Macintosh; Intel Mac OS X 10_15_7) AppleWebKit/605.1.15 (KHTML, like Gecko) Version/14.1 Safari/605.1.15"
213.35.117.25 - - [07/May/2026:19:40:36 +0000] "GET /wp-admin/index.php HTTP/1.1" 302 - "https://sweetrich.nl/wp-login.php" "Mozilla/5.0 (Windows NT 6.1; Win64; x64) AppleWebKit/537.36 (KHTML, like Gecko) Chrome/94.0.4606.71 Safari/537.36"
213.35.117.25 - - [07/May/2026:19:40:41 +0000] "GET /wp-admin/index.php HTTP/1.1" 302 - "https://sweetrich.nl/wp-login.php" "Mozilla/5.0 (Windows NT 6.1; Win64; x64) AppleWebKit/537.36 (KHTML, like Gecko) Chrome/94.0.4606.71 Safari/537.36"
213.35.117.25 - - [07/May/2026:19:40:47 +0000] "POST /wp-login.php HTTP/1.1" 200 2560 "https://sweetrich.nl/wp-login.php" "Mozilla/5.0 (Windows NT 10.0; Win64; x64) AppleWebKit/605.1.15 (KHTML, like Gecko) Version/14.1.1 Safari/605.1.15"
213.35.117.25 - - [07/May/2026:19:40:57 +0000] "POST /wp-login.php HTTP/1.1" 200 2560 "https://sweetrich.nl/wp-login.php" "Mozilla/5.0 (Windows NT 10.0; Win64; x64; rv:90.0) Gecko/20100101 Firefox/90.0.1"
213.35.117.25 - - [07/May/2026:19:41:06 +0000] "GET /wp-admin/index.php HTTP/1.1" 302 - "https://sweetrich.nl/wp-login.php" "Mozilla/5.0 (Macintosh; Intel Mac OS X 10_15_7; rv:93.0) Gecko/20100101 Firefox/93.0"
213.35.117.25 - - [07/May/2026:19:41:12 +0000] "GET /wp-admin/index.php HTTP/1.1" 302 - "https://sweetrich.nl/wp-login.php" "Mozilla/5.0 (Macintosh; Intel Mac OS X 10_15_7; rv:93.0) Gecko/20100101 Firefox/93.0"
213.35.117.25 - - [07/May/2026:19:41:17 +0000] "POST /wp-login.php HTTP/1.1" 200 2560 "https://sweetrich.nl/wp-login.php" "Mozilla/5.0 (Macintosh; Intel Mac OS X 10_15_7) AppleWebKit/605.1.15 (KHTML, like Gecko) Version/14.1.2 Safari/605.1.15"
213.35.117.25 - - [07/May/2026:19:41:27 +0000] "POST /wp-login.php HTTP/1.1" 200 2560 "https://sweetrich.nl/wp-login.php" "Mozilla/5.0 (Windows NT 10.0; Win64; x64) AppleWebKit/605.1.15 (KHTML, like Gecko) Version/14.1.1 Safari/605.1.15"
213.35.117.25 - - [07/May/2026:19:41:37 +0000] "GET /wp-admin/index.php HTTP/1.1" 302 - "https://sweetrich.nl/wp-login.php" "Mozilla/5.0 (Windows NT 10.0; Win64; x64) AppleWebKit/605.1.15 (KHTML, like Gecko) Version/15.0 Safari/605.1.15"
213.35.117.25 - - [07/May/2026:19:41:42 +0000] "GET /wp-admin/index.php HTTP/1.1" 302 - "https://sweetrich.nl/wp-login.php" "Mozilla/5.0 (Windows NT 10.0; Win64; x64) AppleWebKit/605.1.15 (KHTML, like Gecko) Version/15.0 Safari/605.1.15"
213.35.117.25 - - [07/May/2026:19:41:48 +0000] "POST /wp-login.php HTTP/1.1" 200 2560 "https://sweetrich.nl/wp-login.php" "Mozilla/5.0 (X11; Linux x86_64; rv:89.0) Gecko/20100101 Firefox/89.0.2"
213.35.117.25 - - [07/May/2026:19:41:57 +0000] "GET /wp-admin/index.php HTTP/1.1" 302 - "https://sweetrich.nl/wp-login.php" "Mozilla/5.0 (Windows NT 10.0; Win64; x64) AppleWebKit/537.36 (KHTML, like Gecko) Chrome/91.0.4472.124 Safari/537.36"
213.35.117.25 - - [07/May/2026:19:42:02 +0000] "GET /wp-admin/index.php HTTP/1.1" 302 - "https://sweetrich.nl/wp-login.php" "Mozilla/5.0 (Windows NT 10.0; Win64; x64) AppleWebKit/537.36 (KHTML, like Gecko) Chrome/91.0.4472.124 Safari/537.36"
213.35.117.25 - - [07/May/2026:19:42:07 +0000] "POST /wp-login.php HTTP/1.1" 200 2565 "https://sweetrich.nl/wp-login.php" "Mozilla/5.0 (Windows NT 6.1; Win64; x64) AppleWebKit/537.36 (KHTML, like Gecko) Chrome/94.0.4606.71 Safari/537.36"
213.35.117.25 - - [07/May/2026:19:42:17 +0000] "GET /wp-admin/index.php HTTP/1.1" 302 - "https://sweetrich.nl/wp-login.php" "Mozilla/5.0 (Windows NT 10.0; Win64; x64) AppleWebKit/605.1.15 (KHTML, like Gecko) Version/14.1 Safari/605.1.15"
213.35.117.25 - - [07/May/2026:19:42:22 +0000] "GET /wp-admin/index.php HTTP/1.1" 302 - "https://sweetrich.nl/wp-login.php" "Mozilla/5.0 (Windows NT 10.0; Win64; x64) AppleWebKit/605.1.15 (KHTML, like Gecko) Version/14.1 Safari/605.1.15"
213.35.117.25 - - [07/May/2026:19:42:28 +0000] "POST /wp-login.php HTTP/1.1" 200 2565 "https://sweetrich.nl/wp-login.php" "Mozilla/5.0 (X11; Linux x86_64) AppleWebKit/537.36 (KHTML, like Gecko) Chrome/90.0.4430.212 Safari/537.36"
213.35.117.25 - - [07/May/2026:19:42:37 +0000] "GET /wp-admin/index.php HTTP/1.1" 302 - "https://sweetrich.nl/wp-login.php" "Mozilla/5.0 (Windows NT 10.0; Win64; x64) AppleWebKit/605.1.15 (KHTML, like Gecko) Version/14.1.2 Safari/605.1.15"
213.35.117.25 - - [07/May/2026:19:42:42 +0000] "GET /wp-admin/index.php HTTP/1.1" 302 - "https://sweetrich.nl/wp-login.php" "Mozilla/5.0 (Windows NT 10.0; Win64; x64) AppleWebKit/605.1.15 (KHTML, like Gecko) Version/14.1.2 Safari/605.1.15"
213.35.117.25 - - [07/May/2026:19:42:47 +0000] "POST /wp-login.php HTTP/1.1" 200 2565 "https://sweetrich.nl/wp-login.php" "Mozilla/5.0 (Windows NT 6.1; Win64; x64) AppleWebKit/537.36 (KHTML, like Gecko) Chrome/93.0.4577.63 Safari/537.36"
213.35.117.25 - - [07/May/2026:19:42:58 +0000] "POST /wp-login.php HTTP/1.1" 200 2565 "https://sweetrich.nl/wp-login.php" "Mozilla/5.0 (Macintosh; Intel Mac OS X 10_15_7) AppleWebKit/537.36 (KHTML, like Gecko) Chrome/94.0.4606.71 Safari/537.36"
213.35.117.25 - - [07/May/2026:19:43:08 +0000] "GET /wp-admin/index.php HTTP/1.1" 302 - "https://sweetrich.nl/wp-login.php" "Mozilla/5.0 (Windows NT 10.0; Win64; x64) AppleWebKit/537.36 (KHTML, like Gecko) Chrome/92.0.4515.131 Safari/537.36"
213.35.117.25 - - [07/May/2026:19:43:13 +0000] "GET /wp-admin/index.php HTTP/1.1" 302 - "https://sweetrich.nl/wp-login.php" "Mozilla/5.0 (Windows NT 10.0; Win64; x64) AppleWebKit/537.36 (KHTML, like Gecko) Chrome/92.0.4515.131 Safari/537.36"
