PATH:
var
/
log
/
apache2
/
domlogs
/
centosnipponia
20.123.172.228 - - [06/May/2026:12:32:41 +0000] "POST /wp-cron.php?doing_wp_cron=1778070761.3813610076904296875000 HTTP/1.1" 200 - "https://lineup.nipponia.com/wp-cron.php?doing_wp_cron=1778070761.3813610076904296875000" "WordPress/6.1.10; https://lineup.nipponia.com"
57.141.20.63 - - [06/May/2026:12:32:33 +0000] "GET /wp-sitemap.xml HTTP/1.1" 200 738 "-" "meta-externalagent/1.1 (+https://developers.facebook.com/docs/sharing/webmasters/crawler)"
20.123.172.228 - - [06/May/2026:12:39:51 +0000] "POST /wp-cron.php?doing_wp_cron=1778071191.4701271057128906250000 HTTP/1.1" 200 - "https://lineup.nipponia.com/wp-cron.php?doing_wp_cron=1778071191.4701271057128906250000" "WordPress/6.1.10; https://lineup.nipponia.com"
52.154.22.48 - - [06/May/2026:12:39:41 +0000] "GET /es/company-profile-esp/ HTTP/1.1" 200 12227 "-" "Mozilla/5.0 AppleWebKit/537.36 (KHTML, like Gecko); compatible; ChatGPT-User/1.0; +https://openai.com/bot"
95.129.101.135 - - [06/May/2026:12:40:13 +0000] "GET /de/home-3/ HTTP/1.1" 200 11709 "-" "Mozilla/5.0 (compatible; SpiderLing; +https://nlp.fi.muni.cz/projects/biwec/)"
20.123.172.228 - - [06/May/2026:12:44:19 +0000] "POST /wp-cron.php?doing_wp_cron=1778071458.8626880645751953125000 HTTP/1.1" 200 - "https://lineup.nipponia.com/wp-cron.php?doing_wp_cron=1778071458.8626880645751953125000" "WordPress/6.1.10; https://lineup.nipponia.com"
216.73.216.49 - - [06/May/2026:12:44:10 +0000] "GET /robots.txt HTTP/1.1" 200 113 "-" "Mozilla/5.0 AppleWebKit/537.36 (KHTML, like Gecko; compatible; ClaudeBot/1.0; +claudebot@anthropic.com)"
216.73.216.49 - - [06/May/2026:12:44:19 +0000] "GET /wp-sitemap.xml HTTP/1.1" 200 222 "-" "Mozilla/5.0 AppleWebKit/537.36 (KHTML, like Gecko; compatible; ClaudeBot/1.0; +claudebot@anthropic.com)"
40.77.167.241 - - [06/May/2026:12:44:38 +0000] "GET /wp-content/uploads/tech_specs/NL_NC-E.pdf HTTP/1.1" 200 211842 "-" "Mozilla/5.0 AppleWebKit/537.36 (KHTML, like Gecko; compatible; bingbot/2.0; +http://www.bing.com/bingbot.htm) Chrome/116.0.1938.76 Safari/537.36"
104.210.140.130 - - [06/May/2026:13:10:23 +0000] "GET /robots.txt HTTP/1.1" 200 113 "-" "Mozilla/5.0 (Macintosh; Intel Mac OS X 10_15_7) AppleWebKit/537.36 (KHTML, like Gecko) Chrome/131.0.0.0 Safari/537.36; compatible; OAI-SearchBot/1.0; +https://openai.com/searchbot"
95.129.101.135 - - [06/May/2026:13:27:40 +0000] "GET /de/unternehmensprofil/ HTTP/1.1" 200 12428 "-" "Mozilla/5.0 (compatible; SpiderLing; +https://nlp.fi.muni.cz/projects/biwec/)"
77.32.35.123 - - [06/May/2026:13:29:32 +0000] "GET /wp-content/uploads/2020/02/REDWHITE-005-300x294.jpg HTTP/1.1" 200 12647 "-" "Mozilla/5.0 (Windows NT 10.0; Win64; x64) AppleWebKit/537.36 (KHTML, like Gecko) Chrome/91.0.4472.124 Safari/537.36"
95.108.213.254 - - [06/May/2026:13:30:45 +0000] "GET /robots.txt HTTP/1.1" 200 120 "-" "Mozilla/5.0 (compatible; YandexBot/3.0; +http://yandex.com/bots)"
95.108.213.252 - - [06/May/2026:13:30:54 +0000] "GET /wp-content/uploads/2020/02/Technicalsheets/CZ_BRIO50.pdf HTTP/1.1" 200 538000 "-" "Mozilla/5.0 (compatible; YandexBot/3.0; +http://yandex.com/bots)"
149.74.140.126 - - [06/May/2026:13:31:13 +0000] "GET /es/company-profile-esp/ HTTP/1.1" 200 12846 "https://www.google.com/" "Mozilla/5.0 (Linux; Android 10; K) AppleWebKit/537.36 (KHTML, like Gecko) Chrome/147.0.0.0 Mobile Safari/537.36"
149.74.140.126 - - [06/May/2026:13:31:27 +0000] "GET /wp-includes/css/classic-themes.min.css?ver=1 HTTP/1.1" 200 189 "https://lineup.nipponia.com/es/company-profile-esp/" "Mozilla/5.0 (Linux; Android 10; K) AppleWebKit/537.36 (KHTML, like Gecko) Chrome/147.0.0.0 Mobile Safari/537.36"
149.74.140.126 - - [06/May/2026:13:31:27 +0000] "GET /wp-content/themes/hello-elementor/style.min.css?ver=2.6.1 HTTP/1.1" 200 1940 "https://lineup.nipponia.com/es/company-profile-esp/" "Mozilla/5.0 (Linux; Android 10; K) AppleWebKit/537.36 (KHTML, like Gecko) Chrome/147.0.0.0 Mobile Safari/537.36"
149.74.140.126 - - [06/May/2026:13:31:27 +0000] "GET /wp-content/themes/hello-elementor/theme.min.css?ver=2.6.1 HTTP/1.1" 200 2664 "https://lineup.nipponia.com/es/company-profile-esp/" "Mozilla/5.0 (Linux; Android 10; K) AppleWebKit/537.36 (KHTML, like Gecko) Chrome/147.0.0.0 Mobile Safari/537.36"
149.74.140.126 - - [06/May/2026:13:31:27 +0000] "GET /wp-includes/css/dist/block-library/style.min.css?ver=6.1.10 HTTP/1.1" 200 12540 "https://lineup.nipponia.com/es/company-profile-esp/" "Mozilla/5.0 (Linux; Android 10; K) AppleWebKit/537.36 (KHTML, like Gecko) Chrome/147.0.0.0 Mobile Safari/537.36"
149.74.140.126 - - [06/May/2026:13:31:27 +0000] "GET /wp-content/plugins/cookie-notice/css/front.min.css?ver=6.1.10 HTTP/1.1" 200 1108 "https://lineup.nipponia.com/es/company-profile-esp/" "Mozilla/5.0 (Linux; Android 10; K) AppleWebKit/537.36 (KHTML, like Gecko) Chrome/147.0.0.0 Mobile Safari/537.36"
149.74.140.126 - - [06/May/2026:13:31:27 +0000] "GET /wp-content/plugins/simple-social-icons/css/style.css?ver=3.0.2 HTTP/1.1" 200 437 "https://lineup.nipponia.com/es/company-profile-esp/" "Mozilla/5.0 (Linux; Android 10; K) AppleWebKit/537.36 (KHTML, like Gecko) Chrome/147.0.0.0 Mobile Safari/537.36"
149.74.140.126 - - [06/May/2026:13:31:27 +0000] "GET /wp-content/uploads/elementor/css/post-1295.css?ver=1674664350 HTTP/1.1" 200 368 "https://lineup.nipponia.com/es/company-profile-esp/" "Mozilla/5.0 (Linux; Android 10; K) AppleWebKit/537.36 (KHTML, like Gecko) Chrome/147.0.0.0 Mobile Safari/537.36"
149.74.140.126 - - [06/May/2026:13:31:27 +0000] "GET /wp-content/uploads/elementor/css/post-2405.css?ver=1675187796 HTTP/1.1" 200 1336 "https://lineup.nipponia.com/es/company-profile-esp/" "Mozilla/5.0 (Linux; Android 10; K) AppleWebKit/537.36 (KHTML, like Gecko) Chrome/147.0.0.0 Mobile Safari/537.36"
149.74.140.126 - - [06/May/2026:13:31:27 +0000] "GET /wp-content/plugins/elementor/assets/lib/eicons/css/elementor-icons.min.css?ver=5.17.0 HTTP/1.1" 200 3969 "https://lineup.nipponia.com/es/company-profile-esp/" "Mozilla/5.0 (Linux; Android 10; K) AppleWebKit/537.36 (KHTML, like Gecko) Chrome/147.0.0.0 Mobile Safari/537.36"
149.74.140.126 - - [06/May/2026:13:31:27 +0000] "GET /wp-content/plugins/elementor-pro/assets/css/frontend.min.css?ver=3.10.2 HTTP/1.1" 200 37519 "https://lineup.nipponia.com/es/company-profile-esp/" "Mozilla/5.0 (Linux; Android 10; K) AppleWebKit/537.36 (KHTML, like Gecko) Chrome/147.0.0.0 Mobile Safari/537.36"
149.74.140.126 - - [06/May/2026:13:31:27 +0000] "GET /wp-content/plugins/elementor/assets/css/frontend-legacy.min.css?ver=3.10.1 HTTP/1.1" 200 708 "https://lineup.nipponia.com/es/company-profile-esp/" "Mozilla/5.0 (Linux; Android 10; K) AppleWebKit/537.36 (KHTML, like Gecko) Chrome/147.0.0.0 Mobile Safari/537.36"
149.74.140.126 - - [06/May/2026:13:31:27 +0000] "GET /wp-content/plugins/elementor/assets/css/frontend.min.css?ver=3.10.1 HTTP/1.1" 200 19457 "https://lineup.nipponia.com/es/company-profile-esp/" "Mozilla/5.0 (Linux; Android 10; K) AppleWebKit/537.36 (KHTML, like Gecko) Chrome/147.0.0.0 Mobile Safari/537.36"
149.74.140.126 - - [06/May/2026:13:31:28 +0000] "GET /wp-content/plugins/elementor/assets/lib/animations/animations.min.css?ver=3.10.1 HTTP/1.1" 200 2592 "https://lineup.nipponia.com/es/company-profile-esp/" "Mozilla/5.0 (Linux; Android 10; K) AppleWebKit/537.36 (KHTML, like Gecko) Chrome/147.0.0.0 Mobile Safari/537.36"
149.74.140.126 - - [06/May/2026:13:31:28 +0000] "GET /wp-content/uploads/2022/09/logo_s2.png HTTP/1.1" 200 17468 "https://lineup.nipponia.com/es/company-profile-esp/" "Mozilla/5.0 (Linux; Android 10; K) AppleWebKit/537.36 (KHTML, like Gecko) Chrome/147.0.0.0 Mobile Safari/537.36"
149.74.140.126 - - [06/May/2026:13:31:28 +0000] "GET /wp-content/plugins/elementor/assets/js/webpack.runtime.min.js?ver=3.10.1 HTTP/1.1" 200 2225 "https://lineup.nipponia.com/es/company-profile-esp/" "Mozilla/5.0 (Linux; Android 10; K) AppleWebKit/537.36 (KHTML, like Gecko) Chrome/147.0.0.0 Mobile Safari/537.36"
149.74.140.126 - - [06/May/2026:13:31:28 +0000] "GET /wp-includes/js/jquery/jquery-migrate.min.js?ver=3.3.2 HTTP/1.1" 200 4169 "https://lineup.nipponia.com/es/company-profile-esp/" "Mozilla/5.0 (Linux; Android 10; K) AppleWebKit/537.36 (KHTML, like Gecko) Chrome/147.0.0.0 Mobile Safari/537.36"
149.74.140.126 - - [06/May/2026:13:31:28 +0000] "GET /wp-includes/js/dist/vendor/regenerator-runtime.min.js?ver=0.13.9 HTTP/1.1" 200 2457 "https://lineup.nipponia.com/es/company-profile-esp/" "Mozilla/5.0 (Linux; Android 10; K) AppleWebKit/537.36 (KHTML, like Gecko) Chrome/147.0.0.0 Mobile Safari/537.36"
149.74.140.126 - - [06/May/2026:13:31:28 +0000] "GET /wp-content/plugins/elementor-pro/assets/js/webpack-pro.runtime.min.js?ver=3.10.2 HTTP/1.1" 200 2439 "https://lineup.nipponia.com/es/company-profile-esp/" "Mozilla/5.0 (Linux; Android 10; K) AppleWebKit/537.36 (KHTML, like Gecko) Chrome/147.0.0.0 Mobile Safari/537.36"
149.74.140.126 - - [06/May/2026:13:31:28 +0000] "GET /wp-includes/js/jquery/jquery.min.js?ver=3.6.1 HTTP/1.1" 200 30995 "https://lineup.nipponia.com/es/company-profile-esp/" "Mozilla/5.0 (Linux; Android 10; K) AppleWebKit/537.36 (KHTML, like Gecko) Chrome/147.0.0.0 Mobile Safari/537.36"
149.74.140.126 - - [06/May/2026:13:31:28 +0000] "GET /wp-content/plugins/elementor/assets/js/frontend-modules.min.js?ver=3.10.1 HTTP/1.1" 200 11399 "https://lineup.nipponia.com/es/company-profile-esp/" "Mozilla/5.0 (Linux; Android 10; K) AppleWebKit/537.36 (KHTML, like Gecko) Chrome/147.0.0.0 Mobile Safari/537.36"
149.74.140.126 - - [06/May/2026:13:31:28 +0000] "GET /wp-includes/js/dist/vendor/wp-polyfill.min.js?ver=3.15.0 HTTP/1.1" 200 6532 "https://lineup.nipponia.com/es/company-profile-esp/" "Mozilla/5.0 (Linux; Android 10; K) AppleWebKit/537.36 (KHTML, like Gecko) Chrome/147.0.0.0 Mobile Safari/537.36"
149.74.140.126 - - [06/May/2026:13:31:28 +0000] "GET /wp-includes/js/dist/hooks.min.js?ver=4169d3cf8e8d95a3d6d5 HTTP/1.1" 200 1661 "https://lineup.nipponia.com/es/company-profile-esp/" "Mozilla/5.0 (Linux; Android 10; K) AppleWebKit/537.36 (KHTML, like Gecko) Chrome/147.0.0.0 Mobile Safari/537.36"
149.74.140.126 - - [06/May/2026:13:31:28 +0000] "GET /wp-includes/js/dist/i18n.min.js?ver=9e794f35a71bb98672ae HTTP/1.1" 200 3866 "https://lineup.nipponia.com/es/company-profile-esp/" "Mozilla/5.0 (Linux; Android 10; K) AppleWebKit/537.36 (KHTML, like Gecko) Chrome/147.0.0.0 Mobile Safari/537.36"
149.74.140.126 - - [06/May/2026:13:31:28 +0000] "GET /wp-content/plugins/elementor/assets/lib/waypoints/waypoints.min.js?ver=4.0.2 HTTP/1.1" 200 2993 "https://lineup.nipponia.com/es/company-profile-esp/" "Mozilla/5.0 (Linux; Android 10; K) AppleWebKit/537.36 (KHTML, like Gecko) Chrome/147.0.0.0 Mobile Safari/537.36"
149.74.140.126 - - [06/May/2026:13:31:28 +0000] "GET /wp-includes/js/jquery/ui/core.min.js?ver=1.13.2 HTTP/1.1" 200 7097 "https://lineup.nipponia.com/es/company-profile-esp/" "Mozilla/5.0 (Linux; Android 10; K) AppleWebKit/537.36 (KHTML, like Gecko) Chrome/147.0.0.0 Mobile Safari/537.36"
149.74.140.126 - - [06/May/2026:13:31:28 +0000] "GET /wp-content/plugins/elementor-pro/assets/js/frontend.min.js?ver=3.10.2 HTTP/1.1" 200 5743 "https://lineup.nipponia.com/es/company-profile-esp/" "Mozilla/5.0 (Linux; Android 10; K) AppleWebKit/537.36 (KHTML, like Gecko) Chrome/147.0.0.0 Mobile Safari/537.36"
149.74.140.126 - - [06/May/2026:13:31:28 +0000] "GET /wp-content/plugins/elementor/assets/lib/share-link/share-link.min.js?ver=3.10.1 HTTP/1.1" 200 1139 "https://lineup.nipponia.com/es/company-profile-esp/" "Mozilla/5.0 (Linux; Android 10; K) AppleWebKit/537.36 (KHTML, like Gecko) Chrome/147.0.0.0 Mobile Safari/537.36"
149.74.140.126 - - [06/May/2026:13:31:28 +0000] "GET /wp-content/plugins/elementor/assets/js/frontend.min.js?ver=3.10.1 HTTP/1.1" 200 12124 "https://lineup.nipponia.com/es/company-profile-esp/" "Mozilla/5.0 (Linux; Android 10; K) AppleWebKit/537.36 (KHTML, like Gecko) Chrome/147.0.0.0 Mobile Safari/537.36"
149.74.140.126 - - [06/May/2026:13:31:28 +0000] "GET /wp-content/plugins/elementor/assets/lib/dialog/dialog.min.js?ver=4.9.0 HTTP/1.1" 200 3446 "https://lineup.nipponia.com/es/company-profile-esp/" "Mozilla/5.0 (Linux; Android 10; K) AppleWebKit/537.36 (KHTML, like Gecko) Chrome/147.0.0.0 Mobile Safari/537.36"
149.74.140.126 - - [06/May/2026:13:31:28 +0000] "GET /wp-content/plugins/elementor-pro/assets/js/preloaded-elements-handlers.min.js?ver=3.10.2 HTTP/1.1" 200 35394 "https://lineup.nipponia.com/es/company-profile-esp/" "Mozilla/5.0 (Linux; Android 10; K) AppleWebKit/537.36 (KHTML, like Gecko) Chrome/147.0.0.0 Mobile Safari/537.36"
149.74.140.126 - - [06/May/2026:13:31:28 +0000] "GET /wp-content/plugins/elementor/assets/js/preloaded-modules.min.js?ver=3.10.1 HTTP/1.1" 200 13384 "https://lineup.nipponia.com/es/company-profile-esp/" "Mozilla/5.0 (Linux; Android 10; K) AppleWebKit/537.36 (KHTML, like Gecko) Chrome/147.0.0.0 Mobile Safari/537.36"
149.74.140.126 - - [06/May/2026:13:31:28 +0000] "GET /wp-content/plugins/elementor/assets/lib/swiper/swiper.min.js?ver=5.3.6 HTTP/1.1" 200 35491 "https://lineup.nipponia.com/es/company-profile-esp/" "Mozilla/5.0 (Linux; Android 10; K) AppleWebKit/537.36 (KHTML, like Gecko) Chrome/147.0.0.0 Mobile Safari/537.36"
149.74.140.126 - - [06/May/2026:13:31:28 +0000] "GET /wp-content/plugins/cookie-notice/js/front.min.js?ver=2.4.6 HTTP/1.1" 200 2128 "https://lineup.nipponia.com/es/company-profile-esp/" "Mozilla/5.0 (Linux; Android 10; K) AppleWebKit/537.36 (KHTML, like Gecko) Chrome/147.0.0.0 Mobile Safari/537.36"
149.74.140.126 - - [06/May/2026:13:31:28 +0000] "GET /wp-includes/js/wp-emoji-release.min.js?ver=6.1.10 HTTP/1.1" 200 5009 "https://lineup.nipponia.com/es/company-profile-esp/" "Mozilla/5.0 (Linux; Android 10; K) AppleWebKit/537.36 (KHTML, like Gecko) Chrome/147.0.0.0 Mobile Safari/537.36"
149.74.140.126 - - [06/May/2026:13:31:28 +0000] "GET /wp-content/plugins/elementor-pro/assets/lib/sticky/jquery.sticky.min.js?ver=3.10.2 HTTP/1.1" 200 1542 "https://lineup.nipponia.com/es/company-profile-esp/" "Mozilla/5.0 (Linux; Android 10; K) AppleWebKit/537.36 (KHTML, like Gecko) Chrome/147.0.0.0 Mobile Safari/537.36"
149.74.140.126 - - [06/May/2026:13:31:28 +0000] "GET /wp-content/uploads/2020/02/NIPPONIA-logo.jpg HTTP/1.1" 200 69719 "https://lineup.nipponia.com/wp-content/uploads/elementor/css/post-2405.css?ver=1675187796" "Mozilla/5.0 (Linux; Android 10; K) AppleWebKit/537.36 (KHTML, like Gecko) Chrome/147.0.0.0 Mobile Safari/537.36"
149.74.140.126 - - [06/May/2026:13:31:29 +0000] "GET /wp-content/uploads/2020/10/cropped-nipponiaw-192x192.jpg HTTP/1.1" 200 8127 "https://lineup.nipponia.com/es/company-profile-esp/" "Mozilla/5.0 (Linux; Android 10; K) AppleWebKit/537.36 (KHTML, like Gecko) Chrome/147.0.0.0 Mobile Safari/537.36"
149.74.140.126 - - [06/May/2026:13:31:29 +0000] "GET /wp-content/uploads/2020/10/cropped-nipponiaw-180x180.jpg HTTP/1.1" 200 7637 "https://lineup.nipponia.com/es/company-profile-esp/" "Mozilla/5.0 (Linux; Android 10; K) AppleWebKit/537.36 (KHTML, like Gecko) Chrome/147.0.0.0 Mobile Safari/537.36"
158.248.50.144 - - [06/May/2026:13:46:07 +0000] "GET /wp-content/uploads/2022/09/2Fast-red-01.png HTTP/1.1" 200 1423054 "https://www.bing.com/" "Mozilla/5.0 (Windows NT 10.0; Win64; x64) AppleWebKit/537.36 (KHTML, like Gecko) Chrome/147.0.0.0 Safari/537.36 Edg/147.0.0.0"
94.198.40.126 - - [06/May/2026:14:05:32 +0000] "GET /wp-admin/ HTTP/1.1" 302 - "-" "-"
40.77.167.75 - - [06/May/2026:14:11:53 +0000] "GET /de/nipponia-lineup-2023/ HTTP/1.1" 200 12285 "-" "Mozilla/5.0 AppleWebKit/537.36 (KHTML, like Gecko; compatible; bingbot/2.0; +http://www.bing.com/bingbot.htm) Chrome/116.0.1938.76 Safari/537.36"
94.198.40.126 - - [06/May/2026:14:13:58 +0000] "GET /wp-admin/network/ HTTP/1.1" 302 - "-" "-"
94.198.40.126 - - [06/May/2026:14:14:27 +0000] "GET /wp-admin/ HTTP/1.1" 302 - "-" "-"
20.123.172.228 - - [06/May/2026:14:49:50 +0000] "POST /wp-cron.php?doing_wp_cron=1778078990.6303079128265380859375 HTTP/1.1" 200 - "https://lineup.nipponia.com/wp-cron.php?doing_wp_cron=1778078990.6303079128265380859375" "WordPress/6.1.10; https://lineup.nipponia.com"
199.45.154.157 - - [06/May/2026:14:49:41 +0000] "GET / HTTP/1.1" 200 11524 "-" "Mozilla/5.0 (compatible; CensysInspect/1.1; +https://about.censys.io/)"
20.123.172.228 - - [06/May/2026:14:50:05 +0000] "POST /wp-admin/admin-ajax.php?action=wordfence_testAjax HTTP/1.1" 200 32 "https://lineup.nipponia.com/wp-admin/admin-ajax.php?action=wordfence_testAjax" "WordPress/6.1.10; https://lineup.nipponia.com"
20.123.172.228 - - [06/May/2026:14:50:15 +0000] "GET /wp-admin/admin-ajax.php?action=wordfence_doScan&isFork=0&scanMode=quick&cronKey=eef3854b7fb74346b4f1e413c8ff00c6&signature=a1549e79f02c40c3d3bea92fe8bc8701a04d62bbf841e847d886ead7e6e027b3 HTTP/1.1" 200 - "-" "WordPress/6.1.10; https://lineup.nipponia.com"
20.123.172.228 - - [06/May/2026:14:51:54 +0000] "POST /wp-cron.php?doing_wp_cron=1778079114.3543260097503662109375 HTTP/1.1" 200 - "https://lineup.nipponia.com/wp-cron.php?doing_wp_cron=1778079114.3543260097503662109375" "WordPress/6.1.10; https://lineup.nipponia.com"
216.73.216.49 - - [06/May/2026:14:51:45 +0000] "GET /robots.txt HTTP/1.1" 200 113 "-" "Mozilla/5.0 AppleWebKit/537.36 (KHTML, like Gecko; compatible; ClaudeBot/1.0; +claudebot@anthropic.com)"
216.73.216.49 - - [06/May/2026:14:51:55 +0000] "GET /wp-sitemap.xml HTTP/1.1" 200 222 "-" "Mozilla/5.0 AppleWebKit/537.36 (KHTML, like Gecko; compatible; ClaudeBot/1.0; +claudebot@anthropic.com)"
95.129.101.135 - - [06/May/2026:15:01:04 +0000] "GET /de/nipponia-lineup-2023/ HTTP/1.1" 200 12285 "-" "Mozilla/5.0 (compatible; SpiderLing; +https://nlp.fi.muni.cz/projects/biwec/)"
95.129.101.135 - - [06/May/2026:15:28:44 +0000] "GET /cs/home-5/ HTTP/1.1" 200 11883 "-" "Mozilla/5.0 (compatible; SpiderLing; +https://nlp.fi.muni.cz/projects/biwec/)"
20.123.172.228 - - [06/May/2026:15:40:25 +0000] "POST /wp-cron.php?doing_wp_cron=1778082024.8824400901794433593750 HTTP/1.1" 200 - "https://lineup.nipponia.com/wp-cron.php?doing_wp_cron=1778082024.8824400901794433593750" "WordPress/6.1.10; https://lineup.nipponia.com"
216.73.216.49 - - [06/May/2026:15:40:15 +0000] "GET /wp-sitemap.xml HTTP/1.1" 200 222 "-" "Mozilla/5.0 AppleWebKit/537.36 (KHTML, like Gecko; compatible; ClaudeBot/1.0; +claudebot@anthropic.com)"
20.123.172.228 - - [06/May/2026:15:48:07 +0000] "POST /wp-cron.php?doing_wp_cron=1778082487.1831529140472412109375 HTTP/1.1" 200 - "https://lineup.nipponia.com/wp-cron.php?doing_wp_cron=1778082487.1831529140472412109375" "WordPress/6.1.10; https://lineup.nipponia.com"
52.167.144.156 - - [06/May/2026:15:47:58 +0000] "GET /wp-json/wp/v2/pages/1648 HTTP/1.1" 200 3992 "-" "Mozilla/5.0 AppleWebKit/537.36 (KHTML, like Gecko; compatible; bingbot/2.0; +http://www.bing.com/bingbot.htm) Chrome/116.0.1938.76 Safari/537.36"
110.249.201.14 - - [06/May/2026:15:51:38 +0000] "GET /nipponia-lineup-2020/ HTTP/1.1" 200 12171 "-" "Mozilla/5.0 (Linux; Android 5.0) AppleWebKit/537.36 (KHTML, like Gecko) Mobile Safari/537.36 (compatible; Bytespider; https://zhanzhang.toutiao.com/)"
110.249.201.14 - - [06/May/2026:15:51:57 +0000] "GET /wp-content/themes/hello-elementor/style.min.css?ver=2.6.1 HTTP/1.1" 200 1940 "https://lineup.nipponia.com/nipponia-lineup-2020/" "Mozilla/5.0 (Linux; Android 5.0) AppleWebKit/537.36 (KHTML, like Gecko) Mobile Safari/537.36 (compatible; Bytespider; https://zhanzhang.toutiao.com/)"
110.249.201.14 - - [06/May/2026:15:51:58 +0000] "GET /wp-content/plugins/simple-social-icons/css/style.css?ver=3.0.2 HTTP/1.1" 200 437 "https://lineup.nipponia.com/nipponia-lineup-2020/" "Mozilla/5.0 (Linux; Android 5.0) AppleWebKit/537.36 (KHTML, like Gecko) Mobile Safari/537.36 (compatible; Bytespider; https://zhanzhang.toutiao.com/)"
110.249.201.14 - - [06/May/2026:15:51:58 +0000] "GET /wp-content/plugins/elementor/assets/css/frontend.min.css?ver=3.10.1 HTTP/1.1" 200 19457 "https://lineup.nipponia.com/nipponia-lineup-2020/" "Mozilla/5.0 (Linux; Android 5.0) AppleWebKit/537.36 (KHTML, like Gecko) Mobile Safari/537.36 (compatible; Bytespider; https://zhanzhang.toutiao.com/)"
110.249.201.14 - - [06/May/2026:15:51:58 +0000] "GET /wp-content/plugins/elementor-pro/assets/lib/sticky/jquery.sticky.min.js?ver=3.10.2 HTTP/1.1" 200 1542 "https://lineup.nipponia.com/nipponia-lineup-2020/" "Mozilla/5.0 (Linux; Android 5.0) AppleWebKit/537.36 (KHTML, like Gecko) Mobile Safari/537.36 (compatible; Bytespider; https://zhanzhang.toutiao.com/)"
110.249.201.55 - - [06/May/2026:15:51:58 +0000] "GET /wp-content/plugins/elementor-pro/assets/js/webpack-pro.runtime.min.js?ver=3.10.2 HTTP/1.1" 200 2439 "https://lineup.nipponia.com/nipponia-lineup-2020/" "Mozilla/5.0 (Linux; Android 5.0) AppleWebKit/537.36 (KHTML, like Gecko) Mobile Safari/537.36 (compatible; Bytespider; https://zhanzhang.toutiao.com/)"
110.249.201.141 - - [06/May/2026:15:51:58 +0000] "GET /wp-content/uploads/2022/09/E-Viball-Carrier-New-BOX-01-300x225.png HTTP/1.1" 206 500 "https://lineup.nipponia.com/nipponia-lineup-2020/" "Mozilla/5.0 (Linux; Android 5.0) AppleWebKit/537.36 (KHTML, like Gecko) Mobile Safari/537.36 (compatible; Bytespider; https://zhanzhang.toutiao.com/)"
110.249.201.3 - - [06/May/2026:15:51:58 +0000] "GET /wp-content/plugins/elementor/assets/lib/dialog/dialog.min.js?ver=4.9.0 HTTP/1.1" 200 3446 "https://lineup.nipponia.com/nipponia-lineup-2020/" "Mozilla/5.0 (Linux; Android 5.0) AppleWebKit/537.36 (KHTML, like Gecko) Mobile Safari/537.36 (compatible; Bytespider; https://zhanzhang.toutiao.com/)"
110.249.201.68 - - [06/May/2026:15:51:59 +0000] "GET /wp-content/uploads/2022/09/e-rex-white-01-300x300.png HTTP/1.1" 206 500 "https://lineup.nipponia.com/nipponia-lineup-2020/" "Mozilla/5.0 (Linux; Android 5.0) AppleWebKit/537.36 (KHTML, like Gecko) Mobile Safari/537.36 (compatible; Bytespider; https://zhanzhang.toutiao.com/)"
110.249.201.55 - - [06/May/2026:15:51:59 +0000] "GET /wp-content/uploads/elementor/thumbs/e-Legance-Logo-Clean-pvd72uhcuxi4mb9lq8jhz082ei0tiouaiqc1u4jy80.png HTTP/1.1" 206 500 "https://lineup.nipponia.com/nipponia-lineup-2020/" "Mozilla/5.0 (Linux; Android 5.0) AppleWebKit/537.36 (KHTML, like Gecko) Mobile Safari/537.36 (compatible; Bytespider; https://zhanzhang.toutiao.com/)"
110.249.201.146 - - [06/May/2026:15:51:59 +0000] "GET /wp-content/uploads/2022/09/banner_models.gif HTTP/1.1" 206 500 "https://lineup.nipponia.com/wp-content/uploads/elementor/css/post-5.css?ver=1674723143" "Mozilla/5.0 (Linux; Android 5.0) AppleWebKit/537.36 (KHTML, like Gecko) Mobile Safari/537.36 (compatible; Bytespider; https://zhanzhang.toutiao.com/)"
110.249.201.173 - - [06/May/2026:15:52:03 +0000] "GET /company-profil/ HTTP/1.1" 200 11842 "-" "Mozilla/5.0 (Linux; Android 5.0) AppleWebKit/537.36 (KHTML, like Gecko) Mobile Safari/537.36 (compatible; Bytespider; https://zhanzhang.toutiao.com/)"
110.249.201.173 - - [06/May/2026:15:52:17 +0000] "GET /wp-content/uploads/2020/02/NIPPONIA-logo.jpg HTTP/1.1" 206 500 "https://lineup.nipponia.com/wp-content/uploads/elementor/css/post-407.css?ver=1675437620" "Mozilla/5.0 (Linux; Android 5.0) AppleWebKit/537.36 (KHTML, like Gecko) Mobile Safari/537.36 (compatible; Bytespider; https://zhanzhang.toutiao.com/)"
110.249.201.173 - - [06/May/2026:15:52:18 +0000] "GET /wp-content/uploads/2020/02/NIPPONIA-logo.jpg HTTP/1.1" 304 - "https://lineup.nipponia.com/wp-content/uploads/elementor/css/post-407.css?ver=1675437620" "Mozilla/5.0 (Linux; Android 5.0) AppleWebKit/537.36 (KHTML, like Gecko) Mobile Safari/537.36 (compatible; Bytespider; https://zhanzhang.toutiao.com/)"
110.249.201.173 - - [06/May/2026:15:52:18 +0000] "GET /wp-content/uploads/2020/02/NIPPONIA-logo.jpg HTTP/1.1" 206 69219 "https://lineup.nipponia.com/wp-content/uploads/elementor/css/post-407.css?ver=1675437620" "Mozilla/5.0 (Linux; Android 5.0) AppleWebKit/537.36 (KHTML, like Gecko) Mobile Safari/537.36 (compatible; Bytespider; https://zhanzhang.toutiao.com/)"
111.225.149.155 - - [06/May/2026:15:53:17 +0000] "GET / HTTP/1.1" 200 11524 "-" "Mozilla/5.0 (Linux; Android 5.0) AppleWebKit/537.36 (KHTML, like Gecko) Mobile Safari/537.36 (compatible; Bytespider; https://zhanzhang.toutiao.com/)"
111.225.149.155 - - [06/May/2026:15:53:34 +0000] "GET /wp-content/uploads/elementor/css/post-1648.css?ver=1674664351 HTTP/1.1" 200 2940 "https://lineup.nipponia.com/" "Mozilla/5.0 (Linux; Android 5.0) AppleWebKit/537.36 (KHTML, like Gecko) Mobile Safari/537.36 (compatible; Bytespider; https://zhanzhang.toutiao.com/)"
111.225.149.155 - - [06/May/2026:15:53:34 +0000] "GET /wp-content/plugins/elementor/assets/lib/jquery-numerator/jquery-numerator.min.js?ver=0.2.1 HTTP/1.1" 200 740 "https://lineup.nipponia.com/" "Mozilla/5.0 (Linux; Android 5.0) AppleWebKit/537.36 (KHTML, like Gecko) Mobile Safari/537.36 (compatible; Bytespider; https://zhanzhang.toutiao.com/)"
111.225.149.155 - - [06/May/2026:15:53:34 +0000] "GET /wp-content/uploads/2022/09/nipponialogo.jpg HTTP/1.1" 206 500 "https://lineup.nipponia.com/" "Mozilla/5.0 (Linux; Android 5.0) AppleWebKit/537.36 (KHTML, like Gecko) Mobile Safari/537.36 (compatible; Bytespider; https://zhanzhang.toutiao.com/)"
111.225.149.155 - - [06/May/2026:15:53:35 +0000] "GET /wp-content/uploads/2022/09/nipponialogo.jpg HTTP/1.1" 304 - "https://lineup.nipponia.com/" "Mozilla/5.0 (Linux; Android 5.0) AppleWebKit/537.36 (KHTML, like Gecko) Mobile Safari/537.36 (compatible; Bytespider; https://zhanzhang.toutiao.com/)"
111.225.149.155 - - [06/May/2026:15:53:35 +0000] "GET /wp-content/uploads/2022/09/nipponialogo.jpg HTTP/1.1" 206 13020 "https://lineup.nipponia.com/" "Mozilla/5.0 (Linux; Android 5.0) AppleWebKit/537.36 (KHTML, like Gecko) Mobile Safari/537.36 (compatible; Bytespider; https://zhanzhang.toutiao.com/)"
95.129.101.135 - - [06/May/2026:15:53:51 +0000] "GET /company-profil/ HTTP/1.1" 200 11842 "-" "Mozilla/5.0 (compatible; SpiderLing; +https://nlp.fi.muni.cz/projects/biwec/)"
40.77.167.62 - - [06/May/2026:16:13:20 +0000] "GET /wp-sitemap.xml HTTP/1.1" 200 222 "-" "Mozilla/5.0 AppleWebKit/537.36 (KHTML, like Gecko; compatible; bingbot/2.0; +http://www.bing.com/bingbot.htm) Chrome/116.0.1938.76 Safari/537.36"
95.129.101.135 - - [06/May/2026:16:23:22 +0000] "GET /nipponia-lineup-2020/ HTTP/1.1" 200 12171 "-" "Mozilla/5.0 (compatible; SpiderLing; +https://nlp.fi.muni.cz/projects/biwec/)"
216.73.216.49 - - [06/May/2026:16:38:00 +0000] "GET /robots.txt HTTP/1.1" 200 113 "-" "Mozilla/5.0 AppleWebKit/537.36 (KHTML, like Gecko; compatible; ClaudeBot/1.0; +claudebot@anthropic.com)"
216.73.216.49 - - [06/May/2026:16:38:10 +0000] "GET /wp-sitemap.xml HTTP/1.1" 200 222 "-" "Mozilla/5.0 AppleWebKit/537.36 (KHTML, like Gecko; compatible; ClaudeBot/1.0; +claudebot@anthropic.com)"
20.123.172.228 - - [06/May/2026:16:39:13 +0000] "POST /wp-cron.php?doing_wp_cron=1778085553.4620859622955322265625 HTTP/1.1" 200 - "https://lineup.nipponia.com/wp-cron.php?doing_wp_cron=1778085553.4620859622955322265625" "WordPress/6.1.10; https://lineup.nipponia.com"
52.167.144.187 - - [06/May/2026:16:39:03 +0000] "GET /wp-sitemap-posts-page-1.xml HTTP/1.1" 200 209 "-" "Mozilla/5.0 AppleWebKit/537.36 (KHTML, like Gecko; compatible; bingbot/2.0; +http://www.bing.com/bingbot.htm) Chrome/116.0.1938.76 Safari/537.36"
190.237.155.115 - - [06/May/2026:16:48:18 +0000] "GET /wp-content/uploads/2022/09/E-Viball-300x278.png HTTP/1.1" 200 100717 "-" "Mozilla/5.0 (compatible; MSIE 5.0; Windows NT 5.1; Trident/5.1)"
20.123.172.228 - - [06/May/2026:16:57:09 +0000] "POST /wp-cron.php?doing_wp_cron=1778086629.1644730567932128906250 HTTP/1.1" 200 - "https://lineup.nipponia.com/wp-cron.php?doing_wp_cron=1778086629.1644730567932128906250" "WordPress/6.1.10; https://lineup.nipponia.com"
95.129.101.135 - - [06/May/2026:16:57:00 +0000] "GET /cs/nipponia-lineup-2023-4/ HTTP/1.1" 200 12484 "-" "Mozilla/5.0 (compatible; SpiderLing; +https://nlp.fi.muni.cz/projects/biwec/)"
94.26.106.83 - - [06/May/2026:17:09:40 +0000] "GET /wp-login.php HTTP/1.1" 200 2556 "-" "Mozilla/5.0 (X11; Linux x86_64) AppleWebKit/537.36 (KHTML, like Gecko) Chrome/120.0.0.0 Safari/537.36"
94.26.106.83 - - [06/May/2026:17:09:50 +0000] "GET /?author=1 HTTP/1.1" 404 - "-" "Mozilla/5.0 (Macintosh; Intel Mac OS X 13_6_1) AppleWebKit/605.1.15 (KHTML, like Gecko) Version/17.0 Safari/605.1.15"
94.26.106.83 - - [06/May/2026:17:09:55 +0000] "GET /?author=1 HTTP/1.1" 404 - "-" "Mozilla/5.0 (Macintosh; Intel Mac OS X 13_6_1) AppleWebKit/605.1.15 (KHTML, like Gecko) Version/17.0 Safari/605.1.15"
94.26.106.83 - - [06/May/2026:17:10:00 +0000] "GET /wp-json/wp/v2/users HTTP/1.1" 401 110 "-" "Mozilla/5.0 (X11; Ubuntu; Linux x86_64) AppleWebKit/537.36 (KHTML, like Gecko) Chrome/120.0.0.0 Safari/537.36"
94.26.106.83 - - [06/May/2026:17:10:05 +0000] "GET /wp-json/wp/v2/users HTTP/1.1" 401 110 "-" "Mozilla/5.0 (X11; Ubuntu; Linux x86_64) AppleWebKit/537.36 (KHTML, like Gecko) Chrome/120.0.0.0 Safari/537.36"
94.26.106.83 - - [06/May/2026:17:10:10 +0000] "POST /wp-login.php HTTP/1.1" 503 7318 "https://lineup.nipponia.com/wp-login.php" "Mozilla/5.0 (X11; Linux x86_64) AppleWebKit/537.36 (KHTML, like Gecko) Chrome/121.0.0.0 Safari/537.36"
94.26.106.83 - - [06/May/2026:17:10:19 +0000] "GET /wp-admin/index.php HTTP/1.1" 503 7317 "https://lineup.nipponia.com/wp-login.php" "Mozilla/5.0 (Macintosh; Intel Mac OS X 10_15_7) AppleWebKit/537.36 (KHTML, like Gecko) Chrome/120.0.0.0 Safari/537.36"
20.123.172.228 - - [06/May/2026:17:20:29 +0000] "POST /wp-cron.php?doing_wp_cron=1778088029.2193820476531982421875 HTTP/1.1" 200 - "https://lineup.nipponia.com/wp-cron.php?doing_wp_cron=1778088029.2193820476531982421875" "WordPress/6.1.10; https://lineup.nipponia.com"
94.26.106.83 - - [06/May/2026:17:20:19 +0000] "GET /wp-admin/index.php HTTP/1.1" 302 - "https://lineup.nipponia.com/wp-login.php" "Mozilla/5.0 (Macintosh; Intel Mac OS X 10_15_7) AppleWebKit/537.36 (KHTML, like Gecko) Chrome/120.0.0.0 Safari/537.36"
94.26.106.83 - - [06/May/2026:17:20:29 +0000] "GET /wp-admin/profile.php HTTP/1.1" 302 - "https://lineup.nipponia.com/wp-login.php" "Mozilla/5.0 (Macintosh; Intel Mac OS X 10_15_7) AppleWebKit/537.36 (KHTML, like Gecko) Chrome/120.0.0.0 Safari/537.36"
94.26.106.83 - - [06/May/2026:17:20:38 +0000] "GET /wp-login.php?redirect_to=https%3A%2F%2Flineup.nipponia.com%2Fwp-admin%2Fprofile.php&reauth=1 HTTP/1.1" 200 2565 "https://lineup.nipponia.com/wp-login.php" "Mozilla/5.0 (Macintosh; Intel Mac OS X 10_15_7) AppleWebKit/537.36 (KHTML, like Gecko) Chrome/120.0.0.0 Safari/537.36"
20.169.73.34 - - [06/May/2026:17:30:14 +0000] "GET / HTTP/1.1" 200 11524 "-" "Mozilla/5.0 AppleWebKit/537.36 (KHTML, like Gecko); compatible; ChatGPT-User/1.0; +https://openai.com/bot"
114.119.133.245 - - [06/May/2026:17:33:35 +0000] "GET /wp-content/uploads/tech_specs/FR_ELEGANCE.pdf HTTP/1.1" 200 191919 "-" "Mozilla/5.0 (Linux; Android 7.0;) AppleWebKit/537.36 (KHTML, like Gecko) Mobile Safari/537.36 (compatible; PetalBot;+https://webmaster.petalsearch.com/site/petalbot)"
20.123.172.228 - - [06/May/2026:17:47:43 +0000] "POST /wp-cron.php?doing_wp_cron=1778089663.6879909038543701171875 HTTP/1.1" 200 - "https://lineup.nipponia.com/wp-cron.php?doing_wp_cron=1778089663.6879909038543701171875" "WordPress/6.1.10; https://lineup.nipponia.com"
95.129.101.135 - - [06/May/2026:17:47:34 +0000] "GET /es/home-4/ HTTP/1.1" 200 11783 "-" "Mozilla/5.0 (compatible; SpiderLing; +https://nlp.fi.muni.cz/projects/biwec/)"
5.189.135.191 - - [06/May/2026:18:10:30 +0000] "GET /xmlrpc.php?rsd HTTP/1.1" 200 306 "-" "Mozilla/5.0 (Windows NT 10.0; Win64; x64) AppleWebKit/537.36 Chrome/114.0.5735.110 Safari/537.36"
20.169.87.118 - - [06/May/2026:18:27:10 +0000] "GET / HTTP/1.1" 200 11524 "-" "Mozilla/5.0 AppleWebKit/537.36 (KHTML, like Gecko); compatible; ChatGPT-User/1.0; +https://openai.com/bot"
74.7.175.187 - - [06/May/2026:18:33:39 +0000] "GET /robots.txt HTTP/1.1" 200 113 "-" "Mozilla/5.0 (Macintosh; Intel Mac OS X 10_15_7) AppleWebKit/537.36 (KHTML, like Gecko) Chrome/131.0.0.0 Safari/537.36; compatible; OAI-SearchBot/1.3; robots.txt; +https://openai.com/searchbot"
74.7.227.137 - - [06/May/2026:18:33:39 +0000] "GET /wp-sitemap.xml HTTP/1.1" 200 222 "-" "Mozilla/5.0 AppleWebKit/537.36 (KHTML, like Gecko; compatible; GPTBot/1.3; +https://openai.com/gptbot)"
20.123.172.228 - - [06/May/2026:18:59:39 +0000] "POST /wp-cron.php?doing_wp_cron=1778093979.0517759323120117187500 HTTP/1.1" 200 - "https://lineup.nipponia.com/wp-cron.php?doing_wp_cron=1778093979.0517759323120117187500" "WordPress/6.1.10; https://lineup.nipponia.com"
216.73.216.49 - - [06/May/2026:18:59:29 +0000] "GET /robots.txt HTTP/1.1" 200 113 "-" "Mozilla/5.0 AppleWebKit/537.36 (KHTML, like Gecko; compatible; ClaudeBot/1.0; +claudebot@anthropic.com)"
216.73.216.49 - - [06/May/2026:18:59:39 +0000] "GET /wp-sitemap.xml HTTP/1.1" 200 222 "-" "Mozilla/5.0 AppleWebKit/537.36 (KHTML, like Gecko; compatible; ClaudeBot/1.0; +claudebot@anthropic.com)"
110.249.202.45 - - [06/May/2026:19:04:40 +0000] "GET /nipponia-lineup-2020/ HTTP/1.1" 200 12171 "-" "Mozilla/5.0 (Linux; Android 5.0) AppleWebKit/537.36 (KHTML, like Gecko) Mobile Safari/537.36 (compatible; Bytespider; https://zhanzhang.toutiao.com/)"
110.249.202.45 - - [06/May/2026:19:04:57 +0000] "GET /wp-content/plugins/elementor/assets/css/frontend-legacy.min.css?ver=3.10.1 HTTP/1.1" 200 708 "https://lineup.nipponia.com/nipponia-lineup-2020/" "Mozilla/5.0 (Linux; Android 5.0) AppleWebKit/537.36 (KHTML, like Gecko) Mobile Safari/537.36 (compatible; Bytespider; https://zhanzhang.toutiao.com/)"
110.249.202.45 - - [06/May/2026:19:04:57 +0000] "GET /wp-content/plugins/elementor-pro/assets/css/frontend.min.css?ver=3.10.2 HTTP/1.1" 200 37519 "https://lineup.nipponia.com/nipponia-lineup-2020/" "Mozilla/5.0 (Linux; Android 5.0) AppleWebKit/537.36 (KHTML, like Gecko) Mobile Safari/537.36 (compatible; Bytespider; https://zhanzhang.toutiao.com/)"
110.249.202.45 - - [06/May/2026:19:04:58 +0000] "GET /wp-content/plugins/elementor-pro/assets/js/preloaded-elements-handlers.min.js?ver=3.10.2 HTTP/1.1" 200 35394 "https://lineup.nipponia.com/nipponia-lineup-2020/" "Mozilla/5.0 (Linux; Android 5.0) AppleWebKit/537.36 (KHTML, like Gecko) Mobile Safari/537.36 (compatible; Bytespider; https://zhanzhang.toutiao.com/)"
110.249.202.57 - - [06/May/2026:19:04:58 +0000] "GET /wp-content/uploads/2022/09/logo_s2.png HTTP/1.1" 206 500 "https://lineup.nipponia.com/nipponia-lineup-2020/" "Mozilla/5.0 (Linux; Android 5.0) AppleWebKit/537.36 (KHTML, like Gecko) Mobile Safari/537.36 (compatible; Bytespider; https://zhanzhang.toutiao.com/)"
110.249.202.72 - - [06/May/2026:19:04:58 +0000] "GET /wp-content/plugins/elementor/assets/lib/font-awesome/css/solid.min.css?ver=5.15.3 HTTP/1.1" 200 309 "https://lineup.nipponia.com/nipponia-lineup-2020/" "Mozilla/5.0 (Linux; Android 5.0) AppleWebKit/537.36 (KHTML, like Gecko) Mobile Safari/537.36 (compatible; Bytespider; https://zhanzhang.toutiao.com/)"
110.249.202.176 - - [06/May/2026:19:04:58 +0000] "GET /wp-content/plugins/elementor/assets/js/frontend-modules.min.js?ver=3.10.1 HTTP/1.1" 200 11399 "https://lineup.nipponia.com/nipponia-lineup-2020/" "Mozilla/5.0 (Linux; Android 5.0) AppleWebKit/537.36 (KHTML, like Gecko) Mobile Safari/537.36 (compatible; Bytespider; https://zhanzhang.toutiao.com/)"
110.249.202.10 - - [06/May/2026:19:04:58 +0000] "GET /wp-includes/js/dist/i18n.min.js?ver=9e794f35a71bb98672ae HTTP/1.1" 200 3866 "https://lineup.nipponia.com/nipponia-lineup-2020/" "Mozilla/5.0 (Linux; Android 5.0) AppleWebKit/537.36 (KHTML, like Gecko) Mobile Safari/537.36 (compatible; Bytespider; https://zhanzhang.toutiao.com/)"
110.249.202.44 - - [06/May/2026:19:04:58 +0000] "GET /wp-includes/js/dist/hooks.min.js?ver=4169d3cf8e8d95a3d6d5 HTTP/1.1" 200 1661 "https://lineup.nipponia.com/nipponia-lineup-2020/" "Mozilla/5.0 (Linux; Android 5.0) AppleWebKit/537.36 (KHTML, like Gecko) Mobile Safari/537.36 (compatible; Bytespider; https://zhanzhang.toutiao.com/)"
110.249.202.45 - - [06/May/2026:19:04:58 +0000] "GET /wp-content/plugins/elementor/assets/js/frontend.min.js?ver=3.10.1 HTTP/1.1" 200 12124 "https://lineup.nipponia.com/nipponia-lineup-2020/" "Mozilla/5.0 (Linux; Android 5.0) AppleWebKit/537.36 (KHTML, like Gecko) Mobile Safari/537.36 (compatible; Bytespider; https://zhanzhang.toutiao.com/)"
110.249.201.217 - - [06/May/2026:19:05:05 +0000] "GET /company-profil/ HTTP/1.1" 200 11842 "-" "Mozilla/5.0 (Linux; Android 5.0) AppleWebKit/537.36 (KHTML, like Gecko) Mobile Safari/537.36 (compatible; Bytespider; https://zhanzhang.toutiao.com/)"
120.240.178.217 - - [06/May/2026:19:05:33 +0000] "GET /robots.txt HTTP/1.1" 200 113 "-" "Mozilla/5.0 (Windows NT 10.0; Win64; x64) AppleWebKit/537.36 (KHTML, like Gecko) Chrome/88.0.2879.154 Safari/537.36 Edge/18.18362"
111.225.149.64 - - [06/May/2026:19:11:38 +0000] "GET / HTTP/1.1" 200 11524 "-" "Mozilla/5.0 (Linux; Android 5.0) AppleWebKit/537.36 (KHTML, like Gecko) Mobile Safari/537.36 (compatible; Bytespider; https://zhanzhang.toutiao.com/)"
111.225.149.64 - - [06/May/2026:19:11:54 +0000] "GET /wp-content/uploads/2022/09/NipponiaProfile2.gif HTTP/1.1" 206 500 "https://lineup.nipponia.com/" "Mozilla/5.0 (Linux; Android 5.0) AppleWebKit/537.36 (KHTML, like Gecko) Mobile Safari/537.36 (compatible; Bytespider; https://zhanzhang.toutiao.com/)"
44.220.226.85 - - [06/May/2026:19:25:33 +0000] "GET /robots.txt HTTP/1.1" 200 113 "-" "Mozilla/5.0 (Macintosh; Intel Mac OS X 10_10_1) AppleWebKit/600.2.5 (KHTML, like Gecko) Version/8.0.2 Safari/600.2.5 (Gort)"
57.141.20.14 - - [06/May/2026:19:31:39 +0000] "GET /es/wp-sitemap-posts-page-1.xml HTTP/1.1" 200 404 "-" "meta-externalagent/1.1 (+https://developers.facebook.com/docs/sharing/webmasters/crawler)"
172.202.75.66 - - [06/May/2026:19:35:24 +0000] "GET /about/function.php HTTP/1.1" 404 6925 "-" "Mozilla/5.0 (Windows NT 10.0; Win64; x64) AppleWebKit/537.36 (KHTML, like Gecko) Chrome/120.0.0.0 Safari/537.36"
172.202.75.66 - - [06/May/2026:19:35:34 +0000] "GET /bless.php HTTP/1.1" 404 6925 "-" "Mozilla/5.0 (Windows NT 10.0; Win64; x64) AppleWebKit/537.36 (KHTML, like Gecko) Chrome/120.0.0.0 Safari/537.36"
172.202.75.66 - - [06/May/2026:19:35:43 +0000] "GET /content.php HTTP/1.1" 404 6925 "-" "Mozilla/5.0 (Windows NT 10.0; Win64; x64) AppleWebKit/537.36 (KHTML, like Gecko) Chrome/120.0.0.0 Safari/537.36"
172.202.75.66 - - [06/May/2026:19:35:52 +0000] "GET /radio.php HTTP/1.1" 404 6925 "-" "Mozilla/5.0 (Windows NT 10.0; Win64; x64) AppleWebKit/537.36 (KHTML, like Gecko) Chrome/120.0.0.0 Safari/537.36"
172.202.75.66 - - [06/May/2026:19:36:01 +0000] "GET /wp-content/about.php HTTP/1.1" 404 6925 "-" "Mozilla/5.0 (Windows NT 10.0; Win64; x64) AppleWebKit/537.36 (KHTML, like Gecko) Chrome/120.0.0.0 Safari/537.36"
172.202.75.66 - - [06/May/2026:19:36:11 +0000] "GET /wp-content/uploads/admin.php HTTP/1.1" 404 6925 "-" "Mozilla/5.0 (Windows NT 10.0; Win64; x64) AppleWebKit/537.36 (KHTML, like Gecko) Chrome/120.0.0.0 Safari/537.36"
172.202.75.66 - - [06/May/2026:19:36:20 +0000] "GET /wp-includes/pomo HTTP/1.1" 301 293 "-" "Mozilla/5.0 (Windows NT 10.0; Win64; x64) AppleWebKit/537.36 (KHTML, like Gecko) Chrome/120.0.0.0 Safari/537.36"
172.202.75.66 - - [06/May/2026:19:36:20 +0000] "GET /.dj/index.php HTTP/1.1" 301 - "-" "Mozilla/5.0 (Windows NT 10.0; Win64; x64) AppleWebKit/537.36 (KHTML, like Gecko) Chrome/120.0.0.0 Safari/537.36"
172.202.75.66 - - [06/May/2026:19:36:28 +0000] "GET /aaa.php HTTP/1.1" 404 6925 "-" "Mozilla/5.0 (Windows NT 10.0; Win64; x64) AppleWebKit/537.36 (KHTML, like Gecko) Chrome/120.0.0.0 Safari/537.36"
172.202.75.66 - - [06/May/2026:19:36:36 +0000] "GET /abcd.php HTTP/1.1" 404 6925 "-" "Mozilla/5.0 (Windows NT 10.0; Win64; x64) AppleWebKit/537.36 (KHTML, like Gecko) Chrome/120.0.0.0 Safari/537.36"
172.202.75.66 - - [06/May/2026:19:36:45 +0000] "GET /wp-content/plugins/twenty/login.php HTTP/1.1" 404 6925 "-" "Mozilla/5.0 (Windows NT 10.0; Win64; x64) AppleWebKit/537.36 (KHTML, like Gecko) Chrome/120.0.0.0 Safari/537.36"
172.202.75.66 - - [06/May/2026:19:36:54 +0000] "GET /file3.php HTTP/1.1" 404 6925 "-" "Mozilla/5.0 (Windows NT 10.0; Win64; x64) AppleWebKit/537.36 (KHTML, like Gecko) Chrome/120.0.0.0 Safari/537.36"
172.202.75.66 - - [06/May/2026:19:37:03 +0000] "GET /011i.php HTTP/1.1" 404 6925 "-" "Mozilla/5.0 (Windows NT 10.0; Win64; x64) AppleWebKit/537.36 (KHTML, like Gecko) Chrome/120.0.0.0 Safari/537.36"
172.202.75.66 - - [06/May/2026:19:37:12 +0000] "GET /edit.php HTTP/1.1" 404 6925 "-" "Mozilla/5.0 (Windows NT 10.0; Win64; x64) AppleWebKit/537.36 (KHTML, like Gecko) Chrome/120.0.0.0 Safari/537.36"
172.202.75.66 - - [06/May/2026:19:37:20 +0000] "GET /sid3.php HTTP/1.1" 404 6925 "-" "Mozilla/5.0 (Windows NT 10.0; Win64; x64) AppleWebKit/537.36 (KHTML, like Gecko) Chrome/120.0.0.0 Safari/537.36"
172.202.75.66 - - [06/May/2026:19:37:28 +0000] "GET /load.php HTTP/1.1" 404 6925 "-" "Mozilla/5.0 (Windows NT 10.0; Win64; x64) AppleWebKit/537.36 (KHTML, like Gecko) Chrome/120.0.0.0 Safari/537.36"
172.202.75.66 - - [06/May/2026:19:37:37 +0000] "GET /166.php HTTP/1.1" 404 6925 "-" "Mozilla/5.0 (Windows NT 10.0; Win64; x64) AppleWebKit/537.36 (KHTML, like Gecko) Chrome/120.0.0.0 Safari/537.36"
172.202.75.66 - - [06/May/2026:19:37:44 +0000] "GET /leaf.php HTTP/1.1" 404 6925 "-" "Mozilla/5.0 (Windows NT 10.0; Win64; x64) AppleWebKit/537.36 (KHTML, like Gecko) Chrome/120.0.0.0 Safari/537.36"
172.202.75.66 - - [06/May/2026:19:37:52 +0000] "GET /grsiuk.php HTTP/1.1" 404 6925 "-" "Mozilla/5.0 (Windows NT 10.0; Win64; x64) AppleWebKit/537.36 (KHTML, like Gecko) Chrome/120.0.0.0 Safari/537.36"
172.202.75.66 - - [06/May/2026:19:38:01 +0000] "GET /8.php HTTP/1.1" 404 6925 "-" "Mozilla/5.0 (Windows NT 10.0; Win64; x64) AppleWebKit/537.36 (KHTML, like Gecko) Chrome/120.0.0.0 Safari/537.36"
172.202.75.66 - - [06/May/2026:19:38:10 +0000] "GET /fs.php HTTP/1.1" 404 6925 "-" "Mozilla/5.0 (Windows NT 10.0; Win64; x64) AppleWebKit/537.36 (KHTML, like Gecko) Chrome/120.0.0.0 Safari/537.36"
172.202.75.66 - - [06/May/2026:19:38:18 +0000] "GET /ws38.php HTTP/1.1" 404 6925 "-" "Mozilla/5.0 (Windows NT 10.0; Win64; x64) AppleWebKit/537.36 (KHTML, like Gecko) Chrome/120.0.0.0 Safari/537.36"
172.202.75.66 - - [06/May/2026:19:38:27 +0000] "GET /classsmtps.php HTTP/1.1" 404 6925 "-" "Mozilla/5.0 (Windows NT 10.0; Win64; x64) AppleWebKit/537.36 (KHTML, like Gecko) Chrome/120.0.0.0 Safari/537.36"
172.202.75.66 - - [06/May/2026:19:38:37 +0000] "GET /CDX1.php HTTP/1.1" 404 6925 "-" "Mozilla/5.0 (Windows NT 10.0; Win64; x64) AppleWebKit/537.36 (KHTML, like Gecko) Chrome/120.0.0.0 Safari/537.36"
172.202.75.66 - - [06/May/2026:19:38:46 +0000] "GET /wp-Blogs.php HTTP/1.1" 404 6925 "-" "Mozilla/5.0 (Windows NT 10.0; Win64; x64) AppleWebKit/537.36 (KHTML, like Gecko) Chrome/120.0.0.0 Safari/537.36"
172.202.75.66 - - [06/May/2026:19:38:54 +0000] "GET /wp-content/plugins/beteng88/ws83.php HTTP/1.1" 404 6925 "-" "Mozilla/5.0 (Windows NT 10.0; Win64; x64) AppleWebKit/537.36 (KHTML, like Gecko) Chrome/120.0.0.0 Safari/537.36"
20.123.172.228 - - [06/May/2026:19:39:09 +0000] "POST /wp-cron.php?doing_wp_cron=1778096349.7351379394531250000000 HTTP/1.1" 200 - "https://lineup.nipponia.com/wp-cron.php?doing_wp_cron=1778096349.7351379394531250000000" "WordPress/6.1.10; https://lineup.nipponia.com"
172.202.75.66 - - [06/May/2026:19:39:03 +0000] "GET /ws83.php HTTP/1.1" 404 6925 "-" "Mozilla/5.0 (Windows NT 10.0; Win64; x64) AppleWebKit/537.36 (KHTML, like Gecko) Chrome/120.0.0.0 Safari/537.36"
172.202.75.66 - - [06/May/2026:19:39:10 +0000] "GET /y.php HTTP/1.1" 404 6925 "-" "Mozilla/5.0 (Windows NT 10.0; Win64; x64) AppleWebKit/537.36 (KHTML, like Gecko) Chrome/120.0.0.0 Safari/537.36"
172.202.75.66 - - [06/May/2026:19:39:19 +0000] "GET /akcc.php HTTP/1.1" 404 6925 "-" "Mozilla/5.0 (Windows NT 10.0; Win64; x64) AppleWebKit/537.36 (KHTML, like Gecko) Chrome/120.0.0.0 Safari/537.36"
172.202.75.66 - - [06/May/2026:19:39:26 +0000] "GET /wp-admin/user/12.php HTTP/1.1" 404 6925 "-" "Mozilla/5.0 (Windows NT 10.0; Win64; x64) AppleWebKit/537.36 (KHTML, like Gecko) Chrome/120.0.0.0 Safari/537.36"
172.202.75.66 - - [06/May/2026:19:39:34 +0000] "GET /log.php HTTP/1.1" 404 6925 "-" "Mozilla/5.0 (Windows NT 10.0; Win64; x64) AppleWebKit/537.36 (KHTML, like Gecko) Chrome/120.0.0.0 Safari/537.36"
172.202.75.66 - - [06/May/2026:19:39:43 +0000] "GET /a5.php HTTP/1.1" 404 6925 "-" "Mozilla/5.0 (Windows NT 10.0; Win64; x64) AppleWebKit/537.36 (KHTML, like Gecko) Chrome/120.0.0.0 Safari/537.36"
172.202.75.66 - - [06/May/2026:19:39:50 +0000] "GET /jga.php HTTP/1.1" 404 6925 "-" "Mozilla/5.0 (Windows NT 10.0; Win64; x64) AppleWebKit/537.36 (KHTML, like Gecko) Chrome/120.0.0.0 Safari/537.36"
172.202.75.66 - - [06/May/2026:19:39:59 +0000] "GET /k.php HTTP/1.1" 404 6925 "-" "Mozilla/5.0 (Windows NT 10.0; Win64; x64) AppleWebKit/537.36 (KHTML, like Gecko) Chrome/120.0.0.0 Safari/537.36"
172.202.75.66 - - [06/May/2026:19:40:07 +0000] "GET /ws77.php HTTP/1.1" 404 6925 "-" "Mozilla/5.0 (Windows NT 10.0; Win64; x64) AppleWebKit/537.36 (KHTML, like Gecko) Chrome/120.0.0.0 Safari/537.36"
172.202.75.66 - - [06/May/2026:19:40:16 +0000] "GET /2.php HTTP/1.1" 404 6925 "-" "Mozilla/5.0 (Windows NT 10.0; Win64; x64) AppleWebKit/537.36 (KHTML, like Gecko) Chrome/120.0.0.0 Safari/537.36"
20.123.172.228 - - [06/May/2026:19:40:39 +0000] "POST /wp-cron.php?doing_wp_cron=1778096439.3506491184234619140625 HTTP/1.1" 200 - "https://lineup.nipponia.com/wp-cron.php?doing_wp_cron=1778096439.3506491184234619140625" "WordPress/6.1.10; https://lineup.nipponia.com"
172.202.75.66 - - [06/May/2026:19:40:31 +0000] "GET /asd.php HTTP/1.1" 404 6925 "-" "Mozilla/5.0 (Windows NT 10.0; Win64; x64) AppleWebKit/537.36 (KHTML, like Gecko) Chrome/120.0.0.0 Safari/537.36"
216.73.216.49 - - [06/May/2026:19:41:41 +0000] "GET /wp-sitemap.xml HTTP/1.1" 200 222 "-" "Mozilla/5.0 AppleWebKit/537.36 (KHTML, like Gecko; compatible; ClaudeBot/1.0; +claudebot@anthropic.com)"
136.226.59.90 - - [06/May/2026:19:44:14 +0000] "GET /wp-content/uploads/2022/09/E-Legance-White-Cream-01.png HTTP/1.1" 200 1044561 "https://www.bing.com/" "Mozilla/5.0 (Windows NT 10.0; Win64; x64) AppleWebKit/537.36 (KHTML, like Gecko) Chrome/147.0.0.0 Safari/537.36 Edg/147.0.0.0"
40.77.167.45 - - [06/May/2026:19:47:55 +0000] "GET /sitemaps.xml HTTP/1.1" 404 6315 "-" "Mozilla/5.0 AppleWebKit/537.36 (KHTML, like Gecko; compatible; bingbot/2.0; +http://www.bing.com/bingbot.htm) Chrome/116.0.1938.76 Safari/537.36"
152.163.242.38 - - [06/May/2026:20:07:15 +0000] "GET /wp-content/uploads/elementor/thumbs/2fast-logo-pvd78yfobssossd88cjm5epawjut2gzwo0srqg384e.png HTTP/1.1" 200 2223 "-" "Mozilla/5.0 (compatible; crawler)"
20.226.32.92 - - [06/May/2026:20:11:12 +0000] "GET / HTTP/1.1" 200 11524 "-" "Mozilla/5.0 AppleWebKit/537.36 (KHTML, like Gecko); compatible; ChatGPT-User/1.0; +https://openai.com/bot"
143.208.138.31 - - [06/May/2026:20:13:15 +0000] "GET /wp-content/uploads/2020/02/TREMOR_Left-300x215.jpg HTTP/1.1" 200 11795 "-" "Mozilla/5.0 (Windows NT 10.0; Win64; x64) AppleWebKit/537.36 (KHTML, like Gecko) Chrome/91.0.4472.124 Safari/537.36"
66.249.66.74 - - [06/May/2026:20:22:25 +0000] "GET /robots.txt HTTP/1.1" 200 113 "-" "Mozilla/5.0 (compatible; Googlebot/2.1; +http://www.google.com/bot.html)"
66.249.66.12 - - [06/May/2026:20:22:34 +0000] "GET /es/company-profile-esp/ HTTP/1.1" 200 12227 "-" "Mozilla/5.0 (Linux; Android 6.0.1; Nexus 5X Build/MMB29P) AppleWebKit/537.36 (KHTML, like Gecko) Chrome/147.0.7727.137 Mobile Safari/537.36 (compatible; Googlebot/2.1; +http://www.google.com/bot.html)"
66.249.66.74 - - [06/May/2026:20:22:52 +0000] "GET /wp-content/plugins/elementor/assets/js/webpack.runtime.min.js?ver=3.10.1 HTTP/1.1" 200 2225 "https://lineup.nipponia.com/es/company-profile-esp/" "Mozilla/5.0 (Linux; Android 6.0.1; Nexus 5X Build/MMB29P) AppleWebKit/537.36 (KHTML, like Gecko) Chrome/147.0.7727.137 Mobile Safari/537.36 (compatible; Googlebot/2.1; +http://www.google.com/bot.html)"
66.249.66.75 - - [06/May/2026:20:23:11 +0000] "GET /wp-content/uploads/2020/10/cropped-nipponiaw-180x180.jpg HTTP/1.1" 200 7637 "-" "Googlebot-Image/1.0"
66.249.66.74 - - [06/May/2026:20:23:22 +0000] "GET /wp-content/uploads/2020/10/cropped-nipponiaw-32x32.jpg HTTP/1.1" 200 1202 "-" "Googlebot-Image/1.0"
66.249.66.74 - - [06/May/2026:20:23:31 +0000] "GET /wp-content/uploads/2020/10/cropped-nipponiaw-192x192.jpg HTTP/1.1" 200 8127 "-" "Googlebot-Image/1.0"
77.75.76.168 - - [06/May/2026:20:25:10 +0000] "GET /robots.txt HTTP/1.1" 200 113 "-" "Mozilla/5.0 (compatible; SeznamBot/4.0; +https://o-seznam.cz/napoveda/vyhledavani/en/seznambot-crawler/)"
77.75.76.168 - - [06/May/2026:20:25:10 +0000] "GET /cs/nipponia-lineup-2023-4/ HTTP/1.1" 200 7790 "-" "Mozilla/5.0 (compatible; SeznamBot/4.0; +https://o-seznam.cz/napoveda/vyhledavani/en/seznambot-crawler/)"
90.180.11.218 - - [06/May/2026:20:25:05 +0000] "GET /cs/nipponia-lineup-2023-4/ HTTP/1.1" 200 13097 "-" "Mozilla/5.0 (Linux; NetCast; U) AppleWebKit/537.36 (KHTML, like Gecko) Chrome/87.0.3945.79 Safari/537.36 SmartTV/10.0 Colt/2.0"
176.65.139.168 - - [06/May/2026:20:37:38 +0000] "GET /.env HTTP/1.1" 404 27127 "-" "Mozilla/5.0 (Windows NT 10.0; Win64; x64) AppleWebKit/537.36 (KHTML, like Gecko) Chrome/147.0.0.0 Safari/537.36"
20.123.172.228 - - [06/May/2026:20:57:56 +0000] "POST /wp-admin/admin-ajax.php?action=wordfence_testAjax HTTP/1.1" 200 32 "https://lineup.nipponia.com/wp-admin/admin-ajax.php?action=wordfence_testAjax" "WordPress/6.1.10; https://lineup.nipponia.com"
54.71.203.174 - - [06/May/2026:20:58:23 +0000] "POST /?_wfsf=detectProxy HTTP/1.1" 200 11 "-" "Wordfence API/1.0 (+https://www.wordfence.com/help/api-callbacks/)"
20.123.172.228 - - [06/May/2026:20:58:05 +0000] "GET /wp-admin/admin-ajax.php?action=wordfence_doScan&isFork=0&scanMode=standard&cronKey=18d4ab0e2a500e7007c54e43cd247cee&signature=db56ca065fbe5ad5c22d9f914183d71dafa142cd32a5dcaffbff825f9c11f81d HTTP/1.1" 200 - "-" "WordPress/6.1.10; https://lineup.nipponia.com"
