18.225.32.32 - - [07/May/2026:15:13:10 +0000] "GET /wp-content/plugins/elementor-pro/assets/lib/sticky/jquery.sticky.min.js?ver=3.10.2 HTTP/1.1" 200 1542 "https://lineup.nipponia.com/fr/nipponia-lineup-2023-4-2/" "Mozilla/5.0 (Windows NT 10.0; Win64; x64) AppleWebKit/537.36 (KHTML, like Gecko) Chrome/142.0.0.0 Safari/537.36"
18.225.32.32 - - [07/May/2026:15:13:10 +0000] "GET /wp-content/plugins/elementor/assets/js/preloaded-modules.min.js?ver=3.10.1 HTTP/1.1" 200 13384 "https://lineup.nipponia.com/fr/nipponia-lineup-2023-4-2/" "Mozilla/5.0 (Windows NT 10.0; Win64; x64) AppleWebKit/537.36 (KHTML, like Gecko) Chrome/142.0.0.0 Safari/537.36"
18.225.32.32 - - [07/May/2026:15:13:10 +0000] "GET /wp-content/uploads/2022/09/E-Legance-Red-01-300x300.png HTTP/1.1" 200 112113 "https://lineup.nipponia.com/fr/nipponia-lineup-2023-4-2/" "Mozilla/5.0 (Windows NT 10.0; Win64; x64) AppleWebKit/537.36 (KHTML, like Gecko) Chrome/142.0.0.0 Safari/537.36"
18.225.32.32 - - [07/May/2026:15:13:10 +0000] "GET /wp-content/uploads/2022/09/E-Legance-Black-01-300x300.png HTTP/1.1" 200 92466 "https://lineup.nipponia.com/fr/nipponia-lineup-2023-4-2/" "Mozilla/5.0 (Windows NT 10.0; Win64; x64) AppleWebKit/537.36 (KHTML, like Gecko) Chrome/142.0.0.0 Safari/537.36"
18.225.32.32 - - [07/May/2026:15:13:10 +0000] "GET /wp-content/uploads/2022/09/e-Rex-Blue-01-300x300.png HTTP/1.1" 200 101783 "https://lineup.nipponia.com/fr/nipponia-lineup-2023-4-2/" "Mozilla/5.0 (Windows NT 10.0; Win64; x64) AppleWebKit/537.36 (KHTML, like Gecko) Chrome/142.0.0.0 Safari/537.36"
18.225.32.32 - - [07/May/2026:15:13:10 +0000] "GET /wp-content/plugins/elementor/assets/lib/eicons/fonts/eicons.woff2?5.17.0 HTTP/1.1" 200 93477 "https://lineup.nipponia.com/wp-content/plugins/elementor/assets/lib/eicons/css/elementor-icons.min.css?ver=5.17.0" "Mozilla/5.0 (Windows NT 10.0; Win64; x64) AppleWebKit/537.36 (KHTML, like Gecko) Chrome/142.0.0.0 Safari/537.36"
18.225.32.32 - - [07/May/2026:15:13:10 +0000] "GET /wp-content/uploads/elementor/thumbs/e-Legance-Logo-Clean-pvd72uhcuxi4mb9lq8jhz082ei0tiouaiqc1u4jy80.png HTTP/1.1" 200 9572 "https://lineup.nipponia.com/fr/nipponia-lineup-2023-4-2/" "Mozilla/5.0 (Windows NT 10.0; Win64; x64) AppleWebKit/537.36 (KHTML, like Gecko) Chrome/142.0.0.0 Safari/537.36"
18.225.32.32 - - [07/May/2026:15:13:10 +0000] "GET /wp-content/plugins/elementor/assets/lib/font-awesome/webfonts/fa-solid-900.woff2 HTTP/1.1" 200 78099 "https://lineup.nipponia.com/wp-content/plugins/elementor/assets/lib/font-awesome/css/solid.min.css?ver=5.15.3" "Mozilla/5.0 (Windows NT 10.0; Win64; x64) AppleWebKit/537.36 (KHTML, like Gecko) Chrome/142.0.0.0 Safari/537.36"
18.225.32.32 - - [07/May/2026:15:13:10 +0000] "GET /wp-content/uploads/2022/09/banner_models.gif HTTP/1.1" 200 1126486 "https://lineup.nipponia.com/wp-content/uploads/elementor/css/post-2643.css?ver=1674837400" "Mozilla/5.0 (Windows NT 10.0; Win64; x64) AppleWebKit/537.36 (KHTML, like Gecko) Chrome/142.0.0.0 Safari/537.36"
18.225.32.32 - - [07/May/2026:15:13:10 +0000] "GET /wp-content/uploads/elementor/thumbs/e-Rex-Logo-pvd73ccags6kqwjnty9esdptotkskxt6x6q9ydtgxs.png HTTP/1.1" 200 29415 "https://lineup.nipponia.com/fr/nipponia-lineup-2023-4-2/" "Mozilla/5.0 (Windows NT 10.0; Win64; x64) AppleWebKit/537.36 (KHTML, like Gecko) Chrome/142.0.0.0 Safari/537.36"
18.225.32.32 - - [07/May/2026:15:13:10 +0000] "GET /wp-content/uploads/elementor/thumbs/On-e-logo-1-pvd7moup50nuk5dfu6slmievqhrb2lfdo87tuvuigw.png HTTP/1.1" 200 1463 "https://lineup.nipponia.com/fr/nipponia-lineup-2023-4-2/" "Mozilla/5.0 (Windows NT 10.0; Win64; x64) AppleWebKit/537.36 (KHTML, like Gecko) Chrome/142.0.0.0 Safari/537.36"
18.225.32.32 - - [07/May/2026:15:13:10 +0000] "GET /wp-content/uploads/elementor/thumbs/e-Viball-Logo-vector-pvd7hypws06y6q8kfn94l7cg7r1vddnyou4xzsurr4.png HTTP/1.1" 200 5168 "https://lineup.nipponia.com/fr/nipponia-lineup-2023-4-2/" "Mozilla/5.0 (Windows NT 10.0; Win64; x64) AppleWebKit/537.36 (KHTML, like Gecko) Chrome/142.0.0.0 Safari/537.36"
18.225.32.32 - - [07/May/2026:15:13:10 +0000] "GET /wp-content/uploads/2022/09/E-Legance-White-Cream-01-300x300.png HTTP/1.1" 200 82811 "https://lineup.nipponia.com/fr/nipponia-lineup-2023-4-2/" "Mozilla/5.0 (Windows NT 10.0; Win64; x64) AppleWebKit/537.36 (KHTML, like Gecko) Chrome/142.0.0.0 Safari/537.36"
18.225.32.32 - - [07/May/2026:15:13:10 +0000] "GET /wp-content/uploads/2022/09/e-Rex-Gray-01-300x300.png HTTP/1.1" 200 91333 "https://lineup.nipponia.com/fr/nipponia-lineup-2023-4-2/" "Mozilla/5.0 (Windows NT 10.0; Win64; x64) AppleWebKit/537.36 (KHTML, like Gecko) Chrome/142.0.0.0 Safari/537.36"
18.225.32.32 - - [07/May/2026:15:13:10 +0000] "GET /wp-content/uploads/2022/09/e-rex-white-01-300x300.png HTTP/1.1" 200 107809 "https://lineup.nipponia.com/fr/nipponia-lineup-2023-4-2/" "Mozilla/5.0 (Windows NT 10.0; Win64; x64) AppleWebKit/537.36 (KHTML, like Gecko) Chrome/142.0.0.0 Safari/537.36"
18.225.32.32 - - [07/May/2026:15:13:11 +0000] "GET /wp-content/uploads/2022/09/2Fast-red-01-300x300.png HTTP/1.1" 200 113614 "https://lineup.nipponia.com/fr/nipponia-lineup-2023-4-2/" "Mozilla/5.0 (Windows NT 10.0; Win64; x64) AppleWebKit/537.36 (KHTML, like Gecko) Chrome/142.0.0.0 Safari/537.36"
18.225.32.32 - - [07/May/2026:15:13:11 +0000] "GET /wp-content/uploads/2022/09/NC-E-01-300x300.png HTTP/1.1" 200 86463 "https://lineup.nipponia.com/fr/nipponia-lineup-2023-4-2/" "Mozilla/5.0 (Windows NT 10.0; Win64; x64) AppleWebKit/537.36 (KHTML, like Gecko) Chrome/142.0.0.0 Safari/537.36"
3.15.212.233 - - [07/May/2026:15:12:45 +0000] "GET /fr/home-6/ HTTP/1.1" 200 12443 "-" "Mozilla/5.0 (Windows NT 10.0; Win64; x64) AppleWebKit/537.36 (KHTML, like Gecko) Chrome/142.0.0.0 Safari/537.36"
18.225.32.32 - - [07/May/2026:15:13:11 +0000] "GET /wp-content/uploads/2022/09/Untitled-2.png HTTP/1.1" 200 400836 "https://lineup.nipponia.com/wp-content/uploads/elementor/css/post-2643.css?ver=1674837400" "Mozilla/5.0 (Windows NT 10.0; Win64; x64) AppleWebKit/537.36 (KHTML, like Gecko) Chrome/142.0.0.0 Safari/537.36"
18.225.32.32 - - [07/May/2026:15:13:11 +0000] "GET /wp-includes/js/wp-emoji-release.min.js?ver=6.1.10 HTTP/1.1" 200 5009 "https://lineup.nipponia.com/fr/nipponia-lineup-2023-4-2/" "Mozilla/5.0 (Windows NT 10.0; Win64; x64) AppleWebKit/537.36 (KHTML, like Gecko) Chrome/142.0.0.0 Safari/537.36"
18.225.32.32 - - [07/May/2026:15:13:11 +0000] "GET /wp-content/uploads/elementor/thumbs/2fast-logo-pvd78yfobssossd88cjm5epawjut2gzwo0srqg384e.png HTTP/1.1" 200 2223 "https://lineup.nipponia.com/fr/nipponia-lineup-2023-4-2/" "Mozilla/5.0 (Windows NT 10.0; Win64; x64) AppleWebKit/537.36 (KHTML, like Gecko) Chrome/142.0.0.0 Safari/537.36"
18.225.32.32 - - [07/May/2026:15:13:11 +0000] "GET /wp-content/uploads/2022/09/2Fast-01-300x300.png HTTP/1.1" 200 111067 "https://lineup.nipponia.com/fr/nipponia-lineup-2023-4-2/" "Mozilla/5.0 (Windows NT 10.0; Win64; x64) AppleWebKit/537.36 (KHTML, like Gecko) Chrome/142.0.0.0 Safari/537.36"
18.225.32.32 - - [07/May/2026:15:13:11 +0000] "GET /wp-content/uploads/elementor/thumbs/NCe-Logo--pvd797tz6i7x66t6862qb9lj8d34b2jfy7v6br5ekg.png HTTP/1.1" 200 1091 "https://lineup.nipponia.com/fr/nipponia-lineup-2023-4-2/" "Mozilla/5.0 (Windows NT 10.0; Win64; x64) AppleWebKit/537.36 (KHTML, like Gecko) Chrome/142.0.0.0 Safari/537.36"
3.15.212.233 - - [07/May/2026:15:13:11 +0000] "GET /wp-includes/css/dist/block-library/style.min.css?ver=6.1.10 HTTP/1.1" 200 12540 "https://lineup.nipponia.com/fr/home-6/" "Mozilla/5.0 (Windows NT 10.0; Win64; x64) AppleWebKit/537.36 (KHTML, like Gecko) Chrome/142.0.0.0 Safari/537.36"
3.144.176.49 - - [07/May/2026:15:12:46 +0000] "GET /nl/home-2/ HTTP/1.1" 200 12487 "-" "Mozilla/5.0 (Windows NT 10.0; Win64; x64) AppleWebKit/537.36 (KHTML, like Gecko) Chrome/142.0.0.0 Safari/537.36"
3.15.212.233 - - [07/May/2026:15:13:11 +0000] "GET /wp-includes/css/classic-themes.min.css?ver=1 HTTP/1.1" 200 189 "https://lineup.nipponia.com/fr/home-6/" "Mozilla/5.0 (Windows NT 10.0; Win64; x64) AppleWebKit/537.36 (KHTML, like Gecko) Chrome/142.0.0.0 Safari/537.36"
3.15.212.233 - - [07/May/2026:15:13:11 +0000] "GET /wp-content/themes/hello-elementor/style.min.css?ver=2.6.1 HTTP/1.1" 200 1940 "https://lineup.nipponia.com/fr/home-6/" "Mozilla/5.0 (Windows NT 10.0; Win64; x64) AppleWebKit/537.36 (KHTML, like Gecko) Chrome/142.0.0.0 Safari/537.36"
3.15.212.233 - - [07/May/2026:15:13:11 +0000] "GET /wp-content/plugins/elementor/assets/lib/eicons/css/elementor-icons.min.css?ver=5.17.0 HTTP/1.1" 200 3969 "https://lineup.nipponia.com/fr/home-6/" "Mozilla/5.0 (Windows NT 10.0; Win64; x64) AppleWebKit/537.36 (KHTML, like Gecko) Chrome/142.0.0.0 Safari/537.36"
3.15.212.233 - - [07/May/2026:15:13:11 +0000] "GET /wp-content/themes/hello-elementor/theme.min.css?ver=2.6.1 HTTP/1.1" 200 2664 "https://lineup.nipponia.com/fr/home-6/" "Mozilla/5.0 (Windows NT 10.0; Win64; x64) AppleWebKit/537.36 (KHTML, like Gecko) Chrome/142.0.0.0 Safari/537.36"
3.15.212.233 - - [07/May/2026:15:13:11 +0000] "GET /wp-content/plugins/elementor/assets/css/frontend-legacy.min.css?ver=3.10.1 HTTP/1.1" 200 708 "https://lineup.nipponia.com/fr/home-6/" "Mozilla/5.0 (Windows NT 10.0; Win64; x64) AppleWebKit/537.36 (KHTML, like Gecko) Chrome/142.0.0.0 Safari/537.36"
3.15.212.233 - - [07/May/2026:15:13:11 +0000] "GET /wp-content/plugins/simple-social-icons/css/style.css?ver=3.0.2 HTTP/1.1" 200 437 "https://lineup.nipponia.com/fr/home-6/" "Mozilla/5.0 (Windows NT 10.0; Win64; x64) AppleWebKit/537.36 (KHTML, like Gecko) Chrome/142.0.0.0 Safari/537.36"
3.144.176.49 - - [07/May/2026:15:13:11 +0000] "GET /wp-includes/css/dist/block-library/style.min.css?ver=6.1.10 HTTP/1.1" 200 12540 "https://lineup.nipponia.com/nl/home-2/" "Mozilla/5.0 (Windows NT 10.0; Win64; x64) AppleWebKit/537.36 (KHTML, like Gecko) Chrome/142.0.0.0 Safari/537.36"
3.15.212.233 - - [07/May/2026:15:13:11 +0000] "GET /wp-content/plugins/elementor/assets/css/frontend.min.css?ver=3.10.1 HTTP/1.1" 200 19457 "https://lineup.nipponia.com/fr/home-6/" "Mozilla/5.0 (Windows NT 10.0; Win64; x64) AppleWebKit/537.36 (KHTML, like Gecko) Chrome/142.0.0.0 Safari/537.36"
3.15.212.233 - - [07/May/2026:15:13:11 +0000] "GET /wp-content/uploads/elementor/css/post-1295.css?ver=1674664350 HTTP/1.1" 200 368 "https://lineup.nipponia.com/fr/home-6/" "Mozilla/5.0 (Windows NT 10.0; Win64; x64) AppleWebKit/537.36 (KHTML, like Gecko) Chrome/142.0.0.0 Safari/537.36"
3.15.212.233 - - [07/May/2026:15:13:11 +0000] "GET /wp-content/plugins/elementor/assets/lib/font-awesome/css/solid.min.css?ver=5.15.3 HTTP/1.1" 200 309 "https://lineup.nipponia.com/fr/home-6/" "Mozilla/5.0 (Windows NT 10.0; Win64; x64) AppleWebKit/537.36 (KHTML, like Gecko) Chrome/142.0.0.0 Safari/537.36"
3.15.212.233 - - [07/May/2026:15:13:11 +0000] "GET /wp-content/plugins/elementor/assets/lib/font-awesome/css/fontawesome.min.css?ver=5.15.3 HTTP/1.1" 200 12582 "https://lineup.nipponia.com/fr/home-6/" "Mozilla/5.0 (Windows NT 10.0; Win64; x64) AppleWebKit/537.36 (KHTML, like Gecko) Chrome/142.0.0.0 Safari/537.36"
3.144.176.49 - - [07/May/2026:15:13:11 +0000] "GET /wp-includes/css/classic-themes.min.css?ver=1 HTTP/1.1" 200 189 "https://lineup.nipponia.com/nl/home-2/" "Mozilla/5.0 (Windows NT 10.0; Win64; x64) AppleWebKit/537.36 (KHTML, like Gecko) Chrome/142.0.0.0 Safari/537.36"
3.15.212.233 - - [07/May/2026:15:13:11 +0000] "GET /wp-content/uploads/elementor/css/post-2637.css?ver=1675802139 HTTP/1.1" 200 2940 "https://lineup.nipponia.com/fr/home-6/" "Mozilla/5.0 (Windows NT 10.0; Win64; x64) AppleWebKit/537.36 (KHTML, like Gecko) Chrome/142.0.0.0 Safari/537.36"
3.15.212.233 - - [07/May/2026:15:13:11 +0000] "GET /wp-content/plugins/elementor-pro/assets/css/frontend.min.css?ver=3.10.2 HTTP/1.1" 200 37519 "https://lineup.nipponia.com/fr/home-6/" "Mozilla/5.0 (Windows NT 10.0; Win64; x64) AppleWebKit/537.36 (KHTML, like Gecko) Chrome/142.0.0.0 Safari/537.36"
3.15.212.233 - - [07/May/2026:15:13:11 +0000] "GET /wp-content/uploads/2022/09/logo_s2.png HTTP/1.1" 200 17468 "https://lineup.nipponia.com/fr/home-6/" "Mozilla/5.0 (Windows NT 10.0; Win64; x64) AppleWebKit/537.36 (KHTML, like Gecko) Chrome/142.0.0.0 Safari/537.36"
3.144.176.49 - - [07/May/2026:15:13:11 +0000] "GET /wp-content/themes/hello-elementor/style.min.css?ver=2.6.1 HTTP/1.1" 200 1940 "https://lineup.nipponia.com/nl/home-2/" "Mozilla/5.0 (Windows NT 10.0; Win64; x64) AppleWebKit/537.36 (KHTML, like Gecko) Chrome/142.0.0.0 Safari/537.36"
3.144.176.49 - - [07/May/2026:15:13:11 +0000] "GET /wp-content/themes/hello-elementor/theme.min.css?ver=2.6.1 HTTP/1.1" 200 2664 "https://lineup.nipponia.com/nl/home-2/" "Mozilla/5.0 (Windows NT 10.0; Win64; x64) AppleWebKit/537.36 (KHTML, like Gecko) Chrome/142.0.0.0 Safari/537.36"
3.15.212.233 - - [07/May/2026:15:13:11 +0000] "GET /wp-content/plugins/elementor/assets/lib/animations/animations.min.css?ver=3.10.1 HTTP/1.1" 200 2592 "https://lineup.nipponia.com/fr/home-6/" "Mozilla/5.0 (Windows NT 10.0; Win64; x64) AppleWebKit/537.36 (KHTML, like Gecko) Chrome/142.0.0.0 Safari/537.36"
3.144.176.49 - - [07/May/2026:15:13:11 +0000] "GET /wp-content/plugins/simple-social-icons/css/style.css?ver=3.0.2 HTTP/1.1" 200 437 "https://lineup.nipponia.com/nl/home-2/" "Mozilla/5.0 (Windows NT 10.0; Win64; x64) AppleWebKit/537.36 (KHTML, like Gecko) Chrome/142.0.0.0 Safari/537.36"
3.144.176.49 - - [07/May/2026:15:13:11 +0000] "GET /wp-content/plugins/elementor/assets/lib/eicons/css/elementor-icons.min.css?ver=5.17.0 HTTP/1.1" 200 3969 "https://lineup.nipponia.com/nl/home-2/" "Mozilla/5.0 (Windows NT 10.0; Win64; x64) AppleWebKit/537.36 (KHTML, like Gecko) Chrome/142.0.0.0 Safari/537.36"
3.144.176.49 - - [07/May/2026:15:13:11 +0000] "GET /wp-content/plugins/elementor/assets/css/frontend-legacy.min.css?ver=3.10.1 HTTP/1.1" 200 708 "https://lineup.nipponia.com/nl/home-2/" "Mozilla/5.0 (Windows NT 10.0; Win64; x64) AppleWebKit/537.36 (KHTML, like Gecko) Chrome/142.0.0.0 Safari/537.36"
3.15.212.233 - - [07/May/2026:15:13:11 +0000] "GET /wp-includes/js/jquery/jquery.min.js?ver=3.6.1 HTTP/1.1" 200 30995 "https://lineup.nipponia.com/fr/home-6/" "Mozilla/5.0 (Windows NT 10.0; Win64; x64) AppleWebKit/537.36 (KHTML, like Gecko) Chrome/142.0.0.0 Safari/537.36"
3.144.176.49 - - [07/May/2026:15:13:11 +0000] "GET /wp-content/plugins/elementor/assets/css/frontend.min.css?ver=3.10.1 HTTP/1.1" 200 19457 "https://lineup.nipponia.com/nl/home-2/" "Mozilla/5.0 (Windows NT 10.0; Win64; x64) AppleWebKit/537.36 (KHTML, like Gecko) Chrome/142.0.0.0 Safari/537.36"
3.15.212.233 - - [07/May/2026:15:13:11 +0000] "GET /wp-includes/js/jquery/jquery-migrate.min.js?ver=3.3.2 HTTP/1.1" 200 4169 "https://lineup.nipponia.com/fr/home-6/" "Mozilla/5.0 (Windows NT 10.0; Win64; x64) AppleWebKit/537.36 (KHTML, like Gecko) Chrome/142.0.0.0 Safari/537.36"
3.144.176.49 - - [07/May/2026:15:13:11 +0000] "GET /wp-content/uploads/elementor/css/post-1295.css?ver=1674664350 HTTP/1.1" 200 368 "https://lineup.nipponia.com/nl/home-2/" "Mozilla/5.0 (Windows NT 10.0; Win64; x64) AppleWebKit/537.36 (KHTML, like Gecko) Chrome/142.0.0.0 Safari/537.36"
3.144.176.49 - - [07/May/2026:15:13:11 +0000] "GET /wp-content/plugins/elementor-pro/assets/css/frontend.min.css?ver=3.10.2 HTTP/1.1" 200 37519 "https://lineup.nipponia.com/nl/home-2/" "Mozilla/5.0 (Windows NT 10.0; Win64; x64) AppleWebKit/537.36 (KHTML, like Gecko) Chrome/142.0.0.0 Safari/537.36"
3.144.176.49 - - [07/May/2026:15:13:11 +0000] "GET /wp-content/uploads/elementor/css/post-2402.css?ver=1674799073 HTTP/1.1" 200 2931 "https://lineup.nipponia.com/nl/home-2/" "Mozilla/5.0 (Windows NT 10.0; Win64; x64) AppleWebKit/537.36 (KHTML, like Gecko) Chrome/142.0.0.0 Safari/537.36"
3.15.212.233 - - [07/May/2026:15:13:11 +0000] "GET /wp-content/plugins/elementor/assets/lib/jquery-numerator/jquery-numerator.min.js?ver=0.2.1 HTTP/1.1" 200 740 "https://lineup.nipponia.com/fr/home-6/" "Mozilla/5.0 (Windows NT 10.0; Win64; x64) AppleWebKit/537.36 (KHTML, like Gecko) Chrome/142.0.0.0 Safari/537.36"
3.144.176.49 - - [07/May/2026:15:13:11 +0000] "GET /wp-content/plugins/elementor/assets/lib/font-awesome/css/fontawesome.min.css?ver=5.15.3 HTTP/1.1" 200 12582 "https://lineup.nipponia.com/nl/home-2/" "Mozilla/5.0 (Windows NT 10.0; Win64; x64) AppleWebKit/537.36 (KHTML, like Gecko) Chrome/142.0.0.0 Safari/537.36"
3.15.212.233 - - [07/May/2026:15:13:11 +0000] "GET /wp-content/plugins/elementor-pro/assets/js/webpack-pro.runtime.min.js?ver=3.10.2 HTTP/1.1" 200 2439 "https://lineup.nipponia.com/fr/home-6/" "Mozilla/5.0 (Windows NT 10.0; Win64; x64) AppleWebKit/537.36 (KHTML, like Gecko) Chrome/142.0.0.0 Safari/537.36"
3.144.176.49 - - [07/May/2026:15:13:11 +0000] "GET /wp-content/plugins/elementor/assets/lib/font-awesome/css/solid.min.css?ver=5.15.3 HTTP/1.1" 200 309 "https://lineup.nipponia.com/nl/home-2/" "Mozilla/5.0 (Windows NT 10.0; Win64; x64) AppleWebKit/537.36 (KHTML, like Gecko) Chrome/142.0.0.0 Safari/537.36"
3.15.212.233 - - [07/May/2026:15:13:12 +0000] "GET /wp-content/plugins/elementor/assets/js/webpack.runtime.min.js?ver=3.10.1 HTTP/1.1" 200 2225 "https://lineup.nipponia.com/fr/home-6/" "Mozilla/5.0 (Windows NT 10.0; Win64; x64) AppleWebKit/537.36 (KHTML, like Gecko) Chrome/142.0.0.0 Safari/537.36"
3.144.176.49 - - [07/May/2026:15:13:12 +0000] "GET /wp-content/uploads/2022/09/logo_s2.png HTTP/1.1" 200 17468 "https://lineup.nipponia.com/nl/home-2/" "Mozilla/5.0 (Windows NT 10.0; Win64; x64) AppleWebKit/537.36 (KHTML, like Gecko) Chrome/142.0.0.0 Safari/537.36"
3.144.176.49 - - [07/May/2026:15:13:12 +0000] "GET /wp-content/plugins/elementor/assets/lib/animations/animations.min.css?ver=3.10.1 HTTP/1.1" 200 2592 "https://lineup.nipponia.com/nl/home-2/" "Mozilla/5.0 (Windows NT 10.0; Win64; x64) AppleWebKit/537.36 (KHTML, like Gecko) Chrome/142.0.0.0 Safari/537.36"
3.15.212.233 - - [07/May/2026:15:13:12 +0000] "GET /wp-content/plugins/elementor/assets/js/frontend-modules.min.js?ver=3.10.1 HTTP/1.1" 200 11399 "https://lineup.nipponia.com/fr/home-6/" "Mozilla/5.0 (Windows NT 10.0; Win64; x64) AppleWebKit/537.36 (KHTML, like Gecko) Chrome/142.0.0.0 Safari/537.36"
3.15.212.233 - - [07/May/2026:15:13:12 +0000] "GET /wp-includes/js/dist/vendor/regenerator-runtime.min.js?ver=0.13.9 HTTP/1.1" 200 2457 "https://lineup.nipponia.com/fr/home-6/" "Mozilla/5.0 (Windows NT 10.0; Win64; x64) AppleWebKit/537.36 (KHTML, like Gecko) Chrome/142.0.0.0 Safari/537.36"
3.144.176.49 - - [07/May/2026:15:13:12 +0000] "GET /wp-includes/js/jquery/jquery.min.js?ver=3.6.1 HTTP/1.1" 200 30995 "https://lineup.nipponia.com/nl/home-2/" "Mozilla/5.0 (Windows NT 10.0; Win64; x64) AppleWebKit/537.36 (KHTML, like Gecko) Chrome/142.0.0.0 Safari/537.36"
3.144.176.49 - - [07/May/2026:15:13:12 +0000] "GET /wp-includes/js/jquery/jquery-migrate.min.js?ver=3.3.2 HTTP/1.1" 200 4169 "https://lineup.nipponia.com/nl/home-2/" "Mozilla/5.0 (Windows NT 10.0; Win64; x64) AppleWebKit/537.36 (KHTML, like Gecko) Chrome/142.0.0.0 Safari/537.36"
3.144.176.49 - - [07/May/2026:15:13:12 +0000] "GET /wp-content/plugins/elementor/assets/lib/jquery-numerator/jquery-numerator.min.js?ver=0.2.1 HTTP/1.1" 200 740 "https://lineup.nipponia.com/nl/home-2/" "Mozilla/5.0 (Windows NT 10.0; Win64; x64) AppleWebKit/537.36 (KHTML, like Gecko) Chrome/142.0.0.0 Safari/537.36"
3.15.212.233 - - [07/May/2026:15:13:12 +0000] "GET /wp-includes/js/dist/vendor/wp-polyfill.min.js?ver=3.15.0 HTTP/1.1" 200 6532 "https://lineup.nipponia.com/fr/home-6/" "Mozilla/5.0 (Windows NT 10.0; Win64; x64) AppleWebKit/537.36 (KHTML, like Gecko) Chrome/142.0.0.0 Safari/537.36"
3.15.212.233 - - [07/May/2026:15:13:12 +0000] "GET /wp-includes/js/dist/hooks.min.js?ver=4169d3cf8e8d95a3d6d5 HTTP/1.1" 200 1661 "https://lineup.nipponia.com/fr/home-6/" "Mozilla/5.0 (Windows NT 10.0; Win64; x64) AppleWebKit/537.36 (KHTML, like Gecko) Chrome/142.0.0.0 Safari/537.36"
3.144.176.49 - - [07/May/2026:15:13:12 +0000] "GET /wp-content/plugins/elementor-pro/assets/js/webpack-pro.runtime.min.js?ver=3.10.2 HTTP/1.1" 200 2439 "https://lineup.nipponia.com/nl/home-2/" "Mozilla/5.0 (Windows NT 10.0; Win64; x64) AppleWebKit/537.36 (KHTML, like Gecko) Chrome/142.0.0.0 Safari/537.36"
3.15.212.233 - - [07/May/2026:15:13:12 +0000] "GET /wp-includes/js/dist/i18n.min.js?ver=9e794f35a71bb98672ae HTTP/1.1" 200 3866 "https://lineup.nipponia.com/fr/home-6/" "Mozilla/5.0 (Windows NT 10.0; Win64; x64) AppleWebKit/537.36 (KHTML, like Gecko) Chrome/142.0.0.0 Safari/537.36"
3.144.176.49 - - [07/May/2026:15:13:12 +0000] "GET /wp-content/plugins/elementor/assets/js/webpack.runtime.min.js?ver=3.10.1 HTTP/1.1" 200 2225 "https://lineup.nipponia.com/nl/home-2/" "Mozilla/5.0 (Windows NT 10.0; Win64; x64) AppleWebKit/537.36 (KHTML, like Gecko) Chrome/142.0.0.0 Safari/537.36"
3.15.212.233 - - [07/May/2026:15:13:12 +0000] "GET /wp-content/plugins/elementor-pro/assets/js/frontend.min.js?ver=3.10.2 HTTP/1.1" 200 5743 "https://lineup.nipponia.com/fr/home-6/" "Mozilla/5.0 (Windows NT 10.0; Win64; x64) AppleWebKit/537.36 (KHTML, like Gecko) Chrome/142.0.0.0 Safari/537.36"
3.144.176.49 - - [07/May/2026:15:13:12 +0000] "GET /wp-content/uploads/2022/09/NipponiaProfile2.gif HTTP/1.1" 200 46584 "https://lineup.nipponia.com/nl/home-2/" "Mozilla/5.0 (Windows NT 10.0; Win64; x64) AppleWebKit/537.36 (KHTML, like Gecko) Chrome/142.0.0.0 Safari/537.36"
3.144.176.49 - - [07/May/2026:15:13:12 +0000] "GET /wp-content/plugins/elementor/assets/lib/font-awesome/webfonts/fa-solid-900.woff2 HTTP/1.1" 200 78099 "https://lineup.nipponia.com/wp-content/plugins/elementor/assets/lib/font-awesome/css/solid.min.css?ver=5.15.3" "Mozilla/5.0 (Windows NT 10.0; Win64; x64) AppleWebKit/537.36 (KHTML, like Gecko) Chrome/142.0.0.0 Safari/537.36"
3.15.212.233 - - [07/May/2026:15:13:12 +0000] "GET /wp-content/plugins/elementor/assets/lib/waypoints/waypoints.min.js?ver=4.0.2 HTTP/1.1" 200 2993 "https://lineup.nipponia.com/fr/home-6/" "Mozilla/5.0 (Windows NT 10.0; Win64; x64) AppleWebKit/537.36 (KHTML, like Gecko) Chrome/142.0.0.0 Safari/537.36"
3.15.212.233 - - [07/May/2026:15:13:12 +0000] "GET /wp-includes/js/jquery/ui/core.min.js?ver=1.13.2 HTTP/1.1" 200 7097 "https://lineup.nipponia.com/fr/home-6/" "Mozilla/5.0 (Windows NT 10.0; Win64; x64) AppleWebKit/537.36 (KHTML, like Gecko) Chrome/142.0.0.0 Safari/537.36"
3.144.176.49 - - [07/May/2026:15:13:12 +0000] "GET /wp-content/plugins/elementor/assets/js/frontend-modules.min.js?ver=3.10.1 HTTP/1.1" 200 11399 "https://lineup.nipponia.com/nl/home-2/" "Mozilla/5.0 (Windows NT 10.0; Win64; x64) AppleWebKit/537.36 (KHTML, like Gecko) Chrome/142.0.0.0 Safari/537.36"
3.144.176.49 - - [07/May/2026:15:13:12 +0000] "GET /wp-includes/js/dist/vendor/regenerator-runtime.min.js?ver=0.13.9 HTTP/1.1" 200 2457 "https://lineup.nipponia.com/nl/home-2/" "Mozilla/5.0 (Windows NT 10.0; Win64; x64) AppleWebKit/537.36 (KHTML, like Gecko) Chrome/142.0.0.0 Safari/537.36"
3.144.176.49 - - [07/May/2026:15:13:12 +0000] "GET /wp-content/uploads/2022/09/Nipponia-Line-up-2023-1.gif HTTP/1.1" 200 499851 "https://lineup.nipponia.com/nl/home-2/" "Mozilla/5.0 (Windows NT 10.0; Win64; x64) AppleWebKit/537.36 (KHTML, like Gecko) Chrome/142.0.0.0 Safari/537.36"
3.15.212.233 - - [07/May/2026:15:13:12 +0000] "GET /wp-content/plugins/elementor/assets/lib/share-link/share-link.min.js?ver=3.10.1 HTTP/1.1" 200 1139 "https://lineup.nipponia.com/fr/home-6/" "Mozilla/5.0 (Windows NT 10.0; Win64; x64) AppleWebKit/537.36 (KHTML, like Gecko) Chrome/142.0.0.0 Safari/537.36"
3.144.176.49 - - [07/May/2026:15:13:12 +0000] "GET /wp-includes/js/dist/vendor/wp-polyfill.min.js?ver=3.15.0 HTTP/1.1" 200 6532 "https://lineup.nipponia.com/nl/home-2/" "Mozilla/5.0 (Windows NT 10.0; Win64; x64) AppleWebKit/537.36 (KHTML, like Gecko) Chrome/142.0.0.0 Safari/537.36"
3.15.212.233 - - [07/May/2026:15:13:12 +0000] "GET /wp-content/plugins/elementor/assets/lib/swiper/swiper.min.js?ver=5.3.6 HTTP/1.1" 200 35491 "https://lineup.nipponia.com/fr/home-6/" "Mozilla/5.0 (Windows NT 10.0; Win64; x64) AppleWebKit/537.36 (KHTML, like Gecko) Chrome/142.0.0.0 Safari/537.36"
3.144.176.49 - - [07/May/2026:15:13:12 +0000] "GET /wp-includes/js/dist/hooks.min.js?ver=4169d3cf8e8d95a3d6d5 HTTP/1.1" 200 1661 "https://lineup.nipponia.com/nl/home-2/" "Mozilla/5.0 (Windows NT 10.0; Win64; x64) AppleWebKit/537.36 (KHTML, like Gecko) Chrome/142.0.0.0 Safari/537.36"
3.144.176.49 - - [07/May/2026:15:13:12 +0000] "GET /wp-includes/js/dist/i18n.min.js?ver=9e794f35a71bb98672ae HTTP/1.1" 200 3866 "https://lineup.nipponia.com/nl/home-2/" "Mozilla/5.0 (Windows NT 10.0; Win64; x64) AppleWebKit/537.36 (KHTML, like Gecko) Chrome/142.0.0.0 Safari/537.36"
3.144.176.49 - - [07/May/2026:15:13:12 +0000] "GET /wp-content/plugins/elementor-pro/assets/js/frontend.min.js?ver=3.10.2 HTTP/1.1" 200 5743 "https://lineup.nipponia.com/nl/home-2/" "Mozilla/5.0 (Windows NT 10.0; Win64; x64) AppleWebKit/537.36 (KHTML, like Gecko) Chrome/142.0.0.0 Safari/537.36"
3.15.212.233 - - [07/May/2026:15:13:12 +0000] "GET /wp-content/plugins/elementor/assets/lib/dialog/dialog.min.js?ver=4.9.0 HTTP/1.1" 200 3446 "https://lineup.nipponia.com/fr/home-6/" "Mozilla/5.0 (Windows NT 10.0; Win64; x64) AppleWebKit/537.36 (KHTML, like Gecko) Chrome/142.0.0.0 Safari/537.36"
3.144.176.49 - - [07/May/2026:15:13:12 +0000] "GET /wp-content/plugins/elementor/assets/lib/waypoints/waypoints.min.js?ver=4.0.2 HTTP/1.1" 200 2993 "https://lineup.nipponia.com/nl/home-2/" "Mozilla/5.0 (Windows NT 10.0; Win64; x64) AppleWebKit/537.36 (KHTML, like Gecko) Chrome/142.0.0.0 Safari/537.36"
3.15.212.233 - - [07/May/2026:15:13:12 +0000] "GET /wp-content/plugins/elementor/assets/js/frontend.min.js?ver=3.10.1 HTTP/1.1" 200 12124 "https://lineup.nipponia.com/fr/home-6/" "Mozilla/5.0 (Windows NT 10.0; Win64; x64) AppleWebKit/537.36 (KHTML, like Gecko) Chrome/142.0.0.0 Safari/537.36"
3.144.176.49 - - [07/May/2026:15:13:12 +0000] "GET /wp-includes/js/jquery/ui/core.min.js?ver=1.13.2 HTTP/1.1" 200 7097 "https://lineup.nipponia.com/nl/home-2/" "Mozilla/5.0 (Windows NT 10.0; Win64; x64) AppleWebKit/537.36 (KHTML, like Gecko) Chrome/142.0.0.0 Safari/537.36"
3.144.176.49 - - [07/May/2026:15:13:12 +0000] "GET /wp-content/plugins/elementor/assets/lib/swiper/swiper.min.js?ver=5.3.6 HTTP/1.1" 200 35491 "https://lineup.nipponia.com/nl/home-2/" "Mozilla/5.0 (Windows NT 10.0; Win64; x64) AppleWebKit/537.36 (KHTML, like Gecko) Chrome/142.0.0.0 Safari/537.36"
3.144.176.49 - - [07/May/2026:15:13:12 +0000] "GET /wp-content/plugins/elementor/assets/lib/dialog/dialog.min.js?ver=4.9.0 HTTP/1.1" 200 3446 "https://lineup.nipponia.com/nl/home-2/" "Mozilla/5.0 (Windows NT 10.0; Win64; x64) AppleWebKit/537.36 (KHTML, like Gecko) Chrome/142.0.0.0 Safari/537.36"
3.144.176.49 - - [07/May/2026:15:13:12 +0000] "GET /wp-content/plugins/elementor/assets/lib/share-link/share-link.min.js?ver=3.10.1 HTTP/1.1" 200 1139 "https://lineup.nipponia.com/nl/home-2/" "Mozilla/5.0 (Windows NT 10.0; Win64; x64) AppleWebKit/537.36 (KHTML, like Gecko) Chrome/142.0.0.0 Safari/537.36"
3.144.176.49 - - [07/May/2026:15:13:12 +0000] "GET /wp-content/plugins/elementor/assets/js/frontend.min.js?ver=3.10.1 HTTP/1.1" 200 12124 "https://lineup.nipponia.com/nl/home-2/" "Mozilla/5.0 (Windows NT 10.0; Win64; x64) AppleWebKit/537.36 (KHTML, like Gecko) Chrome/142.0.0.0 Safari/537.36"
3.15.212.233 - - [07/May/2026:15:13:12 +0000] "GET /wp-content/plugins/elementor-pro/assets/js/preloaded-elements-handlers.min.js?ver=3.10.2 HTTP/1.1" 200 35394 "https://lineup.nipponia.com/fr/home-6/" "Mozilla/5.0 (Windows NT 10.0; Win64; x64) AppleWebKit/537.36 (KHTML, like Gecko) Chrome/142.0.0.0 Safari/537.36"
3.15.212.233 - - [07/May/2026:15:13:12 +0000] "GET /wp-content/plugins/elementor/assets/js/preloaded-modules.min.js?ver=3.10.1 HTTP/1.1" 200 13384 "https://lineup.nipponia.com/fr/home-6/" "Mozilla/5.0 (Windows NT 10.0; Win64; x64) AppleWebKit/537.36 (KHTML, like Gecko) Chrome/142.0.0.0 Safari/537.36"
3.144.176.49 - - [07/May/2026:15:13:12 +0000] "GET /wp-content/plugins/elementor-pro/assets/js/preloaded-elements-handlers.min.js?ver=3.10.2 HTTP/1.1" 200 35394 "https://lineup.nipponia.com/nl/home-2/" "Mozilla/5.0 (Windows NT 10.0; Win64; x64) AppleWebKit/537.36 (KHTML, like Gecko) Chrome/142.0.0.0 Safari/537.36"
3.144.176.49 - - [07/May/2026:15:13:12 +0000] "GET /wp-content/plugins/elementor/assets/js/preloaded-modules.min.js?ver=3.10.1 HTTP/1.1" 200 13384 "https://lineup.nipponia.com/nl/home-2/" "Mozilla/5.0 (Windows NT 10.0; Win64; x64) AppleWebKit/537.36 (KHTML, like Gecko) Chrome/142.0.0.0 Safari/537.36"
3.144.176.49 - - [07/May/2026:15:13:12 +0000] "GET /wp-content/plugins/elementor-pro/assets/lib/sticky/jquery.sticky.min.js?ver=3.10.2 HTTP/1.1" 200 1542 "https://lineup.nipponia.com/nl/home-2/" "Mozilla/5.0 (Windows NT 10.0; Win64; x64) AppleWebKit/537.36 (KHTML, like Gecko) Chrome/142.0.0.0 Safari/537.36"
3.144.176.49 - - [07/May/2026:15:13:12 +0000] "GET /wp-includes/js/wp-emoji-release.min.js?ver=6.1.10 HTTP/1.1" 200 5009 "https://lineup.nipponia.com/nl/home-2/" "Mozilla/5.0 (Windows NT 10.0; Win64; x64) AppleWebKit/537.36 (KHTML, like Gecko) Chrome/142.0.0.0 Safari/537.36"
3.15.212.233 - - [07/May/2026:15:13:12 +0000] "GET /wp-content/plugins/elementor-pro/assets/lib/sticky/jquery.sticky.min.js?ver=3.10.2 HTTP/1.1" 200 1542 "https://lineup.nipponia.com/fr/home-6/" "Mozilla/5.0 (Windows NT 10.0; Win64; x64) AppleWebKit/537.36 (KHTML, like Gecko) Chrome/142.0.0.0 Safari/537.36"
3.144.176.49 - - [07/May/2026:15:13:12 +0000] "GET /wp-content/uploads/2022/09/nipponialogo.jpg HTTP/1.1" 200 13520 "https://lineup.nipponia.com/nl/home-2/" "Mozilla/5.0 (Windows NT 10.0; Win64; x64) AppleWebKit/537.36 (KHTML, like Gecko) Chrome/142.0.0.0 Safari/537.36"
3.144.176.49 - - [07/May/2026:15:13:12 +0000] "GET /wp-content/uploads/elementor/thumbs/One-world-one-brand-Circular-text-pv4zrynr76onl5463k8dm6dxqsen9thdrzkih1vegw.png HTTP/1.1" 200 21387 "https://lineup.nipponia.com/nl/home-2/" "Mozilla/5.0 (Windows NT 10.0; Win64; x64) AppleWebKit/537.36 (KHTML, like Gecko) Chrome/142.0.0.0 Safari/537.36"
3.15.212.233 - - [07/May/2026:15:13:12 +0000] "GET /wp-includes/js/wp-emoji-release.min.js?ver=6.1.10 HTTP/1.1" 200 5009 "https://lineup.nipponia.com/fr/home-6/" "Mozilla/5.0 (Windows NT 10.0; Win64; x64) AppleWebKit/537.36 (KHTML, like Gecko) Chrome/142.0.0.0 Safari/537.36"
3.144.176.49 - - [07/May/2026:15:13:12 +0000] "GET /wp-content/uploads/2022/09/Untitled-2.png HTTP/1.1" 200 400836 "https://lineup.nipponia.com/wp-content/uploads/elementor/css/post-2402.css?ver=1674799073" "Mozilla/5.0 (Windows NT 10.0; Win64; x64) AppleWebKit/537.36 (KHTML, like Gecko) Chrome/142.0.0.0 Safari/537.36"
3.15.212.233 - - [07/May/2026:15:13:13 +0000] "GET /wp-content/uploads/2022/09/nipponialogo.jpg HTTP/1.1" 200 13520 "https://lineup.nipponia.com/fr/home-6/" "Mozilla/5.0 (Windows NT 10.0; Win64; x64) AppleWebKit/537.36 (KHTML, like Gecko) Chrome/142.0.0.0 Safari/537.36"
3.15.212.233 - - [07/May/2026:15:13:13 +0000] "GET /wp-content/uploads/2022/09/NipponiaProfile2.gif HTTP/1.1" 200 46584 "https://lineup.nipponia.com/fr/home-6/" "Mozilla/5.0 (Windows NT 10.0; Win64; x64) AppleWebKit/537.36 (KHTML, like Gecko) Chrome/142.0.0.0 Safari/537.36"
3.15.212.233 - - [07/May/2026:15:13:13 +0000] "GET /wp-content/uploads/elementor/thumbs/One-world-one-brand-Circular-text-pv4zrynr76onl5463k8dm6dxqsen9thdrzkih1vegw.png HTTP/1.1" 200 21387 "https://lineup.nipponia.com/fr/home-6/" "Mozilla/5.0 (Windows NT 10.0; Win64; x64) AppleWebKit/537.36 (KHTML, like Gecko) Chrome/142.0.0.0 Safari/537.36"
3.144.176.49 - - [07/May/2026:15:13:12 +0000] "GET /wp-content/uploads/2022/09/moto.png HTTP/1.1" 200 1047924 "https://lineup.nipponia.com/wp-content/uploads/elementor/css/post-2402.css?ver=1674799073" "Mozilla/5.0 (Windows NT 10.0; Win64; x64) AppleWebKit/537.36 (KHTML, like Gecko) Chrome/142.0.0.0 Safari/537.36"
3.15.212.233 - - [07/May/2026:15:13:13 +0000] "GET /wp-content/uploads/2022/09/Untitled-2.png HTTP/1.1" 200 400836 "https://lineup.nipponia.com/wp-content/uploads/elementor/css/post-2637.css?ver=1675802139" "Mozilla/5.0 (Windows NT 10.0; Win64; x64) AppleWebKit/537.36 (KHTML, like Gecko) Chrome/142.0.0.0 Safari/537.36"
3.144.176.49 - - [07/May/2026:15:13:13 +0000] "GET /wp-content/uploads/2022/09/eccitymp4.mp4 HTTP/1.1" 206 2044189 "https://lineup.nipponia.com/nl/home-2/" "Mozilla/5.0 (Windows NT 10.0; Win64; x64) AppleWebKit/537.36 (KHTML, like Gecko) Chrome/142.0.0.0 Safari/537.36"
3.144.176.49 - - [07/May/2026:15:13:13 +0000] "GET /wp-content/uploads/2022/09/eccitymp4.mp4 HTTP/1.1" 206 12573 "https://lineup.nipponia.com/nl/home-2/" "Mozilla/5.0 (Windows NT 10.0; Win64; x64) AppleWebKit/537.36 (KHTML, like Gecko) Chrome/142.0.0.0 Safari/537.36"
3.15.212.233 - - [07/May/2026:15:13:13 +0000] "GET /wp-content/plugins/elementor/assets/lib/font-awesome/webfonts/fa-solid-900.woff2 HTTP/1.1" 200 78099 "https://lineup.nipponia.com/wp-content/plugins/elementor/assets/lib/font-awesome/css/solid.min.css?ver=5.15.3" "Mozilla/5.0 (Windows NT 10.0; Win64; x64) AppleWebKit/537.36 (KHTML, like Gecko) Chrome/142.0.0.0 Safari/537.36"
3.15.212.233 - - [07/May/2026:15:13:13 +0000] "GET /wp-content/uploads/2022/09/moto.png HTTP/1.1" 200 1047924 "https://lineup.nipponia.com/wp-content/uploads/elementor/css/post-2637.css?ver=1675802139" "Mozilla/5.0 (Windows NT 10.0; Win64; x64) AppleWebKit/537.36 (KHTML, like Gecko) Chrome/142.0.0.0 Safari/537.36"
3.15.212.233 - - [07/May/2026:15:13:13 +0000] "GET /wp-content/uploads/2022/09/Nipponia-Line-up-2023-1.gif HTTP/1.1" 200 499851 "https://lineup.nipponia.com/fr/home-6/" "Mozilla/5.0 (Windows NT 10.0; Win64; x64) AppleWebKit/537.36 (KHTML, like Gecko) Chrome/142.0.0.0 Safari/537.36"
3.144.176.49 - - [07/May/2026:15:13:13 +0000] "GET /wp-content/uploads/2022/09/eccitymp4.mp4 HTTP/1.1" 206 1943756 "https://lineup.nipponia.com/nl/home-2/" "Mozilla/5.0 (Windows NT 10.0; Win64; x64) AppleWebKit/537.36 (KHTML, like Gecko) Chrome/142.0.0.0 Safari/537.36"
3.15.212.233 - - [07/May/2026:15:13:13 +0000] "GET /wp-content/uploads/2022/09/eccitymp4.mp4 HTTP/1.1" 206 12573 "https://lineup.nipponia.com/fr/home-6/" "Mozilla/5.0 (Windows NT 10.0; Win64; x64) AppleWebKit/537.36 (KHTML, like Gecko) Chrome/142.0.0.0 Safari/537.36"
3.15.212.233 - - [07/May/2026:15:13:13 +0000] "GET /wp-content/uploads/2022/09/eccitymp4.mp4 HTTP/1.1" 206 2044189 "https://lineup.nipponia.com/fr/home-6/" "Mozilla/5.0 (Windows NT 10.0; Win64; x64) AppleWebKit/537.36 (KHTML, like Gecko) Chrome/142.0.0.0 Safari/537.36"
3.15.212.233 - - [07/May/2026:15:13:13 +0000] "GET /wp-content/uploads/2022/09/eccitymp4.mp4 HTTP/1.1" 206 1991756 "https://lineup.nipponia.com/fr/home-6/" "Mozilla/5.0 (Windows NT 10.0; Win64; x64) AppleWebKit/537.36 (KHTML, like Gecko) Chrome/142.0.0.0 Safari/537.36"
3.14.71.145 - - [07/May/2026:15:12:54 +0000] "GET /de/nipponia-lineup-2023/ HTTP/1.1" 200 12898 "-" "Mozilla/5.0 (Windows NT 10.0; Win64; x64) AppleWebKit/537.36 (KHTML, like Gecko) Chrome/142.0.0.0 Safari/537.36"
104.238.54.86 - - [07/May/2026:15:13:17 +0000] "GET /nipponia-lineup-2023/ HTTP/1.1" 301 - "-" "Mozilla/5.0 (X11; Linux x86_64) AppleWebKit/537.36 (KHTML, like Gecko) Chrome/142.0.0.0 Safari/537.36"
104.238.54.86 - - [07/May/2026:15:13:26 +0000] "GET /de/nipponia-lineup-2023/ HTTP/1.1" 200 12898 "-" "Mozilla/5.0 (X11; Linux x86_64) AppleWebKit/537.36 (KHTML, like Gecko) Chrome/142.0.0.0 Safari/537.36"
104.238.54.86 - - [07/May/2026:15:13:41 +0000] "GET /wp-includes/css/dist/block-library/style.min.css?ver=6.1.10 HTTP/1.1" 200 12540 "https://lineup.nipponia.com/de/nipponia-lineup-2023/" "Mozilla/5.0 (X11; Linux x86_64) AppleWebKit/537.36 (KHTML, like Gecko) Chrome/142.0.0.0 Safari/537.36"
104.238.54.86 - - [07/May/2026:15:13:41 +0000] "GET /wp-includes/css/classic-themes.min.css?ver=1 HTTP/1.1" 200 189 "https://lineup.nipponia.com/de/nipponia-lineup-2023/" "Mozilla/5.0 (X11; Linux x86_64) AppleWebKit/537.36 (KHTML, like Gecko) Chrome/142.0.0.0 Safari/537.36"
104.238.54.86 - - [07/May/2026:15:13:41 +0000] "GET /wp-content/themes/hello-elementor/theme.min.css?ver=2.6.1 HTTP/1.1" 200 2664 "https://lineup.nipponia.com/de/nipponia-lineup-2023/" "Mozilla/5.0 (X11; Linux x86_64) AppleWebKit/537.36 (KHTML, like Gecko) Chrome/142.0.0.0 Safari/537.36"
104.238.54.86 - - [07/May/2026:15:13:41 +0000] "GET /wp-content/themes/hello-elementor/style.min.css?ver=2.6.1 HTTP/1.1" 200 1940 "https://lineup.nipponia.com/de/nipponia-lineup-2023/" "Mozilla/5.0 (X11; Linux x86_64) AppleWebKit/537.36 (KHTML, like Gecko) Chrome/142.0.0.0 Safari/537.36"
104.238.54.86 - - [07/May/2026:15:13:41 +0000] "GET /wp-content/plugins/simple-social-icons/css/style.css?ver=3.0.2 HTTP/1.1" 200 437 "https://lineup.nipponia.com/de/nipponia-lineup-2023/" "Mozilla/5.0 (X11; Linux x86_64) AppleWebKit/537.36 (KHTML, like Gecko) Chrome/142.0.0.0 Safari/537.36"
104.238.54.86 - - [07/May/2026:15:13:41 +0000] "GET /wp-content/plugins/cookie-notice/css/front.min.css?ver=6.1.10 HTTP/1.1" 200 1108 "https://lineup.nipponia.com/de/nipponia-lineup-2023/" "Mozilla/5.0 (X11; Linux x86_64) AppleWebKit/537.36 (KHTML, like Gecko) Chrome/142.0.0.0 Safari/537.36"
104.238.54.86 - - [07/May/2026:15:13:41 +0000] "GET /wp-content/plugins/elementor/assets/lib/eicons/css/elementor-icons.min.css?ver=5.17.0 HTTP/1.1" 200 3969 "https://lineup.nipponia.com/de/nipponia-lineup-2023/" "Mozilla/5.0 (X11; Linux x86_64) AppleWebKit/537.36 (KHTML, like Gecko) Chrome/142.0.0.0 Safari/537.36"
104.238.54.86 - - [07/May/2026:15:13:41 +0000] "GET /wp-content/plugins/elementor/assets/css/frontend-legacy.min.css?ver=3.10.1 HTTP/1.1" 200 708 "https://lineup.nipponia.com/de/nipponia-lineup-2023/" "Mozilla/5.0 (X11; Linux x86_64) AppleWebKit/537.36 (KHTML, like Gecko) Chrome/142.0.0.0 Safari/537.36"
104.238.54.86 - - [07/May/2026:15:13:42 +0000] "GET /wp-content/plugins/elementor/assets/css/frontend.min.css?ver=3.10.1 HTTP/1.1" 200 19457 "https://lineup.nipponia.com/de/nipponia-lineup-2023/" "Mozilla/5.0 (X11; Linux x86_64) AppleWebKit/537.36 (KHTML, like Gecko) Chrome/142.0.0.0 Safari/537.36"
104.238.54.86 - - [07/May/2026:15:13:42 +0000] "GET /wp-content/uploads/elementor/css/post-1295.css?ver=1674664350 HTTP/1.1" 200 368 "https://lineup.nipponia.com/de/nipponia-lineup-2023/" "Mozilla/5.0 (X11; Linux x86_64) AppleWebKit/537.36 (KHTML, like Gecko) Chrome/142.0.0.0 Safari/537.36"
104.238.54.86 - - [07/May/2026:15:13:42 +0000] "GET /wp-content/plugins/elementor/assets/lib/font-awesome/css/fontawesome.min.css?ver=5.15.3 HTTP/1.1" 200 12582 "https://lineup.nipponia.com/de/nipponia-lineup-2023/" "Mozilla/5.0 (X11; Linux x86_64) AppleWebKit/537.36 (KHTML, like Gecko) Chrome/142.0.0.0 Safari/537.36"
104.238.54.86 - - [07/May/2026:15:13:42 +0000] "GET /wp-content/uploads/elementor/css/post-2407.css?ver=1675408585 HTTP/1.1" 200 2305 "https://lineup.nipponia.com/de/nipponia-lineup-2023/" "Mozilla/5.0 (X11; Linux x86_64) AppleWebKit/537.36 (KHTML, like Gecko) Chrome/142.0.0.0 Safari/537.36"
104.238.54.86 - - [07/May/2026:15:13:42 +0000] "GET /wp-content/plugins/elementor/assets/lib/font-awesome/css/solid.min.css?ver=5.15.3 HTTP/1.1" 200 309 "https://lineup.nipponia.com/de/nipponia-lineup-2023/" "Mozilla/5.0 (X11; Linux x86_64) AppleWebKit/537.36 (KHTML, like Gecko) Chrome/142.0.0.0 Safari/537.36"
104.238.54.86 - - [07/May/2026:15:13:42 +0000] "GET /wp-content/plugins/elementor-pro/assets/css/frontend.min.css?ver=3.10.2 HTTP/1.1" 200 37519 "https://lineup.nipponia.com/de/nipponia-lineup-2023/" "Mozilla/5.0 (X11; Linux x86_64) AppleWebKit/537.36 (KHTML, like Gecko) Chrome/142.0.0.0 Safari/537.36"
104.238.54.86 - - [07/May/2026:15:13:42 +0000] "GET /wp-content/plugins/elementor/assets/lib/animations/animations.min.css?ver=3.10.1 HTTP/1.1" 200 2592 "https://lineup.nipponia.com/de/nipponia-lineup-2023/" "Mozilla/5.0 (X11; Linux x86_64) AppleWebKit/537.36 (KHTML, like Gecko) Chrome/142.0.0.0 Safari/537.36"
104.238.54.86 - - [07/May/2026:15:13:42 +0000] "GET /wp-content/plugins/elementor-pro/assets/js/webpack-pro.runtime.min.js?ver=3.10.2 HTTP/1.1" 200 2439 "https://lineup.nipponia.com/de/nipponia-lineup-2023/" "Mozilla/5.0 (X11; Linux x86_64) AppleWebKit/537.36 (KHTML, like Gecko) Chrome/142.0.0.0 Safari/537.36"
104.238.54.86 - - [07/May/2026:15:13:42 +0000] "GET /wp-content/plugins/elementor/assets/js/webpack.runtime.min.js?ver=3.10.1 HTTP/1.1" 200 2225 "https://lineup.nipponia.com/de/nipponia-lineup-2023/" "Mozilla/5.0 (X11; Linux x86_64) AppleWebKit/537.36 (KHTML, like Gecko) Chrome/142.0.0.0 Safari/537.36"
104.238.54.86 - - [07/May/2026:15:13:42 +0000] "GET /wp-content/plugins/elementor/assets/js/frontend-modules.min.js?ver=3.10.1 HTTP/1.1" 200 11399 "https://lineup.nipponia.com/de/nipponia-lineup-2023/" "Mozilla/5.0 (X11; Linux x86_64) AppleWebKit/537.36 (KHTML, like Gecko) Chrome/142.0.0.0 Safari/537.36"
104.238.54.86 - - [07/May/2026:15:13:42 +0000] "GET /wp-includes/js/jquery/jquery-migrate.min.js?ver=3.3.2 HTTP/1.1" 200 4169 "https://lineup.nipponia.com/de/nipponia-lineup-2023/" "Mozilla/5.0 (X11; Linux x86_64) AppleWebKit/537.36 (KHTML, like Gecko) Chrome/142.0.0.0 Safari/537.36"
104.238.54.86 - - [07/May/2026:15:13:42 +0000] "GET /wp-includes/js/jquery/jquery.min.js?ver=3.6.1 HTTP/1.1" 200 30995 "https://lineup.nipponia.com/de/nipponia-lineup-2023/" "Mozilla/5.0 (X11; Linux x86_64) AppleWebKit/537.36 (KHTML, like Gecko) Chrome/142.0.0.0 Safari/537.36"
104.238.54.86 - - [07/May/2026:15:13:42 +0000] "GET /wp-includes/js/dist/vendor/wp-polyfill.min.js?ver=3.15.0 HTTP/1.1" 200 6532 "https://lineup.nipponia.com/de/nipponia-lineup-2023/" "Mozilla/5.0 (X11; Linux x86_64) AppleWebKit/537.36 (KHTML, like Gecko) Chrome/142.0.0.0 Safari/537.36"
104.238.54.86 - - [07/May/2026:15:13:42 +0000] "GET /wp-includes/js/dist/vendor/regenerator-runtime.min.js?ver=0.13.9 HTTP/1.1" 200 2457 "https://lineup.nipponia.com/de/nipponia-lineup-2023/" "Mozilla/5.0 (X11; Linux x86_64) AppleWebKit/537.36 (KHTML, like Gecko) Chrome/142.0.0.0 Safari/537.36"
104.238.54.86 - - [07/May/2026:15:13:42 +0000] "GET /wp-includes/js/dist/hooks.min.js?ver=4169d3cf8e8d95a3d6d5 HTTP/1.1" 200 1661 "https://lineup.nipponia.com/de/nipponia-lineup-2023/" "Mozilla/5.0 (X11; Linux x86_64) AppleWebKit/537.36 (KHTML, like Gecko) Chrome/142.0.0.0 Safari/537.36"
104.238.54.86 - - [07/May/2026:15:13:42 +0000] "GET /wp-includes/js/dist/i18n.min.js?ver=9e794f35a71bb98672ae HTTP/1.1" 200 3866 "https://lineup.nipponia.com/de/nipponia-lineup-2023/" "Mozilla/5.0 (X11; Linux x86_64) AppleWebKit/537.36 (KHTML, like Gecko) Chrome/142.0.0.0 Safari/537.36"
104.238.54.86 - - [07/May/2026:15:13:42 +0000] "GET /wp-content/plugins/elementor-pro/assets/js/frontend.min.js?ver=3.10.2 HTTP/1.1" 200 5743 "https://lineup.nipponia.com/de/nipponia-lineup-2023/" "Mozilla/5.0 (X11; Linux x86_64) AppleWebKit/537.36 (KHTML, like Gecko) Chrome/142.0.0.0 Safari/537.36"
104.238.54.86 - - [07/May/2026:15:13:42 +0000] "GET /wp-content/plugins/elementor/assets/lib/waypoints/waypoints.min.js?ver=4.0.2 HTTP/1.1" 200 2993 "https://lineup.nipponia.com/de/nipponia-lineup-2023/" "Mozilla/5.0 (X11; Linux x86_64) AppleWebKit/537.36 (KHTML, like Gecko) Chrome/142.0.0.0 Safari/537.36"
104.238.54.86 - - [07/May/2026:15:13:42 +0000] "GET /wp-includes/js/jquery/ui/core.min.js?ver=1.13.2 HTTP/1.1" 200 7097 "https://lineup.nipponia.com/de/nipponia-lineup-2023/" "Mozilla/5.0 (X11; Linux x86_64) AppleWebKit/537.36 (KHTML, like Gecko) Chrome/142.0.0.0 Safari/537.36"
104.238.54.86 - - [07/May/2026:15:13:42 +0000] "GET /wp-content/plugins/elementor/assets/lib/swiper/swiper.min.js?ver=5.3.6 HTTP/1.1" 200 35491 "https://lineup.nipponia.com/de/nipponia-lineup-2023/" "Mozilla/5.0 (X11; Linux x86_64) AppleWebKit/537.36 (KHTML, like Gecko) Chrome/142.0.0.0 Safari/537.36"
104.238.54.86 - - [07/May/2026:15:13:43 +0000] "GET /wp-content/plugins/elementor/assets/lib/share-link/share-link.min.js?ver=3.10.1 HTTP/1.1" 200 1139 "https://lineup.nipponia.com/de/nipponia-lineup-2023/" "Mozilla/5.0 (X11; Linux x86_64) AppleWebKit/537.36 (KHTML, like Gecko) Chrome/142.0.0.0 Safari/537.36"
104.238.54.86 - - [07/May/2026:15:13:43 +0000] "GET /wp-content/plugins/elementor/assets/lib/dialog/dialog.min.js?ver=4.9.0 HTTP/1.1" 200 3446 "https://lineup.nipponia.com/de/nipponia-lineup-2023/" "Mozilla/5.0 (X11; Linux x86_64) AppleWebKit/537.36 (KHTML, like Gecko) Chrome/142.0.0.0 Safari/537.36"
104.238.54.86 - - [07/May/2026:15:13:43 +0000] "GET /wp-content/plugins/elementor/assets/js/frontend.min.js?ver=3.10.1 HTTP/1.1" 200 12124 "https://lineup.nipponia.com/de/nipponia-lineup-2023/" "Mozilla/5.0 (X11; Linux x86_64) AppleWebKit/537.36 (KHTML, like Gecko) Chrome/142.0.0.0 Safari/537.36"
104.238.54.86 - - [07/May/2026:15:13:43 +0000] "GET /wp-content/plugins/elementor-pro/assets/js/preloaded-elements-handlers.min.js?ver=3.10.2 HTTP/1.1" 200 35394 "https://lineup.nipponia.com/de/nipponia-lineup-2023/" "Mozilla/5.0 (X11; Linux x86_64) AppleWebKit/537.36 (KHTML, like Gecko) Chrome/142.0.0.0 Safari/537.36"
104.238.54.86 - - [07/May/2026:15:13:43 +0000] "GET /wp-content/plugins/elementor/assets/js/preloaded-modules.min.js?ver=3.10.1 HTTP/1.1" 200 13384 "https://lineup.nipponia.com/de/nipponia-lineup-2023/" "Mozilla/5.0 (X11; Linux x86_64) AppleWebKit/537.36 (KHTML, like Gecko) Chrome/142.0.0.0 Safari/537.36"
104.238.54.86 - - [07/May/2026:15:13:43 +0000] "GET /wp-includes/js/wp-emoji-release.min.js?ver=6.1.10 HTTP/1.1" 200 5009 "https://lineup.nipponia.com/de/nipponia-lineup-2023/" "Mozilla/5.0 (X11; Linux x86_64) AppleWebKit/537.36 (KHTML, like Gecko) Chrome/142.0.0.0 Safari/537.36"
104.238.54.86 - - [07/May/2026:15:13:43 +0000] "GET /wp-content/plugins/cookie-notice/js/front.min.js?ver=2.4.6 HTTP/1.1" 200 2128 "https://lineup.nipponia.com/de/nipponia-lineup-2023/" "Mozilla/5.0 (X11; Linux x86_64) AppleWebKit/537.36 (KHTML, like Gecko) Chrome/142.0.0.0 Safari/537.36"
104.238.54.86 - - [07/May/2026:15:13:43 +0000] "GET /wp-content/plugins/elementor-pro/assets/lib/sticky/jquery.sticky.min.js?ver=3.10.2 HTTP/1.1" 200 1542 "https://lineup.nipponia.com/de/nipponia-lineup-2023/" "Mozilla/5.0 (X11; Linux x86_64) AppleWebKit/537.36 (KHTML, like Gecko) Chrome/142.0.0.0 Safari/537.36"
104.238.54.86 - - [07/May/2026:15:13:44 +0000] "GET /wp-content/uploads/2020/10/cropped-nipponiaw-32x32.jpg HTTP/1.1" 200 1202 "https://lineup.nipponia.com/de/nipponia-lineup-2023/" "Mozilla/5.0 (X11; Linux x86_64) AppleWebKit/537.36 (KHTML, like Gecko) Chrome/142.0.0.0 Safari/537.36"
20.123.172.228 - - [07/May/2026:15:45:43 +0000] "POST /wp-cron.php?doing_wp_cron=1778168743.1388170719146728515625 HTTP/1.1" 200 - "https://lineup.nipponia.com/wp-cron.php?doing_wp_cron=1778168743.1388170719146728515625" "WordPress/6.1.10; https://lineup.nipponia.com"
40.77.167.75 - - [07/May/2026:15:45:34 +0000] "GET /wp-sitemap-posts-page-1.xml HTTP/1.1" 200 209 "-" "Mozilla/5.0 AppleWebKit/537.36 (KHTML, like Gecko; compatible; bingbot/2.0; +http://www.bing.com/bingbot.htm) Chrome/116.0.1938.76 Safari/537.36"
74.7.175.187 - - [07/May/2026:16:15:48 +0000] "GET /robots.txt HTTP/1.1" 200 113 "-" "Mozilla/5.0 (Macintosh; Intel Mac OS X 10_15_7) AppleWebKit/537.36 (KHTML, like Gecko) Chrome/131.0.0.0 Safari/537.36; compatible; OAI-SearchBot/1.3; robots.txt; +https://openai.com/searchbot"
20.239.192.136 - - [07/May/2026:16:31:23 +0000] "GET /wp-admin/css/colors/coffee/ HTTP/1.1" 404 6926 "-" "Mozilla/5.0 (Windows NT 10.0; Win64; x64) AppleWebKit/537.36 (KHTML, like Gecko) Chrome/120.0.0.0 Safari/537.36"
20.239.192.136 - - [07/May/2026:16:31:33 +0000] "GET /amax.php HTTP/1.1" 404 6926 "-" "Mozilla/5.0 (Windows NT 10.0; Win64; x64) AppleWebKit/537.36 (KHTML, like Gecko) Chrome/120.0.0.0 Safari/537.36"
20.239.192.136 - - [07/May/2026:16:31:42 +0000] "GET /1index.php HTTP/1.1" 404 6926 "-" "Mozilla/5.0 (Windows NT 10.0; Win64; x64) AppleWebKit/537.36 (KHTML, like Gecko) Chrome/120.0.0.0 Safari/537.36"
20.239.192.136 - - [07/May/2026:16:31:51 +0000] "GET /666.php HTTP/1.1" 404 6926 "-" "Mozilla/5.0 (Windows NT 10.0; Win64; x64) AppleWebKit/537.36 (KHTML, like Gecko) Chrome/120.0.0.0 Safari/537.36"
20.239.192.136 - - [07/May/2026:16:32:00 +0000] "GET /wp-includes/sodium_compat/ HTTP/1.1" 404 6926 "-" "Mozilla/5.0 (Windows NT 10.0; Win64; x64) AppleWebKit/537.36 (KHTML, like Gecko) Chrome/120.0.0.0 Safari/537.36"
20.239.192.136 - - [07/May/2026:16:32:08 +0000] "GET /wp-content/file.php HTTP/1.1" 404 6926 "-" "Mozilla/5.0 (Windows NT 10.0; Win64; x64) AppleWebKit/537.36 (KHTML, like Gecko) Chrome/120.0.0.0 Safari/537.36"
20.239.192.136 - - [07/May/2026:16:32:16 +0000] "GET /ab.php HTTP/1.1" 404 6926 "-" "Mozilla/5.0 (Windows NT 10.0; Win64; x64) AppleWebKit/537.36 (KHTML, like Gecko) Chrome/120.0.0.0 Safari/537.36"
20.239.192.136 - - [07/May/2026:16:32:25 +0000] "GET /chosen.php HTTP/1.1" 404 6926 "-" "Mozilla/5.0 (Windows NT 10.0; Win64; x64) AppleWebKit/537.36 (KHTML, like Gecko) Chrome/120.0.0.0 Safari/537.36"
20.239.192.136 - - [07/May/2026:16:32:34 +0000] "GET /wp-includes/wp-includes_function.php HTTP/1.1" 404 6926 "-" "Mozilla/5.0 (Windows NT 10.0; Win64; x64) AppleWebKit/537.36 (KHTML, like Gecko) Chrome/120.0.0.0 Safari/537.36"
20.239.192.136 - - [07/May/2026:16:32:43 +0000] "GET /wp-admin/wp-admins.php HTTP/1.1" 404 6926 "-" "Mozilla/5.0 (Windows NT 10.0; Win64; x64) AppleWebKit/537.36 (KHTML, like Gecko) Chrome/120.0.0.0 Safari/537.36"
20.239.192.136 - - [07/May/2026:16:32:52 +0000] "GET /js/atomlib.php HTTP/1.1" 404 6926 "-" "Mozilla/5.0 (Windows NT 10.0; Win64; x64) AppleWebKit/537.36 (KHTML, like Gecko) Chrome/120.0.0.0 Safari/537.36"
20.239.192.136 - - [07/May/2026:16:33:00 +0000] "GET /wp-admin/css/colors/coffee/index.php HTTP/1.1" 301 - "-" "Mozilla/5.0 (Windows NT 10.0; Win64; x64) AppleWebKit/537.36 (KHTML, like Gecko) Chrome/120.0.0.0 Safari/537.36"
20.239.192.136 - - [07/May/2026:16:33:09 +0000] "GET /wp-includes/fonts/index.php HTTP/1.1" 301 - "-" "Mozilla/5.0 (Windows NT 10.0; Win64; x64) AppleWebKit/537.36 (KHTML, like Gecko) Chrome/120.0.0.0 Safari/537.36"
