85.203.21.186 - - [07/May/2026:02:12:53 +0000] "GET /wp-content/plugins/elementor-pro/assets/css/widget-nav-menu.min.css HTTP/1.1" 200 3332 "https://nipponia.com/" "Mozilla/5.0 (Windows NT 10.0; Win64; x64; rv:150.0) Gecko/20100101 Firefox/150.0"
85.203.21.45 - - [07/May/2026:02:12:53 +0000] "GET /wp-content/plugins/elementor/assets/css/widget-icon-list.min.css HTTP/1.1" 200 941 "https://nipponia.com/" "Mozilla/5.0 (Windows NT 10.0; Win64; x64; rv:150.0) Gecko/20100101 Firefox/150.0"
85.203.21.170 - - [07/May/2026:02:12:53 +0000] "GET /wp-content/themes/hello-elementor/assets/js/hello-frontend.min.js?ver=1.0.0 HTTP/1.1" 200 1024 "https://nipponia.com/" "Mozilla/5.0 (Windows NT 10.0; Win64; x64; rv:150.0) Gecko/20100101 Firefox/150.0"
85.203.21.155 - - [07/May/2026:02:12:53 +0000] "GET /wp-content/plugins/elementor-pro/assets/lib/smartmenus/jquery.smartmenus.min.js?ver=1.0.1 HTTP/1.1" 200 7157 "https://nipponia.com/" "Mozilla/5.0 (Windows NT 10.0; Win64; x64; rv:150.0) Gecko/20100101 Firefox/150.0"
85.203.21.157 - - [07/May/2026:02:12:53 +0000] "GET /wp-content/plugins/elementor/assets/lib/jquery-numerator/jquery-numerator.min.js?ver=0.2.1 HTTP/1.1" 200 740 "https://nipponia.com/" "Mozilla/5.0 (Windows NT 10.0; Win64; x64; rv:150.0) Gecko/20100101 Firefox/150.0"
85.203.21.186 - - [07/May/2026:02:12:54 +0000] "GET /wp-content/plugins/elementor-pro/assets/js/webpack-pro.runtime.min.js?ver=3.10.2 HTTP/1.1" 200 2439 "https://nipponia.com/" "Mozilla/5.0 (Windows NT 10.0; Win64; x64; rv:150.0) Gecko/20100101 Firefox/150.0"
85.203.21.45 - - [07/May/2026:02:12:54 +0000] "GET /wp-content/plugins/elementor/assets/js/webpack.runtime.min.js?ver=3.10.1 HTTP/1.1" 200 2225 "https://nipponia.com/" "Mozilla/5.0 (Windows NT 10.0; Win64; x64; rv:150.0) Gecko/20100101 Firefox/150.0"
85.203.21.170 - - [07/May/2026:02:12:54 +0000] "GET /wp-content/plugins/elementor/assets/js/frontend-modules.min.js?ver=3.10.1 HTTP/1.1" 200 11399 "https://nipponia.com/" "Mozilla/5.0 (Windows NT 10.0; Win64; x64; rv:150.0) Gecko/20100101 Firefox/150.0"
85.203.21.155 - - [07/May/2026:02:12:54 +0000] "GET /wp-includes/js/dist/hooks.min.js?ver=dd5603f07f9220ed27f1 HTTP/1.1" 200 1941 "https://nipponia.com/" "Mozilla/5.0 (Windows NT 10.0; Win64; x64; rv:150.0) Gecko/20100101 Firefox/150.0"
85.203.21.157 - - [07/May/2026:02:12:54 +0000] "GET /wp-content/plugins/elementor-pro/assets/js/frontend.min.js?ver=3.10.2 HTTP/1.1" 200 5743 "https://nipponia.com/" "Mozilla/5.0 (Windows NT 10.0; Win64; x64; rv:150.0) Gecko/20100101 Firefox/150.0"
85.203.21.232 - - [07/May/2026:02:12:54 +0000] "GET /wp-includes/js/dist/i18n.min.js?ver=c26c3dc7bed366793375 HTTP/1.1" 200 2229 "https://nipponia.com/" "Mozilla/5.0 (Windows NT 10.0; Win64; x64; rv:150.0) Gecko/20100101 Firefox/150.0"
85.203.21.186 - - [07/May/2026:02:12:54 +0000] "GET /wp-content/plugins/elementor/assets/lib/waypoints/waypoints.min.js?ver=4.0.2 HTTP/1.1" 200 2993 "https://nipponia.com/" "Mozilla/5.0 (Windows NT 10.0; Win64; x64; rv:150.0) Gecko/20100101 Firefox/150.0"
85.203.21.45 - - [07/May/2026:02:12:54 +0000] "GET /wp-includes/js/jquery/ui/core.min.js?ver=1.13.3 HTTP/1.1" 200 7106 "https://nipponia.com/" "Mozilla/5.0 (Windows NT 10.0; Win64; x64; rv:150.0) Gecko/20100101 Firefox/150.0"
85.203.21.170 - - [07/May/2026:02:12:54 +0000] "GET /wp-content/plugins/elementor/assets/js/frontend.min.js?ver=3.10.1 HTTP/1.1" 200 12124 "https://nipponia.com/" "Mozilla/5.0 (Windows NT 10.0; Win64; x64; rv:150.0) Gecko/20100101 Firefox/150.0"
85.203.21.155 - - [07/May/2026:02:12:54 +0000] "GET /wp-content/plugins/elementor-pro/assets/js/elements-handlers.min.js?ver=3.10.2 HTTP/1.1" 200 6374 "https://nipponia.com/" "Mozilla/5.0 (Windows NT 10.0; Win64; x64; rv:150.0) Gecko/20100101 Firefox/150.0"
85.203.21.157 - - [07/May/2026:02:12:54 +0000] "GET /wp-content/plugins/elementor/assets/lib/eicons/fonts/eicons.woff2?5.17.0 HTTP/1.1" 200 93444 "https://nipponia.com/wp-content/plugins/elementor/assets/lib/eicons/css/elementor-icons.min.css?ver=5.17.0" "Mozilla/5.0 (Windows NT 10.0; Win64; x64; rv:150.0) Gecko/20100101 Firefox/150.0"
85.203.21.232 - - [07/May/2026:02:12:54 +0000] "GET /wp-content/plugins/elementor/assets/lib/font-awesome/webfonts/fa-brands-400.woff2 HTTP/1.1" 200 76764 "https://nipponia.com/wp-content/plugins/elementor/assets/lib/font-awesome/css/brands.min.css?ver=5.15.3" "Mozilla/5.0 (Windows NT 10.0; Win64; x64; rv:150.0) Gecko/20100101 Firefox/150.0"
85.203.21.45 - - [07/May/2026:02:12:54 +0000] "GET /wp-includes/js/wp-emoji-release.min.js?ver=6.9.4 HTTP/1.1" 200 5375 "https://nipponia.com/" "Mozilla/5.0 (Windows NT 10.0; Win64; x64; rv:150.0) Gecko/20100101 Firefox/150.0"
85.203.21.157 - - [07/May/2026:02:12:56 +0000] "GET /wp-content/plugins/elementor-pro/assets/js/nav-menu.c8d112707fd7172d2a9d.bundle.min.js HTTP/1.1" 200 1529 "https://nipponia.com/" "Mozilla/5.0 (Windows NT 10.0; Win64; x64; rv:150.0) Gecko/20100101 Firefox/150.0"
85.203.21.157 - - [07/May/2026:02:12:56 +0000] "GET /wp-content/plugins/elementor/assets/lib/font-awesome/webfonts/fa-solid-900.woff2 HTTP/1.1" 200 78196 "https://nipponia.com/wp-content/plugins/elementor/assets/lib/font-awesome/css/solid.min.css?ver=5.15.3" "Mozilla/5.0 (Windows NT 10.0; Win64; x64; rv:150.0) Gecko/20100101 Firefox/150.0"
85.203.21.157 - - [07/May/2026:02:12:57 +0000] "GET /wp-content/plugins/elementor/assets/js/text-editor.2c35aafbe5bf0e127950.bundle.min.js HTTP/1.1" 200 665 "https://nipponia.com/" "Mozilla/5.0 (Windows NT 10.0; Win64; x64; rv:150.0) Gecko/20100101 Firefox/150.0"
85.203.21.157 - - [07/May/2026:02:12:57 +0000] "GET /wp-content/uploads/2023/01/eccitymp4.mp4 HTTP/1.1" 206 12573 "https://nipponia.com/" "Mozilla/5.0 (Windows NT 10.0; Win64; x64; rv:150.0) Gecko/20100101 Firefox/150.0"
85.203.21.170 - - [07/May/2026:02:12:57 +0000] "GET /wp-content/uploads/2023/01/eccitymp4.mp4 HTTP/1.1" 206 12573 "https://nipponia.com/" "Mozilla/5.0 (Windows NT 10.0; Win64; x64; rv:150.0) Gecko/20100101 Firefox/150.0"
85.203.21.232 - - [07/May/2026:02:12:57 +0000] "GET /wp-content/uploads/2023/01/eccitymp4.mp4 HTTP/1.1" 206 2044189 "https://nipponia.com/" "Mozilla/5.0 (Windows NT 10.0; Win64; x64; rv:150.0) Gecko/20100101 Firefox/150.0"
85.203.21.45 - - [07/May/2026:02:12:57 +0000] "GET /wp-content/uploads/2023/01/eccitymp4.mp4 HTTP/1.1" 206 2044189 "https://nipponia.com/" "Mozilla/5.0 (Windows NT 10.0; Win64; x64; rv:150.0) Gecko/20100101 Firefox/150.0"
85.203.21.155 - - [07/May/2026:02:12:58 +0000] "GET /wp-content/plugins/elementor/assets/js/counter.02cef29c589e742d4c8c.bundle.min.js HTTP/1.1" 200 487 "https://nipponia.com/" "Mozilla/5.0 (Windows NT 10.0; Win64; x64; rv:150.0) Gecko/20100101 Firefox/150.0"
85.203.21.186 - - [07/May/2026:02:12:58 +0000] "GET /wp-content/plugins/elementor-pro/assets/js/form.72b77b99d67b130634d2.bundle.min.js HTTP/1.1" 200 5000 "https://nipponia.com/" "Mozilla/5.0 (Windows NT 10.0; Win64; x64; rv:150.0) Gecko/20100101 Firefox/150.0"
85.203.21.157 - - [07/May/2026:02:12:57 +0000] "GET /wp-content/uploads/2023/01/eccitymp4.mp4 HTTP/1.1" 206 2011421 "https://nipponia.com/" "Mozilla/5.0 (Windows NT 10.0; Win64; x64; rv:150.0) Gecko/20100101 Firefox/150.0"
85.203.21.193 - - [07/May/2026:02:12:58 +0000] "GET /wp-content/plugins/elementor-pro/assets/js/popup.483b906ddaa1af17ff14.bundle.min.js HTTP/1.1" 200 451 "https://nipponia.com/" "Mozilla/5.0 (Windows NT 10.0; Win64; x64; rv:150.0) Gecko/20100101 Firefox/150.0"
85.203.21.170 - - [07/May/2026:02:12:57 +0000] "GET /wp-content/uploads/2023/01/eccitymp4.mp4 HTTP/1.1" 206 2011421 "https://nipponia.com/" "Mozilla/5.0 (Windows NT 10.0; Win64; x64; rv:150.0) Gecko/20100101 Firefox/150.0"
68.183.22.192 - - [07/May/2026:02:12:57 +0000] "POST /xmlrpc.php HTTP/1.1" 503 7312 "-" "Mozilla/5.0 (Macintosh; Intel Mac OS X 10_12_6) AppleWebKit/537.36 (KHTML, like Gecko) Chrome/65.0.3325.181 Safari/537.36"
193.37.32.1 - - [07/May/2026:02:13:26 +0000] "GET /wp-admin HTTP/1.1" 301 278 "-" "Mozilla/5.0 (Windows NT 10.0; Win64; x64; rv:150.0) Gecko/20100101 Firefox/150.0"
193.37.32.1 - - [07/May/2026:02:13:26 +0000] "GET /wp-admin/ HTTP/1.1" 302 - "-" "Mozilla/5.0 (Windows NT 10.0; Win64; x64; rv:150.0) Gecko/20100101 Firefox/150.0"
193.37.32.1 - - [07/May/2026:02:13:39 +0000] "GET /wp-login.php?redirect_to=https%3A%2F%2Fnipponia.com%2Fwp-admin%2F&reauth=1 HTTP/1.1" 200 1969 "-" "Mozilla/5.0 (Windows NT 10.0; Win64; x64; rv:150.0) Gecko/20100101 Firefox/150.0"
193.37.32.1 - - [07/May/2026:02:13:51 +0000] "GET /wp-includes/css/dashicons.min.css?ver=6.9.4 HTTP/1.1" 200 35721 "https://nipponia.com/wp-login.php?redirect_to=https%3A%2F%2Fnipponia.com%2Fwp-admin%2F&reauth=1" "Mozilla/5.0 (Windows NT 10.0; Win64; x64; rv:150.0) Gecko/20100101 Firefox/150.0"
85.203.21.155 - - [07/May/2026:02:13:52 +0000] "GET /wp-admin/css/forms.min.css?ver=6.9.4 HTTP/1.1" 200 6620 "https://nipponia.com/wp-login.php?redirect_to=https%3A%2F%2Fnipponia.com%2Fwp-admin%2F&reauth=1" "Mozilla/5.0 (Windows NT 10.0; Win64; x64; rv:150.0) Gecko/20100101 Firefox/150.0"
85.203.21.52 - - [07/May/2026:02:13:52 +0000] "GET /wp-admin/css/login.min.css?ver=6.9.4 HTTP/1.1" 200 2171 "https://nipponia.com/wp-login.php?redirect_to=https%3A%2F%2Fnipponia.com%2Fwp-admin%2F&reauth=1" "Mozilla/5.0 (Windows NT 10.0; Win64; x64; rv:150.0) Gecko/20100101 Firefox/150.0"
85.203.21.156 - - [07/May/2026:02:13:52 +0000] "GET /wp-includes/js/clipboard.min.js?ver=2.0.11 HTTP/1.1" 200 3150 "https://nipponia.com/wp-login.php?redirect_to=https%3A%2F%2Fnipponia.com%2Fwp-admin%2F&reauth=1" "Mozilla/5.0 (Windows NT 10.0; Win64; x64; rv:150.0) Gecko/20100101 Firefox/150.0"
193.37.32.1 - - [07/May/2026:02:13:52 +0000] "GET /wp-includes/js/zxcvbn-async.min.js?ver=1.0 HTTP/1.1" 200 256 "https://nipponia.com/wp-login.php?redirect_to=https%3A%2F%2Fnipponia.com%2Fwp-admin%2F&reauth=1" "Mozilla/5.0 (Windows NT 10.0; Win64; x64; rv:150.0) Gecko/20100101 Firefox/150.0"
85.203.21.217 - - [07/May/2026:02:13:52 +0000] "GET /wp-admin/css/l10n.min.css?ver=6.9.4 HTTP/1.1" 200 767 "https://nipponia.com/wp-login.php?redirect_to=https%3A%2F%2Fnipponia.com%2Fwp-admin%2F&reauth=1" "Mozilla/5.0 (Windows NT 10.0; Win64; x64; rv:150.0) Gecko/20100101 Firefox/150.0"
85.203.21.58 - - [07/May/2026:02:13:52 +0000] "GET /wp-includes/css/buttons.min.css?ver=6.9.4 HTTP/1.1" 200 1470 "https://nipponia.com/wp-login.php?redirect_to=https%3A%2F%2Fnipponia.com%2Fwp-admin%2F&reauth=1" "Mozilla/5.0 (Windows NT 10.0; Win64; x64; rv:150.0) Gecko/20100101 Firefox/150.0"
20.123.172.228 - - [07/May/2026:02:13:50 +0000] "POST /wp-cron.php?doing_wp_cron=1778120030.5719060897827148437500 HTTP/1.1" 200 - "-" "WordPress/6.9.4; https://nipponia.com"
85.203.21.155 - - [07/May/2026:02:13:52 +0000] "GET /wp-admin/js/password-strength-meter.min.js?ver=6.9.4 HTTP/1.1" 200 621 "https://nipponia.com/wp-login.php?redirect_to=https%3A%2F%2Fnipponia.com%2Fwp-admin%2F&reauth=1" "Mozilla/5.0 (Windows NT 10.0; Win64; x64; rv:150.0) Gecko/20100101 Firefox/150.0"
85.203.21.156 - - [07/May/2026:02:13:52 +0000] "GET /wp-includes/js/wp-util.min.js?ver=6.9.4 HTTP/1.1" 200 754 "https://nipponia.com/wp-login.php?redirect_to=https%3A%2F%2Fnipponia.com%2Fwp-admin%2F&reauth=1" "Mozilla/5.0 (Windows NT 10.0; Win64; x64; rv:150.0) Gecko/20100101 Firefox/150.0"
85.203.21.52 - - [07/May/2026:02:13:52 +0000] "GET /wp-includes/js/underscore.min.js?ver=1.13.7 HTTP/1.1" 200 7317 "https://nipponia.com/wp-login.php?redirect_to=https%3A%2F%2Fnipponia.com%2Fwp-admin%2F&reauth=1" "Mozilla/5.0 (Windows NT 10.0; Win64; x64; rv:150.0) Gecko/20100101 Firefox/150.0"
193.37.32.1 - - [07/May/2026:02:13:52 +0000] "GET /wp-includes/js/dist/dom-ready.min.js?ver=f77871ff7694fffea381 HTTP/1.1" 200 320 "https://nipponia.com/wp-login.php?redirect_to=https%3A%2F%2Fnipponia.com%2Fwp-admin%2F&reauth=1" "Mozilla/5.0 (Windows NT 10.0; Win64; x64; rv:150.0) Gecko/20100101 Firefox/150.0"
85.203.21.217 - - [07/May/2026:02:13:52 +0000] "GET /wp-includes/js/dist/a11y.min.js?ver=cb460b4676c94bd228ed HTTP/1.1" 200 929 "https://nipponia.com/wp-login.php?redirect_to=https%3A%2F%2Fnipponia.com%2Fwp-admin%2F&reauth=1" "Mozilla/5.0 (Windows NT 10.0; Win64; x64; rv:150.0) Gecko/20100101 Firefox/150.0"
85.203.21.58 - - [07/May/2026:02:13:52 +0000] "GET /wp-admin/js/user-profile.min.js?ver=6.9.4 HTTP/1.1" 200 3150 "https://nipponia.com/wp-login.php?redirect_to=https%3A%2F%2Fnipponia.com%2Fwp-admin%2F&reauth=1" "Mozilla/5.0 (Windows NT 10.0; Win64; x64; rv:150.0) Gecko/20100101 Firefox/150.0"
85.203.21.52 - - [07/May/2026:02:13:52 +0000] "GET /wp-admin/images/wordpress-logo.svg?ver=20131107 HTTP/1.1" 200 818 "https://nipponia.com/wp-admin/css/login.min.css?ver=6.9.4" "Mozilla/5.0 (Windows NT 10.0; Win64; x64; rv:150.0) Gecko/20100101 Firefox/150.0"
85.203.21.156 - - [07/May/2026:02:13:52 +0000] "GET /wp-content/uploads/2023/01/cropped-cropped-1c_v_logo_hr_b-32x32.png HTTP/1.1" 200 1115 "https://nipponia.com/wp-login.php?redirect_to=https%3A%2F%2Fnipponia.com%2Fwp-admin%2F&reauth=1" "Mozilla/5.0 (Windows NT 10.0; Win64; x64; rv:150.0) Gecko/20100101 Firefox/150.0"
85.203.21.155 - - [07/May/2026:02:13:52 +0000] "GET /wp-content/uploads/2023/01/cropped-cropped-1c_v_logo_hr_b-192x192.png HTTP/1.1" 200 16671 "https://nipponia.com/wp-login.php?redirect_to=https%3A%2F%2Fnipponia.com%2Fwp-admin%2F&reauth=1" "Mozilla/5.0 (Windows NT 10.0; Win64; x64; rv:150.0) Gecko/20100101 Firefox/150.0"
85.203.21.52 - - [07/May/2026:02:13:52 +0000] "GET /wp-includes/js/zxcvbn.min.js HTTP/1.1" 200 399661 "https://nipponia.com/wp-login.php?redirect_to=https%3A%2F%2Fnipponia.com%2Fwp-admin%2F&reauth=1" "Mozilla/5.0 (Windows NT 10.0; Win64; x64; rv:150.0) Gecko/20100101 Firefox/150.0"
85.203.21.208 - - [07/May/2026:02:16:25 +0000] "GET /666.txt HTTP/1.1" 200 5 "-" "Mozilla/5.0 (Windows NT 10.0; Win64; x64; rv:150.0) Gecko/20100101 Firefox/150.0"
85.203.21.208 - - [07/May/2026:02:16:25 +0000] "GET /favicon.ico HTTP/1.1" 302 - "https://nipponia.com/666.txt" "Mozilla/5.0 (Windows NT 10.0; Win64; x64; rv:150.0) Gecko/20100101 Firefox/150.0"
149.154.161.230 - - [07/May/2026:02:16:46 +0000] "GET /666.txt HTTP/1.1" 200 5 "-" "TelegramBot (like TwitterBot)"
162.214.66.154 - - [07/May/2026:02:21:03 +0000] "POST /xmlrpc.php HTTP/1.1" 503 7312 "-" "Mozilla/5.0 (Windows NT 10.0; WOW64) AppleWebKit/537.36 (KHTML, like Gecko) Chrome/67.0.3396.87 Safari/537.36"
64.233.173.39 - - [07/May/2026:02:21:02 +0000] "GET /.well-known/traffic-advice HTTP/1.1" 404 10742 "-" "Chrome Privacy Preserving Prefetch Proxy"
103.141.30.37 - - [07/May/2026:02:21:06 +0000] "GET / HTTP/1.1" 200 15315 "-" "Mozilla/5.0 (Windows NT 10.0; Win64; x64) AppleWebKit/537.36 (KHTML, like Gecko) Chrome/147.0.0.0 Safari/537.36"
64.233.173.39 - - [07/May/2026:02:21:12 +0000] "GET /.well-known/traffic-advice HTTP/1.1" 404 10742 "-" "Chrome Privacy Preserving Prefetch Proxy"
103.141.30.37 - - [07/May/2026:02:21:10 +0000] "GET / HTTP/1.1" 200 15315 "https://www.google.com/" "Mozilla/5.0 (Windows NT 10.0; Win64; x64) AppleWebKit/537.36 (KHTML, like Gecko) Chrome/147.0.0.0 Safari/537.36"
144.76.32.120 - - [07/May/2026:02:21:12 +0000] "GET /robots.txt HTTP/1.1" 200 122 "-" "Mozilla/5.0 (compatible; SERankingBacklinksBot/1.0; +https://seranking.com/backlinks-crawler)"
103.141.30.37 - - [07/May/2026:02:21:12 +0000] "GET /netherlands/ HTTP/1.1" 200 12486 "https://www.google.com/" "Mozilla/5.0 (Windows NT 10.0; Win64; x64) AppleWebKit/537.36 (KHTML, like Gecko) Chrome/147.0.0.0 Safari/537.36"
103.141.30.37 - - [07/May/2026:02:23:02 +0000] "GET /china-2/ HTTP/1.1" 200 12436 "https://www.google.com/" "Mozilla/5.0 (Windows NT 10.0; Win64; x64) AppleWebKit/537.36 (KHTML, like Gecko) Chrome/147.0.0.0 Safari/537.36"
103.141.30.37 - - [07/May/2026:02:23:02 +0000] "GET /company-profile/ HTTP/1.1" 200 12010 "https://www.google.com/" "Mozilla/5.0 (Windows NT 10.0; Win64; x64) AppleWebKit/537.36 (KHTML, like Gecko) Chrome/147.0.0.0 Safari/537.36"
103.141.30.37 - - [07/May/2026:02:23:04 +0000] "GET /greece/ HTTP/1.1" 200 12465 "https://www.google.com/" "Mozilla/5.0 (Windows NT 10.0; Win64; x64) AppleWebKit/537.36 (KHTML, like Gecko) Chrome/147.0.0.0 Safari/537.36"
103.141.30.37 - - [07/May/2026:02:23:03 +0000] "GET /testposts/ HTTP/1.1" 200 12908 "https://www.google.com/" "Mozilla/5.0 (Windows NT 10.0; Win64; x64) AppleWebKit/537.36 (KHTML, like Gecko) Chrome/147.0.0.0 Safari/537.36"
103.141.30.37 - - [07/May/2026:02:23:28 +0000] "GET /wp-content/plugins/elementor-pro/assets/css/widget-nav-menu.min.css HTTP/1.1" 200 3332 "http://nipponia.com/" "Mozilla/5.0 (Windows NT 10.0; Win64; x64) AppleWebKit/537.36 (KHTML, like Gecko) Chrome/147.0.0.0 Safari/537.36"
103.141.30.37 - - [07/May/2026:02:23:28 +0000] "GET /wp-content/plugins/elementor/assets/css/widget-icon-list.min.css HTTP/1.1" 200 941 "http://nipponia.com/" "Mozilla/5.0 (Windows NT 10.0; Win64; x64) AppleWebKit/537.36 (KHTML, like Gecko) Chrome/147.0.0.0 Safari/537.36"
103.141.30.37 - - [07/May/2026:02:23:36 +0000] "GET /wp-content/uploads/2023/01/Footer-BG.png HTTP/1.1" 200 20270 "http://nipponia.com/" "Mozilla/5.0 (Windows NT 10.0; Win64; x64) AppleWebKit/537.36 (KHTML, like Gecko) Chrome/147.0.0.0 Safari/537.36"
103.141.30.37 - - [07/May/2026:02:23:05 +0000] "GET /guatemala/ HTTP/1.1" 200 12489 "https://www.google.com/" "Mozilla/5.0 (Windows NT 10.0; Win64; x64) AppleWebKit/537.36 (KHTML, like Gecko) Chrome/147.0.0.0 Safari/537.36"
103.141.30.37 - - [07/May/2026:02:23:07 +0000] "GET /netherlands/ HTTP/1.1" 200 12486 "https://www.google.com/" "Mozilla/5.0 (Windows NT 10.0; Win64; x64) AppleWebKit/537.36 (KHTML, like Gecko) Chrome/147.0.0.0 Safari/537.36"
20.123.172.228 - - [07/May/2026:02:23:20 +0000] "POST /wp-cron.php?doing_wp_cron=1778120600.7309260368347167968750 HTTP/1.1" 200 - "-" "WordPress/6.9.4; https://nipponia.com"
103.141.30.37 - - [07/May/2026:02:23:20 +0000] "GET /company-profile-2/ HTTP/1.1" 200 11202 "https://www.google.com/" "Mozilla/5.0 (Windows NT 10.0; Win64; x64) AppleWebKit/537.36 (KHTML, like Gecko) Chrome/147.0.0.0 Safari/537.36"
103.141.30.37 - - [07/May/2026:02:23:21 +0000] "GET /2023/01/14/volty/ HTTP/1.1" 200 12736 "https://www.google.com/" "Mozilla/5.0 (Windows NT 10.0; Win64; x64) AppleWebKit/537.36 (KHTML, like Gecko) Chrome/147.0.0.0 Safari/537.36"
103.141.30.37 - - [07/May/2026:02:23:26 +0000] "GET /guatemala/ HTTP/1.1" 200 12489 "https://www.google.com/" "Mozilla/5.0 (Windows NT 10.0; Win64; x64) AppleWebKit/537.36 (KHTML, like Gecko) Chrome/147.0.0.0 Safari/537.36"
178.18.246.56 - - [07/May/2026:02:29:01 +0000] "POST /xmlrpc.php HTTP/1.1" 503 7313 "-" "Mozilla/5.0 (Windows NT 6.3; Win64; x64) AppleWebKit/537.36 (KHTML, like Gecko) Chrome/66.0.3359.139 Safari/537.36"
103.141.30.37 - - [07/May/2026:02:29:30 +0000] "GET /666.txt HTTP/1.1" 200 5 "-" "Mozilla/5.0 (Windows NT 10.0; Win64; x64; rv:150.0) Gecko/20100101 Firefox/150.0"
103.141.30.37 - - [07/May/2026:02:29:30 +0000] "GET /favicon.ico HTTP/1.1" 302 - "https://nipponia.com/666.txt" "Mozilla/5.0 (Windows NT 10.0; Win64; x64; rv:150.0) Gecko/20100101 Firefox/150.0"
35.226.7.126 - - [07/May/2026:02:37:21 +0000] "POST /xmlrpc.php HTTP/1.1" 503 7312 "-" "Mozilla/5.0 (Windows NT 6.1; WOW64) AppleWebKit/537.36 (KHTML, like Gecko) Chrome/66.0.3359.181 Safari/537.36"
20.123.172.228 - - [07/May/2026:02:37:34 +0000] "POST /wp-cron.php?doing_wp_cron=1778121454.0411140918731689453125 HTTP/1.1" 200 - "-" "WordPress/6.9.4; https://nipponia.com"
62.232.51.140 - - [07/May/2026:02:41:25 +0000] "GET /wp-login.php HTTP/1.1" 200 1969 "-" "Mozilla/4.0 (compatible; MSIE 7.0; Windows NT 6.1; Trident/7.0; SLCC2; .NET CLR 2.0.50727; .NET CLR 3.5.30729; .NET CLR 3.0.30729; .NET4.0C; .NET4.0E; Media Center PC 6.0; InfoPath.3; BRI/2)"
20.123.172.228 - - [07/May/2026:02:41:37 +0000] "POST /wp-cron.php?doing_wp_cron=1778121697.5535900592803955078125 HTTP/1.1" 200 - "-" "WordPress/6.9.4; https://nipponia.com"
62.232.51.140 - - [07/May/2026:02:41:38 +0000] "POST /wp-login.php HTTP/1.1" 503 7312 "https://nipponia.com/wp-login.php" "Mozilla/4.0 (compatible; MSIE 7.0; Windows NT 6.1; Trident/7.0; SLCC2; .NET CLR 2.0.50727; .NET CLR 3.5.30729; .NET CLR 3.0.30729; .NET4.0C; .NET4.0E; Media Center PC 6.0; InfoPath.3; BRI/2)"
129.121.41.228 - - [07/May/2026:02:45:39 +0000] "POST /xmlrpc.php HTTP/1.1" 503 7312 "-" "Mozilla/5.0 (Windows NT 5.1; Win64; x64) AppleWebKit/537.36 (KHTML, like Gecko) Chrome/58.0.3029.110 Safari/537.36 Edge/16.16299"
20.239.192.136 - - [07/May/2026:02:46:39 +0000] "GET /wp-admin/images/about.php HTTP/1.1" 404 10742 "-" "Mozilla/5.0 (Windows NT 10.0; Win64; x64) AppleWebKit/537.36 (KHTML, like Gecko) Chrome/120.0.0.0 Safari/537.36"
20.123.172.228 - - [07/May/2026:02:46:54 +0000] "POST /wp-cron.php?doing_wp_cron=1778122014.1218659877777099609375 HTTP/1.1" 200 - "-" "WordPress/6.9.4; https://nipponia.com"
62.232.51.140 - - [07/May/2026:02:50:13 +0000] "GET /wp-login.php HTTP/1.1" 503 7110 "-" "Mozilla/5.0 (X11; CrOS x86_64 10452.74.0) AppleWebKit/537.36 (KHTML, like Gecko) Chrome/66.0.3359.137 Safari/537.36"
62.232.51.140 - - [07/May/2026:02:50:17 +0000] "POST /wp-login.php HTTP/1.1" 503 7109 "https://nipponia.com/wp-login.php" "Mozilla/5.0 (X11; CrOS x86_64 10452.74.0) AppleWebKit/537.36 (KHTML, like Gecko) Chrome/66.0.3359.137 Safari/537.36"
34.240.227.124 - - [07/May/2026:02:52:51 +0000] "GET /robots.txt HTTP/1.1" 200 122 "-" "Mozilla/5.0 (Macintosh; Intel Mac OS X 10_15_5) AppleWebKit/537.36 (KHTML, like Gecko) Chrome/83.0.4103.61 Safari/537.36"
34.240.227.124 - - [07/May/2026:02:53:02 +0000] "GET /robots.txt HTTP/1.1" 200 122 "-" "Mozilla/5.0 (Macintosh; Intel Mac OS X 10_15_5) AppleWebKit/537.36 (KHTML, like Gecko) Chrome/83.0.4103.61 Safari/537.36"
34.240.227.124 - - [07/May/2026:02:53:12 +0000] "GET /robots.txt HTTP/1.1" 200 122 "-" "Mozilla/5.0 (Macintosh; Intel Mac OS X 10_15_5) AppleWebKit/537.36 (KHTML, like Gecko) Chrome/83.0.4103.61 Safari/537.36"
34.240.227.124 - - [07/May/2026:02:53:22 +0000] "GET /robots.txt HTTP/1.1" 200 122 "-" "Mozilla/5.0 (Macintosh; Intel Mac OS X 10_15_5) AppleWebKit/537.36 (KHTML, like Gecko) Chrome/83.0.4103.61 Safari/537.36"
34.240.227.124 - - [07/May/2026:02:53:33 +0000] "GET /robots.txt HTTP/1.1" 200 122 "-" "Mozilla/5.0 (Macintosh; Intel Mac OS X 10_15_5) AppleWebKit/537.36 (KHTML, like Gecko) Chrome/83.0.4103.61 Safari/537.36"
34.240.227.124 - - [07/May/2026:02:53:38 +0000] "GET /index.php/en/ HTTP/1.1" 301 - "https://www.e-mobile.be/merken" "Mozilla/5.0 (Macintosh; Intel Mac OS X 10_15_5) AppleWebKit/537.36 (KHTML, like Gecko) Chrome/83.0.4103.61 Safari/537.36"
34.240.227.124 - - [07/May/2026:02:53:50 +0000] "GET /index.php/en/ HTTP/1.1" 301 - "https://www.e-mobile.be/merken" "Mozilla/5.0 (Macintosh; Intel Mac OS X 10_15_5) AppleWebKit/537.36 (KHTML, like Gecko) Chrome/83.0.4103.61 Safari/537.36"
34.240.227.124 - - [07/May/2026:02:54:00 +0000] "GET /index.php/en/ HTTP/1.1" 301 - "https://www.e-mobile.be/merken" "Mozilla/5.0 (Macintosh; Intel Mac OS X 10_15_5) AppleWebKit/537.36 (KHTML, like Gecko) Chrome/83.0.4103.61 Safari/537.36"
64.233.173.38 - - [07/May/2026:02:54:16 +0000] "GET /.well-known/traffic-advice HTTP/1.1" 404 10742 "-" "Chrome Privacy Preserving Prefetch Proxy"
64.233.173.39 - - [07/May/2026:02:54:16 +0000] "GET /.well-known/traffic-advice HTTP/1.1" 404 10742 "-" "Chrome Privacy Preserving Prefetch Proxy"
167.71.226.156 - - [07/May/2026:03:02:25 +0000] "POST /xmlrpc.php HTTP/1.1" 503 7312 "-" "Mozilla/5.0 (Windows NT 6.1; Win64; x64) AppleWebKit/537.36 (KHTML, like Gecko) Chrome/65.0.3325.181 Safari/537.36 OPR/52.0.2871.99"
20.123.172.228 - - [07/May/2026:03:02:38 +0000] "POST /wp-cron.php?doing_wp_cron=1778122958.5182380676269531250000 HTTP/1.1" 200 - "-" "WordPress/6.9.4; https://nipponia.com"
50.6.229.148 - - [07/May/2026:03:10:56 +0000] "POST /xmlrpc.php HTTP/1.1" 503 7312 "-" "Mozilla/5.0 (Windows NT 10.0; WOW64) AppleWebKit/537.36 (KHTML, like Gecko) Chrome/64.0.3282.186 Safari/537.36 OPR/51.0.2830.55"
43.172.198.47 - - [07/May/2026:03:12:03 +0000] "GET /china-2/ HTTP/1.1" 200 12436 "-" "Mozilla/5.0 (Windows NT 10.0; Win64; x64) AppleWebKit/537.36 (KHTML, like Gecko) Chrome/107.0.0.0 Safari/537.36"
20.123.172.228 - - [07/May/2026:03:12:21 +0000] "POST /wp-cron.php?doing_wp_cron=1778123540.9835150241851806640625 HTTP/1.1" 200 - "-" "WordPress/6.9.4; https://nipponia.com"
43.173.176.204 - - [07/May/2026:03:12:13 +0000] "GET /china-2/ HTTP/1.1" 200 12436 "-" "Mozilla/5.0 (Windows NT 10.0; Win64; x64) AppleWebKit/537.36 (KHTML, like Gecko) Chrome/104.0.5112.81 Safari/537.36"
43.172.197.37 - - [07/May/2026:03:12:31 +0000] "GET /china-2/ HTTP/1.1" 200 12436 "-" "Mozilla/5.0 (Windows NT 10.0; Win64; x64) AppleWebKit/537.36 (KHTML, like Gecko) Chrome/104.0.5112.81 Safari/537.36"
134.249.9.130 - - [07/May/2026:03:13:20 +0000] "GET /china-2/ HTTP/1.1" 200 12436 "-" "Mozilla/5.0 (Windows NT 10.0; Win64; x64) AppleWebKit/537.36 (KHTML, like Gecko) Chrome/129.0.0.0 Safari/537.36"
181.20.126.229 - - [07/May/2026:03:13:33 +0000] "GET /china-2/ HTTP/1.1" 200 12436 "-" "Mozilla/5.0 (Windows NT 10.0; Win64; x64) AppleWebKit/537.36 (KHTML, like Gecko) Chrome/129.0.0.0 Safari/537.36"
92.205.109.21 - - [07/May/2026:03:15:21 +0000] "GET /wp-login.php HTTP/1.1" 200 1969 "-" "Mozilla/5.0 (Windows NT 6.3; Win64; x64; rv:60.0) Gecko/20100101 Firefox/60.0"
45.127.44.42 - - [07/May/2026:03:15:28 +0000] "POST /xmlrpc.php HTTP/1.1" 503 7928 "-" "Jetpack/12.1; WordPress/6.3; http://site58290573.com"
92.205.109.21 - - [07/May/2026:03:15:33 +0000] "POST /wp-login.php HTTP/1.1" 503 7312 "https://nipponia.com/wp-login.php" "Mozilla/5.0 (Windows NT 6.3; Win64; x64; rv:60.0) Gecko/20100101 Firefox/60.0"
45.127.44.42 - - [07/May/2026:03:15:39 +0000] "POST /xmlrpc.php HTTP/1.1" 503 7959 "-" "Jetpack/12.0; WordPress/6.4; http://site59502181.com"
45.127.44.42 - - [07/May/2026:03:15:49 +0000] "POST /xmlrpc.php HTTP/1.1" 503 18028 "-" "Jetpack/13.0; WordPress/6.2; http://site49373458.com"
45.127.44.42 - - [07/May/2026:03:16:00 +0000] "POST /xmlrpc.php HTTP/1.1" 503 18028 "-" "Jetpack by WordPress.com"
45.127.44.42 - - [07/May/2026:03:16:10 +0000] "POST /xmlrpc.php HTTP/1.1" 503 18028 "-" "WordPress.com; https://wordpress.com"
45.127.44.42 - - [07/May/2026:03:16:21 +0000] "POST /xmlrpc.php HTTP/1.1" 503 18028 "-" "Jetpack/12.0; WordPress/6.3; http://site17976897.com"
45.127.44.42 - - [07/May/2026:03:16:32 +0000] "POST /xmlrpc.php HTTP/1.1" 503 18028 "-" "Jetpack/12.0; WordPress/6.1; http://site71841746.com"
45.127.44.42 - - [07/May/2026:03:16:42 +0000] "POST /xmlrpc.php HTTP/1.1" 503 18028 "-" "WordPress.com; https://wordpress.com"
45.127.44.42 - - [07/May/2026:03:16:53 +0000] "POST /xmlrpc.php HTTP/1.1" 503 18028 "-" "WordPress.com; https://wordpress.com"
45.127.44.42 - - [07/May/2026:03:17:03 +0000] "POST /xmlrpc.php HTTP/1.1" 503 18028 "-" "Jetpack by WordPress.com (Jetpack 12.5; WordPress 6.1)"
45.127.44.42 - - [07/May/2026:03:17:14 +0000] "POST /xmlrpc.php HTTP/1.1" 503 18028 "-" "WordPress.com; https://wordpress.com"
45.127.44.42 - - [07/May/2026:03:17:24 +0000] "POST /xmlrpc.php HTTP/1.1" 503 18028 "-" "Jetpack/13.0; WordPress/6.1; http://site42925752.com"
45.127.44.42 - - [07/May/2026:03:17:35 +0000] "POST /xmlrpc.php HTTP/1.1" 503 18028 "-" "Jetpack/13.0; WordPress/6.4; http://site59997807.com"
45.127.44.42 - - [07/May/2026:03:17:46 +0000] "POST /xmlrpc.php HTTP/1.1" 503 18028 "-" "WordPress.com; https://wordpress.com"
45.127.44.42 - - [07/May/2026:03:17:56 +0000] "POST /xmlrpc.php HTTP/1.1" 503 18028 "-" "Jetpack/12.5; WordPress/6.1; http://site16484765.com"
45.127.44.42 - - [07/May/2026:03:18:07 +0000] "POST /xmlrpc.php HTTP/1.1" 503 18028 "-" "Jetpack/12.1; WordPress/6.4; http://site30835551.com"
45.127.44.42 - - [07/May/2026:03:18:17 +0000] "POST /xmlrpc.php HTTP/1.1" 503 18028 "-" "Jetpack by WordPress.com"
45.127.44.42 - - [07/May/2026:03:18:28 +0000] "POST /xmlrpc.php HTTP/1.1" 503 18028 "-" "Jetpack by WordPress.com (Jetpack 12.5; WordPress 6.4)"
45.127.44.42 - - [07/May/2026:03:18:39 +0000] "POST /xmlrpc.php HTTP/1.1" 503 18028 "-" "Jetpack by WordPress.com"
45.127.44.42 - - [07/May/2026:03:18:49 +0000] "POST /xmlrpc.php HTTP/1.1" 503 18028 "-" "Jetpack by WordPress.com (Jetpack 12.0; WordPress 6.2)"
45.127.44.42 - - [07/May/2026:03:19:00 +0000] "POST /xmlrpc.php HTTP/1.1" 503 18028 "-" "Jetpack by WordPress.com"
45.127.44.42 - - [07/May/2026:03:19:10 +0000] "POST /xmlrpc.php HTTP/1.1" 503 18028 "-" "Jetpack by WordPress.com"
45.127.44.42 - - [07/May/2026:03:19:21 +0000] "POST /xmlrpc.php HTTP/1.1" 503 18028 "-" "Jetpack by WordPress.com"
45.127.44.42 - - [07/May/2026:03:19:31 +0000] "POST /xmlrpc.php HTTP/1.1" 503 18028 "-" "Jetpack/12.0; WordPress/6.1; http://site17825971.com"
45.127.44.42 - - [07/May/2026:03:19:42 +0000] "POST /xmlrpc.php HTTP/1.1" 503 18028 "-" "WordPress.com; https://wordpress.com"
45.127.44.42 - - [07/May/2026:03:19:53 +0000] "POST /xmlrpc.php HTTP/1.1" 503 18028 "-" "Jetpack by WordPress.com (Jetpack 12.5; WordPress 6.3)"
45.127.44.42 - - [07/May/2026:03:20:03 +0000] "POST /xmlrpc.php HTTP/1.1" 503 18028 "-" "Jetpack by WordPress.com"
45.127.44.42 - - [07/May/2026:03:20:14 +0000] "POST /xmlrpc.php HTTP/1.1" 503 18028 "-" "WordPress.com; https://wordpress.com"
45.127.44.42 - - [07/May/2026:03:20:25 +0000] "POST /xmlrpc.php HTTP/1.1" 503 18028 "-" "Jetpack by WordPress.com (Jetpack 12.1; WordPress 6.4)"
45.127.44.42 - - [07/May/2026:03:20:35 +0000] "POST /xmlrpc.php HTTP/1.1" 503 18028 "-" "WordPress.com; https://wordpress.com"
45.127.44.42 - - [07/May/2026:03:20:46 +0000] "POST /xmlrpc.php HTTP/1.1" 503 18028 "-" "Jetpack/12.5; WordPress/6.2; http://site90932523.com"
45.127.44.42 - - [07/May/2026:03:20:56 +0000] "POST /xmlrpc.php HTTP/1.1" 503 18027 "-" "Jetpack by WordPress.com"
110.139.127.89 - - [07/May/2026:03:21:05 +0000] "GET /1.php HTTP/1.1" 200 1447 "-" "Mozilla/5.0 (Windows NT 10.0; Win64; x64) AppleWebKit/537.36 (KHTML, like Gecko) Chrome/147.0.0.0 Safari/537.36"
45.127.44.42 - - [07/May/2026:03:21:07 +0000] "POST /xmlrpc.php HTTP/1.1" 503 18027 "-" "Jetpack by WordPress.com (Jetpack 12.0; WordPress 6.3)"
110.139.127.89 - - [07/May/2026:03:21:07 +0000] "GET /favicon.ico HTTP/1.1" 302 - "https://nipponia.com/1.php" "Mozilla/5.0 (Windows NT 10.0; Win64; x64) AppleWebKit/537.36 (KHTML, like Gecko) Chrome/147.0.0.0 Safari/537.36"
45.127.44.42 - - [07/May/2026:03:21:18 +0000] "POST /xmlrpc.php HTTP/1.1" 503 18027 "-" "Jetpack/13.0; WordPress/6.1; http://site83955936.com"
110.139.127.89 - - [07/May/2026:03:21:20 +0000] "GET /wp-content/uploads/2023/01/cropped-cropped-1c_v_logo_hr_b-32x32.png HTTP/1.1" 200 1115 "https://nipponia.com/1.php" "Mozilla/5.0 (Windows NT 10.0; Win64; x64) AppleWebKit/537.36 (KHTML, like Gecko) Chrome/147.0.0.0 Safari/537.36"
45.127.44.42 - - [07/May/2026:03:21:28 +0000] "POST /xmlrpc.php HTTP/1.1" 503 18028 "-" "Jetpack by WordPress.com"
182.8.65.47 - - [07/May/2026:03:21:30 +0000] "GET /1.php HTTP/1.1" 200 1447 "-" "Mozilla/5.0 (Linux; Android 10; K) AppleWebKit/537.36 (KHTML, like Gecko) Chrome/147.0.0.0 Mobile Safari/537.36"
20.123.172.228 - - [07/May/2026:03:21:15 +0000] "POST /?wordfence_syncAttackData=1778124075.2065 HTTP/1.1" 200 14709 "-" "WordPress/6.9.4; https://nipponia.com"
182.8.65.47 - - [07/May/2026:03:21:36 +0000] "GET /1.php?p=%2Fhome%2Fcentosnipponia%2Fpublic_html HTTP/1.1" 200 1481 "https://nipponia.com/1.php" "Mozilla/5.0 (Linux; Android 10; K) AppleWebKit/537.36 (KHTML, like Gecko) Chrome/147.0.0.0 Mobile Safari/537.36"
45.127.44.42 - - [07/May/2026:03:21:39 +0000] "POST /xmlrpc.php HTTP/1.1" 503 18028 "-" "Jetpack by WordPress.com (Jetpack 12.5; WordPress 6.2)"
182.8.65.47 - - [07/May/2026:03:21:32 +0000] "GET /favicon.ico HTTP/1.1" 302 - "https://nipponia.com/1.php" "Mozilla/5.0 (Linux; Android 10; K) AppleWebKit/537.36 (KHTML, like Gecko) Chrome/147.0.0.0 Mobile Safari/537.36"
20.123.172.228 - - [07/May/2026:03:21:39 +0000] "POST /?wordfence_syncAttackData=1778124099.3785 HTTP/1.1" 200 - "-" "WordPress/6.9.4; https://nipponia.com"
20.123.172.228 - - [07/May/2026:03:21:49 +0000] "POST /wp-cron.php?doing_wp_cron=1778124109.4950211048126220703125 HTTP/1.1" 200 - "-" "WordPress/6.9.4; https://nipponia.com"
45.127.44.42 - - [07/May/2026:03:21:49 +0000] "POST /xmlrpc.php HTTP/1.1" 503 18028 "-" "Jetpack by WordPress.com (Jetpack 12.5; WordPress 6.3)"
182.8.65.47 - - [07/May/2026:03:21:44 +0000] "GET /favicon.ico HTTP/1.1" 302 - "https://nipponia.com/1.php?p=%2Fhome%2Fcentosnipponia%2Fpublic_html" "Mozilla/5.0 (Linux; Android 10; K) AppleWebKit/537.36 (KHTML, like Gecko) Chrome/147.0.0.0 Mobile Safari/537.36"
45.127.44.42 - - [07/May/2026:03:22:00 +0000] "POST /xmlrpc.php HTTP/1.1" 503 18028 "-" "WordPress.com; https://wordpress.com"
182.8.65.47 - - [07/May/2026:03:22:06 +0000] "GET /wp-content/uploads/2023/01/cropped-cropped-1c_v_logo_hr_b-32x32.png HTTP/1.1" 200 1115 "https://nipponia.com/1.php?p=%2Fhome%2Fcentosnipponia%2Fpublic_html" "Mozilla/5.0 (Linux; Android 10; K) AppleWebKit/537.36 (KHTML, like Gecko) Chrome/147.0.0.0 Mobile Safari/537.36"
45.127.44.42 - - [07/May/2026:03:22:11 +0000] "POST /xmlrpc.php HTTP/1.1" 503 18028 "-" "WordPress.com; https://wordpress.com"
45.127.44.42 - - [07/May/2026:03:22:21 +0000] "POST /xmlrpc.php HTTP/1.1" 503 18028 "-" "Jetpack by WordPress.com"
45.127.44.42 - - [07/May/2026:03:22:32 +0000] "POST /xmlrpc.php HTTP/1.1" 503 18028 "-" "Jetpack by WordPress.com (Jetpack 12.1; WordPress 6.4)"
45.127.44.42 - - [07/May/2026:03:22:43 +0000] "POST /xmlrpc.php HTTP/1.1" 503 18028 "-" "Jetpack by WordPress.com"
45.127.44.42 - - [07/May/2026:03:22:54 +0000] "POST /xmlrpc.php HTTP/1.1" 503 18028 "-" "Jetpack by WordPress.com"
110.139.127.89 - - [07/May/2026:03:22:59 +0000] "GET /1.php HTTP/1.1" 200 1447 "-" "WhatsApp/2.23.20.0"
45.127.44.42 - - [07/May/2026:03:23:04 +0000] "POST /xmlrpc.php HTTP/1.1" 503 18028 "-" "Jetpack by WordPress.com"
45.127.44.42 - - [07/May/2026:03:23:14 +0000] "POST /xmlrpc.php HTTP/1.1" 503 18028 "-" "Jetpack by WordPress.com (Jetpack 12.0; WordPress 6.4)"
45.127.44.42 - - [07/May/2026:03:23:25 +0000] "POST /xmlrpc.php HTTP/1.1" 503 18028 "-" "Jetpack/12.0; WordPress/6.2; http://site51399753.com"
45.127.44.42 - - [07/May/2026:03:23:36 +0000] "POST /xmlrpc.php HTTP/1.1" 503 18028 "-" "Jetpack/12.5; WordPress/6.3; http://site93885924.com"
45.127.44.42 - - [07/May/2026:03:23:46 +0000] "POST /xmlrpc.php HTTP/1.1" 503 18028 "-" "Jetpack by WordPress.com"
148.113.1.176 - - [07/May/2026:03:23:46 +0000] "GET /wp-login.php HTTP/1.1" 200 1969 "-" "Mozilla/4.0 (compatible; MSIE 7.0; Windows NT 6.2; Trident/7.0; .NET4.0C; .NET4.0E)"
45.127.44.42 - - [07/May/2026:03:23:57 +0000] "POST /xmlrpc.php HTTP/1.1" 503 18028 "-" "WordPress.com; https://wordpress.com"
20.123.172.228 - - [07/May/2026:03:23:53 +0000] "POST /?wordfence_syncAttackData=1778124232.9406 HTTP/1.1" 200 - "-" "WordPress/6.9.4; https://nipponia.com"
148.113.1.176 - - [07/May/2026:03:23:57 +0000] "POST /wp-login.php HTTP/1.1" 503 7312 "https://nipponia.com/wp-login.php" "Mozilla/4.0 (compatible; MSIE 7.0; Windows NT 6.2; Trident/7.0; .NET4.0C; .NET4.0E)"
45.127.44.42 - - [07/May/2026:03:24:08 +0000] "POST /xmlrpc.php HTTP/1.1" 503 18028 "-" "Jetpack/12.0; WordPress/6.2; http://site47588502.com"
45.127.44.42 - - [07/May/2026:03:24:18 +0000] "POST /xmlrpc.php HTTP/1.1" 503 18028 "-" "Jetpack/12.5; WordPress/6.1; http://site88917174.com"
45.127.44.42 - - [07/May/2026:03:24:29 +0000] "POST /xmlrpc.php HTTP/1.1" 503 18028 "-" "Jetpack/12.5; WordPress/6.3; http://site92257795.com"
45.127.44.42 - - [07/May/2026:03:24:39 +0000] "POST /xmlrpc.php HTTP/1.1" 503 18028 "-" "WordPress.com; https://wordpress.com"
45.127.44.42 - - [07/May/2026:03:24:50 +0000] "POST /xmlrpc.php HTTP/1.1" 503 18028 "-" "Jetpack by WordPress.com"
45.127.44.42 - - [07/May/2026:03:25:00 +0000] "POST /xmlrpc.php HTTP/1.1" 503 18028 "-" "Jetpack/12.0; WordPress/6.1; http://site94372776.com"
45.127.44.42 - - [07/May/2026:03:25:11 +0000] "POST /xmlrpc.php HTTP/1.1" 503 18028 "-" "WordPress.com; https://wordpress.com"
45.127.44.42 - - [07/May/2026:03:25:21 +0000] "POST /xmlrpc.php HTTP/1.1" 503 18028 "-" "Jetpack by WordPress.com"
20.123.172.228 - - [07/May/2026:03:25:27 +0000] "POST /?wordfence_syncAttackData=1778124327.4359 HTTP/1.1" 200 - "-" "WordPress/6.9.4; https://nipponia.com"
182.8.65.47 - - [07/May/2026:03:25:20 +0000] "GET / HTTP/1.1" 200 15315 "-" "Mozilla/5.0 (Linux; Android 10; K) AppleWebKit/537.36 (KHTML, like Gecko) Chrome/147.0.0.0 Mobile Safari/537.36"
45.127.44.42 - - [07/May/2026:03:25:32 +0000] "POST /xmlrpc.php HTTP/1.1" 503 8192 "-" "WordPress.com; https://wordpress.com"
20.123.172.228 - - [07/May/2026:03:25:39 +0000] "POST /wp-cron.php?doing_wp_cron=1778124339.0186378955841064453125 HTTP/1.1" 200 - "-" "WordPress/6.9.4; https://nipponia.com"
182.8.65.47 - - [07/May/2026:03:25:27 +0000] "GET / HTTP/1.1" 200 15315 "https://www.google.com/" "Mozilla/5.0 (Linux; Android 10; K) AppleWebKit/537.36 (KHTML, like Gecko) Chrome/147.0.0.0 Mobile Safari/537.36"
45.127.44.42 - - [07/May/2026:03:25:43 +0000] "POST /xmlrpc.php HTTP/1.1" 503 7928 "-" "Jetpack by WordPress.com"
20.123.172.228 - - [07/May/2026:03:25:49 +0000] "POST /?wordfence_syncAttackData=1778124349.8362 HTTP/1.1" 200 - "-" "WordPress/6.9.4; https://nipponia.com"
182.8.65.47 - - [07/May/2026:03:25:35 +0000] "GET / HTTP/1.1" 200 15315 "https://www.google.com/" "Mozilla/5.0 (Linux; Android 10; K) AppleWebKit/537.36 (KHTML, like Gecko) Chrome/147.0.0.0 Mobile Safari/537.36"
182.8.65.47 - - [07/May/2026:03:26:02 +0000] "GET /wp-includes/css/dist/block-library/style.min.css?ver=6.9.4 HTTP/1.1" 200 15916 "https://nipponia.com/" "Mozilla/5.0 (Linux; Android 10; K) AppleWebKit/537.36 (KHTML, like Gecko) Chrome/147.0.0.0 Mobile Safari/537.36"
182.8.65.47 - - [07/May/2026:03:26:02 +0000] "GET /wp-content/uploads/elementor/css/post-175.css?ver=1674635264 HTTP/1.1" 200 439 "https://nipponia.com/" "Mozilla/5.0 (Linux; Android 10; K) AppleWebKit/537.36 (KHTML, like Gecko) Chrome/147.0.0.0 Mobile Safari/537.36"
182.8.65.47 - - [07/May/2026:03:26:02 +0000] "GET /wp-content/themes/hello-elementor/style.min.css?ver=2.6.1 HTTP/1.1" 200 1940 "https://nipponia.com/" "Mozilla/5.0 (Linux; Android 10; K) AppleWebKit/537.36 (KHTML, like Gecko) Chrome/147.0.0.0 Mobile Safari/537.36"
182.8.65.47 - - [07/May/2026:03:26:02 +0000] "GET /wp-content/themes/hello-elementor/theme.min.css?ver=2.6.1 HTTP/1.1" 200 2664 "https://nipponia.com/" "Mozilla/5.0 (Linux; Android 10; K) AppleWebKit/537.36 (KHTML, like Gecko) Chrome/147.0.0.0 Mobile Safari/537.36"
182.8.65.47 - - [07/May/2026:03:26:02 +0000] "GET /wp-content/plugins/elementor/assets/lib/eicons/css/elementor-icons.min.css?ver=5.17.0 HTTP/1.1" 200 3969 "https://nipponia.com/" "Mozilla/5.0 (Linux; Android 10; K) AppleWebKit/537.36 (KHTML, like Gecko) Chrome/147.0.0.0 Mobile Safari/537.36"
182.8.65.47 - - [07/May/2026:03:26:02 +0000] "GET /wp-content/plugins/elementor-pro/assets/css/frontend-lite.min.css?ver=3.10.2 HTTP/1.1" 200 1448 "https://nipponia.com/" "Mozilla/5.0 (Linux; Android 10; K) AppleWebKit/537.36 (KHTML, like Gecko) Chrome/147.0.0.0 Mobile Safari/537.36"
182.8.65.47 - - [07/May/2026:03:26:02 +0000] "GET /wp-content/plugins/elementor/assets/css/frontend-lite.min.css?ver=3.10.1 HTTP/1.1" 200 13541 "https://nipponia.com/" "Mozilla/5.0 (Linux; Android 10; K) AppleWebKit/537.36 (KHTML, like Gecko) Chrome/147.0.0.0 Mobile Safari/537.36"
182.8.65.47 - - [07/May/2026:03:26:03 +0000] "GET /wp-content/uploads/elementor/css/post-81.css?ver=1747053258 HTTP/1.1" 200 1878 "https://nipponia.com/" "Mozilla/5.0 (Linux; Android 10; K) AppleWebKit/537.36 (KHTML, like Gecko) Chrome/147.0.0.0 Mobile Safari/537.36"
182.8.65.47 - - [07/May/2026:03:26:03 +0000] "GET /wp-content/plugins/cookie-notice/css/front.min.css?ver=6.9.4 HTTP/1.1" 200 1108 "https://nipponia.com/" "Mozilla/5.0 (Linux; Android 10; K) AppleWebKit/537.36 (KHTML, like Gecko) Chrome/147.0.0.0 Mobile Safari/537.36"
182.8.65.47 - - [07/May/2026:03:26:03 +0000] "GET /wp-content/uploads/elementor/css/post-167.css?ver=1674635265 HTTP/1.1" 200 576 "https://nipponia.com/" "Mozilla/5.0 (Linux; Android 10; K) AppleWebKit/537.36 (KHTML, like Gecko) Chrome/147.0.0.0 Mobile Safari/537.36"
182.8.65.47 - - [07/May/2026:03:26:03 +0000] "GET /wp-content/uploads/elementor/css/post-283.css?ver=1675771772 HTTP/1.1" 200 1491 "https://nipponia.com/" "Mozilla/5.0 (Linux; Android 10; K) AppleWebKit/537.36 (KHTML, like Gecko) Chrome/147.0.0.0 Mobile Safari/537.36"
182.8.65.47 - - [07/May/2026:03:26:03 +0000] "GET /wp-content/plugins/elementor/assets/lib/font-awesome/css/fontawesome.min.css?ver=5.15.3 HTTP/1.1" 200 12582 "https://nipponia.com/" "Mozilla/5.0 (Linux; Android 10; K) AppleWebKit/537.36 (KHTML, like Gecko) Chrome/147.0.0.0 Mobile Safari/537.36"
182.8.65.47 - - [07/May/2026:03:26:03 +0000] "GET /wp-content/plugins/elementor/assets/lib/font-awesome/css/solid.min.css?ver=5.15.3 HTTP/1.1" 200 309 "https://nipponia.com/" "Mozilla/5.0 (Linux; Android 10; K) AppleWebKit/537.36 (KHTML, like Gecko) Chrome/147.0.0.0 Mobile Safari/537.36"
182.8.65.47 - - [07/May/2026:03:26:03 +0000] "GET /wp-content/plugins/elementor/assets/lib/font-awesome/css/brands.min.css?ver=5.15.3 HTTP/1.1" 200 308 "https://nipponia.com/" "Mozilla/5.0 (Linux; Android 10; K) AppleWebKit/537.36 (KHTML, like Gecko) Chrome/147.0.0.0 Mobile Safari/537.36"
182.8.65.47 - - [07/May/2026:03:26:03 +0000] "GET /wp-content/plugins/elementor/assets/lib/animations/animations.min.css?ver=3.10.1 HTTP/1.1" 200 2592 "https://nipponia.com/" "Mozilla/5.0 (Linux; Android 10; K) AppleWebKit/537.36 (KHTML, like Gecko) Chrome/147.0.0.0 Mobile Safari/537.36"
182.8.65.47 - - [07/May/2026:03:26:03 +0000] "GET /wp-content/plugins/elementor-pro/assets/css/widget-nav-menu.min.css HTTP/1.1" 200 3332 "https://nipponia.com/" "Mozilla/5.0 (Linux; Android 10; K) AppleWebKit/537.36 (KHTML, like Gecko) Chrome/147.0.0.0 Mobile Safari/537.36"
182.8.65.47 - - [07/May/2026:03:26:03 +0000] "GET /wp-includes/js/jquery/jquery-migrate.min.js?ver=3.4.1 HTTP/1.1" 200 4872 "https://nipponia.com/" "Mozilla/5.0 (Linux; Android 10; K) AppleWebKit/537.36 (KHTML, like Gecko) Chrome/147.0.0.0 Mobile Safari/537.36"
182.8.65.47 - - [07/May/2026:03:26:03 +0000] "GET /wp-includes/js/jquery/jquery.min.js?ver=3.7.1 HTTP/1.1" 200 30368 "https://nipponia.com/" "Mozilla/5.0 (Linux; Android 10; K) AppleWebKit/537.36 (KHTML, like Gecko) Chrome/147.0.0.0 Mobile Safari/537.36"
182.8.65.47 - - [07/May/2026:03:26:03 +0000] "GET /wp-content/plugins/elementor/assets/css/widget-icon-list.min.css HTTP/1.1" 200 941 "https://nipponia.com/" "Mozilla/5.0 (Linux; Android 10; K) AppleWebKit/537.36 (KHTML, like Gecko) Chrome/147.0.0.0 Mobile Safari/537.36"
182.8.65.47 - - [07/May/2026:03:26:03 +0000] "GET /wp-content/themes/hello-elementor/assets/js/hello-frontend.min.js?ver=1.0.0 HTTP/1.1" 200 1024 "https://nipponia.com/" "Mozilla/5.0 (Linux; Android 10; K) AppleWebKit/537.36 (KHTML, like Gecko) Chrome/147.0.0.0 Mobile Safari/537.36"
182.8.65.47 - - [07/May/2026:03:26:03 +0000] "GET /wp-content/plugins/elementor-pro/assets/lib/smartmenus/jquery.smartmenus.min.js?ver=1.0.1 HTTP/1.1" 200 7157 "https://nipponia.com/" "Mozilla/5.0 (Linux; Android 10; K) AppleWebKit/537.36 (KHTML, like Gecko) Chrome/147.0.0.0 Mobile Safari/537.36"
182.8.65.47 - - [07/May/2026:03:26:03 +0000] "GET /wp-content/plugins/elementor/assets/lib/jquery-numerator/jquery-numerator.min.js?ver=0.2.1 HTTP/1.1" 200 740 "https://nipponia.com/" "Mozilla/5.0 (Linux; Android 10; K) AppleWebKit/537.36 (KHTML, like Gecko) Chrome/147.0.0.0 Mobile Safari/537.36"
182.8.65.47 - - [07/May/2026:03:26:03 +0000] "GET /wp-content/plugins/elementor-pro/assets/js/webpack-pro.runtime.min.js?ver=3.10.2 HTTP/1.1" 200 2439 "https://nipponia.com/" "Mozilla/5.0 (Linux; Android 10; K) AppleWebKit/537.36 (KHTML, like Gecko) Chrome/147.0.0.0 Mobile Safari/537.36"
182.8.65.47 - - [07/May/2026:03:26:03 +0000] "GET /wp-includes/js/dist/hooks.min.js?ver=dd5603f07f9220ed27f1 HTTP/1.1" 200 1941 "https://nipponia.com/" "Mozilla/5.0 (Linux; Android 10; K) AppleWebKit/537.36 (KHTML, like Gecko) Chrome/147.0.0.0 Mobile Safari/537.36"
182.8.65.47 - - [07/May/2026:03:26:03 +0000] "GET /wp-content/plugins/elementor/assets/js/webpack.runtime.min.js?ver=3.10.1 HTTP/1.1" 200 2225 "https://nipponia.com/" "Mozilla/5.0 (Linux; Android 10; K) AppleWebKit/537.36 (KHTML, like Gecko) Chrome/147.0.0.0 Mobile Safari/537.36"
182.8.65.47 - - [07/May/2026:03:26:03 +0000] "GET /wp-content/plugins/elementor/assets/js/frontend-modules.min.js?ver=3.10.1 HTTP/1.1" 200 11399 "https://nipponia.com/" "Mozilla/5.0 (Linux; Android 10; K) AppleWebKit/537.36 (KHTML, like Gecko) Chrome/147.0.0.0 Mobile Safari/537.36"
182.8.65.47 - - [07/May/2026:03:26:03 +0000] "GET /wp-includes/js/dist/i18n.min.js?ver=c26c3dc7bed366793375 HTTP/1.1" 200 2229 "https://nipponia.com/" "Mozilla/5.0 (Linux; Android 10; K) AppleWebKit/537.36 (KHTML, like Gecko) Chrome/147.0.0.0 Mobile Safari/537.36"
182.8.65.47 - - [07/May/2026:03:26:03 +0000] "GET /wp-content/plugins/elementor/assets/lib/waypoints/waypoints.min.js?ver=4.0.2 HTTP/1.1" 200 2993 "https://nipponia.com/" "Mozilla/5.0 (Linux; Android 10; K) AppleWebKit/537.36 (KHTML, like Gecko) Chrome/147.0.0.0 Mobile Safari/537.36"
182.8.65.47 - - [07/May/2026:03:26:03 +0000] "GET /wp-content/plugins/elementor-pro/assets/js/frontend.min.js?ver=3.10.2 HTTP/1.1" 200 5743 "https://nipponia.com/" "Mozilla/5.0 (Linux; Android 10; K) AppleWebKit/537.36 (KHTML, like Gecko) Chrome/147.0.0.0 Mobile Safari/537.36"
182.8.65.47 - - [07/May/2026:03:26:03 +0000] "GET /wp-includes/js/jquery/ui/core.min.js?ver=1.13.3 HTTP/1.1" 200 7106 "https://nipponia.com/" "Mozilla/5.0 (Linux; Android 10; K) AppleWebKit/537.36 (KHTML, like Gecko) Chrome/147.0.0.0 Mobile Safari/537.36"
182.8.65.47 - - [07/May/2026:03:26:03 +0000] "GET /wp-content/plugins/elementor/assets/lib/eicons/fonts/eicons.woff2?5.17.0 HTTP/1.1" 200 93477 "https://nipponia.com/wp-content/plugins/elementor/assets/lib/eicons/css/elementor-icons.min.css?ver=5.17.0" "Mozilla/5.0 (Linux; Android 10; K) AppleWebKit/537.36 (KHTML, like Gecko) Chrome/147.0.0.0 Mobile Safari/537.36"
182.8.65.47 - - [07/May/2026:03:26:03 +0000] "GET /wp-content/plugins/elementor/assets/lib/font-awesome/webfonts/fa-brands-400.woff2 HTTP/1.1" 200 76797 "https://nipponia.com/wp-content/plugins/elementor/assets/lib/font-awesome/css/brands.min.css?ver=5.15.3" "Mozilla/5.0 (Linux; Android 10; K) AppleWebKit/537.36 (KHTML, like Gecko) Chrome/147.0.0.0 Mobile Safari/537.36"
182.8.65.47 - - [07/May/2026:03:26:04 +0000] "GET /wp-content/plugins/elementor/assets/js/frontend.min.js?ver=3.10.1 HTTP/1.1" 200 12124 "https://nipponia.com/" "Mozilla/5.0 (Linux; Android 10; K) AppleWebKit/537.36 (KHTML, like Gecko) Chrome/147.0.0.0 Mobile Safari/537.36"
182.8.65.47 - - [07/May/2026:03:26:04 +0000] "GET /wp-content/plugins/cookie-notice/js/front.min.js?ver=2.4.6 HTTP/1.1" 200 2128 "https://nipponia.com/" "Mozilla/5.0 (Linux; Android 10; K) AppleWebKit/537.36 (KHTML, like Gecko) Chrome/147.0.0.0 Mobile Safari/537.36"
182.8.65.47 - - [07/May/2026:03:26:04 +0000] "GET /wp-content/plugins/elementor-pro/assets/js/elements-handlers.min.js?ver=3.10.2 HTTP/1.1" 200 6374 "https://nipponia.com/" "Mozilla/5.0 (Linux; Android 10; K) AppleWebKit/537.36 (KHTML, like Gecko) Chrome/147.0.0.0 Mobile Safari/537.36"
182.8.65.47 - - [07/May/2026:03:26:04 +0000] "GET /wp-content/plugins/elementor-pro/assets/js/nav-menu.c8d112707fd7172d2a9d.bundle.min.js HTTP/1.1" 200 1529 "https://nipponia.com/" "Mozilla/5.0 (Linux; Android 10; K) AppleWebKit/537.36 (KHTML, like Gecko) Chrome/147.0.0.0 Mobile Safari/537.36"
182.8.65.47 - - [07/May/2026:03:26:04 +0000] "GET /wp-content/plugins/elementor/assets/js/text-editor.2c35aafbe5bf0e127950.bundle.min.js HTTP/1.1" 200 665 "https://nipponia.com/" "Mozilla/5.0 (Linux; Android 10; K) AppleWebKit/537.36 (KHTML, like Gecko) Chrome/147.0.0.0 Mobile Safari/537.36"
182.8.65.47 - - [07/May/2026:03:26:04 +0000] "GET /wp-content/plugins/elementor-pro/assets/js/popup.483b906ddaa1af17ff14.bundle.min.js HTTP/1.1" 200 451 "https://nipponia.com/" "Mozilla/5.0 (Linux; Android 10; K) AppleWebKit/537.36 (KHTML, like Gecko) Chrome/147.0.0.0 Mobile Safari/537.36"
182.8.65.47 - - [07/May/2026:03:26:04 +0000] "GET /wp-content/plugins/elementor-pro/assets/js/form.72b77b99d67b130634d2.bundle.min.js HTTP/1.1" 200 5000 "https://nipponia.com/" "Mozilla/5.0 (Linux; Android 10; K) AppleWebKit/537.36 (KHTML, like Gecko) Chrome/147.0.0.0 Mobile Safari/537.36"
182.8.65.47 - - [07/May/2026:03:26:04 +0000] "GET /wp-content/plugins/elementor/assets/js/counter.02cef29c589e742d4c8c.bundle.min.js HTTP/1.1" 200 487 "https://nipponia.com/" "Mozilla/5.0 (Linux; Android 10; K) AppleWebKit/537.36 (KHTML, like Gecko) Chrome/147.0.0.0 Mobile Safari/537.36"
182.8.65.47 - - [07/May/2026:03:26:04 +0000] "GET /wp-includes/js/wp-emoji-release.min.js?ver=6.9.4 HTTP/1.1" 200 5375 "https://nipponia.com/" "Mozilla/5.0 (Linux; Android 10; K) AppleWebKit/537.36 (KHTML, like Gecko) Chrome/147.0.0.0 Mobile Safari/537.36"
182.8.65.47 - - [07/May/2026:03:26:04 +0000] "GET /wp-content/uploads/2023/01/eccitymp4.mp4 HTTP/1.1" 206 12573 "https://nipponia.com/" "Mozilla/5.0 (Linux; Android 10; K) AppleWebKit/537.36 (KHTML, like Gecko) Chrome/147.0.0.0 Mobile Safari/537.36"
182.8.65.47 - - [07/May/2026:03:26:04 +0000] "GET /wp-content/plugins/elementor/assets/lib/font-awesome/webfonts/fa-solid-900.woff2 HTTP/1.1" 200 78099 "https://nipponia.com/wp-content/plugins/elementor/assets/lib/font-awesome/css/solid.min.css?ver=5.15.3" "Mozilla/5.0 (Linux; Android 10; K) AppleWebKit/537.36 (KHTML, like Gecko) Chrome/147.0.0.0 Mobile Safari/537.36"
182.8.65.47 - - [07/May/2026:03:26:04 +0000] "GET /wp-content/uploads/2023/01/eccitymp4.mp4 HTTP/1.1" 206 2044189 "https://nipponia.com/" "Mozilla/5.0 (Linux; Android 10; K) AppleWebKit/537.36 (KHTML, like Gecko) Chrome/147.0.0.0 Mobile Safari/537.36"
