182.8.65.47 - - [07/May/2026:03:26:04 +0000] "GET /wp-content/uploads/2023/01/eccitymp4.mp4 HTTP/1.1" 206 2044189 "https://nipponia.com/" "Mozilla/5.0 (Linux; Android 10; K) AppleWebKit/537.36 (KHTML, like Gecko) Chrome/147.0.0.0 Mobile Safari/537.36"
45.127.44.42 - - [07/May/2026:03:26:04 +0000] "POST /xmlrpc.php HTTP/1.1" 503 18028 "-" "Jetpack by WordPress.com"
45.127.44.42 - - [07/May/2026:03:25:53 +0000] "POST /xmlrpc.php HTTP/1.1" 503 7959 "-" "Jetpack/13.0; WordPress/6.3; http://site25571468.com"
20.123.172.228 - - [07/May/2026:03:25:50 +0000] "POST /?wordfence_syncAttackData=1778124350.3285 HTTP/1.1" 200 14709 "-" "WordPress/6.9.4; https://nipponia.com"
20.123.172.228 - - [07/May/2026:03:25:52 +0000] "POST /?wordfence_syncAttackData=1778124352.1498 HTTP/1.1" 200 14709 "-" "WordPress/6.9.4; https://nipponia.com"
20.123.172.228 - - [07/May/2026:03:26:14 +0000] "POST /wp-cron.php?doing_wp_cron=1778124374.5226960182189941406250 HTTP/1.1" 200 - "-" "WordPress/6.9.4; https://nipponia.com"
45.127.44.42 - - [07/May/2026:03:26:14 +0000] "POST /xmlrpc.php HTTP/1.1" 503 7959 "-" "Jetpack by WordPress.com (Jetpack 13.0; WordPress 6.1)"
20.123.172.228 - - [07/May/2026:03:26:21 +0000] "POST /?wordfence_syncAttackData=1778124381.3966 HTTP/1.1" 200 - "-" "WordPress/6.9.4; https://nipponia.com"
149.154.161.248 - - [07/May/2026:03:26:13 +0000] "GET / HTTP/1.1" 200 14709 "-" "TelegramBot (like TwitterBot)"
45.127.44.42 - - [07/May/2026:03:26:25 +0000] "POST /xmlrpc.php HTTP/1.1" 503 8192 "-" "Jetpack/12.1; WordPress/6.4; http://site20644699.com"
45.127.44.42 - - [07/May/2026:03:26:35 +0000] "POST /xmlrpc.php HTTP/1.1" 503 18028 "-" "WordPress.com; https://wordpress.com"
95.161.76.53 - - [07/May/2026:03:26:20 +0000] "GET / HTTP/1.1" 200 15315 "-" "Mozilla/5.0 (Windows NT 10.0; Win64; x64) AppleWebKit/537.36 (KHTML, like Gecko) Chrome/97.0.4692.71 Safari/537.36"
20.123.172.228 - - [07/May/2026:03:26:22 +0000] "POST /?wordfence_syncAttackData=1778124382.6826 HTTP/1.1" 200 14709 "-" "WordPress/6.9.4; https://nipponia.com"
20.123.172.228 - - [07/May/2026:03:26:23 +0000] "POST /?wordfence_syncAttackData=1778124382.9683 HTTP/1.1" 200 14709 "-" "WordPress/6.9.4; https://nipponia.com"
45.127.44.42 - - [07/May/2026:03:26:46 +0000] "POST /xmlrpc.php HTTP/1.1" 503 18028 "-" "Jetpack/13.0; WordPress/6.4; http://site64145248.com"
20.123.172.228 - - [07/May/2026:03:26:28 +0000] "POST /?wordfence_syncAttackData=1778124388.3905 HTTP/1.1" 200 14709 "-" "WordPress/6.9.4; https://nipponia.com"
45.127.44.42 - - [07/May/2026:03:26:56 +0000] "POST /xmlrpc.php HTTP/1.1" 503 18028 "-" "WordPress.com; https://wordpress.com"
45.127.44.42 - - [07/May/2026:03:27:07 +0000] "POST /xmlrpc.php HTTP/1.1" 503 18028 "-" "Jetpack by WordPress.com (Jetpack 13.0; WordPress 6.1)"
45.127.44.42 - - [07/May/2026:03:27:17 +0000] "POST /xmlrpc.php HTTP/1.1" 503 18028 "-" "WordPress.com; https://wordpress.com"
45.127.44.42 - - [07/May/2026:03:27:28 +0000] "POST /xmlrpc.php HTTP/1.1" 503 18028 "-" "Jetpack/12.5; WordPress/6.1; http://site40576612.com"
20.123.172.228 - - [07/May/2026:03:27:21 +0000] "POST /?wordfence_syncAttackData=1778124441.6415 HTTP/1.1" 200 - "-" "WordPress/6.9.4; https://nipponia.com"
149.154.161.235 - - [07/May/2026:03:27:14 +0000] "GET / HTTP/1.1" 200 14709 "-" "TelegramBot (like TwitterBot)"
45.127.44.42 - - [07/May/2026:03:27:38 +0000] "POST /xmlrpc.php HTTP/1.1" 503 18028 "-" "Jetpack/12.1; WordPress/6.1; http://site86012488.com"
95.161.76.40 - - [07/May/2026:03:27:21 +0000] "GET / HTTP/1.1" 200 15315 "-" "Mozilla/5.0 (Macintosh; Intel Mac OS X 10.15; rv:75.0) Gecko/20100101 Firefox/75.0"
20.123.172.228 - - [07/May/2026:03:27:28 +0000] "POST /?wordfence_syncAttackData=1778124448.7331 HTTP/1.1" 200 14709 "-" "WordPress/6.9.4; https://nipponia.com"
45.127.44.42 - - [07/May/2026:03:27:49 +0000] "POST /xmlrpc.php HTTP/1.1" 503 18028 "-" "WordPress.com; https://wordpress.com"
45.127.44.42 - - [07/May/2026:03:28:00 +0000] "POST /xmlrpc.php HTTP/1.1" 503 18028 "-" "Jetpack by WordPress.com"
45.127.44.42 - - [07/May/2026:03:28:10 +0000] "POST /xmlrpc.php HTTP/1.1" 503 18028 "-" "Jetpack by WordPress.com"
45.127.44.42 - - [07/May/2026:03:28:21 +0000] "POST /xmlrpc.php HTTP/1.1" 503 18028 "-" "Jetpack by WordPress.com"
62.232.51.140 - - [07/May/2026:03:28:13 +0000] "POST /xmlrpc.php HTTP/1.1" 503 7311 "-" "Mozilla/5.0 (X11; Linux x86_64) AppleWebKit/537.36 (KHTML, like Gecko) Chrome/66.0.3359.158 Safari/537.36"
20.123.172.228 - - [07/May/2026:03:28:21 +0000] "POST /?wordfence_syncAttackData=1778124501.7053 HTTP/1.1" 200 - "-" "WordPress/6.9.4; https://nipponia.com"
216.173.113.103 - - [07/May/2026:03:28:16 +0000] "GET /wp-content/plugins/geeky-bot/readme.txt HTTP/1.1" 404 10742 "-" "Mozilla/5.0 (Windows NT 10.0; Win64; x64) AppleWebKit/537.36 (KHTML, like Gecko) Chrome/147.0.0.0 Safari/537.36"
149.154.161.196 - - [07/May/2026:03:28:15 +0000] "GET / HTTP/1.1" 200 14709 "-" "TelegramBot (like TwitterBot)"
20.123.172.228 - - [07/May/2026:03:28:28 +0000] "POST /wp-cron.php?doing_wp_cron=1778124508.1057610511779785156250 HTTP/1.1" 200 - "-" "WordPress/6.9.4; https://nipponia.com"
45.127.44.42 - - [07/May/2026:03:28:31 +0000] "POST /xmlrpc.php HTTP/1.1" 503 8192 "-" "Jetpack by WordPress.com"
95.161.76.1 - - [07/May/2026:03:28:22 +0000] "GET / HTTP/1.1" 200 15315 "-" "Mozilla/5.0 (Windows NT 10.0; Win64; x64) AppleWebKit/537.36 (KHTML, like Gecko) Chrome/96.0.4664.110 Safari/537.36 Edg/96.0.1054.62"
45.127.44.42 - - [07/May/2026:03:28:42 +0000] "POST /xmlrpc.php HTTP/1.1" 503 18028 "-" "Jetpack/12.5; WordPress/6.4; http://site79749155.com"
20.123.172.228 - - [07/May/2026:03:28:24 +0000] "POST /?wordfence_syncAttackData=1778124504.6676 HTTP/1.1" 200 14709 "-" "WordPress/6.9.4; https://nipponia.com"
45.127.44.42 - - [07/May/2026:03:28:53 +0000] "POST /xmlrpc.php HTTP/1.1" 503 18028 "-" "WordPress.com; https://wordpress.com"
20.123.172.228 - - [07/May/2026:03:28:25 +0000] "POST /?wordfence_syncAttackData=1778124505.5558 HTTP/1.1" 200 14709 "-" "WordPress/6.9.4; https://nipponia.com"
20.123.172.228 - - [07/May/2026:03:28:44 +0000] "POST /?wordfence_syncAttackData=1778124524.8185 HTTP/1.1" 200 - "-" "WordPress/6.9.4; https://nipponia.com"
216.173.113.103 - - [07/May/2026:03:28:36 +0000] "GET /wp-content/plugins/geeky-bot/readme.md HTTP/1.1" 404 10742 "-" "Mozilla/5.0 (Windows NT 10.0; Win64; x64) AppleWebKit/537.36 (KHTML, like Gecko) Chrome/147.0.0.0 Safari/537.36"
45.127.44.42 - - [07/May/2026:03:29:03 +0000] "POST /xmlrpc.php HTTP/1.1" 503 18028 "-" "Jetpack by WordPress.com (Jetpack 13.0; WordPress 6.4)"
20.123.172.228 - - [07/May/2026:03:28:48 +0000] "POST /?wordfence_syncAttackData=1778124527.9125 HTTP/1.1" 200 14709 "-" "WordPress/6.9.4; https://nipponia.com"
20.123.172.228 - - [07/May/2026:03:29:06 +0000] "POST /wp-cron.php?doing_wp_cron=1778124546.7658309936523437500000 HTTP/1.1" 200 - "-" "WordPress/6.9.4; https://nipponia.com"
216.173.113.103 - - [07/May/2026:03:28:58 +0000] "GET /wp-content/plugins/user-verification/readme.txt HTTP/1.1" 404 10742 "-" "Mozilla/5.0 (Windows NT 10.0; Win64; x64) AppleWebKit/537.36 (KHTML, like Gecko) Chrome/147.0.0.0 Safari/537.36"
20.123.172.228 - - [07/May/2026:03:29:05 +0000] "POST /?wordfence_syncAttackData=1778124545.4097 HTTP/1.1" 200 - "-" "WordPress/6.9.4; https://nipponia.com"
45.127.44.42 - - [07/May/2026:03:29:14 +0000] "POST /xmlrpc.php HTTP/1.1" 503 18028 "-" "Jetpack by WordPress.com"
45.127.44.42 - - [07/May/2026:03:29:24 +0000] "POST /xmlrpc.php HTTP/1.1" 503 18028 "-" "Jetpack by WordPress.com (Jetpack 12.5; WordPress 6.4)"
216.173.113.103 - - [07/May/2026:03:29:15 +0000] "GET /wp-content/plugins/user-verification/readme.md HTTP/1.1" 404 10742 "-" "Mozilla/5.0 (Windows NT 10.0; Win64; x64) AppleWebKit/537.36 (KHTML, like Gecko) Chrome/147.0.0.0 Safari/537.36"
45.127.44.42 - - [07/May/2026:03:29:35 +0000] "POST /xmlrpc.php HTTP/1.1" 503 18028 "-" "Jetpack by WordPress.com"
216.173.113.103 - - [07/May/2026:03:29:30 +0000] "GET /wp-content/plugins/restrict-content/readme.txt HTTP/1.1" 404 10742 "-" "Mozilla/5.0 (Windows NT 10.0; Win64; x64) AppleWebKit/537.36 (KHTML, like Gecko) Chrome/147.0.0.0 Safari/537.36"
45.127.44.42 - - [07/May/2026:03:29:46 +0000] "POST /xmlrpc.php HTTP/1.1" 503 18028 "-" "Jetpack by WordPress.com (Jetpack 12.1; WordPress 6.1)"
20.123.172.228 - - [07/May/2026:03:29:38 +0000] "POST /?wordfence_syncAttackData=1778124578.2692 HTTP/1.1" 200 - "-" "WordPress/6.9.4; https://nipponia.com"
45.127.44.42 - - [07/May/2026:03:29:56 +0000] "POST /xmlrpc.php HTTP/1.1" 503 18028 "-" "Jetpack by WordPress.com (Jetpack 13.0; WordPress 6.2)"
216.173.113.103 - - [07/May/2026:03:29:46 +0000] "GET /wp-content/plugins/restrict-content/readme.md HTTP/1.1" 404 10742 "-" "Mozilla/5.0 (Windows NT 10.0; Win64; x64) AppleWebKit/537.36 (KHTML, like Gecko) Chrome/147.0.0.0 Safari/537.36"
45.127.44.42 - - [07/May/2026:03:30:07 +0000] "POST /xmlrpc.php HTTP/1.1" 503 18028 "-" "WordPress.com; https://wordpress.com"
45.127.44.42 - - [07/May/2026:03:30:17 +0000] "POST /xmlrpc.php HTTP/1.1" 503 18028 "-" "Jetpack by WordPress.com (Jetpack 12.5; WordPress 6.3)"
20.123.172.228 - - [07/May/2026:03:30:11 +0000] "POST /?wordfence_syncAttackData=1778124611.4303 HTTP/1.1" 200 - "-" "WordPress/6.9.4; https://nipponia.com"
216.173.113.103 - - [07/May/2026:03:30:03 +0000] "GET /wp-content/plugins/branda-white-labeling/readme.txt HTTP/1.1" 404 10742 "-" "Mozilla/5.0 (Windows NT 10.0; Win64; x64) AppleWebKit/537.36 (KHTML, like Gecko) Chrome/147.0.0.0 Safari/537.36"
20.123.172.228 - - [07/May/2026:03:30:21 +0000] "POST /wp-cron.php?doing_wp_cron=1778124621.2355539798736572265625 HTTP/1.1" 200 - "-" "WordPress/6.9.4; https://nipponia.com"
45.127.44.42 - - [07/May/2026:03:30:28 +0000] "POST /xmlrpc.php HTTP/1.1" 503 18028 "-" "Jetpack by WordPress.com (Jetpack 13.0; WordPress 6.4)"
216.173.113.103 - - [07/May/2026:03:30:22 +0000] "GET /wp-content/plugins/branda-white-labeling/readme.md HTTP/1.1" 404 10742 "-" "Mozilla/5.0 (Windows NT 10.0; Win64; x64) AppleWebKit/537.36 (KHTML, like Gecko) Chrome/147.0.0.0 Safari/537.36"
45.127.44.42 - - [07/May/2026:03:30:39 +0000] "POST /xmlrpc.php HTTP/1.1" 503 18028 "-" "WordPress.com; https://wordpress.com"
45.127.44.42 - - [07/May/2026:03:30:49 +0000] "POST /xmlrpc.php HTTP/1.1" 503 18028 "-" "Jetpack/12.5; WordPress/6.2; http://site63641540.com"
216.173.113.103 - - [07/May/2026:03:30:38 +0000] "GET /wp-content/plugins/lastudio-element-kit/readme.txt HTTP/1.1" 404 10742 "-" "Mozilla/5.0 (Windows NT 10.0; Win64; x64) AppleWebKit/537.36 (KHTML, like Gecko) Chrome/147.0.0.0 Safari/537.36"
20.123.172.228 - - [07/May/2026:03:30:45 +0000] "POST /?wordfence_syncAttackData=1778124645.6371 HTTP/1.1" 200 - "-" "WordPress/6.9.4; https://nipponia.com"
45.127.44.42 - - [07/May/2026:03:31:00 +0000] "POST /xmlrpc.php HTTP/1.1" 503 18028 "-" "WordPress.com; https://wordpress.com"
182.8.65.47 - - [07/May/2026:03:26:05 +0000] "GET /wp-content/uploads/2023/01/eccitymp4.mp4 HTTP/1.1" 206 1998848 "https://nipponia.com/" "Mozilla/5.0 (Linux; Android 10; K) AppleWebKit/537.36 (KHTML, like Gecko) Chrome/147.0.0.0 Mobile Safari/537.36"
216.173.113.103 - - [07/May/2026:03:30:54 +0000] "GET /wp-content/plugins/lastudio-element-kit/readme.md HTTP/1.1" 404 10742 "-" "Mozilla/5.0 (Windows NT 10.0; Win64; x64) AppleWebKit/537.36 (KHTML, like Gecko) Chrome/147.0.0.0 Safari/537.36"
45.127.44.42 - - [07/May/2026:03:31:11 +0000] "POST /xmlrpc.php HTTP/1.1" 503 18028 "-" "WordPress.com; https://wordpress.com"
45.127.44.42 - - [07/May/2026:03:31:21 +0000] "POST /xmlrpc.php HTTP/1.1" 503 18028 "-" "Jetpack by WordPress.com (Jetpack 12.0; WordPress 6.1)"
216.173.113.103 - - [07/May/2026:03:31:10 +0000] "GET /wp-content/plugins/xagio-seo/readme.txt HTTP/1.1" 404 10742 "-" "Mozilla/5.0 (Windows NT 10.0; Win64; x64) AppleWebKit/537.36 (KHTML, like Gecko) Chrome/147.0.0.0 Safari/537.36"
20.123.172.228 - - [07/May/2026:03:31:26 +0000] "POST /wp-cron.php?doing_wp_cron=1778124686.8163449764251708984375 HTTP/1.1" 200 - "-" "WordPress/6.9.4; https://nipponia.com"
20.123.172.228 - - [07/May/2026:03:31:18 +0000] "POST /?wordfence_syncAttackData=1778124678.0896 HTTP/1.1" 200 - "-" "WordPress/6.9.4; https://nipponia.com"
45.127.44.42 - - [07/May/2026:03:31:32 +0000] "POST /xmlrpc.php HTTP/1.1" 503 18028 "-" "Jetpack/12.1; WordPress/6.2; http://site99736919.com"
216.173.113.103 - - [07/May/2026:03:31:28 +0000] "GET /wp-content/plugins/xagio-seo/readme.md HTTP/1.1" 404 10742 "-" "Mozilla/5.0 (Windows NT 10.0; Win64; x64) AppleWebKit/537.36 (KHTML, like Gecko) Chrome/147.0.0.0 Safari/537.36"
45.127.44.42 - - [07/May/2026:03:31:43 +0000] "POST /xmlrpc.php HTTP/1.1" 503 18028 "-" "Jetpack/12.0; WordPress/6.4; http://site40625871.com"
45.127.44.42 - - [07/May/2026:03:31:53 +0000] "POST /xmlrpc.php HTTP/1.1" 503 18028 "-" "WordPress.com; https://wordpress.com"
216.173.113.103 - - [07/May/2026:03:31:43 +0000] "GET /wp-content/plugins/s2member/readme.txt HTTP/1.1" 404 10742 "-" "Mozilla/5.0 (Windows NT 10.0; Win64; x64) AppleWebKit/537.36 (KHTML, like Gecko) Chrome/147.0.0.0 Safari/537.36"
20.123.172.228 - - [07/May/2026:03:31:50 +0000] "POST /?wordfence_syncAttackData=1778124710.7625 HTTP/1.1" 200 - "-" "WordPress/6.9.4; https://nipponia.com"
45.127.44.42 - - [07/May/2026:03:32:04 +0000] "POST /xmlrpc.php HTTP/1.1" 503 18028 "-" "WordPress.com; https://wordpress.com"
216.173.113.103 - - [07/May/2026:03:31:58 +0000] "GET /wp-content/plugins/s2member/readme.md HTTP/1.1" 404 10742 "-" "Mozilla/5.0 (Windows NT 10.0; Win64; x64) AppleWebKit/537.36 (KHTML, like Gecko) Chrome/147.0.0.0 Safari/537.36"
45.127.44.42 - - [07/May/2026:03:32:14 +0000] "POST /xmlrpc.php HTTP/1.1" 503 18028 "-" "WordPress.com; https://wordpress.com"
45.127.44.42 - - [07/May/2026:03:32:26 +0000] "POST /xmlrpc.php HTTP/1.1" 503 18028 "-" "Jetpack by WordPress.com"
45.127.44.42 - - [07/May/2026:03:32:36 +0000] "POST /xmlrpc.php HTTP/1.1" 503 18028 "-" "Jetpack by WordPress.com (Jetpack 12.0; WordPress 6.3)"
45.127.44.42 - - [07/May/2026:03:32:47 +0000] "POST /xmlrpc.php HTTP/1.1" 503 18028 "-" "Jetpack by WordPress.com (Jetpack 12.5; WordPress 6.3)"
45.127.44.42 - - [07/May/2026:03:32:57 +0000] "POST /xmlrpc.php HTTP/1.1" 503 18028 "-" "Jetpack by WordPress.com (Jetpack 12.0; WordPress 6.2)"
45.127.44.42 - - [07/May/2026:03:33:08 +0000] "POST /xmlrpc.php HTTP/1.1" 503 18028 "-" "Jetpack by WordPress.com (Jetpack 12.5; WordPress 6.2)"
45.127.44.42 - - [07/May/2026:03:33:18 +0000] "POST /xmlrpc.php HTTP/1.1" 503 18028 "-" "Jetpack/13.0; WordPress/6.1; http://site60757715.com"
45.127.44.42 - - [07/May/2026:03:33:29 +0000] "POST /xmlrpc.php HTTP/1.1" 503 18028 "-" "Jetpack by WordPress.com"
45.127.44.42 - - [07/May/2026:03:33:40 +0000] "POST /xmlrpc.php HTTP/1.1" 503 18028 "-" "Jetpack/12.5; WordPress/6.2; http://site82379132.com"
45.127.44.42 - - [07/May/2026:03:33:50 +0000] "POST /xmlrpc.php HTTP/1.1" 503 18028 "-" "Jetpack by WordPress.com (Jetpack 13.0; WordPress 6.4)"
45.127.44.42 - - [07/May/2026:03:34:01 +0000] "POST /xmlrpc.php HTTP/1.1" 503 18028 "-" "WordPress.com; https://wordpress.com"
45.127.44.42 - - [07/May/2026:03:34:11 +0000] "POST /xmlrpc.php HTTP/1.1" 503 18028 "-" "Jetpack by WordPress.com (Jetpack 13.0; WordPress 6.1)"
45.127.44.42 - - [07/May/2026:03:34:22 +0000] "POST /xmlrpc.php HTTP/1.1" 503 18028 "-" "Jetpack by WordPress.com"
45.127.44.42 - - [07/May/2026:03:34:32 +0000] "POST /xmlrpc.php HTTP/1.1" 503 18028 "-" "Jetpack by WordPress.com (Jetpack 12.0; WordPress 6.2)"
45.127.44.42 - - [07/May/2026:03:34:43 +0000] "POST /xmlrpc.php HTTP/1.1" 503 18028 "-" "WordPress.com; https://wordpress.com"
45.127.44.42 - - [07/May/2026:03:34:54 +0000] "POST /xmlrpc.php HTTP/1.1" 503 18028 "-" "Jetpack by WordPress.com"
45.127.44.42 - - [07/May/2026:03:35:04 +0000] "POST /xmlrpc.php HTTP/1.1" 503 18028 "-" "Jetpack/13.0; WordPress/6.3; http://site67701955.com"
45.127.44.42 - - [07/May/2026:03:35:15 +0000] "POST /xmlrpc.php HTTP/1.1" 503 18028 "-" "Jetpack by WordPress.com"
45.127.44.42 - - [07/May/2026:03:35:26 +0000] "POST /xmlrpc.php HTTP/1.1" 503 18028 "-" "WordPress.com; https://wordpress.com"
45.127.44.42 - - [07/May/2026:03:35:36 +0000] "POST /xmlrpc.php HTTP/1.1" 503 18028 "-" "Jetpack/13.0; WordPress/6.3; http://site63910598.com"
45.127.44.42 - - [07/May/2026:03:35:47 +0000] "POST /xmlrpc.php HTTP/1.1" 503 18028 "-" "WordPress.com; https://wordpress.com"
45.127.44.42 - - [07/May/2026:03:35:58 +0000] "POST /xmlrpc.php HTTP/1.1" 503 18028 "-" "Jetpack by WordPress.com"
45.127.44.42 - - [07/May/2026:03:36:08 +0000] "POST /xmlrpc.php HTTP/1.1" 503 7928 "-" "Jetpack/12.1; WordPress/6.3; http://site99607210.com"
20.123.172.228 - - [07/May/2026:03:36:22 +0000] "POST /wp-cron.php?doing_wp_cron=1778124982.2518949508666992187500 HTTP/1.1" 200 - "-" "WordPress/6.9.4; https://nipponia.com"
45.127.44.42 - - [07/May/2026:03:36:19 +0000] "POST /xmlrpc.php HTTP/1.1" 503 7959 "-" "Jetpack by WordPress.com"
20.123.172.228 - - [07/May/2026:03:36:16 +0000] "POST /?wordfence_syncAttackData=1778124976.5136 HTTP/1.1" 200 - "-" "WordPress/6.9.4; https://nipponia.com"
45.127.44.42 - - [07/May/2026:03:36:29 +0000] "POST /xmlrpc.php HTTP/1.1" 503 18028 "-" "Jetpack by WordPress.com (Jetpack 12.1; WordPress 6.4)"
45.127.44.42 - - [07/May/2026:03:36:40 +0000] "POST /xmlrpc.php HTTP/1.1" 503 18028 "-" "WordPress.com; https://wordpress.com"
45.127.44.42 - - [07/May/2026:03:36:51 +0000] "POST /xmlrpc.php HTTP/1.1" 503 18028 "-" "Jetpack/13.0; WordPress/6.3; http://site45533973.com"
45.127.44.42 - - [07/May/2026:03:37:01 +0000] "POST /xmlrpc.php HTTP/1.1" 503 18028 "-" "Jetpack by WordPress.com (Jetpack 12.5; WordPress 6.3)"
45.127.44.42 - - [07/May/2026:03:37:12 +0000] "POST /xmlrpc.php HTTP/1.1" 503 18028 "-" "Jetpack by WordPress.com (Jetpack 12.0; WordPress 6.3)"
45.127.44.42 - - [07/May/2026:03:37:22 +0000] "POST /xmlrpc.php HTTP/1.1" 503 18028 "-" "Jetpack by WordPress.com (Jetpack 12.1; WordPress 6.4)"
45.127.44.42 - - [07/May/2026:03:37:33 +0000] "POST /xmlrpc.php HTTP/1.1" 503 18028 "-" "Jetpack/12.1; WordPress/6.4; http://site72144918.com"
49.43.129.61 - - [07/May/2026:03:37:31 +0000] "POST /xmlrpc.php HTTP/1.1" 503 7928 "-" "Jetpack by WordPress.com (Jetpack 13.0; WordPress 6.1)"
45.127.44.42 - - [07/May/2026:03:37:44 +0000] "POST /xmlrpc.php HTTP/1.1" 503 18028 "-" "WordPress.com; https://wordpress.com"
20.123.172.228 - - [07/May/2026:03:37:44 +0000] "POST /wp-cron.php?doing_wp_cron=1778125064.6607329845428466796875 HTTP/1.1" 200 - "-" "WordPress/6.9.4; https://nipponia.com"
20.123.172.228 - - [07/May/2026:03:37:38 +0000] "POST /?wordfence_syncAttackData=1778125058.4457 HTTP/1.1" 200 - "-" "WordPress/6.9.4; https://nipponia.com"
49.43.129.61 - - [07/May/2026:03:37:41 +0000] "POST /xmlrpc.php HTTP/1.1" 503 7959 "-" "WordPress.com; https://wordpress.com"
49.43.129.61 - - [07/May/2026:03:37:51 +0000] "POST /xmlrpc.php HTTP/1.1" 503 18028 "-" "Jetpack/12.5; WordPress/6.3; http://site41846642.com"
45.127.44.42 - - [07/May/2026:03:37:54 +0000] "POST /xmlrpc.php HTTP/1.1" 503 18028 "-" "Jetpack by WordPress.com"
49.43.129.61 - - [07/May/2026:03:38:02 +0000] "POST /xmlrpc.php HTTP/1.1" 503 18028 "-" "WordPress.com; https://wordpress.com"
45.127.44.42 - - [07/May/2026:03:38:05 +0000] "POST /xmlrpc.php HTTP/1.1" 503 18027 "-" "Jetpack by WordPress.com (Jetpack 13.0; WordPress 6.2)"
49.43.129.61 - - [07/May/2026:03:38:12 +0000] "POST /xmlrpc.php HTTP/1.1" 503 18027 "-" "Jetpack/12.1; WordPress/6.1; http://site72530311.com"
45.127.44.42 - - [07/May/2026:03:38:16 +0000] "POST /xmlrpc.php HTTP/1.1" 503 18027 "-" "Jetpack/12.1; WordPress/6.3; http://site63186711.com"
116.132.136.226 - - [07/May/2026:03:38:23 +0000] "GET /wp-content/plugins/elementor-pro/assets/css/widget-nav-menu.min.css HTTP/1.1" 200 3332 "http://nipponia.com/" "YisouSpider"
123.183.235.180 - - [07/May/2026:03:38:23 +0000] "GET /wp-content/plugins/elementor/assets/css/widget-icon-list.min.css HTTP/1.1" 200 941 "http://nipponia.com/" "YisouSpider"
49.43.129.61 - - [07/May/2026:03:38:22 +0000] "POST /xmlrpc.php HTTP/1.1" 503 18027 "-" "Jetpack by WordPress.com (Jetpack 12.5; WordPress 6.4)"
45.127.44.42 - - [07/May/2026:03:38:26 +0000] "POST /xmlrpc.php HTTP/1.1" 503 18027 "-" "WordPress.com; https://wordpress.com"
49.43.129.61 - - [07/May/2026:03:38:33 +0000] "POST /xmlrpc.php HTTP/1.1" 503 18027 "-" "Jetpack by WordPress.com"
45.127.44.42 - - [07/May/2026:03:38:37 +0000] "POST /xmlrpc.php HTTP/1.1" 503 18027 "-" "WordPress.com; https://wordpress.com"
49.43.129.61 - - [07/May/2026:03:38:43 +0000] "POST /xmlrpc.php HTTP/1.1" 503 18027 "-" "Jetpack/13.0; WordPress/6.4; http://site64822641.com"
45.127.44.42 - - [07/May/2026:03:38:47 +0000] "POST /xmlrpc.php HTTP/1.1" 503 18027 "-" "WordPress.com; https://wordpress.com"
49.43.129.61 - - [07/May/2026:03:38:53 +0000] "POST /xmlrpc.php HTTP/1.1" 503 18027 "-" "Jetpack by WordPress.com (Jetpack 13.0; WordPress 6.3)"
45.127.44.42 - - [07/May/2026:03:38:58 +0000] "POST /xmlrpc.php HTTP/1.1" 503 18027 "-" "Jetpack by WordPress.com"
49.43.129.61 - - [07/May/2026:03:39:03 +0000] "POST /xmlrpc.php HTTP/1.1" 503 18027 "-" "Jetpack by WordPress.com"
45.127.44.42 - - [07/May/2026:03:39:09 +0000] "POST /xmlrpc.php HTTP/1.1" 503 18027 "-" "Jetpack/12.1; WordPress/6.2; http://site11189768.com"
144.76.32.120 - - [07/May/2026:03:38:59 +0000] "GET /robots.txt HTTP/1.1" 200 122 "-" "Mozilla/5.0 (compatible; SERankingBacklinksBot/1.0; +https://seranking.com/backlinks-crawler)"
20.123.172.228 - - [07/May/2026:03:39:11 +0000] "POST /wp-cron.php?doing_wp_cron=1778125151.8585219383239746093750 HTTP/1.1" 200 - "-" "WordPress/6.9.4; https://nipponia.com"
49.43.129.61 - - [07/May/2026:03:39:14 +0000] "POST /xmlrpc.php HTTP/1.1" 503 18028 "-" "WordPress.com; https://wordpress.com"
20.123.172.228 - - [07/May/2026:03:39:07 +0000] "POST /?wordfence_syncAttackData=1778125147.1095 HTTP/1.1" 200 - "-" "WordPress/6.9.4; https://nipponia.com"
45.127.44.42 - - [07/May/2026:03:39:19 +0000] "POST /xmlrpc.php HTTP/1.1" 503 18028 "-" "Jetpack by WordPress.com"
49.43.129.61 - - [07/May/2026:03:39:24 +0000] "POST /xmlrpc.php HTTP/1.1" 503 18028 "-" "Jetpack by WordPress.com"
45.127.44.42 - - [07/May/2026:03:39:30 +0000] "POST /xmlrpc.php HTTP/1.1" 503 18028 "-" "Jetpack by WordPress.com (Jetpack 13.0; WordPress 6.2)"
49.43.129.61 - - [07/May/2026:03:39:34 +0000] "POST /xmlrpc.php HTTP/1.1" 503 18028 "-" "Jetpack by WordPress.com"
45.127.44.42 - - [07/May/2026:03:39:41 +0000] "POST /xmlrpc.php HTTP/1.1" 503 18028 "-" "Jetpack/12.5; WordPress/6.4; http://site95262055.com"
49.43.129.61 - - [07/May/2026:03:39:44 +0000] "POST /xmlrpc.php HTTP/1.1" 503 18028 "-" "WordPress.com; https://wordpress.com"
45.127.44.42 - - [07/May/2026:03:39:51 +0000] "POST /xmlrpc.php HTTP/1.1" 503 18028 "-" "WordPress.com; https://wordpress.com"
49.43.129.61 - - [07/May/2026:03:39:55 +0000] "POST /xmlrpc.php HTTP/1.1" 503 18028 "-" "Jetpack/12.5; WordPress/6.4; http://site29894613.com"
45.127.44.42 - - [07/May/2026:03:40:02 +0000] "POST /xmlrpc.php HTTP/1.1" 503 18027 "-" "Jetpack by WordPress.com"
49.43.129.61 - - [07/May/2026:03:40:05 +0000] "POST /xmlrpc.php HTTP/1.1" 503 18027 "-" "Jetpack/12.5; WordPress/6.4; http://site29282415.com"
45.127.44.42 - - [07/May/2026:03:40:12 +0000] "POST /xmlrpc.php HTTP/1.1" 503 18027 "-" "Jetpack by WordPress.com (Jetpack 12.1; WordPress 6.4)"
49.43.129.61 - - [07/May/2026:03:40:15 +0000] "POST /xmlrpc.php HTTP/1.1" 503 18027 "-" "Jetpack by WordPress.com"
45.127.44.42 - - [07/May/2026:03:40:23 +0000] "POST /xmlrpc.php HTTP/1.1" 503 18027 "-" "WordPress.com; https://wordpress.com"
49.43.129.61 - - [07/May/2026:03:40:26 +0000] "POST /xmlrpc.php HTTP/1.1" 503 18027 "-" "WordPress.com; https://wordpress.com"
45.127.44.42 - - [07/May/2026:03:40:33 +0000] "POST /xmlrpc.php HTTP/1.1" 503 18027 "-" "Jetpack/12.0; WordPress/6.2; http://site87448011.com"
49.43.129.61 - - [07/May/2026:03:40:36 +0000] "POST /xmlrpc.php HTTP/1.1" 503 18027 "-" "Jetpack/13.0; WordPress/6.1; http://site95460256.com"
45.127.44.42 - - [07/May/2026:03:40:44 +0000] "POST /xmlrpc.php HTTP/1.1" 503 18027 "-" "Jetpack by WordPress.com"
49.43.129.61 - - [07/May/2026:03:40:46 +0000] "POST /xmlrpc.php HTTP/1.1" 503 18027 "-" "Jetpack/12.0; WordPress/6.1; http://site88096034.com"
45.127.44.42 - - [07/May/2026:03:40:54 +0000] "POST /xmlrpc.php HTTP/1.1" 503 18027 "-" "Jetpack by WordPress.com"
49.43.129.61 - - [07/May/2026:03:40:56 +0000] "POST /xmlrpc.php HTTP/1.1" 503 18027 "-" "Jetpack by WordPress.com (Jetpack 12.1; WordPress 6.2)"
45.127.44.42 - - [07/May/2026:03:41:06 +0000] "POST /xmlrpc.php HTTP/1.1" 503 18027 "-" "WordPress.com; https://wordpress.com"
49.43.129.61 - - [07/May/2026:03:41:07 +0000] "POST /xmlrpc.php HTTP/1.1" 503 18027 "-" "Jetpack by WordPress.com"
45.127.44.42 - - [07/May/2026:03:41:16 +0000] "POST /xmlrpc.php HTTP/1.1" 503 18027 "-" "Jetpack by WordPress.com"
49.43.129.61 - - [07/May/2026:03:41:17 +0000] "POST /xmlrpc.php HTTP/1.1" 503 18027 "-" "Jetpack by WordPress.com (Jetpack 13.0; WordPress 6.3)"
45.127.44.42 - - [07/May/2026:03:41:27 +0000] "POST /xmlrpc.php HTTP/1.1" 503 18027 "-" "Jetpack by WordPress.com"
49.43.129.61 - - [07/May/2026:03:41:27 +0000] "POST /xmlrpc.php HTTP/1.1" 503 18027 "-" "WordPress.com; https://wordpress.com"
49.43.129.61 - - [07/May/2026:03:41:38 +0000] "POST /xmlrpc.php HTTP/1.1" 503 18027 "-" "Jetpack by WordPress.com"
45.127.44.42 - - [07/May/2026:03:41:37 +0000] "POST /xmlrpc.php HTTP/1.1" 503 18027 "-" "Jetpack by WordPress.com (Jetpack 13.0; WordPress 6.2)"
49.43.129.61 - - [07/May/2026:03:41:48 +0000] "POST /xmlrpc.php HTTP/1.1" 503 18027 "-" "WordPress.com; https://wordpress.com"
45.127.44.42 - - [07/May/2026:03:41:48 +0000] "POST /xmlrpc.php HTTP/1.1" 503 18027 "-" "WordPress.com; https://wordpress.com"
49.43.129.61 - - [07/May/2026:03:41:58 +0000] "POST /xmlrpc.php HTTP/1.1" 503 18027 "-" "Jetpack by WordPress.com (Jetpack 12.1; WordPress 6.2)"
49.43.129.61 - - [07/May/2026:03:42:08 +0000] "POST /xmlrpc.php HTTP/1.1" 503 18027 "-" "Jetpack by WordPress.com (Jetpack 12.0; WordPress 6.1)"
49.43.129.61 - - [07/May/2026:03:42:19 +0000] "POST /xmlrpc.php HTTP/1.1" 503 18027 "-" "Jetpack by WordPress.com"
49.43.129.61 - - [07/May/2026:03:42:29 +0000] "POST /xmlrpc.php HTTP/1.1" 503 18027 "-" "Jetpack by WordPress.com (Jetpack 13.0; WordPress 6.2)"
49.43.129.61 - - [07/May/2026:03:42:39 +0000] "POST /xmlrpc.php HTTP/1.1" 503 18027 "-" "Jetpack/13.0; WordPress/6.2; http://site27644139.com"
49.43.129.61 - - [07/May/2026:03:42:50 +0000] "POST /xmlrpc.php HTTP/1.1" 503 18027 "-" "Jetpack by WordPress.com (Jetpack 12.5; WordPress 6.4)"
49.43.129.61 - - [07/May/2026:03:43:00 +0000] "POST /xmlrpc.php HTTP/1.1" 503 18027 "-" "Jetpack/12.1; WordPress/6.4; http://site91130252.com"
49.43.129.61 - - [07/May/2026:03:43:10 +0000] "POST /xmlrpc.php HTTP/1.1" 503 18027 "-" "Jetpack/13.0; WordPress/6.2; http://site89830613.com"
49.43.129.61 - - [07/May/2026:03:43:20 +0000] "POST /xmlrpc.php HTTP/1.1" 503 18027 "-" "Jetpack by WordPress.com (Jetpack 12.5; WordPress 6.1)"
49.43.129.61 - - [07/May/2026:03:43:31 +0000] "POST /xmlrpc.php HTTP/1.1" 503 18027 "-" "Jetpack/12.0; WordPress/6.3; http://site74259484.com"
49.43.129.61 - - [07/May/2026:03:43:41 +0000] "POST /xmlrpc.php HTTP/1.1" 503 18027 "-" "Jetpack/12.1; WordPress/6.1; http://site27208813.com"
49.43.129.61 - - [07/May/2026:03:43:51 +0000] "POST /xmlrpc.php HTTP/1.1" 503 18027 "-" "Jetpack by WordPress.com (Jetpack 12.1; WordPress 6.3)"
49.43.129.61 - - [07/May/2026:03:44:02 +0000] "POST /xmlrpc.php HTTP/1.1" 503 18027 "-" "Jetpack/12.5; WordPress/6.2; http://site96205583.com"
49.43.129.61 - - [07/May/2026:03:44:12 +0000] "POST /xmlrpc.php HTTP/1.1" 503 18027 "-" "Jetpack by WordPress.com (Jetpack 12.1; WordPress 6.2)"
49.43.129.61 - - [07/May/2026:03:44:22 +0000] "POST /xmlrpc.php HTTP/1.1" 503 18027 "-" "Jetpack by WordPress.com"
49.43.129.61 - - [07/May/2026:03:44:32 +0000] "POST /xmlrpc.php HTTP/1.1" 503 18027 "-" "Jetpack by WordPress.com"
49.43.129.61 - - [07/May/2026:03:44:43 +0000] "POST /xmlrpc.php HTTP/1.1" 503 18027 "-" "WordPress.com; https://wordpress.com"
49.43.129.61 - - [07/May/2026:03:44:53 +0000] "POST /xmlrpc.php HTTP/1.1" 503 18027 "-" "Jetpack/13.0; WordPress/6.3; http://site64994960.com"
49.43.129.61 - - [07/May/2026:03:45:03 +0000] "POST /xmlrpc.php HTTP/1.1" 503 18027 "-" "Jetpack/12.5; WordPress/6.4; http://site39006184.com"
49.43.129.61 - - [07/May/2026:03:45:14 +0000] "POST /xmlrpc.php HTTP/1.1" 503 18027 "-" "WordPress.com; https://wordpress.com"
78.142.18.172 - - [07/May/2026:03:45:02 +0000] "POST /xmlrpc.php HTTP/1.1" 503 7313 "-" "Mozilla/5.0 (Windows NT 6.1) AppleWebKit/537.36 (KHTML, like Gecko) Chrome/66.0.3359.170 Safari/537.36"
20.123.172.228 - - [07/May/2026:03:45:14 +0000] "POST /wp-cron.php?doing_wp_cron=1778125514.8690009117126464843750 HTTP/1.1" 200 - "-" "WordPress/6.9.4; https://nipponia.com"
20.123.172.228 - - [07/May/2026:03:45:09 +0000] "POST /?wordfence_syncAttackData=1778125509.6739 HTTP/1.1" 200 - "-" "WordPress/6.9.4; https://nipponia.com"
49.43.129.61 - - [07/May/2026:03:45:24 +0000] "POST /xmlrpc.php HTTP/1.1" 503 18028 "-" "Jetpack by WordPress.com (Jetpack 13.0; WordPress 6.3)"
49.43.129.61 - - [07/May/2026:03:45:34 +0000] "POST /xmlrpc.php HTTP/1.1" 503 18028 "-" "Jetpack by WordPress.com"
49.43.129.61 - - [07/May/2026:03:45:45 +0000] "POST /xmlrpc.php HTTP/1.1" 503 18028 "-" "Jetpack by WordPress.com"
49.43.129.61 - - [07/May/2026:03:45:56 +0000] "POST /xmlrpc.php HTTP/1.1" 503 18028 "-" "Jetpack by WordPress.com (Jetpack 12.1; WordPress 6.2)"
49.43.129.61 - - [07/May/2026:03:46:06 +0000] "POST /xmlrpc.php HTTP/1.1" 503 18028 "-" "Jetpack by WordPress.com (Jetpack 12.0; WordPress 6.4)"
49.43.129.61 - - [07/May/2026:03:46:16 +0000] "POST /xmlrpc.php HTTP/1.1" 503 18027 "-" "Jetpack/12.5; WordPress/6.2; http://site11845575.com"
49.43.129.61 - - [07/May/2026:03:46:27 +0000] "POST /xmlrpc.php HTTP/1.1" 503 18027 "-" "Jetpack by WordPress.com (Jetpack 12.5; WordPress 6.2)"
49.43.129.61 - - [07/May/2026:03:46:37 +0000] "POST /xmlrpc.php HTTP/1.1" 503 18027 "-" "Jetpack by WordPress.com"
49.43.129.61 - - [07/May/2026:03:46:48 +0000] "POST /xmlrpc.php HTTP/1.1" 503 18027 "-" "Jetpack/12.5; WordPress/6.3; http://site65644969.com"
49.43.129.61 - - [07/May/2026:03:46:58 +0000] "POST /xmlrpc.php HTTP/1.1" 503 18027 "-" "Jetpack by WordPress.com (Jetpack 13.0; WordPress 6.1)"
49.43.129.61 - - [07/May/2026:03:47:08 +0000] "POST /xmlrpc.php HTTP/1.1" 503 18027 "-" "Jetpack by WordPress.com"
92.205.109.21 - - [07/May/2026:03:47:01 +0000] "GET /wp-login.php HTTP/1.1" 200 1969 "-" "Mozilla/5.0 (Macintosh; Intel Mac OS X 10_11_6) AppleWebKit/537.36 (KHTML, like Gecko) Chrome/66.0.3359.139 Safari/537.36"
20.123.172.228 - - [07/May/2026:03:47:14 +0000] "POST /wp-cron.php?doing_wp_cron=1778125633.9612278938293457031250 HTTP/1.1" 200 - "-" "WordPress/6.9.4; https://nipponia.com"
20.123.172.228 - - [07/May/2026:03:47:09 +0000] "POST /?wordfence_syncAttackData=1778125628.9491 HTTP/1.1" 200 - "-" "WordPress/6.9.4; https://nipponia.com"
49.43.129.61 - - [07/May/2026:03:47:19 +0000] "POST /xmlrpc.php HTTP/1.1" 503 18028 "-" "Jetpack by WordPress.com"
92.205.109.21 - - [07/May/2026:03:47:15 +0000] "POST /wp-login.php HTTP/1.1" 503 7312 "https://nipponia.com/wp-login.php" "Mozilla/5.0 (Macintosh; Intel Mac OS X 10_11_6) AppleWebKit/537.36 (KHTML, like Gecko) Chrome/66.0.3359.139 Safari/537.36"
49.43.129.61 - - [07/May/2026:03:47:29 +0000] "POST /xmlrpc.php HTTP/1.1" 503 18028 "-" "WordPress.com; https://wordpress.com"
49.43.129.61 - - [07/May/2026:03:47:40 +0000] "POST /xmlrpc.php HTTP/1.1" 503 18028 "-" "Jetpack by WordPress.com"
49.43.129.61 - - [07/May/2026:03:47:51 +0000] "POST /xmlrpc.php HTTP/1.1" 503 7928 "-" "Jetpack by WordPress.com (Jetpack 12.1; WordPress 6.3)"
49.43.129.61 - - [07/May/2026:03:48:01 +0000] "POST /xmlrpc.php HTTP/1.1" 503 7959 "-" "Jetpack by WordPress.com"
20.123.172.228 - - [07/May/2026:03:47:59 +0000] "POST /?wordfence_syncAttackData=1778125679.5985 HTTP/1.1" 200 - "-" "WordPress/6.9.4; https://nipponia.com"
49.43.129.61 - - [07/May/2026:03:48:11 +0000] "POST /xmlrpc.php HTTP/1.1" 503 18028 "-" "Jetpack by WordPress.com (Jetpack 12.5; WordPress 6.2)"
49.43.129.61 - - [07/May/2026:03:48:22 +0000] "POST /xmlrpc.php HTTP/1.1" 503 18028 "-" "Jetpack/12.5; WordPress/6.2; http://site88147747.com"
49.43.129.61 - - [07/May/2026:03:48:32 +0000] "POST /xmlrpc.php HTTP/1.1" 503 18028 "-" "Jetpack by WordPress.com (Jetpack 12.0; WordPress 6.3)"
49.43.129.61 - - [07/May/2026:03:48:43 +0000] "POST /xmlrpc.php HTTP/1.1" 503 18028 "-" "Jetpack by WordPress.com (Jetpack 12.5; WordPress 6.2)"
59.153.99.54 - - [07/May/2026:03:48:37 +0000] "POST /xmlrpc.php HTTP/1.1" 503 7928 "-" "Jetpack by WordPress.com (Jetpack 12.1; WordPress 6.4)"
20.123.172.228 - - [07/May/2026:03:48:50 +0000] "POST /wp-cron.php?doing_wp_cron=1778125730.2152729034423828125000 HTTP/1.1" 200 - "-" "WordPress/6.9.4; https://nipponia.com"
49.43.129.61 - - [07/May/2026:03:48:53 +0000] "POST /xmlrpc.php HTTP/1.1" 503 18028 "-" "Jetpack/12.5; WordPress/6.3; http://site15391341.com"
59.153.99.54 - - [07/May/2026:03:48:47 +0000] "POST /xmlrpc.php HTTP/1.1" 503 7959 "-" "Jetpack by WordPress.com"
20.123.172.228 - - [07/May/2026:03:48:44 +0000] "POST /?wordfence_syncAttackData=1778125724.4485 HTTP/1.1" 200 - "-" "WordPress/6.9.4; https://nipponia.com"
49.43.129.61 - - [07/May/2026:03:49:04 +0000] "POST /xmlrpc.php HTTP/1.1" 503 18028 "-" "Jetpack by WordPress.com"
49.43.129.61 - - [07/May/2026:03:49:14 +0000] "POST /xmlrpc.php HTTP/1.1" 503 18028 "-" "Jetpack/13.0; WordPress/6.4; http://site50700456.com"
59.153.99.54 - - [07/May/2026:03:49:19 +0000] "POST /xmlrpc.php HTTP/1.1" 503 18028 "-" "Jetpack by WordPress.com"
49.43.129.61 - - [07/May/2026:03:49:25 +0000] "POST /xmlrpc.php HTTP/1.1" 503 18028 "-" "Jetpack/13.0; WordPress/6.4; http://site21548661.com"
59.153.99.54 - - [07/May/2026:03:49:28 +0000] "POST /xmlrpc.php HTTP/1.1" 503 18028 "-" "Jetpack by WordPress.com"
49.43.129.61 - - [07/May/2026:03:49:35 +0000] "POST /xmlrpc.php HTTP/1.1" 503 18028 "-" "WordPress.com; https://wordpress.com"
59.153.99.54 - - [07/May/2026:03:49:38 +0000] "POST /xmlrpc.php HTTP/1.1" 503 18028 "-" "WordPress.com; https://wordpress.com"
49.43.129.61 - - [07/May/2026:03:49:46 +0000] "POST /xmlrpc.php HTTP/1.1" 503 18028 "-" "Jetpack/12.1; WordPress/6.2; http://site30445491.com"
59.153.99.54 - - [07/May/2026:03:49:49 +0000] "POST /xmlrpc.php HTTP/1.1" 503 18028 "-" "Jetpack by WordPress.com"
49.43.129.61 - - [07/May/2026:03:49:56 +0000] "POST /xmlrpc.php HTTP/1.1" 503 18028 "-" "Jetpack by WordPress.com (Jetpack 13.0; WordPress 6.3)"
59.153.99.54 - - [07/May/2026:03:49:59 +0000] "POST /xmlrpc.php HTTP/1.1" 503 18028 "-" "Jetpack by WordPress.com"
49.43.129.61 - - [07/May/2026:03:50:07 +0000] "POST /xmlrpc.php HTTP/1.1" 503 18028 "-" "WordPress.com; https://wordpress.com"
59.153.99.54 - - [07/May/2026:03:50:09 +0000] "POST /xmlrpc.php HTTP/1.1" 503 18028 "-" "Jetpack by WordPress.com (Jetpack 12.1; WordPress 6.2)"
49.43.129.61 - - [07/May/2026:03:50:17 +0000] "POST /xmlrpc.php HTTP/1.1" 503 18027 "-" "Jetpack by WordPress.com"
59.153.99.54 - - [07/May/2026:03:50:20 +0000] "POST /xmlrpc.php HTTP/1.1" 503 18027 "-" "Jetpack by WordPress.com (Jetpack 12.1; WordPress 6.3)"
49.43.129.61 - - [07/May/2026:03:50:28 +0000] "POST /xmlrpc.php HTTP/1.1" 503 18027 "-" "Jetpack/12.5; WordPress/6.2; http://site17074554.com"
59.153.99.54 - - [07/May/2026:03:50:31 +0000] "POST /xmlrpc.php HTTP/1.1" 503 18027 "-" "WordPress.com; https://wordpress.com"
49.43.129.61 - - [07/May/2026:03:50:38 +0000] "POST /xmlrpc.php HTTP/1.1" 503 18027 "-" "Jetpack by WordPress.com (Jetpack 12.5; WordPress 6.2)"
59.153.99.54 - - [07/May/2026:03:50:41 +0000] "POST /xmlrpc.php HTTP/1.1" 503 18027 "-" "Jetpack/12.1; WordPress/6.1; http://site13693955.com"
49.43.129.61 - - [07/May/2026:03:50:49 +0000] "POST /xmlrpc.php HTTP/1.1" 503 18027 "-" "Jetpack/12.1; WordPress/6.2; http://site43850490.com"
59.153.99.54 - - [07/May/2026:03:50:51 +0000] "POST /xmlrpc.php HTTP/1.1" 503 18027 "-" "Jetpack by WordPress.com"
49.43.129.61 - - [07/May/2026:03:50:59 +0000] "POST /xmlrpc.php HTTP/1.1" 503 18027 "-" "Jetpack by WordPress.com (Jetpack 13.0; WordPress 6.1)"
49.43.129.61 - - [07/May/2026:03:51:10 +0000] "POST /xmlrpc.php HTTP/1.1" 503 18027 "-" "Jetpack by WordPress.com"
49.43.129.61 - - [07/May/2026:03:51:20 +0000] "POST /xmlrpc.php HTTP/1.1" 503 18027 "-" "Jetpack by WordPress.com (Jetpack 13.0; WordPress 6.4)"
59.153.99.54 - - [07/May/2026:03:51:29 +0000] "POST /xmlrpc.php HTTP/1.1" 503 8192 "-" "Jetpack/12.0; WordPress/6.3; http://site76830075.com"
49.43.129.61 - - [07/May/2026:03:51:31 +0000] "POST /xmlrpc.php HTTP/1.1" 503 18027 "-" "Jetpack by WordPress.com"
182.8.65.47 - - [07/May/2026:03:51:39 +0000] "GET /wp-content/uploads/2023/01/Footer-BG.png HTTP/1.1" 200 20270 "https://nipponia.com/wp-content/uploads/elementor/css/post-283.css?ver=1675771772" "Mozilla/5.0 (Linux; Android 10; K) AppleWebKit/537.36 (KHTML, like Gecko) Chrome/147.0.0.0 Mobile Safari/537.36"
59.153.99.54 - - [07/May/2026:03:51:39 +0000] "POST /xmlrpc.php HTTP/1.1" 503 8192 "-" "WordPress.com; https://wordpress.com"
49.43.129.61 - - [07/May/2026:03:51:41 +0000] "POST /xmlrpc.php HTTP/1.1" 503 18027 "-" "Jetpack/12.0; WordPress/6.3; http://site77900932.com"
59.153.99.54 - - [07/May/2026:03:51:44 +0000] "POST /xmlrpc.php HTTP/1.1" 503 18027 "-" "Jetpack/12.0; WordPress/6.1; http://site10166499.com"
49.43.129.61 - - [07/May/2026:03:51:52 +0000] "POST /xmlrpc.php HTTP/1.1" 503 18027 "-" "Jetpack/12.1; WordPress/6.4; http://site60807442.com"
59.153.99.54 - - [07/May/2026:03:51:54 +0000] "POST /xmlrpc.php HTTP/1.1" 503 18027 "-" "WordPress.com; https://wordpress.com"
49.43.129.61 - - [07/May/2026:03:52:02 +0000] "POST /xmlrpc.php HTTP/1.1" 503 18027 "-" "Jetpack by WordPress.com (Jetpack 12.5; WordPress 6.4)"
59.153.99.54 - - [07/May/2026:03:52:04 +0000] "POST /xmlrpc.php HTTP/1.1" 503 18027 "-" "Jetpack by WordPress.com (Jetpack 13.0; WordPress 6.1)"
49.43.129.61 - - [07/May/2026:03:52:13 +0000] "POST /xmlrpc.php HTTP/1.1" 503 18027 "-" "Jetpack by WordPress.com"
59.153.99.54 - - [07/May/2026:03:52:15 +0000] "POST /xmlrpc.php HTTP/1.1" 503 18027 "-" "Jetpack by WordPress.com"
49.43.129.61 - - [07/May/2026:03:52:23 +0000] "POST /xmlrpc.php HTTP/1.1" 503 18027 "-" "Jetpack by WordPress.com (Jetpack 12.1; WordPress 6.3)"
59.153.99.54 - - [07/May/2026:03:52:25 +0000] "POST /xmlrpc.php HTTP/1.1" 503 18027 "-" "WordPress.com; https://wordpress.com"
49.43.129.61 - - [07/May/2026:03:52:33 +0000] "POST /xmlrpc.php HTTP/1.1" 503 18027 "-" "Jetpack/12.5; WordPress/6.2; http://site69754485.com"
59.153.99.54 - - [07/May/2026:03:52:35 +0000] "POST /xmlrpc.php HTTP/1.1" 503 18027 "-" "WordPress.com; https://wordpress.com"
49.43.129.61 - - [07/May/2026:03:52:44 +0000] "POST /xmlrpc.php HTTP/1.1" 503 18027 "-" "Jetpack by WordPress.com"
59.153.99.54 - - [07/May/2026:03:52:46 +0000] "POST /xmlrpc.php HTTP/1.1" 503 18027 "-" "WordPress.com; https://wordpress.com"
49.43.129.61 - - [07/May/2026:03:52:54 +0000] "POST /xmlrpc.php HTTP/1.1" 503 18027 "-" "Jetpack by WordPress.com"
59.153.99.54 - - [07/May/2026:03:52:56 +0000] "POST /xmlrpc.php HTTP/1.1" 503 18027 "-" "WordPress.com; https://wordpress.com"
49.43.129.61 - - [07/May/2026:03:53:05 +0000] "POST /xmlrpc.php HTTP/1.1" 503 18027 "-" "Jetpack/13.0; WordPress/6.1; http://site25312126.com"
59.153.99.54 - - [07/May/2026:03:53:06 +0000] "POST /xmlrpc.php HTTP/1.1" 503 18027 "-" "Jetpack by WordPress.com"
49.43.129.61 - - [07/May/2026:03:53:15 +0000] "POST /xmlrpc.php HTTP/1.1" 503 18027 "-" "WordPress.com; https://wordpress.com"
59.153.99.54 - - [07/May/2026:03:53:16 +0000] "POST /xmlrpc.php HTTP/1.1" 503 18027 "-" "Jetpack by WordPress.com (Jetpack 12.5; WordPress 6.1)"
49.43.129.61 - - [07/May/2026:03:53:26 +0000] "POST /xmlrpc.php HTTP/1.1" 503 18027 "-" "Jetpack by WordPress.com"
59.153.99.54 - - [07/May/2026:03:53:27 +0000] "POST /xmlrpc.php HTTP/1.1" 503 18027 "-" "Jetpack/12.5; WordPress/6.4; http://site15015974.com"
50.6.7.129 - - [07/May/2026:03:53:19 +0000] "POST /xmlrpc.php HTTP/1.1" 503 7312 "-" "Mozilla/5.0 (Macintosh; Intel Mac OS X 10_13_5) AppleWebKit/537.36 (KHTML, like Gecko) Chrome/67.0.3396.79 Safari/537.36"
20.123.172.228 - - [07/May/2026:03:53:31 +0000] "POST /wp-cron.php?doing_wp_cron=1778126011.4600698947906494140625 HTTP/1.1" 200 - "-" "WordPress/6.9.4; https://nipponia.com"
20.123.172.228 - - [07/May/2026:03:53:26 +0000] "POST /?wordfence_syncAttackData=1778126006.3036 HTTP/1.1" 200 - "-" "WordPress/6.9.4; https://nipponia.com"
49.43.129.61 - - [07/May/2026:03:53:36 +0000] "POST /xmlrpc.php HTTP/1.1" 503 18028 "-" "WordPress.com; https://wordpress.com"
59.153.99.54 - - [07/May/2026:03:53:37 +0000] "POST /xmlrpc.php HTTP/1.1" 503 18028 "-" "WordPress.com; https://wordpress.com"
49.43.129.61 - - [07/May/2026:03:53:47 +0000] "POST /xmlrpc.php HTTP/1.1" 503 18028 "-" "Jetpack by WordPress.com (Jetpack 12.1; WordPress 6.2)"
59.153.99.54 - - [07/May/2026:03:53:51 +0000] "POST /xmlrpc.php HTTP/1.1" 503 18028 "-" "WordPress.com; https://wordpress.com"
49.43.129.61 - - [07/May/2026:03:53:57 +0000] "POST /xmlrpc.php HTTP/1.1" 503 18028 "-" "WordPress.com; https://wordpress.com"
59.153.99.54 - - [07/May/2026:03:53:59 +0000] "POST /xmlrpc.php HTTP/1.1" 503 18028 "-" "Jetpack by WordPress.com"
49.43.129.61 - - [07/May/2026:03:54:08 +0000] "POST /xmlrpc.php HTTP/1.1" 503 18027 "-" "Jetpack by WordPress.com (Jetpack 13.0; WordPress 6.4)"
59.153.99.54 - - [07/May/2026:03:54:08 +0000] "POST /xmlrpc.php HTTP/1.1" 503 18027 "-" "Jetpack/12.1; WordPress/6.2; http://site40101294.com"
49.43.129.61 - - [07/May/2026:03:54:18 +0000] "POST /xmlrpc.php HTTP/1.1" 503 18027 "-" "Jetpack by WordPress.com"
59.153.99.54 - - [07/May/2026:03:54:20 +0000] "POST /xmlrpc.php HTTP/1.1" 503 18027 "-" "Jetpack/12.0; WordPress/6.3; http://site30536184.com"
49.43.129.61 - - [07/May/2026:03:54:29 +0000] "POST /xmlrpc.php HTTP/1.1" 503 18027 "-" "Jetpack by WordPress.com (Jetpack 12.0; WordPress 6.3)"
59.153.99.54 - - [07/May/2026:03:54:29 +0000] "POST /xmlrpc.php HTTP/1.1" 503 18027 "-" "WordPress.com; https://wordpress.com"
49.43.129.61 - - [07/May/2026:03:54:39 +0000] "POST /xmlrpc.php HTTP/1.1" 503 18027 "-" "Jetpack by WordPress.com"
59.153.99.54 - - [07/May/2026:03:54:39 +0000] "POST /xmlrpc.php HTTP/1.1" 503 18027 "-" "Jetpack by WordPress.com"
49.43.129.61 - - [07/May/2026:03:54:50 +0000] "POST /xmlrpc.php HTTP/1.1" 503 18027 "-" "Jetpack by WordPress.com"
59.153.99.54 - - [07/May/2026:03:54:50 +0000] "POST /xmlrpc.php HTTP/1.1" 503 18027 "-" "Jetpack/13.0; WordPress/6.2; http://site22854225.com"
49.43.129.61 - - [07/May/2026:03:55:00 +0000] "POST /xmlrpc.php HTTP/1.1" 503 18027 "-" "Jetpack/13.0; WordPress/6.3; http://site30869591.com"
59.153.99.54 - - [07/May/2026:03:55:00 +0000] "POST /xmlrpc.php HTTP/1.1" 503 18027 "-" "Jetpack by WordPress.com"
59.153.99.54 - - [07/May/2026:03:55:10 +0000] "POST /xmlrpc.php HTTP/1.1" 503 18027 "-" "WordPress.com; https://wordpress.com"
49.43.129.61 - - [07/May/2026:03:55:11 +0000] "POST /xmlrpc.php HTTP/1.1" 503 18027 "-" "Jetpack by WordPress.com (Jetpack 12.5; WordPress 6.3)"
59.153.99.54 - - [07/May/2026:03:55:21 +0000] "POST /xmlrpc.php HTTP/1.1" 503 8192 "-" "Jetpack/12.5; WordPress/6.3; http://site92152763.com"
49.43.129.61 - - [07/May/2026:03:55:21 +0000] "POST /xmlrpc.php HTTP/1.1" 503 8192 "-" "WordPress.com; https://wordpress.com"
59.153.99.54 - - [07/May/2026:03:55:31 +0000] "POST /xmlrpc.php HTTP/1.1" 503 8192 "-" "WordPress.com; https://wordpress.com"
49.43.129.61 - - [07/May/2026:03:55:32 +0000] "POST /xmlrpc.php HTTP/1.1" 503 8192 "-" "Jetpack by WordPress.com (Jetpack 12.0; WordPress 6.4)"
59.153.99.54 - - [07/May/2026:03:55:42 +0000] "POST /xmlrpc.php HTTP/1.1" 503 8192 "-" "Jetpack by WordPress.com"
49.43.129.61 - - [07/May/2026:03:55:42 +0000] "POST /xmlrpc.php HTTP/1.1" 503 8192 "-" "WordPress.com; https://wordpress.com"
59.153.99.54 - - [07/May/2026:03:55:52 +0000] "POST /xmlrpc.php HTTP/1.1" 503 8192 "-" "WordPress.com; https://wordpress.com"
49.43.129.61 - - [07/May/2026:03:55:53 +0000] "POST /xmlrpc.php HTTP/1.1" 503 8192 "-" "Jetpack by WordPress.com"
59.153.99.54 - - [07/May/2026:03:56:02 +0000] "POST /xmlrpc.php HTTP/1.1" 503 18027 "-" "Jetpack/12.5; WordPress/6.4; http://site16312464.com"
49.43.129.61 - - [07/May/2026:03:56:03 +0000] "POST /xmlrpc.php HTTP/1.1" 503 8192 "-" "WordPress.com; https://wordpress.com"
49.43.129.61 - - [07/May/2026:03:56:13 +0000] "POST /xmlrpc.php HTTP/1.1" 503 18027 "-" "Jetpack by WordPress.com"
63.247.93.90 - - [07/May/2026:03:56:04 +0000] "GET /wp-login.php HTTP/1.1" 200 1969 "-" "Mozilla/5.0 (Windows NT 6.3; WOW64) AppleWebKit/537.36 (KHTML, like Gecko) Chrome/67.0.3396.87 Safari/537.36"
59.153.99.54 - - [07/May/2026:03:56:23 +0000] "POST /xmlrpc.php HTTP/1.1" 503 18028 "-" "Jetpack by WordPress.com (Jetpack 12.1; WordPress 6.2)"
49.43.129.61 - - [07/May/2026:03:56:24 +0000] "POST /xmlrpc.php HTTP/1.1" 503 18028 "-" "Jetpack by WordPress.com"
63.247.93.90 - - [07/May/2026:03:56:19 +0000] "POST /wp-login.php HTTP/1.1" 503 7312 "https://nipponia.com/wp-login.php" "Mozilla/5.0 (Windows NT 6.3; WOW64) AppleWebKit/537.36 (KHTML, like Gecko) Chrome/67.0.3396.87 Safari/537.36"
49.43.129.61 - - [07/May/2026:03:56:34 +0000] "POST /xmlrpc.php HTTP/1.1" 503 18028 "-" "Jetpack by WordPress.com (Jetpack 12.0; WordPress 6.1)"
59.153.99.54 - - [07/May/2026:03:56:35 +0000] "POST /xmlrpc.php HTTP/1.1" 503 18028 "-" "WordPress.com; https://wordpress.com"
20.123.172.228 - - [07/May/2026:03:56:27 +0000] "POST /?wordfence_syncAttackData=1778126187.2695 HTTP/1.1" 200 - "-" "WordPress/6.9.4; https://nipponia.com"
59.153.99.54 - - [07/May/2026:03:56:44 +0000] "POST /xmlrpc.php HTTP/1.1" 503 18028 "-" "WordPress.com; https://wordpress.com"
49.43.129.61 - - [07/May/2026:03:56:45 +0000] "POST /xmlrpc.php HTTP/1.1" 503 18028 "-" "WordPress.com; https://wordpress.com"
59.153.99.54 - - [07/May/2026:03:56:54 +0000] "POST /xmlrpc.php HTTP/1.1" 503 18028 "-" "Jetpack by WordPress.com"
49.43.129.61 - - [07/May/2026:03:56:55 +0000] "POST /xmlrpc.php HTTP/1.1" 503 18028 "-" "Jetpack by WordPress.com"
59.153.99.54 - - [07/May/2026:03:57:05 +0000] "POST /xmlrpc.php HTTP/1.1" 503 18028 "-" "Jetpack by WordPress.com (Jetpack 13.0; WordPress 6.4)"
49.43.129.61 - - [07/May/2026:03:57:06 +0000] "POST /xmlrpc.php HTTP/1.1" 503 18028 "-" "WordPress.com; https://wordpress.com"
59.153.99.54 - - [07/May/2026:03:57:15 +0000] "POST /xmlrpc.php HTTP/1.1" 503 18028 "-" "Jetpack/12.1; WordPress/6.1; http://site29448659.com"
49.43.129.61 - - [07/May/2026:03:57:16 +0000] "POST /xmlrpc.php HTTP/1.1" 503 18028 "-" "WordPress.com; https://wordpress.com"
59.153.99.54 - - [07/May/2026:03:57:25 +0000] "POST /xmlrpc.php HTTP/1.1" 503 18028 "-" "Jetpack by WordPress.com"
49.43.129.61 - - [07/May/2026:03:57:27 +0000] "POST /xmlrpc.php HTTP/1.1" 503 18028 "-" "Jetpack by WordPress.com"
59.153.99.54 - - [07/May/2026:03:57:36 +0000] "POST /xmlrpc.php HTTP/1.1" 503 18028 "-" "WordPress.com; https://wordpress.com"
49.43.129.61 - - [07/May/2026:03:57:37 +0000] "POST /xmlrpc.php HTTP/1.1" 503 18028 "-" "Jetpack by WordPress.com (Jetpack 12.0; WordPress 6.2)"
59.153.99.54 - - [07/May/2026:03:57:46 +0000] "POST /xmlrpc.php HTTP/1.1" 503 18028 "-" "Jetpack/12.5; WordPress/6.3; http://site50396933.com"
49.43.129.61 - - [07/May/2026:03:57:48 +0000] "POST /xmlrpc.php HTTP/1.1" 503 18028 "-" "Jetpack by WordPress.com (Jetpack 12.5; WordPress 6.4)"
59.153.99.54 - - [07/May/2026:03:57:56 +0000] "POST /xmlrpc.php HTTP/1.1" 503 18028 "-" "Jetpack by WordPress.com"
49.43.129.61 - - [07/May/2026:03:57:58 +0000] "POST /xmlrpc.php HTTP/1.1" 503 18028 "-" "Jetpack by WordPress.com"
59.153.99.54 - - [07/May/2026:03:58:07 +0000] "POST /xmlrpc.php HTTP/1.1" 503 18028 "-" "Jetpack by WordPress.com"
59.153.99.54 - - [07/May/2026:03:58:17 +0000] "POST /xmlrpc.php HTTP/1.1" 503 18028 "-" "Jetpack/12.0; WordPress/6.2; http://site42027992.com"
49.43.129.61 - - [07/May/2026:03:58:09 +0000] "POST /xmlrpc.php HTTP/1.1" 503 7928 "-" "Jetpack by WordPress.com"
20.123.172.228 - - [07/May/2026:03:58:21 +0000] "POST /wp-cron.php?doing_wp_cron=1778126301.4373641014099121093750 HTTP/1.1" 200 - "-" "WordPress/6.9.4; https://nipponia.com"
49.43.129.61 - - [07/May/2026:03:58:19 +0000] "POST /xmlrpc.php HTTP/1.1" 503 7959 "-" "WordPress.com; https://wordpress.com"
20.123.172.228 - - [07/May/2026:03:58:16 +0000] "POST /?wordfence_syncAttackData=1778126296.5815 HTTP/1.1" 200 - "-" "WordPress/6.9.4; https://nipponia.com"
59.153.99.54 - - [07/May/2026:03:58:27 +0000] "POST /xmlrpc.php HTTP/1.1" 503 18028 "-" "Jetpack by WordPress.com"
49.43.129.61 - - [07/May/2026:03:58:30 +0000] "POST /xmlrpc.php HTTP/1.1" 503 18028 "-" "Jetpack by WordPress.com"
59.153.99.54 - - [07/May/2026:03:58:38 +0000] "POST /xmlrpc.php HTTP/1.1" 503 18028 "-" "Jetpack by WordPress.com"
49.43.129.61 - - [07/May/2026:03:58:40 +0000] "POST /xmlrpc.php HTTP/1.1" 503 18028 "-" "Jetpack by WordPress.com (Jetpack 12.0; WordPress 6.4)"
59.153.99.54 - - [07/May/2026:03:58:48 +0000] "POST /xmlrpc.php HTTP/1.1" 503 18028 "-" "Jetpack by WordPress.com"
49.43.129.61 - - [07/May/2026:03:58:51 +0000] "POST /xmlrpc.php HTTP/1.1" 503 18028 "-" "Jetpack by WordPress.com (Jetpack 12.5; WordPress 6.4)"
49.43.129.61 - - [07/May/2026:03:59:01 +0000] "POST /xmlrpc.php HTTP/1.1" 503 18028 "-" "WordPress.com; https://wordpress.com"
59.153.99.54 - - [07/May/2026:03:58:58 +0000] "POST /xmlrpc.php HTTP/1.1" 503 7928 "-" "Jetpack by WordPress.com (Jetpack 12.5; WordPress 6.4)"
49.43.129.61 - - [07/May/2026:03:59:12 +0000] "POST /xmlrpc.php HTTP/1.1" 503 18028 "-" "Jetpack by WordPress.com (Jetpack 12.5; WordPress 6.4)"
