185.27.132.26 - - [06/May/2026:16:11:41 +0000] "GET /wp-login.php HTTP/1.1" 200 1969 "" "Mozilla/5.0 (Windows NT 10.0; Win64; x64; rv:149.0) Gecko/20100101 Firefox/149.0"
185.27.132.26 - - [06/May/2026:16:11:41 +0000] "GET /wp-login.php HTTP/1.1" 200 1969 "" "Mozilla/5.0 (Windows NT 10.0; Win64; x64; rv:149.0) Gecko/20100101 Firefox/149.0"
185.27.132.26 - - [06/May/2026:16:11:42 +0000] "GET /wp-login.php HTTP/1.1" 200 1969 "" "Mozilla/5.0 (Windows NT 10.0; Win64; x64; rv:149.0) Gecko/20100101 Firefox/149.0"
185.27.132.26 - - [06/May/2026:16:11:42 +0000] "GET /wp-login.php HTTP/1.1" 200 1969 "" "Mozilla/5.0 (Windows NT 10.0; Win64; x64; rv:149.0) Gecko/20100101 Firefox/149.0"
20.123.172.228 - - [06/May/2026:16:13:53 +0000] "POST /wp-cron.php?doing_wp_cron=1778084032.9313640594482421875000 HTTP/1.1" 200 - "-" "WordPress/6.9.4; https://nipponia.com"
20.123.172.228 - - [06/May/2026:16:13:57 +0000] "POST /wp-cron.php?doing_wp_cron=1778084037.3387370109558105468750 HTTP/1.1" 200 - "-" "WordPress/6.9.4; https://nipponia.com"
20.239.192.136 - - [06/May/2026:16:13:51 +0000] "GET /admin/function.php HTTP/1.1" 404 10742 "-" "Mozilla/5.0 (Windows NT 10.0; Win64; x64) AppleWebKit/537.36 (KHTML, like Gecko) Chrome/120.0.0.0 Safari/537.36"
222.165.190.235 - - [06/May/2026:16:25:56 +0000] "POST /xmlrpc.php HTTP/1.1" 503 7314 "-" "Mozilla/5.0 (Macintosh; Intel Mac OS X 10_13_1) AppleWebKit/537.36 (KHTML, like Gecko) Chrome/65.0.3325.181 Safari/537.36"
114.119.143.174 - - [06/May/2026:16:28:09 +0000] "GET /dominican-republic/ HTTP/1.1" 200 11847 "-" "Mozilla/5.0 (Linux; Android 7.0;) AppleWebKit/537.36 (KHTML, like Gecko) Mobile Safari/537.36 (compatible; PetalBot;+https://webmaster.petalsearch.com/site/petalbot)"
20.123.172.228 - - [06/May/2026:16:28:26 +0000] "POST /wp-cron.php?doing_wp_cron=1778084906.2201189994812011718750 HTTP/1.1" 200 - "-" "WordPress/6.9.4; https://nipponia.com"
62.232.51.140 - - [06/May/2026:16:40:33 +0000] "GET /wp-login.php HTTP/1.1" 200 1969 "-" "Mozilla/5.0 (Windows NT 10.0; WOW64) AppleWebKit/537.36 (KHTML, like Gecko) Chrome/65.0.3325.162 Safari/537.36"
62.232.51.140 - - [06/May/2026:16:40:43 +0000] "POST /wp-login.php HTTP/1.1" 503 7314 "https://nipponia.com/wp-login.php" "Mozilla/5.0 (Windows NT 10.0; WOW64) AppleWebKit/537.36 (KHTML, like Gecko) Chrome/65.0.3325.162 Safari/537.36"
157.55.39.225 - - [06/May/2026:16:45:10 +0000] "GET /robots.txt HTTP/1.1" 200 122 "-" "Mozilla/5.0 AppleWebKit/537.36 (KHTML, like Gecko; compatible; bingbot/2.0; +http://www.bing.com/bingbot.htm) Chrome/116.0.1938.76 Safari/537.36"
94.130.219.13 - - [06/May/2026:16:47:42 +0000] "POST /xmlrpc.php HTTP/1.1" 503 7314 "-" "Mozilla/5.0 (Windows NT 10.0) AppleWebKit/537.36 (KHTML, like Gecko) Chrome/65.0.3325.146 Safari/537.36"
209.145.55.118 - - [06/May/2026:16:48:31 +0000] "GET /wp-login.php HTTP/1.1" 200 1969 "-" "Mozilla/5.0 (Windows NT 10.0; WOW64; Trident/7.0; ASJB; rv:11.0) like Gecko"
20.123.172.228 - - [06/May/2026:16:48:43 +0000] "POST /wp-cron.php?doing_wp_cron=1778086123.7687120437622070312500 HTTP/1.1" 200 - "-" "WordPress/6.9.4; https://nipponia.com"
209.145.55.118 - - [06/May/2026:16:48:46 +0000] "POST /wp-login.php HTTP/1.1" 503 7314 "https://nipponia.com/wp-login.php" "Mozilla/5.0 (Windows NT 10.0; WOW64; Trident/7.0; ASJB; rv:11.0) like Gecko"
92.205.109.21 - - [06/May/2026:16:54:34 +0000] "POST /xmlrpc.php HTTP/1.1" 503 7314 "-" "Mozilla/5.0 (Macintosh; Intel Mac OS X 10_12_6) AppleWebKit/537.36 (KHTML, like Gecko) Chrome/66.0.3359.139 Safari/537.36"
20.123.172.228 - - [06/May/2026:16:54:47 +0000] "POST /wp-cron.php?doing_wp_cron=1778086487.1831049919128417968750 HTTP/1.1" 200 - "-" "WordPress/6.9.4; https://nipponia.com"
157.55.39.225 - - [06/May/2026:16:55:24 +0000] "GET /robots.txt HTTP/1.1" 200 122 "-" "Mozilla/5.0 AppleWebKit/537.36 (KHTML, like Gecko; compatible; bingbot/2.0; +http://www.bing.com/bingbot.htm) Chrome/116.0.1938.76 Safari/537.36"
20.123.172.228 - - [06/May/2026:16:55:36 +0000] "POST /wp-cron.php?doing_wp_cron=1778086535.9102520942687988281250 HTTP/1.1" 200 - "-" "WordPress/6.9.4; https://nipponia.com"
40.77.167.151 - - [06/May/2026:16:55:42 +0000] "GET /en/products/europe/electric-scooters/10-motorcycles HTTP/1.1" 404 10160 "-" "Mozilla/5.0 AppleWebKit/537.36 (KHTML, like Gecko; compatible; bingbot/2.0; +http://www.bing.com/bingbot.htm) Chrome/116.0.1938.76 Safari/537.36"
162.55.25.226 - - [06/May/2026:17:02:28 +0000] "POST /xmlrpc.php HTTP/1.1" 503 7314 "-" "Mozilla/5.0 (Windows NT 10.0; WOW64) AppleWebKit/537.36 (KHTML, like Gecko) Chrome/65.0.3325.181 Safari/537.36 OPR/52.0.2871.40"
20.123.172.228 - - [06/May/2026:17:02:41 +0000] "POST /wp-cron.php?doing_wp_cron=1778086961.5341730117797851562500 HTTP/1.1" 200 - "-" "WordPress/6.9.4; https://nipponia.com"
192.175.111.228 - - [06/May/2026:17:03:40 +0000] "GET / HTTP/1.1" 200 76418 "-" "Mozilla/5.0 (Windows NT 10.0; Win64; x64) AppleWebKit/537.36 (KHTML, like Gecko) Chrome/147.0.0.0 Safari/537.36"
20.123.172.228 - - [06/May/2026:17:03:57 +0000] "POST /wp-cron.php?doing_wp_cron=1778087037.3204410076141357421875 HTTP/1.1" 200 - "-" "WordPress/6.9.4; https://nipponia.com"
192.175.111.241 - - [06/May/2026:17:03:50 +0000] "GET / HTTP/1.1" 200 76418 "-" "Mozilla/5.0 (Windows NT 10.0; Win64; x64) AppleWebKit/537.36 (KHTML, like Gecko) Chrome/147.0.0.0 Safari/537.36"
20.123.172.228 - - [06/May/2026:17:04:09 +0000] "POST /wp-cron.php?doing_wp_cron=1778087049.5316400527954101562500 HTTP/1.1" 200 - "-" "WordPress/6.9.4; https://nipponia.com"
192.175.111.247 - - [06/May/2026:17:04:20 +0000] "GET / HTTP/1.1" 200 76418 "-" "Mozilla/5.0 (Windows NT 10.0; Win64; x64) AppleWebKit/537.36 (KHTML, like Gecko) Chrome/147.0.0.0 Safari/537.36"
143.14.6.3 - - [06/May/2026:17:06:03 +0000] "GET /images/News/mini_IMG_51866.jpg HTTP/1.1" 404 10742 "https://nipponia.com/" "Mozilla/5.0 (Windows NT 10.0; Win64; x64) AppleWebKit/537.36 (KHTML, like Gecko) Chrome/107.0.0.0 Safari/537.36"
143.14.6.253 - - [06/May/2026:17:06:03 +0000] "GET /images/News/received_10156831286510637.jpeg HTTP/1.1" 404 10742 "https://nipponia.com/" "Mozilla/5.0 (Windows NT 10.0; Win64; x64) AppleWebKit/537.36 (KHTML, like Gecko) Chrome/107.0.0.0 Safari/537.36"
207.180.11.234 - - [06/May/2026:17:06:13 +0000] "GET /images/News/Artelec.jpg HTTP/1.1" 404 10742 "https://nipponia.com/" "Mozilla/5.0 (Windows NT 10.0; Win64; x64) AppleWebKit/537.36 (KHTML, like Gecko) Chrome/107.0.0.0 Safari/537.36"
207.180.11.13 - - [06/May/2026:17:06:16 +0000] "GET /images/News/dominican_military.png HTTP/1.1" 404 10742 "https://nipponia.com/" "Mozilla/5.0 (Windows NT 10.0; Win64; x64) AppleWebKit/537.36 (KHTML, like Gecko) Chrome/107.0.0.0 Safari/537.36"
14.173.7.80 - - [06/May/2026:17:06:17 +0000] "GET /images/News/Artelec.jpg HTTP/1.1" 404 10742 "https://nipponia.com/" "Mozilla/5.0 (Windows NT 10.0; Win64; x64) AppleWebKit/537.36 (KHTML, like Gecko) Chrome/107.0.0.0 Safari/537.36"
113.165.118.13 - - [06/May/2026:17:06:18 +0000] "GET /images/News/IMG_7634-1.jpg HTTP/1.1" 404 10742 "https://nipponia.com/" "Mozilla/5.0 (Windows NT 10.0; Win64; x64) AppleWebKit/537.36 (KHTML, like Gecko) Chrome/107.0.0.0 Safari/537.36"
14.242.231.175 - - [06/May/2026:17:06:18 +0000] "GET /images/News/Presentation-SIPPEREC.PNG HTTP/1.1" 404 10742 "https://nipponia.com/" "Mozilla/5.0 (Windows NT 10.0; Win64; x64) AppleWebKit/537.36 (KHTML, like Gecko) Chrome/107.0.0.0 Safari/537.36"
14.170.112.234 - - [06/May/2026:17:06:18 +0000] "GET /images/News/dominican_military.png HTTP/1.1" 404 10742 "https://nipponia.com/" "Mozilla/5.0 (Windows NT 10.0; Win64; x64) AppleWebKit/537.36 (KHTML, like Gecko) Chrome/107.0.0.0 Safari/537.36"
123.17.48.3 - - [06/May/2026:17:06:18 +0000] "GET /images/News/IMG_7634-2.jpg HTTP/1.1" 404 10742 "https://nipponia.com/" "Mozilla/5.0 (Windows NT 10.0; Win64; x64) AppleWebKit/537.36 (KHTML, like Gecko) Chrome/107.0.0.0 Safari/537.36"
113.179.88.44 - - [06/May/2026:17:06:18 +0000] "GET /images/News/received_10156831286510637.jpeg HTTP/1.1" 404 10742 "https://nipponia.com/" "Mozilla/5.0 (Windows NT 10.0; Win64; x64) AppleWebKit/537.36 (KHTML, like Gecko) Chrome/107.0.0.0 Safari/537.36"
14.245.169.222 - - [06/May/2026:17:06:19 +0000] "GET /images/News/mini_IMG_51866.jpg HTTP/1.1" 404 10742 "https://nipponia.com/" "Mozilla/5.0 (Windows NT 10.0; Win64; x64) AppleWebKit/537.36 (KHTML, like Gecko) Chrome/107.0.0.0 Safari/537.36"
109.199.127.9 - - [06/May/2026:17:07:40 +0000] "GET /wp-login.php HTTP/1.1" 200 1969 "-" "Mozilla/5.0 (Windows NT 10.0; WOW64) AppleWebKit/537.36 (KHTML, like Gecko) Chrome/65.0.3325.181 Safari/537.36 OPR/52.0.2871.40"
109.199.127.9 - - [06/May/2026:17:07:56 +0000] "POST /wp-login.php HTTP/1.1" 503 7313 "https://nipponia.com/wp-login.php" "Mozilla/5.0 (Windows NT 10.0; WOW64) AppleWebKit/537.36 (KHTML, like Gecko) Chrome/65.0.3325.181 Safari/537.36 OPR/52.0.2871.40"
185.118.190.162 - - [06/May/2026:17:11:07 +0000] "POST /xmlrpc.php HTTP/1.1" 503 7313 "-" "Mozilla/5.0 (Windows NT 6.1; Win64; x64) AppleWebKit/537.36 (KHTML, like Gecko) Chrome/52.0.2743.116 Safari/537.36 Edge/15.15063"
144.76.32.120 - - [06/May/2026:17:14:21 +0000] "GET /robots.txt HTTP/1.1" 200 122 "-" "Mozilla/5.0 (compatible; SERankingBacklinksBot/1.0; +https://seranking.com/backlinks-crawler)"
20.123.172.228 - - [06/May/2026:17:14:31 +0000] "POST /wp-cron.php?doing_wp_cron=1778087671.7715868949890136718750 HTTP/1.1" 200 - "-" "WordPress/6.9.4; https://nipponia.com"
103.230.156.120 - - [06/May/2026:17:17:39 +0000] "GET /wp-login.php HTTP/1.1" 200 1969 "-" "Mozilla/5.0 (Windows NT 6.1) AppleWebKit/537.36 (KHTML, like Gecko) Chrome/65.0.3325.181 Safari/537.36 OPR/52.0.2871.64"
103.230.156.120 - - [06/May/2026:17:17:52 +0000] "POST /wp-login.php HTTP/1.1" 503 7314 "https://nipponia.com/wp-login.php" "Mozilla/5.0 (Windows NT 6.1) AppleWebKit/537.36 (KHTML, like Gecko) Chrome/65.0.3325.181 Safari/537.36 OPR/52.0.2871.64"
195.250.20.172 - - [06/May/2026:17:20:26 +0000] "POST /xmlrpc.php HTTP/1.1" 503 7314 "-" "Mozilla/5.0 (Macintosh; Intel Mac OS X 10_13_3) AppleWebKit/537.36 (KHTML, like Gecko) Chrome/65.0.3325.162 Safari/537.36"
62.232.51.140 - - [06/May/2026:17:27:47 +0000] "GET /wp-login.php HTTP/1.1" 200 1969 "-" "Mozilla/5.0 (Windows NT 6.2; Win64; x64; Trident/7.0; rv:11.0) like Gecko"
62.232.51.140 - - [06/May/2026:17:27:59 +0000] "POST /wp-login.php HTTP/1.1" 503 7314 "https://nipponia.com/wp-login.php" "Mozilla/5.0 (Windows NT 6.2; Win64; x64; Trident/7.0; rv:11.0) like Gecko"
185.205.244.119 - - [06/May/2026:17:30:23 +0000] "POST /xmlrpc.php HTTP/1.1" 503 7314 "-" "Mozilla/5.0 (Macintosh; Intel Mac OS X 10_13_4) AppleWebKit/537.36 (KHTML, like Gecko) Chrome/65.0.3325.181 Safari/537.36"
165.22.95.96 - - [06/May/2026:17:37:21 +0000] "GET /wp-login.php HTTP/1.1" 200 1969 "-" "Mozilla/4.0 (compatible; MSIE 7.0; Windows NT 6.2; WOW64; Trident/7.0; .NET4.0C; .NET4.0E; InfoPath.3; .NET CLR 2.0.50727; .NET CLR 3.0.30729; .NET CLR 3.5.30729)"
165.22.95.96 - - [06/May/2026:17:37:33 +0000] "POST /wp-login.php HTTP/1.1" 503 7314 "https://nipponia.com/wp-login.php" "Mozilla/4.0 (compatible; MSIE 7.0; Windows NT 6.2; WOW64; Trident/7.0; .NET4.0C; .NET4.0E; InfoPath.3; .NET CLR 2.0.50727; .NET CLR 3.0.30729; .NET CLR 3.5.30729)"
50.6.224.46 - - [06/May/2026:17:39:39 +0000] "POST /xmlrpc.php HTTP/1.1" 503 7314 "-" "Mozilla/5.0 (Windows NT 6.3; Win64; x64) AppleWebKit/537.36 (KHTML, like Gecko) Chrome/66.0.3359.117 Safari/537.36"
20.123.172.228 - - [06/May/2026:17:39:54 +0000] "POST /wp-cron.php?doing_wp_cron=1778089194.8533959388732910156250 HTTP/1.1" 200 - "-" "WordPress/6.9.4; https://nipponia.com"
45.236.128.46 - - [06/May/2026:17:46:59 +0000] "GET /wp-login.php HTTP/1.1" 200 1969 "-" "Mozilla/5.0 (Windows NT 6.3; WOW64; Trident/7.0; Touch; SMJB; rv:11.0) like Gecko"
45.236.128.46 - - [06/May/2026:17:47:13 +0000] "POST /wp-login.php HTTP/1.1" 503 7314 "https://nipponia.com/wp-login.php" "Mozilla/5.0 (Windows NT 6.3; WOW64; Trident/7.0; Touch; SMJB; rv:11.0) like Gecko"
147.135.37.185 - - [06/May/2026:17:48:45 +0000] "POST /xmlrpc.php HTTP/1.1" 503 7313 "-" "Mozilla/5.0 (Windows NT 10.0) AppleWebKit/537.36 (KHTML, like Gecko) Chrome/64.0.3282.140 Safari/537.36 Edge/17.17134"
20.123.172.228 - - [06/May/2026:17:48:58 +0000] "POST /wp-cron.php?doing_wp_cron=1778089738.7786428928375244140625 HTTP/1.1" 200 - "-" "WordPress/6.9.4; https://nipponia.com"
216.73.216.49 - - [06/May/2026:17:49:09 +0000] "GET /robots.txt HTTP/1.1" 200 122 "-" "Mozilla/5.0 AppleWebKit/537.36 (KHTML, like Gecko; compatible; ClaudeBot/1.0; +claudebot@anthropic.com)"
216.73.216.49 - - [06/May/2026:17:49:20 +0000] "GET /index.php/en/ HTTP/1.1" 301 - "-" "Mozilla/5.0 AppleWebKit/537.36 (KHTML, like Gecko; compatible; ClaudeBot/1.0; +claudebot@anthropic.com)"
192.175.111.240 - - [06/May/2026:17:55:27 +0000] "GET / HTTP/1.1" 200 76418 "-" "Mozilla/5.0 (Windows NT 10.0; Win64; x64) AppleWebKit/537.36 (KHTML, like Gecko) Chrome/147.0.0.0 Safari/537.36"
217.217.254.45 - - [06/May/2026:17:56:21 +0000] "GET /wp-login.php HTTP/1.1" 200 1969 "-" "Mozilla/5.0 (Windows NT 6.3; Win64; x64) AppleWebKit/537.36 (KHTML, like Gecko) Chrome/67.0.3396.79 Safari/537.36"
217.217.254.45 - - [06/May/2026:17:56:33 +0000] "POST /wp-login.php HTTP/1.1" 503 7314 "https://nipponia.com/wp-login.php" "Mozilla/5.0 (Windows NT 6.3; Win64; x64) AppleWebKit/537.36 (KHTML, like Gecko) Chrome/67.0.3396.79 Safari/537.36"
192.175.111.247 - - [06/May/2026:17:57:09 +0000] "GET / HTTP/1.1" 200 76418 "-" "Mozilla/5.0 (Windows NT 10.0; Win64; x64) AppleWebKit/537.36 (KHTML, like Gecko) Chrome/147.0.0.0 Safari/537.36"
20.123.172.228 - - [06/May/2026:17:57:28 +0000] "POST /wp-cron.php?doing_wp_cron=1778090248.5861990451812744140625 HTTP/1.1" 200 - "-" "WordPress/6.9.4; https://nipponia.com"
103.230.156.120 - - [06/May/2026:17:57:44 +0000] "POST /xmlrpc.php HTTP/1.1" 503 7312 "-" "Mozilla/5.0 (Windows NT 5.1; Win64; x64) AppleWebKit/537.36 (KHTML, like Gecko) Chrome/52.0.2743.116 Safari/537.36 Edge/15.15063"
66.249.66.65 - - [06/May/2026:17:58:08 +0000] "GET /robots.txt HTTP/1.1" 200 122 "-" "Mozilla/5.0 (compatible; Googlebot/2.1; +http://www.google.com/bot.html)"
66.249.66.78 - - [06/May/2026:17:59:25 +0000] "GET /wp-content/plugins/elementor-pro/assets/css/widget-nav-menu.min.css HTTP/1.1" 200 3332 "http://nipponia.com/" "Mozilla/5.0 (Linux; Android 6.0.1; Nexus 5X Build/MMB29P) AppleWebKit/537.36 (KHTML, like Gecko) Chrome/147.0.7727.116 Mobile Safari/537.36 (compatible; Googlebot/2.1; +http://www.google.com/bot.html)"
63.247.93.90 - - [06/May/2026:18:05:03 +0000] "GET /wp-login.php HTTP/1.1" 200 1969 "-" "Mozilla/5.0 (Macintosh; Intel Mac OS X 10_13_5) AppleWebKit/605.1.15 (KHTML, like Gecko) Version/11.1.1 Safari/605.1.15"
20.123.172.228 - - [06/May/2026:18:05:14 +0000] "POST /wp-cron.php?doing_wp_cron=1778090714.6691229343414306640625 HTTP/1.1" 200 - "-" "WordPress/6.9.4; https://nipponia.com"
63.247.93.90 - - [06/May/2026:18:05:16 +0000] "POST /wp-login.php HTTP/1.1" 503 7314 "https://nipponia.com/wp-login.php" "Mozilla/5.0 (Macintosh; Intel Mac OS X 10_13_5) AppleWebKit/605.1.15 (KHTML, like Gecko) Version/11.1.1 Safari/605.1.15"
73.139.223.1 - - [06/May/2026:18:07:33 +0000] "POST /xmlrpc.php HTTP/1.1" 503 7928 "-" "Mozilla/5.0 (X11; Ubuntu; Linux x86_64; arm64) AppleWebKit/537.36 (KHTML, like Gecko) Edge/94.0.0.0 Safari/537.36"
147.135.37.185 - - [06/May/2026:18:15:23 +0000] "POST /xmlrpc.php HTTP/1.1" 503 7313 "-" "Mozilla/5.0 (Macintosh; Intel Mac OS X 10_12_5) AppleWebKit/537.36 (KHTML, like Gecko) Chrome/65.0.3325.181 Safari/537.36"
181.224.10.89 - - [06/May/2026:18:23:29 +0000] "POST /xmlrpc.php HTTP/1.1" 503 7928 "-" "WordPress.com; https://wordpress.com"
181.224.10.89 - - [06/May/2026:18:23:39 +0000] "POST /xmlrpc.php HTTP/1.1" 503 7959 "-" "WordPress.com; https://wordpress.com"
20.123.172.228 - - [06/May/2026:18:23:46 +0000] "POST /wp-cron.php?doing_wp_cron=1778091826.0573348999023437500000 HTTP/1.1" 200 - "-" "WordPress/6.9.4; https://nipponia.com"
181.224.10.89 - - [06/May/2026:18:23:50 +0000] "POST /xmlrpc.php HTTP/1.1" 503 18030 "-" "Jetpack/12.5; WordPress/6.1; http://site27529162.com"
181.224.10.89 - - [06/May/2026:18:24:00 +0000] "POST /xmlrpc.php HTTP/1.1" 503 18030 "-" "Jetpack by WordPress.com (Jetpack 13.0; WordPress 6.3)"
20.123.172.228 - - [06/May/2026:18:23:55 +0000] "POST /?wordfence_syncAttackData=1778091835.6623 HTTP/1.1" 200 - "-" "WordPress/6.9.4; https://nipponia.com"
181.224.10.89 - - [06/May/2026:18:24:11 +0000] "POST /xmlrpc.php HTTP/1.1" 503 18030 "-" "Jetpack by WordPress.com (Jetpack 13.0; WordPress 6.3)"
181.224.10.89 - - [06/May/2026:18:24:21 +0000] "POST /xmlrpc.php HTTP/1.1" 503 18030 "-" "Jetpack by WordPress.com"
181.224.10.89 - - [06/May/2026:18:24:32 +0000] "POST /xmlrpc.php HTTP/1.1" 503 18030 "-" "Jetpack by WordPress.com"
181.224.10.89 - - [06/May/2026:18:24:42 +0000] "POST /xmlrpc.php HTTP/1.1" 503 18030 "-" "WordPress.com; https://wordpress.com"
181.224.10.89 - - [06/May/2026:18:24:53 +0000] "POST /xmlrpc.php HTTP/1.1" 503 18030 "-" "WordPress.com; https://wordpress.com"
181.224.10.89 - - [06/May/2026:18:25:03 +0000] "POST /xmlrpc.php HTTP/1.1" 503 18030 "-" "Jetpack by WordPress.com (Jetpack 13.0; WordPress 6.4)"
181.224.10.89 - - [06/May/2026:18:25:14 +0000] "POST /xmlrpc.php HTTP/1.1" 503 18030 "-" "Jetpack by WordPress.com"
181.224.10.89 - - [06/May/2026:18:25:24 +0000] "POST /xmlrpc.php HTTP/1.1" 503 18030 "-" "Jetpack by WordPress.com (Jetpack 12.5; WordPress 6.4)"
181.224.10.89 - - [06/May/2026:18:25:35 +0000] "POST /xmlrpc.php HTTP/1.1" 503 18030 "-" "Jetpack by WordPress.com"
181.224.10.89 - - [06/May/2026:18:25:45 +0000] "POST /xmlrpc.php HTTP/1.1" 503 18030 "-" "Jetpack by WordPress.com (Jetpack 13.0; WordPress 6.3)"
181.224.10.89 - - [06/May/2026:18:25:56 +0000] "POST /xmlrpc.php HTTP/1.1" 503 18030 "-" "Jetpack/12.0; WordPress/6.2; http://site13091286.com"
181.224.10.89 - - [06/May/2026:18:26:06 +0000] "POST /xmlrpc.php HTTP/1.1" 503 18030 "-" "Jetpack/12.5; WordPress/6.3; http://site38877305.com"
181.224.10.89 - - [06/May/2026:18:26:17 +0000] "POST /xmlrpc.php HTTP/1.1" 503 18030 "-" "Jetpack by WordPress.com (Jetpack 12.0; WordPress 6.4)"
181.224.10.89 - - [06/May/2026:18:26:27 +0000] "POST /xmlrpc.php HTTP/1.1" 503 18030 "-" "Jetpack/12.5; WordPress/6.2; http://site58167214.com"
181.224.10.89 - - [06/May/2026:18:26:38 +0000] "POST /xmlrpc.php HTTP/1.1" 503 18030 "-" "Jetpack by WordPress.com"
181.224.10.89 - - [06/May/2026:18:26:50 +0000] "POST /xmlrpc.php HTTP/1.1" 503 18030 "-" "Jetpack by WordPress.com"
181.224.10.89 - - [06/May/2026:18:30:44 +0000] "POST /xmlrpc.php HTTP/1.1" 503 18030 "-" "Jetpack by WordPress.com (Jetpack 12.0; WordPress 6.3)"
181.224.10.89 - - [06/May/2026:18:30:55 +0000] "POST /xmlrpc.php HTTP/1.1" 503 18030 "-" "Jetpack/12.1; WordPress/6.2; http://site81745008.com"
181.224.10.89 - - [06/May/2026:18:31:05 +0000] "POST /xmlrpc.php HTTP/1.1" 503 18030 "-" "Jetpack by WordPress.com"
181.224.10.89 - - [06/May/2026:18:31:16 +0000] "POST /xmlrpc.php HTTP/1.1" 503 18030 "-" "Jetpack/13.0; WordPress/6.3; http://site98828552.com"
20.123.172.228 - - [06/May/2026:18:31:19 +0000] "POST /wp-cron.php?doing_wp_cron=1778092279.5433919429779052734375 HTTP/1.1" 200 - "-" "WordPress/6.9.4; https://nipponia.com"
18.231.91.52 - - [06/May/2026:18:31:06 +0000] "GET /wp-login.php HTTP/1.1" 200 1969 "-" "Mozilla/5.0 (Macintosh; Intel Mac OS X 10_11_6) AppleWebKit/604.5.6 (KHTML, like Gecko) Version/11.0.3 Safari/604.5.6"
20.123.172.228 - - [06/May/2026:18:31:14 +0000] "POST /?wordfence_syncAttackData=1778092274.7246 HTTP/1.1" 200 - "-" "WordPress/6.9.4; https://nipponia.com"
181.224.10.89 - - [06/May/2026:18:31:27 +0000] "POST /xmlrpc.php HTTP/1.1" 503 18030 "-" "Jetpack by WordPress.com (Jetpack 12.5; WordPress 6.2)"
18.231.91.52 - - [06/May/2026:18:31:21 +0000] "POST /wp-login.php HTTP/1.1" 503 7313 "https://nipponia.com/wp-login.php" "Mozilla/5.0 (Macintosh; Intel Mac OS X 10_11_6) AppleWebKit/604.5.6 (KHTML, like Gecko) Version/11.0.3 Safari/604.5.6"
181.224.10.89 - - [06/May/2026:18:31:37 +0000] "POST /xmlrpc.php HTTP/1.1" 503 18030 "-" "Jetpack by WordPress.com (Jetpack 12.0; WordPress 6.2)"
181.224.10.89 - - [06/May/2026:18:31:48 +0000] "POST /xmlrpc.php HTTP/1.1" 503 18030 "-" "WordPress.com; https://wordpress.com"
181.224.10.89 - - [06/May/2026:18:31:58 +0000] "POST /xmlrpc.php HTTP/1.1" 503 18030 "-" "Jetpack by WordPress.com (Jetpack 12.1; WordPress 6.2)"
181.224.10.89 - - [06/May/2026:18:32:20 +0000] "POST /xmlrpc.php HTTP/1.1" 503 18030 "-" "Jetpack by WordPress.com"
181.224.10.89 - - [06/May/2026:18:32:30 +0000] "POST /xmlrpc.php HTTP/1.1" 503 18030 "-" "Jetpack by WordPress.com (Jetpack 13.0; WordPress 6.4)"
181.224.10.89 - - [06/May/2026:18:32:41 +0000] "POST /xmlrpc.php HTTP/1.1" 503 18030 "-" "Jetpack/13.0; WordPress/6.4; http://site60182739.com"
181.224.10.89 - - [06/May/2026:18:32:51 +0000] "POST /xmlrpc.php HTTP/1.1" 503 18030 "-" "WordPress.com; https://wordpress.com"
181.224.10.89 - - [06/May/2026:18:33:02 +0000] "POST /xmlrpc.php HTTP/1.1" 503 18030 "-" "WordPress.com; https://wordpress.com"
181.224.10.89 - - [06/May/2026:18:33:12 +0000] "POST /xmlrpc.php HTTP/1.1" 503 18030 "-" "Jetpack by WordPress.com (Jetpack 13.0; WordPress 6.3)"
181.224.10.89 - - [06/May/2026:18:33:23 +0000] "POST /xmlrpc.php HTTP/1.1" 503 18030 "-" "Jetpack by WordPress.com (Jetpack 12.1; WordPress 6.3)"
181.224.10.89 - - [06/May/2026:18:33:33 +0000] "POST /xmlrpc.php HTTP/1.1" 503 18030 "-" "Jetpack by WordPress.com (Jetpack 13.0; WordPress 6.4)"
181.224.10.89 - - [06/May/2026:18:33:44 +0000] "POST /xmlrpc.php HTTP/1.1" 503 18030 "-" "Jetpack by WordPress.com"
181.224.10.89 - - [06/May/2026:18:33:55 +0000] "POST /xmlrpc.php HTTP/1.1" 503 7928 "-" "Jetpack by WordPress.com"
20.123.172.228 - - [06/May/2026:18:34:09 +0000] "POST /wp-cron.php?doing_wp_cron=1778092449.5256290435791015625000 HTTP/1.1" 200 - "-" "WordPress/6.9.4; https://nipponia.com"
20.123.172.228 - - [06/May/2026:18:34:03 +0000] "POST /?wordfence_syncAttackData=1778092442.934 HTTP/1.1" 200 - "-" "WordPress/6.9.4; https://nipponia.com"
181.224.10.89 - - [06/May/2026:18:34:05 +0000] "POST /xmlrpc.php HTTP/1.1" 503 7959 "-" "Jetpack/13.0; WordPress/6.4; http://site31721247.com"
181.224.10.89 - - [06/May/2026:18:34:16 +0000] "POST /xmlrpc.php HTTP/1.1" 503 18030 "-" "Jetpack/12.5; WordPress/6.4; http://site65091803.com"
181.224.10.89 - - [06/May/2026:18:34:26 +0000] "POST /xmlrpc.php HTTP/1.1" 503 18030 "-" "Jetpack by WordPress.com"
181.224.10.89 - - [06/May/2026:18:34:37 +0000] "POST /xmlrpc.php HTTP/1.1" 503 18030 "-" "Jetpack/12.0; WordPress/6.2; http://site59493695.com"
181.224.10.89 - - [06/May/2026:18:34:47 +0000] "POST /xmlrpc.php HTTP/1.1" 503 18030 "-" "Jetpack by WordPress.com (Jetpack 12.1; WordPress 6.2)"
181.224.10.89 - - [06/May/2026:18:34:57 +0000] "POST /xmlrpc.php HTTP/1.1" 503 18030 "-" "Jetpack by WordPress.com"
181.224.10.89 - - [06/May/2026:18:35:08 +0000] "POST /xmlrpc.php HTTP/1.1" 503 18030 "-" "WordPress.com; https://wordpress.com"
181.224.10.89 - - [06/May/2026:18:35:18 +0000] "POST /xmlrpc.php HTTP/1.1" 503 18030 "-" "Jetpack by WordPress.com (Jetpack 13.0; WordPress 6.2)"
181.224.10.89 - - [06/May/2026:18:35:29 +0000] "POST /xmlrpc.php HTTP/1.1" 503 18030 "-" "Jetpack/12.1; WordPress/6.3; http://site32241071.com"
181.224.10.89 - - [06/May/2026:18:35:39 +0000] "POST /xmlrpc.php HTTP/1.1" 503 18030 "-" "WordPress.com; https://wordpress.com"
181.224.10.89 - - [06/May/2026:18:35:50 +0000] "POST /xmlrpc.php HTTP/1.1" 503 18030 "-" "Jetpack by WordPress.com (Jetpack 12.1; WordPress 6.3)"
181.224.10.89 - - [06/May/2026:18:36:00 +0000] "POST /xmlrpc.php HTTP/1.1" 503 18030 "-" "WordPress.com; https://wordpress.com"
181.224.10.89 - - [06/May/2026:18:36:10 +0000] "POST /xmlrpc.php HTTP/1.1" 503 18030 "-" "WordPress.com; https://wordpress.com"
181.224.10.89 - - [06/May/2026:18:36:21 +0000] "POST /xmlrpc.php HTTP/1.1" 503 18030 "-" "WordPress.com; https://wordpress.com"
181.224.10.89 - - [06/May/2026:18:36:31 +0000] "POST /xmlrpc.php HTTP/1.1" 503 18030 "-" "Jetpack by WordPress.com"
181.224.10.89 - - [06/May/2026:18:36:55 +0000] "POST /xmlrpc.php HTTP/1.1" 503 18030 "-" "WordPress.com; https://wordpress.com"
181.224.10.89 - - [06/May/2026:18:37:03 +0000] "POST /xmlrpc.php HTTP/1.1" 503 18030 "-" "Jetpack/12.1; WordPress/6.4; http://site16778819.com"
181.224.10.89 - - [06/May/2026:18:37:13 +0000] "POST /xmlrpc.php HTTP/1.1" 503 18030 "-" "Jetpack by WordPress.com (Jetpack 12.0; WordPress 6.1)"
181.224.10.89 - - [06/May/2026:18:37:26 +0000] "POST /xmlrpc.php HTTP/1.1" 503 18030 "-" "Jetpack by WordPress.com (Jetpack 12.1; WordPress 6.3)"
181.224.10.89 - - [06/May/2026:18:37:36 +0000] "POST /xmlrpc.php HTTP/1.1" 503 18030 "-" "Jetpack/12.0; WordPress/6.2; http://site57681906.com"
181.224.10.89 - - [06/May/2026:18:37:47 +0000] "POST /xmlrpc.php HTTP/1.1" 503 18030 "-" "Jetpack by WordPress.com"
181.224.10.89 - - [06/May/2026:18:37:57 +0000] "POST /xmlrpc.php HTTP/1.1" 503 18030 "-" "WordPress.com; https://wordpress.com"
181.224.10.89 - - [06/May/2026:18:38:08 +0000] "POST /xmlrpc.php HTTP/1.1" 503 18029 "-" "Jetpack by WordPress.com"
181.224.10.89 - - [06/May/2026:18:38:18 +0000] "POST /xmlrpc.php HTTP/1.1" 503 18029 "-" "Jetpack by WordPress.com (Jetpack 12.5; WordPress 6.2)"
181.224.10.89 - - [06/May/2026:18:38:29 +0000] "POST /xmlrpc.php HTTP/1.1" 503 18029 "-" "Jetpack by WordPress.com"
181.224.10.89 - - [06/May/2026:18:38:39 +0000] "POST /xmlrpc.php HTTP/1.1" 503 18029 "-" "Jetpack by WordPress.com (Jetpack 13.0; WordPress 6.4)"
181.224.10.89 - - [06/May/2026:18:38:50 +0000] "POST /xmlrpc.php HTTP/1.1" 503 18029 "-" "Jetpack/12.5; WordPress/6.4; http://site48958130.com"
181.224.10.89 - - [06/May/2026:18:39:00 +0000] "POST /xmlrpc.php HTTP/1.1" 503 18029 "-" "Jetpack by WordPress.com (Jetpack 12.0; WordPress 6.2)"
181.224.10.89 - - [06/May/2026:18:39:11 +0000] "POST /xmlrpc.php HTTP/1.1" 503 18029 "-" "Jetpack by WordPress.com"
181.224.10.89 - - [06/May/2026:18:39:22 +0000] "POST /xmlrpc.php HTTP/1.1" 503 18029 "-" "Jetpack/12.1; WordPress/6.4; http://site91729540.com"
181.224.10.89 - - [06/May/2026:18:39:33 +0000] "POST /xmlrpc.php HTTP/1.1" 503 18029 "-" "WordPress.com; https://wordpress.com"
181.224.10.89 - - [06/May/2026:18:39:43 +0000] "POST /xmlrpc.php HTTP/1.1" 503 18029 "-" "Jetpack by WordPress.com"
181.224.10.89 - - [06/May/2026:18:39:54 +0000] "POST /xmlrpc.php HTTP/1.1" 503 18029 "-" "WordPress.com; https://wordpress.com"
181.224.10.89 - - [06/May/2026:18:40:04 +0000] "POST /xmlrpc.php HTTP/1.1" 503 18029 "-" "Jetpack/12.0; WordPress/6.4; http://site35452063.com"
181.224.10.89 - - [06/May/2026:18:40:15 +0000] "POST /xmlrpc.php HTTP/1.1" 503 18029 "-" "Jetpack by WordPress.com"
3.70.164.132 - - [06/May/2026:18:40:13 +0000] "GET /wp-login.php HTTP/1.1" 200 1969 "-" "Mozilla/5.0 (Windows NT 10.0; WOW64; Trident/7.0; yie10; rv:11.0) like Gecko"
181.224.10.89 - - [06/May/2026:18:40:25 +0000] "POST /xmlrpc.php HTTP/1.1" 503 18030 "-" "Jetpack/13.0; WordPress/6.3; http://site59310708.com"
20.123.172.228 - - [06/May/2026:18:40:20 +0000] "POST /?wordfence_syncAttackData=1778092820.4922 HTTP/1.1" 200 - "-" "WordPress/6.9.4; https://nipponia.com"
181.224.10.89 - - [06/May/2026:18:40:36 +0000] "POST /xmlrpc.php HTTP/1.1" 503 18030 "-" "Jetpack/12.1; WordPress/6.2; http://site32974681.com"
3.70.164.132 - - [06/May/2026:18:40:28 +0000] "POST /wp-login.php HTTP/1.1" 503 7313 "https://nipponia.com/wp-login.php" "Mozilla/5.0 (Windows NT 10.0; WOW64; Trident/7.0; yie10; rv:11.0) like Gecko"
181.224.10.89 - - [06/May/2026:18:40:47 +0000] "POST /xmlrpc.php HTTP/1.1" 503 18030 "-" "Jetpack/12.0; WordPress/6.3; http://site56224407.com"
181.224.10.89 - - [06/May/2026:18:40:57 +0000] "POST /xmlrpc.php HTTP/1.1" 503 18030 "-" "WordPress.com; https://wordpress.com"
181.224.10.89 - - [06/May/2026:18:41:08 +0000] "POST /xmlrpc.php HTTP/1.1" 503 18030 "-" "Jetpack by WordPress.com"
181.224.10.89 - - [06/May/2026:18:41:18 +0000] "POST /xmlrpc.php HTTP/1.1" 503 18030 "-" "Jetpack by WordPress.com (Jetpack 12.0; WordPress 6.4)"
181.224.10.89 - - [06/May/2026:18:41:29 +0000] "POST /xmlrpc.php HTTP/1.1" 503 18030 "-" "Jetpack by WordPress.com (Jetpack 13.0; WordPress 6.1)"
181.224.10.89 - - [06/May/2026:18:41:39 +0000] "POST /xmlrpc.php HTTP/1.1" 503 18030 "-" "WordPress.com; https://wordpress.com"
162.214.66.154 - - [06/May/2026:18:41:36 +0000] "POST /xmlrpc.php HTTP/1.1" 503 7314 "-" "Mozilla/5.0 (Windows NT 6.1) AppleWebKit/537.36 (KHTML, like Gecko) Chrome/67.0.3396.79 Safari/537.36"
20.123.172.228 - - [06/May/2026:18:41:49 +0000] "POST /wp-cron.php?doing_wp_cron=1778092909.9204928874969482421875 HTTP/1.1" 200 - "-" "WordPress/6.9.4; https://nipponia.com"
181.224.10.89 - - [06/May/2026:18:41:50 +0000] "POST /xmlrpc.php HTTP/1.1" 503 18030 "-" "Jetpack by WordPress.com"
20.123.172.228 - - [06/May/2026:18:41:44 +0000] "POST /?wordfence_syncAttackData=1778092904.4283 HTTP/1.1" 200 - "-" "WordPress/6.9.4; https://nipponia.com"
181.224.10.89 - - [06/May/2026:18:42:00 +0000] "POST /xmlrpc.php HTTP/1.1" 503 18030 "-" "Jetpack by WordPress.com"
181.224.10.89 - - [06/May/2026:18:42:11 +0000] "POST /xmlrpc.php HTTP/1.1" 503 18030 "-" "Jetpack by WordPress.com"
181.224.10.89 - - [06/May/2026:18:42:21 +0000] "POST /xmlrpc.php HTTP/1.1" 503 18030 "-" "Jetpack by WordPress.com"
181.224.10.89 - - [06/May/2026:18:42:32 +0000] "POST /xmlrpc.php HTTP/1.1" 503 18030 "-" "Jetpack by WordPress.com"
181.224.10.89 - - [06/May/2026:18:42:42 +0000] "POST /xmlrpc.php HTTP/1.1" 503 18030 "-" "WordPress.com; https://wordpress.com"
181.224.10.89 - - [06/May/2026:18:42:52 +0000] "POST /xmlrpc.php HTTP/1.1" 503 18030 "-" "Jetpack by WordPress.com (Jetpack 12.1; WordPress 6.1)"
181.224.10.89 - - [06/May/2026:18:43:03 +0000] "POST /xmlrpc.php HTTP/1.1" 503 18030 "-" "WordPress.com; https://wordpress.com"
181.224.10.89 - - [06/May/2026:18:43:13 +0000] "POST /xmlrpc.php HTTP/1.1" 503 18030 "-" "Jetpack by WordPress.com"
181.224.10.89 - - [06/May/2026:18:43:24 +0000] "POST /xmlrpc.php HTTP/1.1" 503 18030 "-" "Jetpack by WordPress.com (Jetpack 12.1; WordPress 6.1)"
181.224.10.89 - - [06/May/2026:18:43:34 +0000] "POST /xmlrpc.php HTTP/1.1" 503 18030 "-" "Jetpack by WordPress.com"
181.224.10.89 - - [06/May/2026:18:43:45 +0000] "POST /xmlrpc.php HTTP/1.1" 503 18030 "-" "WordPress.com; https://wordpress.com"
181.224.10.89 - - [06/May/2026:18:43:55 +0000] "POST /xmlrpc.php HTTP/1.1" 503 18030 "-" "Jetpack by WordPress.com (Jetpack 13.0; WordPress 6.2)"
181.224.10.89 - - [06/May/2026:18:44:06 +0000] "POST /xmlrpc.php HTTP/1.1" 503 18030 "-" "Jetpack by WordPress.com (Jetpack 12.5; WordPress 6.3)"
181.224.10.89 - - [06/May/2026:18:44:16 +0000] "POST /xmlrpc.php HTTP/1.1" 503 7928 "-" "Jetpack by WordPress.com"
20.123.172.228 - - [06/May/2026:18:44:30 +0000] "POST /wp-cron.php?doing_wp_cron=1778093070.7653141021728515625000 HTTP/1.1" 200 - "-" "WordPress/6.9.4; https://nipponia.com"
181.224.10.89 - - [06/May/2026:18:44:27 +0000] "POST /xmlrpc.php HTTP/1.1" 503 7959 "-" "Jetpack by WordPress.com (Jetpack 13.0; WordPress 6.3)"
20.123.172.228 - - [06/May/2026:18:44:24 +0000] "POST /?wordfence_syncAttackData=1778093064.538 HTTP/1.1" 200 - "-" "WordPress/6.9.4; https://nipponia.com"
181.224.10.89 - - [06/May/2026:18:44:38 +0000] "POST /xmlrpc.php HTTP/1.1" 503 18030 "-" "Jetpack by WordPress.com (Jetpack 12.5; WordPress 6.2)"
181.224.10.89 - - [06/May/2026:18:44:49 +0000] "POST /xmlrpc.php HTTP/1.1" 503 18030 "-" "Jetpack by WordPress.com"
5.54.232.125 - - [06/May/2026:18:48:37 +0000] "POST /AutoDiscover/autodiscover.xml HTTP/1.1" 404 10160 "-" "Microsoft Office/16.0 (Windows NT 10.0; Microsoft Word 16.0.19929; Pro)"
20.123.172.228 - - [06/May/2026:18:48:55 +0000] "POST /wp-cron.php?doing_wp_cron=1778093335.9305689334869384765625 HTTP/1.1" 200 - "-" "WordPress/6.9.4; https://nipponia.com"
20.123.172.228 - - [06/May/2026:18:48:45 +0000] "POST /?wordfence_syncAttackData=1778093325.7997 HTTP/1.1" 200 - "-" "WordPress/6.9.4; https://nipponia.com"
104.248.54.112 - - [06/May/2026:18:49:24 +0000] "GET /wp-login.php HTTP/1.1" 200 1969 "-" "Mozilla/4.0 (compatible; MSIE 7.0; Windows NT 6.2; WOW64; Trident/7.0; .NET4.0E; .NET4.0C; .NET CLR 3.5.30729; .NET CLR 2.0.50727; .NET CLR 3.0.30729; InfoPath.3)"
20.123.172.228 - - [06/May/2026:18:49:35 +0000] "POST /wp-cron.php?doing_wp_cron=1778093375.1147708892822265625000 HTTP/1.1" 200 - "-" "WordPress/6.9.4; https://nipponia.com"
149.154.161.233 - - [06/May/2026:18:49:46 +0000] "GET /9fZ3xTCHB1/5LrzR9Zb9j.php HTTP/1.1" 200 121 "-" "TelegramBot (like TwitterBot)"
104.248.54.112 - - [06/May/2026:18:49:36 +0000] "POST /wp-login.php HTTP/1.1" 503 7313 "https://nipponia.com/wp-login.php" "Mozilla/4.0 (compatible; MSIE 7.0; Windows NT 6.2; WOW64; Trident/7.0; .NET4.0E; .NET4.0C; .NET CLR 3.5.30729; .NET CLR 2.0.50727; .NET CLR 3.0.30729; InfoPath.3)"
202.92.6.73 - - [06/May/2026:18:50:26 +0000] "POST /xmlrpc.php HTTP/1.1" 503 7314 "-" "Mozilla/5.0 (Windows NT 6.1; Win64; x64) AppleWebKit/537.36 (KHTML, like Gecko) Chrome/66.0.3359.170 Safari/537.36"
20.123.172.228 - - [06/May/2026:18:50:38 +0000] "POST /wp-cron.php?doing_wp_cron=1778093438.8379828929901123046875 HTTP/1.1" 200 - "-" "WordPress/6.9.4; https://nipponia.com"
5.230.176.250 - - [06/May/2026:18:52:31 +0000] "GET / HTTP/1.0" 200 76418 "https://nipponia.com/" "Mozilla/5.0 (Windows NT 10.0; Win64; x64) AppleWebKit/537.36 (KHTML, like Gecko) Chrome/130.0.0.0 Safari/537.36 CCleaner/130.0.0.0"
20.123.172.228 - - [06/May/2026:18:52:53 +0000] "POST /wp-cron.php?doing_wp_cron=1778093573.1181418895721435546875 HTTP/1.1" 200 - "-" "WordPress/6.9.4; https://nipponia.com"
121.200.217.27 - - [06/May/2026:18:58:56 +0000] "GET /wp-login.php HTTP/1.1" 200 1969 "-" "Mozilla/4.0 (compatible; MSIE 7.0; Windows NT 6.2; Trident/7.0; .NET4.0C; .NET4.0E; .NET CLR 2.0.50727; .NET CLR 3.0.30729; .NET CLR 3.5.30729; SLCC2; Media Center PC 6.0)"
20.123.172.228 - - [06/May/2026:18:59:07 +0000] "POST /wp-cron.php?doing_wp_cron=1778093946.8626410961151123046875 HTTP/1.1" 200 - "-" "WordPress/6.9.4; https://nipponia.com"
88.198.64.173 - - [06/May/2026:18:59:15 +0000] "POST /xmlrpc.php HTTP/1.1" 503 7314 "-" "Mozilla/5.0 (X11; CrOS x86_64 10452.85.0) AppleWebKit/537.36 (KHTML, like Gecko) Chrome/66.0.3359.158 Safari/537.36"
110.249.202.66 - - [06/May/2026:19:03:51 +0000] "GET /company-profile/ HTTP/1.1" 200 11420 "-" "Mozilla/5.0 (Linux; Android 5.0) AppleWebKit/537.36 (KHTML, like Gecko) Mobile Safari/537.36 (compatible; Bytespider; https://zhanzhang.toutiao.com/)"
110.249.202.73 - - [06/May/2026:19:04:10 +0000] "GET /wp-content/plugins/elementor/assets/lib/font-awesome/css/solid.min.css?ver=5.15.3 HTTP/1.1" 200 309 "https://nipponia.com/company-profile/" "Mozilla/5.0 (Linux; Android 5.0) AppleWebKit/537.36 (KHTML, like Gecko) Mobile Safari/537.36 (compatible; Bytespider; https://zhanzhang.toutiao.com/)"
110.249.202.199 - - [06/May/2026:19:04:10 +0000] "GET /wp-content/plugins/elementor/assets/lib/font-awesome/css/fontawesome.min.css?ver=5.15.3 HTTP/1.1" 200 12582 "https://nipponia.com/company-profile/" "Mozilla/5.0 (Linux; Android 5.0) AppleWebKit/537.36 (KHTML, like Gecko) Mobile Safari/537.36 (compatible; Bytespider; https://zhanzhang.toutiao.com/)"
110.249.202.11 - - [06/May/2026:19:04:10 +0000] "GET /wp-content/plugins/elementor/assets/lib/font-awesome/css/brands.min.css?ver=5.15.3 HTTP/1.1" 200 308 "https://nipponia.com/company-profile/" "Mozilla/5.0 (Linux; Android 5.0) AppleWebKit/537.36 (KHTML, like Gecko) Mobile Safari/537.36 (compatible; Bytespider; https://zhanzhang.toutiao.com/)"
110.249.202.97 - - [06/May/2026:19:04:10 +0000] "GET /wp-content/plugins/elementor-pro/assets/lib/smartmenus/jquery.smartmenus.min.js?ver=1.0.1 HTTP/1.1" 200 7157 "https://nipponia.com/company-profile/" "Mozilla/5.0 (Linux; Android 5.0) AppleWebKit/537.36 (KHTML, like Gecko) Mobile Safari/537.36 (compatible; Bytespider; https://zhanzhang.toutiao.com/)"
110.249.202.73 - - [06/May/2026:19:04:10 +0000] "GET /wp-content/plugins/elementor/assets/js/webpack.runtime.min.js?ver=3.10.1 HTTP/1.1" 200 2225 "https://nipponia.com/company-profile/" "Mozilla/5.0 (Linux; Android 5.0) AppleWebKit/537.36 (KHTML, like Gecko) Mobile Safari/537.36 (compatible; Bytespider; https://zhanzhang.toutiao.com/)"
110.249.202.97 - - [06/May/2026:19:04:11 +0000] "GET /wp-includes/js/dist/i18n.min.js?ver=c26c3dc7bed366793375 HTTP/1.1" 200 2229 "https://nipponia.com/company-profile/" "Mozilla/5.0 (Linux; Android 5.0) AppleWebKit/537.36 (KHTML, like Gecko) Mobile Safari/537.36 (compatible; Bytespider; https://zhanzhang.toutiao.com/)"
110.249.202.73 - - [06/May/2026:19:04:11 +0000] "GET /wp-content/plugins/elementor-pro/assets/js/frontend.min.js?ver=3.10.2 HTTP/1.1" 200 5743 "https://nipponia.com/company-profile/" "Mozilla/5.0 (Linux; Android 5.0) AppleWebKit/537.36 (KHTML, like Gecko) Mobile Safari/537.36 (compatible; Bytespider; https://zhanzhang.toutiao.com/)"
110.249.202.97 - - [06/May/2026:19:04:11 +0000] "GET /wp-includes/js/jquery/ui/core.min.js?ver=1.13.3 HTTP/1.1" 200 7106 "https://nipponia.com/company-profile/" "Mozilla/5.0 (Linux; Android 5.0) AppleWebKit/537.36 (KHTML, like Gecko) Mobile Safari/537.36 (compatible; Bytespider; https://zhanzhang.toutiao.com/)"
110.249.202.97 - - [06/May/2026:19:04:14 +0000] "GET /wp-content/themes/hello-elementor/theme.min.css?ver=2.6.1 HTTP/1.1" 200 2664 "https://nipponia.com/company-profile/" "Mozilla/5.0 (Linux; Android 5.0) AppleWebKit/537.36 (KHTML, like Gecko) Mobile Safari/537.36 (compatible; Bytespider; https://zhanzhang.toutiao.com/)"
110.249.201.19 - - [06/May/2026:19:08:22 +0000] "GET / HTTP/1.1" 200 14709 "-" "Mozilla/5.0 (Linux; Android 5.0) AppleWebKit/537.36 (KHTML, like Gecko) Mobile Safari/537.36 (compatible; Bytespider; https://zhanzhang.toutiao.com/)"
68.183.22.192 - - [06/May/2026:19:08:27 +0000] "POST /xmlrpc.php HTTP/1.1" 503 7313 "-" "Mozilla/5.0 (Windows NT 6.3; Win64; x64) AppleWebKit/537.36 (KHTML, like Gecko) Chrome/65.0.3325.181 Safari/537.36 OPR/52.0.2871.99"
111.225.148.130 - - [06/May/2026:19:09:35 +0000] "GET /nipponia-global-footprint/ HTTP/1.1" 200 11260 "-" "Mozilla/5.0 (Linux; Android 5.0) AppleWebKit/537.36 (KHTML, like Gecko) Mobile Safari/537.36 (compatible; Bytespider; https://zhanzhang.toutiao.com/)"
181.224.10.89 - - [06/May/2026:19:10:33 +0000] "POST /xmlrpc.php HTTP/1.1" 503 7928 "-" "Jetpack by WordPress.com"
181.224.10.89 - - [06/May/2026:19:10:44 +0000] "POST /xmlrpc.php HTTP/1.1" 503 7959 "-" "WordPress.com; https://wordpress.com"
181.224.10.89 - - [06/May/2026:19:10:54 +0000] "POST /xmlrpc.php HTTP/1.1" 503 18030 "-" "WordPress.com; https://wordpress.com"
181.224.10.89 - - [06/May/2026:19:11:05 +0000] "POST /xmlrpc.php HTTP/1.1" 503 18030 "-" "Jetpack by WordPress.com"
181.224.10.89 - - [06/May/2026:19:11:16 +0000] "POST /xmlrpc.php HTTP/1.1" 503 18030 "-" "WordPress.com; https://wordpress.com"
181.224.10.89 - - [06/May/2026:19:11:26 +0000] "POST /xmlrpc.php HTTP/1.1" 503 18030 "-" "Jetpack/13.0; WordPress/6.2; http://site97577045.com"
181.224.10.89 - - [06/May/2026:19:11:37 +0000] "POST /xmlrpc.php HTTP/1.1" 503 18030 "-" "Jetpack by WordPress.com (Jetpack 12.5; WordPress 6.1)"
181.224.10.89 - - [06/May/2026:19:11:47 +0000] "POST /xmlrpc.php HTTP/1.1" 503 18030 "-" "Jetpack/12.5; WordPress/6.4; http://site97672918.com"
181.224.10.89 - - [06/May/2026:19:11:58 +0000] "POST /xmlrpc.php HTTP/1.1" 503 18030 "-" "WordPress.com; https://wordpress.com"
181.224.10.89 - - [06/May/2026:19:12:09 +0000] "POST /xmlrpc.php HTTP/1.1" 503 18030 "-" "Jetpack by WordPress.com (Jetpack 12.5; WordPress 6.4)"
181.224.10.89 - - [06/May/2026:19:12:19 +0000] "POST /xmlrpc.php HTTP/1.1" 503 18030 "-" "WordPress.com; https://wordpress.com"
181.224.10.89 - - [06/May/2026:19:12:30 +0000] "POST /xmlrpc.php HTTP/1.1" 503 18030 "-" "WordPress.com; https://wordpress.com"
181.224.10.89 - - [06/May/2026:19:12:40 +0000] "POST /xmlrpc.php HTTP/1.1" 503 18030 "-" "Jetpack by WordPress.com (Jetpack 12.1; WordPress 6.3)"
181.224.10.89 - - [06/May/2026:19:12:50 +0000] "POST /xmlrpc.php HTTP/1.1" 503 18030 "-" "Jetpack/12.1; WordPress/6.4; http://site47781208.com"
181.224.10.89 - - [06/May/2026:19:13:01 +0000] "POST /xmlrpc.php HTTP/1.1" 503 18030 "-" "Jetpack/12.1; WordPress/6.3; http://site17796489.com"
181.224.10.89 - - [06/May/2026:19:13:11 +0000] "POST /xmlrpc.php HTTP/1.1" 503 18030 "-" "Jetpack/13.0; WordPress/6.1; http://site67479449.com"
181.224.10.89 - - [06/May/2026:19:13:22 +0000] "POST /xmlrpc.php HTTP/1.1" 503 18030 "-" "Jetpack by WordPress.com"
181.224.10.89 - - [06/May/2026:19:13:32 +0000] "POST /xmlrpc.php HTTP/1.1" 503 18030 "-" "WordPress.com; https://wordpress.com"
181.224.10.89 - - [06/May/2026:19:13:43 +0000] "POST /xmlrpc.php HTTP/1.1" 503 18030 "-" "WordPress.com; https://wordpress.com"
181.224.10.89 - - [06/May/2026:19:13:53 +0000] "POST /xmlrpc.php HTTP/1.1" 503 18030 "-" "Jetpack by WordPress.com (Jetpack 12.5; WordPress 6.4)"
181.224.10.89 - - [06/May/2026:19:14:04 +0000] "POST /xmlrpc.php HTTP/1.1" 503 18030 "-" "WordPress.com; https://wordpress.com"
181.224.10.89 - - [06/May/2026:19:14:14 +0000] "POST /xmlrpc.php HTTP/1.1" 503 18030 "-" "Jetpack/12.0; WordPress/6.1; http://site58403664.com"
181.224.10.89 - - [06/May/2026:19:14:25 +0000] "POST /xmlrpc.php HTTP/1.1" 503 18030 "-" "Jetpack/13.0; WordPress/6.1; http://site51039567.com"
181.224.10.89 - - [06/May/2026:19:14:35 +0000] "POST /xmlrpc.php HTTP/1.1" 503 18030 "-" "Jetpack by WordPress.com (Jetpack 12.5; WordPress 6.2)"
181.224.10.89 - - [06/May/2026:19:14:46 +0000] "POST /xmlrpc.php HTTP/1.1" 503 18030 "-" "Jetpack by WordPress.com"
181.224.10.89 - - [06/May/2026:19:14:56 +0000] "POST /xmlrpc.php HTTP/1.1" 503 18030 "-" "Jetpack by WordPress.com (Jetpack 12.1; WordPress 6.4)"
181.224.10.89 - - [06/May/2026:19:15:07 +0000] "POST /xmlrpc.php HTTP/1.1" 503 18030 "-" "Jetpack by WordPress.com (Jetpack 13.0; WordPress 6.4)"
181.224.10.89 - - [06/May/2026:19:15:17 +0000] "POST /xmlrpc.php HTTP/1.1" 503 18030 "-" "Jetpack/12.0; WordPress/6.1; http://site17456354.com"
181.224.10.89 - - [06/May/2026:19:15:28 +0000] "POST /xmlrpc.php HTTP/1.1" 503 18030 "-" "Jetpack by WordPress.com (Jetpack 12.1; WordPress 6.4)"
181.224.10.89 - - [06/May/2026:19:15:39 +0000] "POST /xmlrpc.php HTTP/1.1" 503 18030 "-" "Jetpack by WordPress.com (Jetpack 13.0; WordPress 6.2)"
181.224.10.89 - - [06/May/2026:19:15:49 +0000] "POST /xmlrpc.php HTTP/1.1" 503 18030 "-" "Jetpack by WordPress.com (Jetpack 12.1; WordPress 6.3)"
181.224.10.89 - - [06/May/2026:19:16:00 +0000] "POST /xmlrpc.php HTTP/1.1" 503 18030 "-" "Jetpack/12.0; WordPress/6.4; http://site37450653.com"
181.224.10.89 - - [06/May/2026:19:16:10 +0000] "POST /xmlrpc.php HTTP/1.1" 503 18030 "-" "WordPress.com; https://wordpress.com"
181.224.10.89 - - [06/May/2026:19:16:21 +0000] "POST /xmlrpc.php HTTP/1.1" 503 18030 "-" "WordPress.com; https://wordpress.com"
181.224.10.89 - - [06/May/2026:19:16:31 +0000] "POST /xmlrpc.php HTTP/1.1" 503 18030 "-" "Jetpack/12.5; WordPress/6.4; http://site59022380.com"
181.224.10.89 - - [06/May/2026:19:16:42 +0000] "POST /xmlrpc.php HTTP/1.1" 503 18030 "-" "WordPress.com; https://wordpress.com"
181.224.10.89 - - [06/May/2026:19:16:52 +0000] "POST /xmlrpc.php HTTP/1.1" 503 18030 "-" "Jetpack by WordPress.com (Jetpack 13.0; WordPress 6.3)"
181.224.10.89 - - [06/May/2026:19:17:03 +0000] "POST /xmlrpc.php HTTP/1.1" 503 18030 "-" "Jetpack by WordPress.com"
181.224.10.89 - - [06/May/2026:19:17:14 +0000] "POST /xmlrpc.php HTTP/1.1" 503 18030 "-" "Jetpack by WordPress.com (Jetpack 12.1; WordPress 6.4)"
94.130.219.13 - - [06/May/2026:19:17:02 +0000] "POST /xmlrpc.php HTTP/1.1" 503 7314 "-" "Mozilla/5.0 (Windows NT 6.3; Win64; x64) AppleWebKit/537.36 (KHTML, like Gecko) Chrome/66.0.3359.170 Safari/537.36"
20.123.172.228 - - [06/May/2026:19:17:15 +0000] "POST /wp-cron.php?doing_wp_cron=1778095035.7388279438018798828125 HTTP/1.1" 200 - "-" "WordPress/6.9.4; https://nipponia.com"
20.123.172.228 - - [06/May/2026:19:17:09 +0000] "POST /?wordfence_syncAttackData=1778095029.8696 HTTP/1.1" 200 - "-" "WordPress/6.9.4; https://nipponia.com"
181.224.10.89 - - [06/May/2026:19:17:24 +0000] "POST /xmlrpc.php HTTP/1.1" 503 18030 "-" "Jetpack by WordPress.com (Jetpack 13.0; WordPress 6.1)"
181.224.10.89 - - [06/May/2026:19:17:35 +0000] "POST /xmlrpc.php HTTP/1.1" 503 18030 "-" "Jetpack by WordPress.com"
181.224.10.89 - - [06/May/2026:19:17:45 +0000] "POST /xmlrpc.php HTTP/1.1" 503 18030 "-" "Jetpack by WordPress.com"
181.224.10.89 - - [06/May/2026:19:17:56 +0000] "POST /xmlrpc.php HTTP/1.1" 503 18030 "-" "Jetpack/13.0; WordPress/6.3; http://site12129673.com"
181.224.10.89 - - [06/May/2026:19:18:06 +0000] "POST /xmlrpc.php HTTP/1.1" 503 18030 "-" "Jetpack/12.5; WordPress/6.2; http://site34409413.com"
181.224.10.89 - - [06/May/2026:19:18:17 +0000] "POST /xmlrpc.php HTTP/1.1" 503 18030 "-" "Jetpack by WordPress.com (Jetpack 12.0; WordPress 6.4)"
181.224.10.89 - - [06/May/2026:19:18:27 +0000] "POST /xmlrpc.php HTTP/1.1" 503 18030 "-" "Jetpack by WordPress.com"
181.224.10.89 - - [06/May/2026:19:18:38 +0000] "POST /xmlrpc.php HTTP/1.1" 503 18030 "-" "Jetpack by WordPress.com (Jetpack 13.0; WordPress 6.3)"
181.224.10.89 - - [06/May/2026:19:18:48 +0000] "POST /xmlrpc.php HTTP/1.1" 503 18030 "-" "Jetpack by WordPress.com (Jetpack 12.0; WordPress 6.1)"
202.92.6.73 - - [06/May/2026:19:25:30 +0000] "POST /xmlrpc.php HTTP/1.1" 503 7313 "-" "Mozilla/5.0 (Macintosh; Intel Mac OS X 10_12_6) AppleWebKit/537.36 (KHTML, like Gecko) Chrome/67.0.3396.87 Safari/537.36"
20.123.172.228 - - [06/May/2026:19:25:43 +0000] "POST /wp-cron.php?doing_wp_cron=1778095543.3419959545135498046875 HTTP/1.1" 200 - "-" "WordPress/6.9.4; https://nipponia.com"
192.175.111.234 - - [06/May/2026:19:32:30 +0000] "GET / HTTP/1.1" 200 76418 "-" "Mozilla/5.0 (Windows NT 10.0; Win64; x64) AppleWebKit/537.36 (KHTML, like Gecko) Chrome/147.0.0.0 Safari/537.36"
192.175.111.254 - - [06/May/2026:19:32:40 +0000] "GET / HTTP/1.1" 200 76418 "-" "Mozilla/5.0 (Windows NT 10.0; Win64; x64) AppleWebKit/537.36 (KHTML, like Gecko) Chrome/147.0.0.0 Safari/537.36"
192.175.111.247 - - [06/May/2026:19:33:10 +0000] "GET / HTTP/1.1" 200 76418 "-" "Mozilla/5.0 (Windows NT 10.0; Win64; x64) AppleWebKit/537.36 (KHTML, like Gecko) Chrome/147.0.0.0 Safari/537.36"
208.109.188.137 - - [06/May/2026:19:33:55 +0000] "POST /xmlrpc.php HTTP/1.1" 503 7313 "-" "Mozilla/5.0 (Windows NT 6.1; Win64; x64) AppleWebKit/537.36 (KHTML, like Gecko) Chrome/65.0.3325.181 Safari/537.36 OPR/52.0.2871.40"
20.123.172.228 - - [06/May/2026:19:34:07 +0000] "POST /wp-cron.php?doing_wp_cron=1778096047.7745869159698486328125 HTTP/1.1" 200 - "-" "WordPress/6.9.4; https://nipponia.com"
103.50.205.131 - - [06/May/2026:19:35:32 +0000] "GET /wp-login.php HTTP/1.1" 200 1969 "-" "Mozilla/5.0 (Windows NT 6.1; WOW64; Trident/7.0; MAARJS; rv:11.0) like Gecko"
20.123.172.228 - - [06/May/2026:19:35:44 +0000] "POST /wp-cron.php?doing_wp_cron=1778096144.6495809555053710937500 HTTP/1.1" 200 - "-" "WordPress/6.9.4; https://nipponia.com"
103.50.205.131 - - [06/May/2026:19:35:46 +0000] "POST /wp-login.php HTTP/1.1" 503 7313 "https://nipponia.com/wp-login.php" "Mozilla/5.0 (Windows NT 6.1; WOW64; Trident/7.0; MAARJS; rv:11.0) like Gecko"
113.187.157.133 - - [06/May/2026:19:40:42 +0000] "GET /company-profile-2/ HTTP/1.1" 200 11202 "-" "Mozilla/5.0 (Windows NT 6.1) AppleWebKit/537.36 (KHTML, like Gecko) Chrome/79.0.3945.117 Safari/537.36"
20.123.172.228 - - [06/May/2026:19:40:58 +0000] "POST /wp-cron.php?doing_wp_cron=1778096458.5371189117431640625000 HTTP/1.1" 200 - "-" "WordPress/6.9.4; https://nipponia.com"
52.138.0.210 - - [06/May/2026:19:41:21 +0000] "GET /wk/index.php HTTP/1.1" 301 - "-" "Mozilla/5.0 (Windows NT 10.0; Win64; x64) AppleWebKit/537.36 (KHTML, like Gecko) Chrome/120.0.0.0 Safari/537.36"
52.138.0.210 - - [06/May/2026:19:41:31 +0000] "GET /inputs.php HTTP/1.1" 404 10742 "-" "Mozilla/5.0 (Windows NT 10.0; Win64; x64) AppleWebKit/537.36 (KHTML, like Gecko) Chrome/120.0.0.0 Safari/537.36"
20.123.172.228 - - [06/May/2026:19:41:49 +0000] "POST /wp-cron.php?doing_wp_cron=1778096509.5256800651550292968750 HTTP/1.1" 200 - "-" "WordPress/6.9.4; https://nipponia.com"
130.193.219.50 - - [06/May/2026:19:41:51 +0000] "GET /index.php/en/ HTTP/1.1" 301 - "-" "Mozilla/5.0 (Windows NT 6.1; WOW64) AppleWebKit/537.36 (KHTML, like Gecko) Chrome/95.0.4638.54 Safari/537.36"
18.231.91.52 - - [06/May/2026:19:41:55 +0000] "POST /xmlrpc.php HTTP/1.1" 503 7313 "-" "Mozilla/5.0 (Macintosh; Intel Mac OS X 10_12_6) AppleWebKit/537.36 (KHTML, like Gecko) Chrome/66.0.3359.117 Safari/537.36"
144.124.199.218 - - [06/May/2026:19:45:57 +0000] "GET /company-profile-2/ HTTP/1.1" 200 11202 "-" "Mozilla/5.0 (Macintosh; Intel Mac OS X 10_9_5) AppleWebKit/537.36 (KHTML, like Gecko) Chrome/67.0.3396.87 Safari/537.36"
103.237.37.48 - - [06/May/2026:19:45:58 +0000] "GET /dominican-republic/ HTTP/1.1" 200 12461 "-" "Mozilla/5.0 (Macintosh; Intel Mac OS X 10_15_7) AppleWebKit/537.36 (KHTML, like Gecko) Chrome/103.0.0.0 Safari/537.36"
20.123.172.228 - - [06/May/2026:19:46:14 +0000] "POST /wp-cron.php?doing_wp_cron=1778096774.0910210609436035156250 HTTP/1.1" 200 - "-" "WordPress/6.9.4; https://nipponia.com"
162.214.66.154 - - [06/May/2026:19:50:00 +0000] "POST /xmlrpc.php HTTP/1.1" 503 7313 "-" "Mozilla/5.0 (Windows NT 6.2; Win64; x64) AppleWebKit/537.36 (KHTML, like Gecko) Chrome/65.0.3325.181 Safari/537.36"
20.123.172.228 - - [06/May/2026:19:50:12 +0000] "POST /wp-cron.php?doing_wp_cron=1778097011.9392209053039550781250 HTTP/1.1" 200 - "-" "WordPress/6.9.4; https://nipponia.com"
92.60.24.143 - - [06/May/2026:19:51:15 +0000] "GET /dominican-republic/ HTTP/1.1" 200 12461 "-" "Mozilla/5.0 (Windows NT 6.4; WOW64) AppleWebKit/537.36 (KHTML, like Gecko) Chrome/41.0.2225.0 Safari/537.36"
