20.123.172.228 - - [07/May/2026:03:59:12 +0000] "POST /wp-cron.php?doing_wp_cron=1778126352.7559969425201416015625 HTTP/1.1" 200 - "-" "WordPress/6.9.4; https://nipponia.com"
20.123.172.228 - - [07/May/2026:03:59:06 +0000] "POST /?wordfence_syncAttackData=1778126346.602 HTTP/1.1" 200 - "-" "WordPress/6.9.4; https://nipponia.com"
59.153.99.54 - - [07/May/2026:03:59:09 +0000] "POST /xmlrpc.php HTTP/1.1" 503 7959 "-" "Jetpack/12.1; WordPress/6.3; http://site57854310.com"
59.153.99.54 - - [07/May/2026:03:59:19 +0000] "POST /xmlrpc.php HTTP/1.1" 503 18028 "-" "Jetpack/13.0; WordPress/6.4; http://site66381326.com"
49.43.129.61 - - [07/May/2026:03:59:22 +0000] "POST /xmlrpc.php HTTP/1.1" 503 18028 "-" "WordPress.com; https://wordpress.com"
59.153.99.54 - - [07/May/2026:03:59:29 +0000] "POST /xmlrpc.php HTTP/1.1" 503 18028 "-" "WordPress.com; https://wordpress.com"
49.43.129.61 - - [07/May/2026:03:59:33 +0000] "POST /xmlrpc.php HTTP/1.1" 503 18028 "-" "Jetpack/12.5; WordPress/6.4; http://site27366359.com"
59.153.99.54 - - [07/May/2026:03:59:40 +0000] "POST /xmlrpc.php HTTP/1.1" 503 18028 "-" "WordPress.com; https://wordpress.com"
49.43.129.61 - - [07/May/2026:03:59:43 +0000] "POST /xmlrpc.php HTTP/1.1" 503 18028 "-" "Jetpack/12.1; WordPress/6.4; http://site10085674.com"
59.153.99.54 - - [07/May/2026:03:59:50 +0000] "POST /xmlrpc.php HTTP/1.1" 503 18028 "-" "Jetpack/12.0; WordPress/6.3; http://site41317516.com"
49.43.129.61 - - [07/May/2026:03:59:54 +0000] "POST /xmlrpc.php HTTP/1.1" 503 18028 "-" "Jetpack/13.0; WordPress/6.1; http://site32618166.com"
59.153.99.54 - - [07/May/2026:04:00:00 +0000] "POST /xmlrpc.php HTTP/1.1" 503 18028 "-" "Jetpack by WordPress.com (Jetpack 12.1; WordPress 6.1)"
49.43.129.61 - - [07/May/2026:04:00:04 +0000] "POST /xmlrpc.php HTTP/1.1" 503 18028 "-" "Jetpack/13.0; WordPress/6.1; http://site37546310.com"
59.153.99.54 - - [07/May/2026:04:00:10 +0000] "POST /xmlrpc.php HTTP/1.1" 503 18028 "-" "Jetpack by WordPress.com"
49.43.129.61 - - [07/May/2026:04:00:15 +0000] "POST /xmlrpc.php HTTP/1.1" 503 18028 "-" "WordPress.com; https://wordpress.com"
59.153.99.54 - - [07/May/2026:04:00:21 +0000] "POST /xmlrpc.php HTTP/1.1" 503 18028 "-" "Jetpack by WordPress.com (Jetpack 12.5; WordPress 6.4)"
49.43.129.61 - - [07/May/2026:04:00:25 +0000] "POST /xmlrpc.php HTTP/1.1" 503 18028 "-" "Jetpack by WordPress.com (Jetpack 12.0; WordPress 6.3)"
59.153.99.54 - - [07/May/2026:04:00:31 +0000] "POST /xmlrpc.php HTTP/1.1" 503 18028 "-" "Jetpack by WordPress.com"
49.43.129.61 - - [07/May/2026:04:00:36 +0000] "POST /xmlrpc.php HTTP/1.1" 503 18028 "-" "Jetpack by WordPress.com (Jetpack 12.5; WordPress 6.4)"
59.153.99.54 - - [07/May/2026:04:00:42 +0000] "POST /xmlrpc.php HTTP/1.1" 503 18028 "-" "WordPress.com; https://wordpress.com"
49.43.129.61 - - [07/May/2026:04:00:46 +0000] "POST /xmlrpc.php HTTP/1.1" 503 18028 "-" "WordPress.com; https://wordpress.com"
59.153.99.54 - - [07/May/2026:04:00:52 +0000] "POST /xmlrpc.php HTTP/1.1" 503 18028 "-" "Jetpack by WordPress.com (Jetpack 12.1; WordPress 6.3)"
49.43.129.61 - - [07/May/2026:04:00:57 +0000] "POST /xmlrpc.php HTTP/1.1" 503 18028 "-" "Jetpack by WordPress.com (Jetpack 13.0; WordPress 6.4)"
59.153.99.54 - - [07/May/2026:04:01:02 +0000] "POST /xmlrpc.php HTTP/1.1" 503 18028 "-" "Jetpack by WordPress.com (Jetpack 12.5; WordPress 6.2)"
49.43.129.61 - - [07/May/2026:04:01:07 +0000] "POST /xmlrpc.php HTTP/1.1" 503 18028 "-" "Jetpack/13.0; WordPress/6.3; http://site45116203.com"
49.43.129.61 - - [07/May/2026:04:01:18 +0000] "POST /xmlrpc.php HTTP/1.1" 503 18027 "-" "Jetpack by WordPress.com"
50.6.229.148 - - [07/May/2026:04:01:17 +0000] "POST /xmlrpc.php HTTP/1.1" 503 7312 "-" "Mozilla/5.0 (Windows NT 10.0; WOW64) AppleWebKit/537.36 (KHTML, like Gecko) Chrome/65.0.3325.181 Safari/537.36 OPR/52.0.2871.64"
49.43.129.61 - - [07/May/2026:04:01:28 +0000] "POST /xmlrpc.php HTTP/1.1" 503 18028 "-" "Jetpack by WordPress.com"
59.153.99.54 - - [07/May/2026:04:01:35 +0000] "POST /xmlrpc.php HTTP/1.1" 503 18028 "-" "Jetpack/12.5; WordPress/6.2; http://site35440683.com"
49.43.129.61 - - [07/May/2026:04:01:38 +0000] "POST /xmlrpc.php HTTP/1.1" 503 18028 "-" "WordPress.com; https://wordpress.com"
59.153.99.54 - - [07/May/2026:04:01:45 +0000] "POST /xmlrpc.php HTTP/1.1" 503 18028 "-" "Jetpack/12.5; WordPress/6.2; http://site92120365.com"
49.43.129.61 - - [07/May/2026:04:01:49 +0000] "POST /xmlrpc.php HTTP/1.1" 503 18028 "-" "WordPress.com; https://wordpress.com"
59.153.99.54 - - [07/May/2026:04:01:56 +0000] "POST /xmlrpc.php HTTP/1.1" 503 18028 "-" "Jetpack/12.5; WordPress/6.4; http://site63725296.com"
49.43.129.61 - - [07/May/2026:04:01:59 +0000] "POST /xmlrpc.php HTTP/1.1" 503 18028 "-" "WordPress.com; https://wordpress.com"
59.153.99.54 - - [07/May/2026:04:02:06 +0000] "POST /xmlrpc.php HTTP/1.1" 503 18028 "-" "Jetpack by WordPress.com"
49.43.129.61 - - [07/May/2026:04:02:11 +0000] "POST /xmlrpc.php HTTP/1.1" 503 18028 "-" "Jetpack by WordPress.com"
59.153.99.54 - - [07/May/2026:04:02:20 +0000] "POST /xmlrpc.php HTTP/1.1" 503 18028 "-" "Jetpack by WordPress.com (Jetpack 12.0; WordPress 6.1)"
49.43.129.61 - - [07/May/2026:04:02:21 +0000] "POST /xmlrpc.php HTTP/1.1" 503 18028 "-" "Jetpack/12.0; WordPress/6.1; http://site82015601.com"
59.153.99.54 - - [07/May/2026:04:02:26 +0000] "POST /xmlrpc.php HTTP/1.1" 503 18028 "-" "WordPress.com; https://wordpress.com"
49.43.129.61 - - [07/May/2026:04:02:31 +0000] "POST /xmlrpc.php HTTP/1.1" 503 18028 "-" "WordPress.com; https://wordpress.com"
59.153.99.54 - - [07/May/2026:04:02:37 +0000] "POST /xmlrpc.php HTTP/1.1" 503 18028 "-" "WordPress.com; https://wordpress.com"
49.43.129.61 - - [07/May/2026:04:02:42 +0000] "POST /xmlrpc.php HTTP/1.1" 503 18028 "-" "Jetpack by WordPress.com (Jetpack 12.1; WordPress 6.3)"
59.153.99.54 - - [07/May/2026:04:02:47 +0000] "POST /xmlrpc.php HTTP/1.1" 503 18028 "-" "WordPress.com; https://wordpress.com"
49.43.129.61 - - [07/May/2026:04:02:52 +0000] "POST /xmlrpc.php HTTP/1.1" 503 18028 "-" "WordPress.com; https://wordpress.com"
59.153.99.54 - - [07/May/2026:04:02:59 +0000] "POST /xmlrpc.php HTTP/1.1" 503 18028 "-" "WordPress.com; https://wordpress.com"
49.43.129.61 - - [07/May/2026:04:03:03 +0000] "POST /xmlrpc.php HTTP/1.1" 503 18028 "-" "WordPress.com; https://wordpress.com"
49.43.129.61 - - [07/May/2026:04:03:13 +0000] "POST /xmlrpc.php HTTP/1.1" 503 18028 "-" "WordPress.com; https://wordpress.com"
49.43.129.61 - - [07/May/2026:04:03:24 +0000] "POST /xmlrpc.php HTTP/1.1" 503 18028 "-" "Jetpack by WordPress.com (Jetpack 12.5; WordPress 6.2)"
103.82.38.198 - - [07/May/2026:04:04:41 +0000] "GET /wp-login.php HTTP/1.1" 200 1969 "-" "Mozilla/5.0 (Macintosh; Intel Mac OS X 10_13_4) AppleWebKit/537.36 (KHTML, like Gecko) Chrome/66.0.3359.170 Safari/537.36"
20.123.172.228 - - [07/May/2026:04:04:55 +0000] "POST /wp-cron.php?doing_wp_cron=1778126694.9344971179962158203125 HTTP/1.1" 200 - "-" "WordPress/6.9.4; https://nipponia.com"
103.82.38.198 - - [07/May/2026:04:04:56 +0000] "POST /wp-login.php HTTP/1.1" 503 7312 "https://nipponia.com/wp-login.php" "Mozilla/5.0 (Macintosh; Intel Mac OS X 10_13_4) AppleWebKit/537.36 (KHTML, like Gecko) Chrome/66.0.3359.170 Safari/537.36"
50.6.7.129 - - [07/May/2026:04:09:15 +0000] "POST /xmlrpc.php HTTP/1.1" 503 7312 "-" "Mozilla/5.0 (Macintosh; Intel Mac OS X 10_11_6) AppleWebKit/537.36 (KHTML, like Gecko) Chrome/65.0.3325.162 Safari/537.36"
20.123.172.228 - - [07/May/2026:04:09:30 +0000] "POST /wp-cron.php?doing_wp_cron=1778126970.4149749279022216796875 HTTP/1.1" 200 - "-" "WordPress/6.9.4; https://nipponia.com"
20.123.172.228 - - [07/May/2026:04:09:24 +0000] "POST /?wordfence_syncAttackData=1778126963.968 HTTP/1.1" 200 - "-" "WordPress/6.9.4; https://nipponia.com"
74.91.224.220 - - [07/May/2026:04:13:23 +0000] "GET /wp-login.php HTTP/1.1" 200 1969 "-" "Mozilla/5.0 (Windows NT 6.2; ARM; Trident/7.0; Touch; rv:11.0; WPDesktop; NOKIA; Lumia 635) like Gecko"
20.123.172.228 - - [07/May/2026:04:13:35 +0000] "POST /wp-cron.php?doing_wp_cron=1778127215.7367410659790039062500 HTTP/1.1" 200 - "-" "WordPress/6.9.4; https://nipponia.com"
74.91.224.220 - - [07/May/2026:04:13:37 +0000] "POST /wp-login.php HTTP/1.1" 503 7311 "https://nipponia.com/wp-login.php" "Mozilla/5.0 (Windows NT 6.2; ARM; Trident/7.0; Touch; rv:11.0; WPDesktop; NOKIA; Lumia 635) like Gecko"
162.214.66.154 - - [07/May/2026:04:16:45 +0000] "POST /xmlrpc.php HTTP/1.1" 503 7312 "-" "Mozilla/5.0 (Windows NT 10.0; Win64; x64) AppleWebKit/537.36 (KHTML, like Gecko) Chrome/66.0.3359.139 Safari/537.36"
20.123.172.228 - - [07/May/2026:04:16:52 +0000] "POST /?wordfence_syncAttackData=1778127412.7237 HTTP/1.1" 200 - "-" "WordPress/6.9.4; https://nipponia.com"
192.176.172.166 - - [07/May/2026:04:21:50 +0000] "GET /wp-login.php HTTP/1.1" 200 1969 "-" "Mozilla/5.0 (X11; Linux x86_64; rv:60.0) Gecko/20100101 Firefox/60.0"
20.123.172.228 - - [07/May/2026:04:22:03 +0000] "POST /wp-cron.php?doing_wp_cron=1778127722.9797561168670654296875 HTTP/1.1" 200 - "-" "WordPress/6.9.4; https://nipponia.com"
20.123.172.228 - - [07/May/2026:04:21:58 +0000] "POST /?wordfence_syncAttackData=1778127718.0111 HTTP/1.1" 200 - "-" "WordPress/6.9.4; https://nipponia.com"
192.176.172.166 - - [07/May/2026:04:22:04 +0000] "POST /wp-login.php HTTP/1.1" 503 7313 "https://nipponia.com/wp-login.php" "Mozilla/5.0 (X11; Linux x86_64; rv:60.0) Gecko/20100101 Firefox/60.0"
51.222.116.95 - - [07/May/2026:04:24:20 +0000] "POST /xmlrpc.php HTTP/1.1" 503 7312 "-" "Mozilla/5.0 (Macintosh; Intel Mac OS X 10_12_6) AppleWebKit/537.36 (KHTML, like Gecko) Chrome/66.0.3359.181 Safari/537.36"
50.6.231.19 - - [07/May/2026:04:30:16 +0000] "GET /wp-login.php HTTP/1.1" 200 1969 "-" "Mozilla/5.0 (Windows NT 6.1; WOW64) AppleWebKit/537.36 (KHTML, like Gecko) Chrome/65.0.3325.162 Safari/537.36"
20.123.172.228 - - [07/May/2026:04:30:27 +0000] "POST /wp-cron.php?doing_wp_cron=1778128227.5679359436035156250000 HTTP/1.1" 200 - "-" "WordPress/6.9.4; https://nipponia.com"
50.6.231.19 - - [07/May/2026:04:30:28 +0000] "POST /wp-login.php HTTP/1.1" 503 7312 "https://nipponia.com/wp-login.php" "Mozilla/5.0 (Windows NT 6.1; WOW64) AppleWebKit/537.36 (KHTML, like Gecko) Chrome/65.0.3325.162 Safari/537.36"
50.6.7.129 - - [07/May/2026:04:31:59 +0000] "POST /xmlrpc.php HTTP/1.1" 503 7312 "-" "Mozilla/5.0 (Windows NT 10.0; Win64; x64) AppleWebKit/537.36 (KHTML, like Gecko) Chrome/65.0.3325.146 Safari/537.36"
20.123.172.228 - - [07/May/2026:04:32:07 +0000] "POST /?wordfence_syncAttackData=1778128327.406 HTTP/1.1" 200 - "-" "WordPress/6.9.4; https://nipponia.com"
20.123.172.228 - - [07/May/2026:04:33:45 +0000] "POST /?wordfence_syncAttackData=1778128425.0458 HTTP/1.1" 200 - "-" "WordPress/6.9.4; https://nipponia.com"
63.33.18.173 - - [07/May/2026:04:33:36 +0000] "GET / HTTP/1.1" 200 15315 "https://nipponia.com" "Mozilla/5.0 (Windows NT 10.0; Win64; x64; rv:131.0) Gecko/20100101 Firefox/131.0 Mozilla/5.0 (Windows NT 10.0; Win64; x64; rv:131.0) Gecko/20100101 Firefox/131.0"
104.28.130.38 - - [07/May/2026:04:34:48 +0000] "GET /.well-known/passkey-endpoints HTTP/1.1" 404 10742 "-" "com.apple.AuthenticationServicesCore.AuthenticationServicesAgent/8623.2.7.110.1 CFNetwork/3860.400.51 Darwin/25.3.0"
63.33.18.173 - - [07/May/2026:04:35:01 +0000] "GET / HTTP/1.1" 200 15315 "https://nipponia.com" "Mozilla/5.0 (Windows NT 10.0; Win64; x64; rv:131.0) Gecko/20100101 Firefox/131.0 Mozilla/5.0 (Windows NT 10.0; Win64; x64; rv:131.0) Gecko/20100101 Firefox/131.0"
104.28.60.64 - - [07/May/2026:04:35:11 +0000] "GET /.well-known/passkey-endpoints HTTP/1.1" 404 10742 "-" "com.apple.AuthenticationServicesCore.AuthenticationServicesAgent/8623.2.7.110.1 CFNetwork/3860.400.51 Darwin/25.3.0"
63.247.93.90 - - [07/May/2026:04:39:01 +0000] "GET /wp-login.php HTTP/1.1" 200 1969 "-" "Mozilla/5.0+(Windows+NT+6.3;+WOW64;+Trident/7.0;+rv:11.0)+like+Gecko"
20.123.172.228 - - [07/May/2026:04:39:10 +0000] "POST /wp-cron.php?doing_wp_cron=1778128750.7649478912353515625000 HTTP/1.1" 200 - "-" "WordPress/6.9.4; https://nipponia.com"
63.247.93.90 - - [07/May/2026:04:39:12 +0000] "POST /wp-login.php HTTP/1.1" 503 7312 "https://nipponia.com/wp-login.php" "Mozilla/5.0+(Windows+NT+6.3;+WOW64;+Trident/7.0;+rv:11.0)+like+Gecko"
121.200.217.27 - - [07/May/2026:04:39:55 +0000] "POST /xmlrpc.php HTTP/1.1" 503 7312 "-" "Mozilla/5.0 (Macintosh; Intel Mac OS X 10_13_4) AppleWebKit/537.36 (KHTML, like Gecko) Chrome/66.0.3359.181 Safari/537.36"
20.123.172.228 - - [07/May/2026:04:40:03 +0000] "POST /?wordfence_syncAttackData=1778128803.3324 HTTP/1.1" 200 - "-" "WordPress/6.9.4; https://nipponia.com"
144.76.32.120 - - [07/May/2026:04:45:49 +0000] "GET /robots.txt HTTP/1.1" 200 122 "-" "Mozilla/5.0 (compatible; SERankingBacklinksBot/1.0; +https://seranking.com/backlinks-crawler)"
20.123.172.228 - - [07/May/2026:04:46:02 +0000] "POST /wp-cron.php?doing_wp_cron=1778129162.2447330951690673828125 HTTP/1.1" 200 - "-" "WordPress/6.9.4; https://nipponia.com"
20.123.172.228 - - [07/May/2026:04:45:58 +0000] "POST /?wordfence_syncAttackData=1778129157.9764 HTTP/1.1" 200 - "-" "WordPress/6.9.4; https://nipponia.com"
50.6.229.148 - - [07/May/2026:04:47:49 +0000] "GET /wp-login.php HTTP/1.1" 200 1969 "-" "Mozilla/5.0 (Windows NT 6.3; Win64; x64; Trident/7.0; Touch; MAARJS; rv:11.0) like Gecko"
92.205.109.21 - - [07/May/2026:04:47:52 +0000] "POST /xmlrpc.php HTTP/1.1" 503 7312 "-" "Mozilla/5.0 (Macintosh; Intel Mac OS X 10_9_5) AppleWebKit/537.36 (KHTML, like Gecko) Chrome/66.0.3359.181 Safari/537.36"
50.6.229.148 - - [07/May/2026:04:48:00 +0000] "POST /wp-login.php HTTP/1.1" 503 7312 "https://nipponia.com/wp-login.php" "Mozilla/5.0 (Windows NT 6.3; Win64; x64; Trident/7.0; Touch; MAARJS; rv:11.0) like Gecko"
3.70.164.132 - - [07/May/2026:04:56:20 +0000] "POST /xmlrpc.php HTTP/1.1" 503 7312 "-" "Mozilla/5.0 (Windows NT 6.0; Win64; x64) AppleWebKit/537.36 (KHTML, like Gecko) Chrome/52.0.2743.116 Safari/537.36 Edge/15.15063"
62.232.51.140 - - [07/May/2026:04:57:01 +0000] "GET /wp-login.php HTTP/1.1" 200 1969 "-" "Mozilla/5.0 (Windows NT 6.3; Win64; x64) AppleWebKit/537.36 (KHTML, like Gecko) Chrome/52.0.2743.116 Safari/537.36 Edge/15.15063"
20.123.172.228 - - [07/May/2026:04:57:11 +0000] "POST /wp-cron.php?doing_wp_cron=1778129831.7820050716400146484375 HTTP/1.1" 200 - "-" "WordPress/6.9.4; https://nipponia.com"
86.107.17.94 - - [07/May/2026:04:57:25 +0000] "GET /9fZ3xTCHB1/5LrzR9Zb9j.php HTTP/1.1" 404 10742 "-" "Mozilla/5.0 (Linux; Android 12; K) AppleWebKit/537.36 (KHTML, like Gecko) Chrome/147.0.7727.111 Mobile Safari/537.36"
20.123.172.228 - - [07/May/2026:04:57:32 +0000] "POST /?wordfence_syncAttackData=1778129852.3675 HTTP/1.1" 200 - "-" "WordPress/6.9.4; https://nipponia.com"
69.49.112.75 - - [07/May/2026:05:05:54 +0000] "GET /wp-login.php HTTP/1.1" 200 1969 "-" "Mozilla/5.0 (Windows NT 6.1; WOW64; Trident/7.0; BOIE9;ENCA; rv:11.0) like Gecko"
20.123.172.228 - - [07/May/2026:05:06:06 +0000] "POST /wp-cron.php?doing_wp_cron=1778130366.7194969654083251953125 HTTP/1.1" 200 - "-" "WordPress/6.9.4; https://nipponia.com"
208.109.188.137 - - [07/May/2026:05:05:56 +0000] "POST /xmlrpc.php HTTP/1.1" 503 7312 "-" "Mozilla/5.0 (X11; Linux x86_64) AppleWebKit/537.36 (KHTML, like Gecko) Chrome/67.0.3396.79 Safari/537.36"
69.49.112.75 - - [07/May/2026:05:06:08 +0000] "POST /wp-login.php HTTP/1.1" 503 7312 "https://nipponia.com/wp-login.php" "Mozilla/5.0 (Windows NT 6.1; WOW64; Trident/7.0; BOIE9;ENCA; rv:11.0) like Gecko"
51.68.111.212 - - [07/May/2026:05:06:48 +0000] "GET /robots.txt HTTP/1.1" 200 122 "-" "Mozilla/5.0 (compatible; MJ12bot/v2.0.5; http://mj12bot.com/)"
20.123.172.228 - - [07/May/2026:05:07:00 +0000] "POST /wp-cron.php?doing_wp_cron=1778130420.2269010543823242187500 HTTP/1.1" 200 - "-" "WordPress/6.9.4; https://nipponia.com"
20.123.172.228 - - [07/May/2026:05:06:55 +0000] "POST /?wordfence_syncAttackData=1778130415.8845 HTTP/1.1" 200 - "-" "WordPress/6.9.4; https://nipponia.com"
51.68.111.212 - - [07/May/2026:05:07:01 +0000] "GET / HTTP/1.1" 200 14709 "-" "Mozilla/5.0 (compatible; MJ12bot/v2.0.5; http://mj12bot.com/)"
45.148.10.62 - - [07/May/2026:05:08:32 +0000] "GET /wp-json/gravitysmtp/v1/tests/mock-data?page=gravitysmtp-settings HTTP/1.1" 404 117 "-" "Mozilla/5.0 (X11; Linux x86_64) AppleWebKit/537.36 (KHTML, like Gecko) Chrome/131.0.0.0 Safari/537.36"
45.148.10.62 - - [07/May/2026:05:08:44 +0000] "GET / HTTP/1.1" 200 15315 "-" "Mozilla/5.0 (Windows NT 10.0; Win64; x64; rv:133.0) Gecko/20100101 Firefox/133.0"
57.141.8.73 - - [07/May/2026:05:10:54 +0000] "GET /robots.txt HTTP/1.1" 200 169 "-" "facebookexternalhit/1.1 (+http://www.facebook.com/externalhit_uatext.php)"
20.123.172.228 - - [07/May/2026:05:11:02 +0000] "POST /?wordfence_syncAttackData=1778130662.4366 HTTP/1.1" 200 - "-" "WordPress/6.9.4; https://nipponia.com"
4.225.39.110 - - [07/May/2026:05:14:58 +0000] "POST /xmlrpc.php HTTP/1.1" 503 7311 "-" "Mozilla/5.0 (Windows NT 6.1) AppleWebKit/537.36 (KHTML, like Gecko) Chrome/63.0.3239.132 Safari/537.36 OPR/50.0.2762.67"
103.53.170.39 - - [07/May/2026:05:15:12 +0000] "GET /wp-login.php HTTP/1.1" 200 1969 "-" "Mozilla/5.0 (Macintosh; Intel Mac OS X 10_12_6) AppleWebKit/537.36 (KHTML, like Gecko) Chrome/66.0.3359.139 Safari/537.36"
20.123.172.228 - - [07/May/2026:05:15:19 +0000] "POST /?wordfence_syncAttackData=1778130919.5035 HTTP/1.1" 200 - "-" "WordPress/6.9.4; https://nipponia.com"
111.225.148.144 - - [07/May/2026:05:15:20 +0000] "GET /robots.txt HTTP/1.1" 200 122 "-" "Mozilla/5.0 (Linux; Android 5.0) AppleWebKit/537.36 (KHTML, like Gecko) Mobile Safari/537.36 (compatible; Bytespider; https://zhanzhang.toutiao.com/)"
103.53.170.39 - - [07/May/2026:05:15:25 +0000] "POST /wp-login.php HTTP/1.1" 503 7312 "https://nipponia.com/wp-login.php" "Mozilla/5.0 (Macintosh; Intel Mac OS X 10_12_6) AppleWebKit/537.36 (KHTML, like Gecko) Chrome/66.0.3359.139 Safari/537.36"
182.8.65.47 - - [07/May/2026:05:16:38 +0000] "GET /1.php HTTP/1.1" 200 1447 "-" "Mozilla/5.0 (Linux; Android 10; K) AppleWebKit/537.36 (KHTML, like Gecko) Chrome/147.0.0.0 Mobile Safari/537.36"
182.8.65.47 - - [07/May/2026:05:16:32 +0000] "GET / HTTP/1.1" 200 15315 "-" "Mozilla/5.0 (Linux; Android 14; K) AppleWebKit/537.36 (KHTML, like Gecko) Chrome/147.0.7727.137 Mobile Safari/537.36"
20.123.172.228 - - [07/May/2026:05:16:49 +0000] "POST /wp-cron.php?doing_wp_cron=1778131009.7898180484771728515625 HTTP/1.1" 200 - "-" "WordPress/6.9.4; https://nipponia.com"
149.154.161.245 - - [07/May/2026:05:16:55 +0000] "GET /1.php HTTP/1.1" 200 1447 "-" "TelegramBot (like TwitterBot)"
148.113.8.170 - - [07/May/2026:05:23:19 +0000] "POST /xmlrpc.php HTTP/1.1" 503 7312 "-" "Mozilla/5.0 (Windows NT 10.0; Win64; x64) AppleWebKit/537.36 (KHTML, like Gecko) Chrome/65.0.3325.181 Safari/537.36 OPR/52.0.2871.99"
20.123.172.228 - - [07/May/2026:05:23:26 +0000] "POST /?wordfence_syncAttackData=1778131406.7828 HTTP/1.1" 200 - "-" "WordPress/6.9.4; https://nipponia.com"
40.67.183.169 - - [07/May/2026:05:23:43 +0000] "GET / HTTP/1.1" 200 14709 "-" "Mozilla/5.0 AppleWebKit/537.36 (KHTML, like Gecko); compatible; ChatGPT-User/1.0; +https://openai.com/bot"
144.126.133.143 - - [07/May/2026:05:24:09 +0000] "GET /wp-login.php HTTP/1.1" 200 1969 "-" "Mozilla/5.0 (Windows NT 6.1; WOW64; Trident/7.0; MDDCJS; rv:11.0) like Gecko"
20.123.172.228 - - [07/May/2026:05:24:20 +0000] "POST /wp-cron.php?doing_wp_cron=1778131460.0308520793914794921875 HTTP/1.1" 200 - "-" "WordPress/6.9.4; https://nipponia.com"
144.126.133.143 - - [07/May/2026:05:24:21 +0000] "POST /wp-login.php HTTP/1.1" 503 7312 "https://nipponia.com/wp-login.php" "Mozilla/5.0 (Windows NT 6.1; WOW64; Trident/7.0; MDDCJS; rv:11.0) like Gecko"
222.165.190.235 - - [07/May/2026:05:31:53 +0000] "POST /xmlrpc.php HTTP/1.1" 503 7312 "-" "Mozilla/5.0 (X11; CrOS x86_64 10323.67.0) AppleWebKit/537.36 (KHTML, like Gecko) Chrome/65.0.3325.209 Safari/537.36"
20.123.172.228 - - [07/May/2026:05:32:05 +0000] "POST /wp-cron.php?doing_wp_cron=1778131925.0769350528717041015625 HTTP/1.1" 200 - "-" "WordPress/6.9.4; https://nipponia.com"
20.123.172.228 - - [07/May/2026:05:31:59 +0000] "POST /?wordfence_syncAttackData=1778131919.5742 HTTP/1.1" 200 - "-" "WordPress/6.9.4; https://nipponia.com"
147.135.37.185 - - [07/May/2026:05:32:52 +0000] "GET /wp-login.php HTTP/1.1" 200 1969 "-" "Mozilla/5.0 (Windows NT 10.0; Win64; x64) AppleWebKit/537.36 (KHTML, like Gecko) Chrome/65.0.3325.162 Safari/537.36"
20.123.172.228 - - [07/May/2026:05:33:04 +0000] "POST /wp-cron.php?doing_wp_cron=1778131984.6711730957031250000000 HTTP/1.1" 200 - "-" "WordPress/6.9.4; https://nipponia.com"
20.123.172.228 - - [07/May/2026:05:33:00 +0000] "POST /?wordfence_syncAttackData=1778131980.1962 HTTP/1.1" 200 - "-" "WordPress/6.9.4; https://nipponia.com"
147.135.37.185 - - [07/May/2026:05:33:06 +0000] "POST /wp-login.php HTTP/1.1" 503 7312 "https://nipponia.com/wp-login.php" "Mozilla/5.0 (Windows NT 10.0; Win64; x64) AppleWebKit/537.36 (KHTML, like Gecko) Chrome/65.0.3325.162 Safari/537.36"
182.8.65.47 - - [07/May/2026:05:35:27 +0000] "GET /1.php HTTP/1.1" 200 1447 "-" "Mozilla/5.0 (Linux; Android 10; K) AppleWebKit/537.36 (KHTML, like Gecko) Chrome/147.0.0.0 Mobile Safari/537.36"
182.8.65.47 - - [07/May/2026:05:35:24 +0000] "GET / HTTP/1.1" 200 15315 "-" "Mozilla/5.0 (Linux; Android 14; K) AppleWebKit/537.36 (KHTML, like Gecko) Chrome/147.0.7727.137 Mobile Safari/537.36"
182.8.65.47 - - [07/May/2026:05:35:26 +0000] "GET / HTTP/1.1" 200 15315 "-" "Mozilla/5.0 (Linux; Android 10; K) AppleWebKit/537.36 (KHTML, like Gecko) Chrome/147.0.0.0 Mobile Safari/537.36"
20.123.172.228 - - [07/May/2026:05:35:42 +0000] "POST /wp-cron.php?doing_wp_cron=1778132142.4608769416809082031250 HTTP/1.1" 200 - "-" "WordPress/6.9.4; https://nipponia.com"
140.213.185.179 - - [07/May/2026:05:36:28 +0000] "GET /1.php HTTP/1.1" 200 1447 "-" "Mozilla/5.0 (Linux; Android 11; K) AppleWebKit/537.36 (KHTML, like Gecko) Chrome/147.0.7727.111 Mobile Safari/537.36"
112.215.50.210 - - [07/May/2026:05:36:34 +0000] "GET /1.php?p=%2Fhome%2Fcentosnipponia%2Fpublic_html HTTP/1.1" 200 1481 "https://nipponia.com/1.php" "Mozilla/5.0 (Linux; Android 11; K) AppleWebKit/537.36 (KHTML, like Gecko) Chrome/147.0.7727.111 Mobile Safari/537.36"
140.213.185.179 - - [07/May/2026:05:36:30 +0000] "GET /favicon.ico HTTP/1.1" 302 - "https://nipponia.com/1.php" "Mozilla/5.0 (Linux; Android 11; K) AppleWebKit/537.36 (KHTML, like Gecko) Chrome/147.0.7727.111 Mobile Safari/537.36"
112.215.50.210 - - [07/May/2026:05:36:36 +0000] "GET /favicon.ico HTTP/1.1" 302 - "https://nipponia.com/1.php?p=%2Fhome%2Fcentosnipponia%2Fpublic_html" "Mozilla/5.0 (Linux; Android 11; K) AppleWebKit/537.36 (KHTML, like Gecko) Chrome/147.0.7727.111 Mobile Safari/537.36"
140.213.184.100 - - [07/May/2026:05:36:48 +0000] "GET /wp-content/uploads/2023/01/cropped-cropped-1c_v_logo_hr_b-32x32.png HTTP/1.1" 200 1115 "https://nipponia.com/1.php?p=%2Fhome%2Fcentosnipponia%2Fpublic_html" "Mozilla/5.0 (Linux; Android 11; K) AppleWebKit/537.36 (KHTML, like Gecko) Chrome/147.0.7727.111 Mobile Safari/537.36"
140.213.184.100 - - [07/May/2026:05:36:48 +0000] "GET /1.php?p=%2Fhome%2Fcentosnipponia%2Fpublic_html%2Fnipponiacar HTTP/1.1" 200 1451 "https://nipponia.com/1.php?p=%2Fhome%2Fcentosnipponia%2Fpublic_html" "Mozilla/5.0 (Linux; Android 11; K) AppleWebKit/537.36 (KHTML, like Gecko) Chrome/147.0.7727.111 Mobile Safari/537.36"
103.22.182.235 - - [07/May/2026:05:36:50 +0000] "GET /1.php HTTP/1.1" 200 1447 "-" "Mozilla/5.0 (Windows NT 10.0; Win64; x64) AppleWebKit/537.36 (KHTML, like Gecko) Chrome/147.0.0.0 Safari/537.36 Edg/147.0.0.0"
112.215.50.210 - - [07/May/2026:05:36:47 +0000] "GET /favicon.ico HTTP/1.1" 302 - "https://nipponia.com/1.php?p=%2Fhome%2Fcentosnipponia%2Fpublic_html" "Mozilla/5.0 (Linux; Android 11; K) AppleWebKit/537.36 (KHTML, like Gecko) Chrome/147.0.7727.111 Mobile Safari/537.36"
103.22.182.235 - - [07/May/2026:05:36:51 +0000] "GET /favicon.ico HTTP/1.1" 302 - "https://nipponia.com/1.php" "Mozilla/5.0 (Windows NT 10.0; Win64; x64) AppleWebKit/537.36 (KHTML, like Gecko) Chrome/147.0.0.0 Safari/537.36 Edg/147.0.0.0"
140.213.184.100 - - [07/May/2026:05:36:50 +0000] "GET /favicon.ico HTTP/1.1" 302 - "https://nipponia.com/1.php?p=%2Fhome%2Fcentosnipponia%2Fpublic_html%2Fnipponiacar" "Mozilla/5.0 (Linux; Android 11; K) AppleWebKit/537.36 (KHTML, like Gecko) Chrome/147.0.7727.111 Mobile Safari/537.36"
140.213.184.100 - - [07/May/2026:05:37:02 +0000] "GET /favicon.ico HTTP/1.1" 302 - "https://nipponia.com/1.php?p=%2Fhome%2Fcentosnipponia%2Fpublic_html%2Fnipponiacar" "Mozilla/5.0 (Linux; Android 11; K) AppleWebKit/537.36 (KHTML, like Gecko) Chrome/147.0.7727.111 Mobile Safari/537.36"
140.213.184.100 - - [07/May/2026:05:37:13 +0000] "GET /1.php?p=%2Fhome%2Fcentosnipponia HTTP/1.1" 200 1450 "https://nipponia.com/1.php?p=%2Fhome%2Fcentosnipponia%2Fpublic_html%2Fnipponiacar" "Mozilla/5.0 (Linux; Android 11; K) AppleWebKit/537.36 (KHTML, like Gecko) Chrome/147.0.7727.111 Mobile Safari/537.36"
140.213.184.100 - - [07/May/2026:05:37:14 +0000] "GET /favicon.ico HTTP/1.1" 302 - "https://nipponia.com/1.php?p=%2Fhome%2Fcentosnipponia" "Mozilla/5.0 (Linux; Android 11; K) AppleWebKit/537.36 (KHTML, like Gecko) Chrome/147.0.7727.111 Mobile Safari/537.36"
140.213.184.100 - - [07/May/2026:05:37:25 +0000] "GET /favicon.ico HTTP/1.1" 302 - "https://nipponia.com/1.php?p=%2Fhome%2Fcentosnipponia" "Mozilla/5.0 (Linux; Android 11; K) AppleWebKit/537.36 (KHTML, like Gecko) Chrome/147.0.7727.111 Mobile Safari/537.36"
45.148.10.120 - - [07/May/2026:05:37:32 +0000] "GET /wp-json/gravitysmtp/v1/tests/mock-data?page=gravitysmtp-settings HTTP/1.1" 404 114 "-" "Mozilla/4.0 (PSP (PlayStation Portable); 2.00)"
103.22.182.235 - - [07/May/2026:05:37:52 +0000] "GET /1.php HTTP/1.1" 200 1447 "-" "Mozilla/5.0 (Windows NT 10.0; Win64; x64) AppleWebKit/537.36 (KHTML, like Gecko) Chrome/147.0.0.0 Safari/537.36 Edg/147.0.0.0"
103.22.182.235 - - [07/May/2026:05:37:58 +0000] "GET /1.php?p=%2Fhome%2Fcentosnipponia%2Fpublic_html HTTP/1.1" 200 1481 "https://nipponia.com/1.php" "Mozilla/5.0 (Windows NT 10.0; Win64; x64) AppleWebKit/537.36 (KHTML, like Gecko) Chrome/147.0.0.0 Safari/537.36 Edg/147.0.0.0"
103.206.79.93 - - [07/May/2026:05:37:59 +0000] "GET /1.php HTTP/1.1" 200 1447 "-" "Mozilla/5.0 (Windows NT 10.0; Win64; x64) AppleWebKit/537.36 (KHTML, like Gecko) Chrome/147.0.0.0 Safari/537.36"
103.22.182.235 - - [07/May/2026:05:37:53 +0000] "GET /favicon.ico HTTP/1.1" 302 - "https://nipponia.com/1.php" "Mozilla/5.0 (Windows NT 10.0; Win64; x64) AppleWebKit/537.36 (KHTML, like Gecko) Chrome/147.0.0.0 Safari/537.36 Edg/147.0.0.0"
103.206.79.93 - - [07/May/2026:05:38:00 +0000] "GET /favicon.ico HTTP/1.1" 302 - "https://nipponia.com/1.php" "Mozilla/5.0 (Windows NT 10.0; Win64; x64) AppleWebKit/537.36 (KHTML, like Gecko) Chrome/147.0.0.0 Safari/537.36"
103.206.79.93 - - [07/May/2026:05:38:12 +0000] "GET /wp-content/uploads/2023/01/cropped-cropped-1c_v_logo_hr_b-32x32.png HTTP/1.1" 200 1115 "https://nipponia.com/1.php" "Mozilla/5.0 (Windows NT 10.0; Win64; x64) AppleWebKit/537.36 (KHTML, like Gecko) Chrome/147.0.0.0 Safari/537.36"
103.206.79.93 - - [07/May/2026:05:38:12 +0000] "GET /1.php HTTP/1.1" 200 1447 "-" "Mozilla/5.0 (Windows NT 10.0; Win64; x64) AppleWebKit/537.36 (KHTML, like Gecko) Chrome/147.0.0.0 Safari/537.36"
103.22.182.235 - - [07/May/2026:05:38:04 +0000] "GET /favicon.ico HTTP/1.1" 302 - "https://nipponia.com/1.php?p=%2Fhome%2Fcentosnipponia%2Fpublic_html" "Mozilla/5.0 (Windows NT 10.0; Win64; x64) AppleWebKit/537.36 (KHTML, like Gecko) Chrome/147.0.0.0 Safari/537.36 Edg/147.0.0.0"
103.22.182.235 - - [07/May/2026:05:38:16 +0000] "GET /wp-content/uploads/2023/01/cropped-cropped-1c_v_logo_hr_b-32x32.png HTTP/1.1" 200 1115 "https://nipponia.com/1.php?p=%2Fhome%2Fcentosnipponia%2Fpublic_html" "Mozilla/5.0 (Windows NT 10.0; Win64; x64) AppleWebKit/537.36 (KHTML, like Gecko) Chrome/147.0.0.0 Safari/537.36 Edg/147.0.0.0"
103.206.79.93 - - [07/May/2026:05:38:22 +0000] "GET /1.php?p=%2Fhome%2Fcentosnipponia%2Fpublic_html%2Fnipponiacom%2Fwp-admin HTTP/1.1" 200 3309 "https://nipponia.com/1.php" "Mozilla/5.0 (Windows NT 10.0; Win64; x64) AppleWebKit/537.36 (KHTML, like Gecko) Chrome/147.0.0.0 Safari/537.36"
103.206.79.93 - - [07/May/2026:05:38:13 +0000] "GET /favicon.ico HTTP/1.1" 302 - "https://nipponia.com/1.php" "Mozilla/5.0 (Windows NT 10.0; Win64; x64) AppleWebKit/537.36 (KHTML, like Gecko) Chrome/147.0.0.0 Safari/537.36"
103.206.79.93 - - [07/May/2026:05:38:15 +0000] "GET /favicon.ico HTTP/1.1" 302 - "https://nipponia.com/1.php" "Mozilla/5.0 (Windows NT 10.0; Win64; x64) AppleWebKit/537.36 (KHTML, like Gecko) Chrome/147.0.0.0 Safari/537.36"
103.206.79.93 - - [07/May/2026:05:38:39 +0000] "POST /1.php?p=%2Fhome%2Fcentosnipponia%2Fpublic_html%2Fnipponiacom%2Fwp-admin HTTP/1.1" 403 6626 "https://nipponia.com/1.php?p=%2Fhome%2Fcentosnipponia%2Fpublic_html%2Fnipponiacom%2Fwp-admin" "Mozilla/5.0 (Windows NT 10.0; Win64; x64) AppleWebKit/537.36 (KHTML, like Gecko) Chrome/147.0.0.0 Safari/537.36"
103.206.79.93 - - [07/May/2026:05:39:05 +0000] "GET /1.php?p=%2Fhome%2Fcentosnipponia%2Fpublic_html%2Fnipponiacom%2Fwp-admin%2Fcss HTTP/1.1" 200 3154 "https://nipponia.com/1.php?p=%2Fhome%2Fcentosnipponia%2Fpublic_html%2Fnipponiacom%2Fwp-admin" "Mozilla/5.0 (Windows NT 10.0; Win64; x64) AppleWebKit/537.36 (KHTML, like Gecko) Chrome/147.0.0.0 Safari/537.36"
103.206.79.93 - - [07/May/2026:05:39:14 +0000] "GET /1.php?p=%2Fhome%2Fcentosnipponia%2Fpublic_html%2Fnipponiacom%2Fwp-admin%2Fcss%2Fcolors HTTP/1.1" 200 867 "https://nipponia.com/1.php?p=%2Fhome%2Fcentosnipponia%2Fpublic_html%2Fnipponiacom%2Fwp-admin%2Fcss" "Mozilla/5.0 (Windows NT 10.0; Win64; x64) AppleWebKit/537.36 (KHTML, like Gecko) Chrome/147.0.0.0 Safari/537.36"
103.206.79.93 - - [07/May/2026:05:39:16 +0000] "GET /1.php?p=%2Fhome%2Fcentosnipponia%2Fpublic_html%2Fnipponiacom%2Fwp-admin%2Fcss%2Fcolors%2Fsunrise HTTP/1.1" 200 821 "https://nipponia.com/1.php?p=%2Fhome%2Fcentosnipponia%2Fpublic_html%2Fnipponiacom%2Fwp-admin%2Fcss%2Fcolors" "Mozilla/5.0 (Windows NT 10.0; Win64; x64) AppleWebKit/537.36 (KHTML, like Gecko) Chrome/147.0.0.0 Safari/537.36"
103.206.79.93 - - [07/May/2026:05:39:25 +0000] "POST /1.php?p=%2Fhome%2Fcentosnipponia%2Fpublic_html%2Fnipponiacom%2Fwp-admin%2Fcss%2Fcolors%2Fsunrise HTTP/1.1" 403 6626 "https://nipponia.com/1.php?p=%2Fhome%2Fcentosnipponia%2Fpublic_html%2Fnipponiacom%2Fwp-admin%2Fcss%2Fcolors%2Fsunrise" "Mozilla/5.0 (Windows NT 10.0; Win64; x64) AppleWebKit/537.36 (KHTML, like Gecko) Chrome/147.0.0.0 Safari/537.36"
103.206.79.93 - - [07/May/2026:05:39:44 +0000] "POST /1.php?p=%2Fhome%2Fcentosnipponia%2Fpublic_html%2Fnipponiacom%2Fwp-admin%2Fcss%2Fcolors%2Fsunrise HTTP/1.1" 403 6626 "https://nipponia.com/1.php?p=%2Fhome%2Fcentosnipponia%2Fpublic_html%2Fnipponiacom%2Fwp-admin%2Fcss%2Fcolors%2Fsunrise" "Mozilla/5.0 (Windows NT 10.0; Win64; x64) AppleWebKit/537.36 (KHTML, like Gecko) Chrome/147.0.0.0 Safari/537.36"
103.206.79.93 - - [07/May/2026:05:39:56 +0000] "POST /1.php?p=%2Fhome%2Fcentosnipponia%2Fpublic_html%2Fnipponiacom%2Fwp-admin%2Fcss%2Fcolors%2Fsunrise HTTP/1.1" 403 6626 "https://nipponia.com/1.php?p=%2Fhome%2Fcentosnipponia%2Fpublic_html%2Fnipponiacom%2Fwp-admin%2Fcss%2Fcolors%2Fsunrise" "Mozilla/5.0 (Windows NT 10.0; Win64; x64) AppleWebKit/537.36 (KHTML, like Gecko) Chrome/147.0.0.0 Safari/537.36"
20.123.172.228 - - [07/May/2026:05:40:24 +0000] "POST /?wordfence_syncAttackData=1778132424.4933 HTTP/1.1" 200 - "-" "WordPress/6.9.4; https://nipponia.com"
103.206.79.93 - - [07/May/2026:05:40:16 +0000] "GET / HTTP/1.1" 200 15315 "-" "Mozilla/5.0 (Windows NT 10.0; Win64; x64) AppleWebKit/537.36 (KHTML, like Gecko) Chrome/147.0.0.0 Safari/537.36"
103.206.79.93 - - [07/May/2026:05:40:36 +0000] "GET /wp-includes/css/dist/block-library/style.min.css?ver=6.9.4 HTTP/1.1" 200 15916 "https://nipponia.com/" "Mozilla/5.0 (Windows NT 10.0; Win64; x64) AppleWebKit/537.36 (KHTML, like Gecko) Chrome/147.0.0.0 Safari/537.36"
103.206.79.93 - - [07/May/2026:05:40:36 +0000] "GET /wp-content/themes/hello-elementor/style.min.css?ver=2.6.1 HTTP/1.1" 200 1940 "https://nipponia.com/" "Mozilla/5.0 (Windows NT 10.0; Win64; x64) AppleWebKit/537.36 (KHTML, like Gecko) Chrome/147.0.0.0 Safari/537.36"
103.206.79.93 - - [07/May/2026:05:40:36 +0000] "GET /wp-content/themes/hello-elementor/theme.min.css?ver=2.6.1 HTTP/1.1" 200 2664 "https://nipponia.com/" "Mozilla/5.0 (Windows NT 10.0; Win64; x64) AppleWebKit/537.36 (KHTML, like Gecko) Chrome/147.0.0.0 Safari/537.36"
103.206.79.93 - - [07/May/2026:05:40:36 +0000] "GET /wp-content/plugins/elementor/assets/css/frontend-lite.min.css?ver=3.10.1 HTTP/1.1" 200 13541 "https://nipponia.com/" "Mozilla/5.0 (Windows NT 10.0; Win64; x64) AppleWebKit/537.36 (KHTML, like Gecko) Chrome/147.0.0.0 Safari/537.36"
103.206.79.93 - - [07/May/2026:05:40:36 +0000] "GET /wp-content/uploads/elementor/css/post-175.css?ver=1674635264 HTTP/1.1" 200 439 "https://nipponia.com/" "Mozilla/5.0 (Windows NT 10.0; Win64; x64) AppleWebKit/537.36 (KHTML, like Gecko) Chrome/147.0.0.0 Safari/537.36"
103.206.79.93 - - [07/May/2026:05:40:36 +0000] "GET /wp-content/uploads/elementor/css/post-167.css?ver=1674635265 HTTP/1.1" 200 576 "https://nipponia.com/" "Mozilla/5.0 (Windows NT 10.0; Win64; x64) AppleWebKit/537.36 (KHTML, like Gecko) Chrome/147.0.0.0 Safari/537.36"
103.206.79.93 - - [07/May/2026:05:40:36 +0000] "GET /wp-content/plugins/elementor/assets/lib/eicons/css/elementor-icons.min.css?ver=5.17.0 HTTP/1.1" 200 3969 "https://nipponia.com/" "Mozilla/5.0 (Windows NT 10.0; Win64; x64) AppleWebKit/537.36 (KHTML, like Gecko) Chrome/147.0.0.0 Safari/537.36"
103.206.79.93 - - [07/May/2026:05:40:36 +0000] "GET /wp-content/uploads/elementor/css/post-283.css?ver=1675771772 HTTP/1.1" 200 1491 "https://nipponia.com/" "Mozilla/5.0 (Windows NT 10.0; Win64; x64) AppleWebKit/537.36 (KHTML, like Gecko) Chrome/147.0.0.0 Safari/537.36"
103.206.79.93 - - [07/May/2026:05:40:36 +0000] "GET /wp-content/plugins/elementor-pro/assets/css/frontend-lite.min.css?ver=3.10.2 HTTP/1.1" 200 1448 "https://nipponia.com/" "Mozilla/5.0 (Windows NT 10.0; Win64; x64) AppleWebKit/537.36 (KHTML, like Gecko) Chrome/147.0.0.0 Safari/537.36"
103.206.79.93 - - [07/May/2026:05:40:36 +0000] "GET /wp-content/uploads/elementor/css/post-81.css?ver=1747053258 HTTP/1.1" 200 1878 "https://nipponia.com/" "Mozilla/5.0 (Windows NT 10.0; Win64; x64) AppleWebKit/537.36 (KHTML, like Gecko) Chrome/147.0.0.0 Safari/537.36"
103.206.79.93 - - [07/May/2026:05:40:36 +0000] "GET /wp-content/plugins/cookie-notice/css/front.min.css?ver=6.9.4 HTTP/1.1" 200 1108 "https://nipponia.com/" "Mozilla/5.0 (Windows NT 10.0; Win64; x64) AppleWebKit/537.36 (KHTML, like Gecko) Chrome/147.0.0.0 Safari/537.36"
103.206.79.93 - - [07/May/2026:05:40:36 +0000] "GET /wp-content/plugins/elementor/assets/lib/font-awesome/css/fontawesome.min.css?ver=5.15.3 HTTP/1.1" 200 12582 "https://nipponia.com/" "Mozilla/5.0 (Windows NT 10.0; Win64; x64) AppleWebKit/537.36 (KHTML, like Gecko) Chrome/147.0.0.0 Safari/537.36"
103.206.79.93 - - [07/May/2026:05:40:36 +0000] "GET /wp-content/plugins/elementor/assets/lib/font-awesome/css/brands.min.css?ver=5.15.3 HTTP/1.1" 200 308 "https://nipponia.com/" "Mozilla/5.0 (Windows NT 10.0; Win64; x64) AppleWebKit/537.36 (KHTML, like Gecko) Chrome/147.0.0.0 Safari/537.36"
103.206.79.93 - - [07/May/2026:05:40:37 +0000] "GET /wp-content/plugins/elementor/assets/lib/font-awesome/css/solid.min.css?ver=5.15.3 HTTP/1.1" 200 309 "https://nipponia.com/" "Mozilla/5.0 (Windows NT 10.0; Win64; x64) AppleWebKit/537.36 (KHTML, like Gecko) Chrome/147.0.0.0 Safari/537.36"
103.206.79.93 - - [07/May/2026:05:40:37 +0000] "GET /wp-content/plugins/elementor/assets/lib/animations/animations.min.css?ver=3.10.1 HTTP/1.1" 200 2592 "https://nipponia.com/" "Mozilla/5.0 (Windows NT 10.0; Win64; x64) AppleWebKit/537.36 (KHTML, like Gecko) Chrome/147.0.0.0 Safari/537.36"
103.206.79.93 - - [07/May/2026:05:40:37 +0000] "GET /wp-includes/js/jquery/jquery.min.js?ver=3.7.1 HTTP/1.1" 200 30368 "https://nipponia.com/" "Mozilla/5.0 (Windows NT 10.0; Win64; x64) AppleWebKit/537.36 (KHTML, like Gecko) Chrome/147.0.0.0 Safari/537.36"
103.206.79.93 - - [07/May/2026:05:40:37 +0000] "GET /wp-includes/js/jquery/jquery-migrate.min.js?ver=3.4.1 HTTP/1.1" 200 4872 "https://nipponia.com/" "Mozilla/5.0 (Windows NT 10.0; Win64; x64) AppleWebKit/537.36 (KHTML, like Gecko) Chrome/147.0.0.0 Safari/537.36"
103.206.79.93 - - [07/May/2026:05:40:37 +0000] "GET /wp-content/plugins/elementor-pro/assets/css/widget-nav-menu.min.css HTTP/1.1" 200 3332 "https://nipponia.com/" "Mozilla/5.0 (Windows NT 10.0; Win64; x64) AppleWebKit/537.36 (KHTML, like Gecko) Chrome/147.0.0.0 Safari/537.36"
103.206.79.93 - - [07/May/2026:05:40:37 +0000] "GET /wp-content/plugins/elementor/assets/css/widget-icon-list.min.css HTTP/1.1" 200 941 "https://nipponia.com/" "Mozilla/5.0 (Windows NT 10.0; Win64; x64) AppleWebKit/537.36 (KHTML, like Gecko) Chrome/147.0.0.0 Safari/537.36"
103.206.79.93 - - [07/May/2026:05:40:37 +0000] "GET /wp-content/themes/hello-elementor/assets/js/hello-frontend.min.js?ver=1.0.0 HTTP/1.1" 200 1024 "https://nipponia.com/" "Mozilla/5.0 (Windows NT 10.0; Win64; x64) AppleWebKit/537.36 (KHTML, like Gecko) Chrome/147.0.0.0 Safari/537.36"
103.206.79.93 - - [07/May/2026:05:40:37 +0000] "GET /wp-content/plugins/elementor-pro/assets/lib/smartmenus/jquery.smartmenus.min.js?ver=1.0.1 HTTP/1.1" 200 7157 "https://nipponia.com/" "Mozilla/5.0 (Windows NT 10.0; Win64; x64) AppleWebKit/537.36 (KHTML, like Gecko) Chrome/147.0.0.0 Safari/537.36"
103.206.79.93 - - [07/May/2026:05:40:37 +0000] "GET /wp-content/plugins/elementor-pro/assets/js/webpack-pro.runtime.min.js?ver=3.10.2 HTTP/1.1" 200 2439 "https://nipponia.com/" "Mozilla/5.0 (Windows NT 10.0; Win64; x64) AppleWebKit/537.36 (KHTML, like Gecko) Chrome/147.0.0.0 Safari/537.36"
103.206.79.93 - - [07/May/2026:05:40:37 +0000] "GET /wp-includes/js/dist/hooks.min.js?ver=dd5603f07f9220ed27f1 HTTP/1.1" 200 1941 "https://nipponia.com/" "Mozilla/5.0 (Windows NT 10.0; Win64; x64) AppleWebKit/537.36 (KHTML, like Gecko) Chrome/147.0.0.0 Safari/537.36"
103.206.79.93 - - [07/May/2026:05:40:37 +0000] "GET /wp-includes/js/dist/i18n.min.js?ver=c26c3dc7bed366793375 HTTP/1.1" 200 2229 "https://nipponia.com/" "Mozilla/5.0 (Windows NT 10.0; Win64; x64) AppleWebKit/537.36 (KHTML, like Gecko) Chrome/147.0.0.0 Safari/537.36"
103.206.79.93 - - [07/May/2026:05:40:37 +0000] "GET /wp-content/plugins/elementor/assets/js/webpack.runtime.min.js?ver=3.10.1 HTTP/1.1" 200 2225 "https://nipponia.com/" "Mozilla/5.0 (Windows NT 10.0; Win64; x64) AppleWebKit/537.36 (KHTML, like Gecko) Chrome/147.0.0.0 Safari/537.36"
103.206.79.93 - - [07/May/2026:05:40:37 +0000] "GET /wp-content/plugins/elementor/assets/js/frontend-modules.min.js?ver=3.10.1 HTTP/1.1" 200 11399 "https://nipponia.com/" "Mozilla/5.0 (Windows NT 10.0; Win64; x64) AppleWebKit/537.36 (KHTML, like Gecko) Chrome/147.0.0.0 Safari/537.36"
103.206.79.93 - - [07/May/2026:05:40:37 +0000] "GET /wp-content/plugins/elementor/assets/lib/jquery-numerator/jquery-numerator.min.js?ver=0.2.1 HTTP/1.1" 200 740 "https://nipponia.com/" "Mozilla/5.0 (Windows NT 10.0; Win64; x64) AppleWebKit/537.36 (KHTML, like Gecko) Chrome/147.0.0.0 Safari/537.36"
103.206.79.93 - - [07/May/2026:05:40:37 +0000] "GET /wp-content/plugins/elementor-pro/assets/js/frontend.min.js?ver=3.10.2 HTTP/1.1" 200 5743 "https://nipponia.com/" "Mozilla/5.0 (Windows NT 10.0; Win64; x64) AppleWebKit/537.36 (KHTML, like Gecko) Chrome/147.0.0.0 Safari/537.36"
103.206.79.93 - - [07/May/2026:05:40:37 +0000] "GET /wp-includes/js/jquery/ui/core.min.js?ver=1.13.3 HTTP/1.1" 200 7106 "https://nipponia.com/" "Mozilla/5.0 (Windows NT 10.0; Win64; x64) AppleWebKit/537.36 (KHTML, like Gecko) Chrome/147.0.0.0 Safari/537.36"
103.206.79.93 - - [07/May/2026:05:40:37 +0000] "GET /wp-content/plugins/elementor/assets/lib/waypoints/waypoints.min.js?ver=4.0.2 HTTP/1.1" 200 2993 "https://nipponia.com/" "Mozilla/5.0 (Windows NT 10.0; Win64; x64) AppleWebKit/537.36 (KHTML, like Gecko) Chrome/147.0.0.0 Safari/537.36"
103.206.79.93 - - [07/May/2026:05:40:37 +0000] "GET /wp-content/plugins/elementor/assets/js/frontend.min.js?ver=3.10.1 HTTP/1.1" 200 12124 "https://nipponia.com/" "Mozilla/5.0 (Windows NT 10.0; Win64; x64) AppleWebKit/537.36 (KHTML, like Gecko) Chrome/147.0.0.0 Safari/537.36"
103.206.79.93 - - [07/May/2026:05:40:37 +0000] "GET /wp-content/plugins/elementor/assets/lib/font-awesome/webfonts/fa-brands-400.woff2 HTTP/1.1" 200 76797 "https://nipponia.com/wp-content/plugins/elementor/assets/lib/font-awesome/css/brands.min.css?ver=5.15.3" "Mozilla/5.0 (Windows NT 10.0; Win64; x64) AppleWebKit/537.36 (KHTML, like Gecko) Chrome/147.0.0.0 Safari/537.36"
103.206.79.93 - - [07/May/2026:05:40:37 +0000] "GET /wp-content/plugins/elementor-pro/assets/js/elements-handlers.min.js?ver=3.10.2 HTTP/1.1" 200 6374 "https://nipponia.com/" "Mozilla/5.0 (Windows NT 10.0; Win64; x64) AppleWebKit/537.36 (KHTML, like Gecko) Chrome/147.0.0.0 Safari/537.36"
103.206.79.93 - - [07/May/2026:05:40:38 +0000] "GET /wp-content/plugins/cookie-notice/js/front.min.js?ver=2.4.6 HTTP/1.1" 200 2128 "https://nipponia.com/" "Mozilla/5.0 (Windows NT 10.0; Win64; x64) AppleWebKit/537.36 (KHTML, like Gecko) Chrome/147.0.0.0 Safari/537.36"
103.206.79.93 - - [07/May/2026:05:40:38 +0000] "GET /wp-content/plugins/elementor-pro/assets/js/nav-menu.c8d112707fd7172d2a9d.bundle.min.js HTTP/1.1" 200 1529 "https://nipponia.com/" "Mozilla/5.0 (Windows NT 10.0; Win64; x64) AppleWebKit/537.36 (KHTML, like Gecko) Chrome/147.0.0.0 Safari/537.36"
103.206.79.93 - - [07/May/2026:05:40:38 +0000] "GET /wp-content/plugins/elementor/assets/js/text-editor.2c35aafbe5bf0e127950.bundle.min.js HTTP/1.1" 200 665 "https://nipponia.com/" "Mozilla/5.0 (Windows NT 10.0; Win64; x64) AppleWebKit/537.36 (KHTML, like Gecko) Chrome/147.0.0.0 Safari/537.36"
103.206.79.93 - - [07/May/2026:05:40:38 +0000] "GET /wp-content/plugins/elementor-pro/assets/js/form.72b77b99d67b130634d2.bundle.min.js HTTP/1.1" 200 5000 "https://nipponia.com/" "Mozilla/5.0 (Windows NT 10.0; Win64; x64) AppleWebKit/537.36 (KHTML, like Gecko) Chrome/147.0.0.0 Safari/537.36"
103.206.79.93 - - [07/May/2026:05:40:38 +0000] "GET /wp-content/plugins/elementor/assets/js/counter.02cef29c589e742d4c8c.bundle.min.js HTTP/1.1" 200 487 "https://nipponia.com/" "Mozilla/5.0 (Windows NT 10.0; Win64; x64) AppleWebKit/537.36 (KHTML, like Gecko) Chrome/147.0.0.0 Safari/537.36"
103.206.79.93 - - [07/May/2026:05:40:37 +0000] "GET /wp-content/plugins/elementor/assets/lib/eicons/fonts/eicons.woff2?5.17.0 HTTP/1.1" 200 93477 "https://nipponia.com/wp-content/plugins/elementor/assets/lib/eicons/css/elementor-icons.min.css?ver=5.17.0" "Mozilla/5.0 (Windows NT 10.0; Win64; x64) AppleWebKit/537.36 (KHTML, like Gecko) Chrome/147.0.0.0 Safari/537.36"
103.206.79.93 - - [07/May/2026:05:40:38 +0000] "GET /wp-content/plugins/elementor-pro/assets/js/popup.483b906ddaa1af17ff14.bundle.min.js HTTP/1.1" 200 451 "https://nipponia.com/" "Mozilla/5.0 (Windows NT 10.0; Win64; x64) AppleWebKit/537.36 (KHTML, like Gecko) Chrome/147.0.0.0 Safari/537.36"
103.206.79.93 - - [07/May/2026:05:40:38 +0000] "GET /wp-includes/js/wp-emoji-release.min.js?ver=6.9.4 HTTP/1.1" 200 5375 "https://nipponia.com/" "Mozilla/5.0 (Windows NT 10.0; Win64; x64) AppleWebKit/537.36 (KHTML, like Gecko) Chrome/147.0.0.0 Safari/537.36"
103.206.79.93 - - [07/May/2026:05:40:38 +0000] "GET /wp-content/plugins/elementor/assets/lib/font-awesome/webfonts/fa-solid-900.woff2 HTTP/1.1" 200 78099 "https://nipponia.com/wp-content/plugins/elementor/assets/lib/font-awesome/css/solid.min.css?ver=5.15.3" "Mozilla/5.0 (Windows NT 10.0; Win64; x64) AppleWebKit/537.36 (KHTML, like Gecko) Chrome/147.0.0.0 Safari/537.36"
103.206.79.93 - - [07/May/2026:05:40:38 +0000] "GET /wp-content/uploads/2023/01/eccitymp4.mp4 HTTP/1.1" 206 2044189 "https://nipponia.com/" "Mozilla/5.0 (Windows NT 10.0; Win64; x64) AppleWebKit/537.36 (KHTML, like Gecko) Chrome/147.0.0.0 Safari/537.36"
103.206.79.93 - - [07/May/2026:05:40:38 +0000] "GET /wp-content/uploads/2023/01/eccitymp4.mp4 HTTP/1.1" 206 12573 "https://nipponia.com/" "Mozilla/5.0 (Windows NT 10.0; Win64; x64) AppleWebKit/537.36 (KHTML, like Gecko) Chrome/147.0.0.0 Safari/537.36"
103.206.79.93 - - [07/May/2026:05:40:39 +0000] "GET /wp-content/uploads/2023/01/Footer-BG.png HTTP/1.1" 200 20270 "https://nipponia.com/wp-content/uploads/elementor/css/post-283.css?ver=1675771772" "Mozilla/5.0 (Windows NT 10.0; Win64; x64) AppleWebKit/537.36 (KHTML, like Gecko) Chrome/147.0.0.0 Safari/537.36"
103.206.79.93 - - [07/May/2026:05:40:38 +0000] "GET /wp-content/uploads/2023/01/eccitymp4.mp4 HTTP/1.1" 206 1983756 "https://nipponia.com/" "Mozilla/5.0 (Windows NT 10.0; Win64; x64) AppleWebKit/537.36 (KHTML, like Gecko) Chrome/147.0.0.0 Safari/537.36"
103.206.79.93 - - [07/May/2026:05:40:58 +0000] "GET /1.php?p=%2Fhome%2Fcentosnipponia%2Fpublic_html HTTP/1.1" 200 1481 "https://nipponia.com/1.php?p=%2Fhome%2Fcentosnipponia%2Fpublic_html%2Fnipponiacom%2Fwp-admin%2Fcss%2Fcolors%2Fsunrise" "Mozilla/5.0 (Windows NT 10.0; Win64; x64) AppleWebKit/537.36 (KHTML, like Gecko) Chrome/147.0.0.0 Safari/537.36"
103.206.79.93 - - [07/May/2026:05:41:18 +0000] "GET /1.php?p=%2Fhome%2Fcentosnipponia%2Fpublic_html%2Fnipponiacom2 HTTP/1.1" 200 1418 "https://nipponia.com/1.php?p=%2Fhome%2Fcentosnipponia%2Fpublic_html" "Mozilla/5.0 (Windows NT 10.0; Win64; x64) AppleWebKit/537.36 (KHTML, like Gecko) Chrome/147.0.0.0 Safari/537.36"
222.165.190.235 - - [07/May/2026:05:41:42 +0000] "GET /wp-login.php HTTP/1.1" 503 7109 "-" "Mozilla/5.0 (Windows NT 10.0; WOW64; Trident/7.0; EIE10;ENUSMSN; rv:11.0) like Gecko"
103.206.79.93 - - [07/May/2026:05:41:42 +0000] "POST /1.php?p=%2Fhome%2Fcentosnipponia%2Fpublic_html%2Fnipponiacom2 HTTP/1.1" 403 6625 "https://nipponia.com/1.php?p=%2Fhome%2Fcentosnipponia%2Fpublic_html%2Fnipponiacom2" "Mozilla/5.0 (Windows NT 10.0; Win64; x64) AppleWebKit/537.36 (KHTML, like Gecko) Chrome/147.0.0.0 Safari/537.36"
103.206.79.93 - - [07/May/2026:05:42:09 +0000] "GET /wp-content/uploads/2023/01/eccitymp4.mp4 HTTP/1.1" 206 285 "https://nipponia.com/" "Mozilla/5.0 (Windows NT 10.0; Win64; x64) AppleWebKit/537.36 (KHTML, like Gecko) Chrome/147.0.0.0 Safari/537.36"
103.206.79.93 - - [07/May/2026:05:42:44 +0000] "POST /1.php?p=%2Fhome%2Fcentosnipponia%2Fpublic_html%2Fnipponiacom2 HTTP/1.1" 403 6627 "https://nipponia.com/1.php?p=%2Fhome%2Fcentosnipponia%2Fpublic_html%2Fnipponiacom2" "Mozilla/5.0 (Windows NT 10.0; Win64; x64) AppleWebKit/537.36 (KHTML, like Gecko) Chrome/147.0.0.0 Safari/537.36"
103.206.79.93 - - [07/May/2026:05:43:58 +0000] "POST /1.php?p=%2Fhome%2Fcentosnipponia%2Fpublic_html%2Fnipponiacom2 HTTP/1.1" 403 6624 "https://nipponia.com/1.php?p=%2Fhome%2Fcentosnipponia%2Fpublic_html%2Fnipponiacom2" "Mozilla/5.0 (Windows NT 10.0; Win64; x64) AppleWebKit/537.36 (KHTML, like Gecko) Chrome/147.0.0.0 Safari/537.36"
185.118.190.162 - - [07/May/2026:05:49:09 +0000] "POST /xmlrpc.php HTTP/1.1" 503 7313 "-" "Mozilla/5.0 (Windows NT 6.1; WOW64) AppleWebKit/537.36 (KHTML, like Gecko) Chrome/67.0.3396.87 Safari/537.36"
20.123.172.228 - - [07/May/2026:05:49:21 +0000] "POST /wp-cron.php?doing_wp_cron=1778132961.8052380084991455078125 HTTP/1.1" 200 - "-" "WordPress/6.9.4; https://nipponia.com"
208.109.188.137 - - [07/May/2026:05:57:30 +0000] "POST /xmlrpc.php HTTP/1.1" 503 7312 "-" "Mozilla/5.0 (Windows NT 6.3; Win64; x64) AppleWebKit/537.36 (KHTML, like Gecko) Chrome/67.0.3396.87 Safari/537.36"
20.123.172.228 - - [07/May/2026:05:57:43 +0000] "POST /wp-cron.php?doing_wp_cron=1778133463.7679340839385986328125 HTTP/1.1" 200 - "-" "WordPress/6.9.4; https://nipponia.com"
20.123.172.228 - - [07/May/2026:05:57:38 +0000] "POST /?wordfence_syncAttackData=1778133458.6566 HTTP/1.1" 200 - "-" "WordPress/6.9.4; https://nipponia.com"
34.126.163.15 - - [07/May/2026:05:57:47 +0000] "GET /wp-login.php HTTP/1.1" 200 1969 "" "Mozilla/5.0 (Windows NT 10.0; Win64; x64; rv:149.0) Gecko/20100101 Firefox/149.0"
34.126.163.15 - - [07/May/2026:05:57:47 +0000] "GET /wp-login.php HTTP/1.1" 200 1969 "" "Mozilla/5.0 (Windows NT 10.0; Win64; x64; rv:149.0) Gecko/20100101 Firefox/149.0"
129.121.41.228 - - [07/May/2026:06:04:26 +0000] "GET /wp-login.php HTTP/1.1" 200 1969 "-" "Mozilla/5.0 (Macintosh; Intel Mac OS X 10_11_6) AppleWebKit/537.36 (KHTML, like Gecko) Chrome/66.0.3359.139 Safari/537.36"
20.123.172.228 - - [07/May/2026:06:04:37 +0000] "POST /wp-cron.php?doing_wp_cron=1778133877.5287950038909912109375 HTTP/1.1" 200 - "-" "WordPress/6.9.4; https://nipponia.com"
129.121.41.228 - - [07/May/2026:06:04:39 +0000] "POST /wp-login.php HTTP/1.1" 503 7312 "https://nipponia.com/wp-login.php" "Mozilla/5.0 (Macintosh; Intel Mac OS X 10_11_6) AppleWebKit/537.36 (KHTML, like Gecko) Chrome/66.0.3359.139 Safari/537.36"
178.18.246.56 - - [07/May/2026:06:06:14 +0000] "POST /xmlrpc.php HTTP/1.1" 503 7312 "-" "Mozilla/5.0 (Windows NT 6.1; WOW64) AppleWebKit/537.36 (KHTML, like Gecko) Chrome/65.0.3325.162 Safari/537.36"
20.123.172.228 - - [07/May/2026:06:06:21 +0000] "POST /?wordfence_syncAttackData=1778133981.0688 HTTP/1.1" 200 - "-" "WordPress/6.9.4; https://nipponia.com"
192.185.4.154 - - [07/May/2026:06:15:00 +0000] "POST /xmlrpc.php HTTP/1.1" 503 7313 "-" "Mozilla/5.0 (X11; CrOS x86_64 10452.74.0) AppleWebKit/537.36 (KHTML, like Gecko) Chrome/66.0.3359.137 Safari/537.36"
20.123.172.228 - - [07/May/2026:06:15:14 +0000] "POST /wp-cron.php?doing_wp_cron=1778134514.4156301021575927734375 HTTP/1.1" 200 - "-" "WordPress/6.9.4; https://nipponia.com"
167.71.132.111 - - [07/May/2026:06:21:53 +0000] "GET /wp-login.php HTTP/1.1" 200 1969 "-" "Mozilla/5.0 (Macintosh; Intel Mac OS X 10_13_4) AppleWebKit/537.36 (KHTML, like Gecko) Chrome/66.0.3359.170 Safari/537.36"
167.71.132.111 - - [07/May/2026:06:22:08 +0000] "POST /wp-login.php HTTP/1.1" 503 7312 "https://nipponia.com/wp-login.php" "Mozilla/5.0 (Macintosh; Intel Mac OS X 10_13_4) AppleWebKit/537.36 (KHTML, like Gecko) Chrome/66.0.3359.170 Safari/537.36"
