PATH:
var
/
log
/
apache2
/
domlogs
/
centosnipponia
212.205.99.65 - - [06/May/2026:12:28:37 +0000] "GET /wp-content/uploads/2023/01/eccitymp4.mp4 HTTP/1.1" 206 285 "http://nipponia.com/" "Mozilla/5.0 (Windows NT 10.0; Win64; x64) AppleWebKit/537.36 (KHTML, like Gecko) Chrome/148.0.0.0 Safari/537.36"
212.205.99.65 - - [06/May/2026:12:28:37 +0000] "GET /wp-content/uploads/2023/01/eccitymp4.mp4 HTTP/1.1" 206 32768 "http://nipponia.com/" "Mozilla/5.0 (Windows NT 10.0; Win64; x64) AppleWebKit/537.36 (KHTML, like Gecko) Chrome/148.0.0.0 Safari/537.36"
54.39.17.116 - - [06/May/2026:12:29:22 +0000] "GET /wp-login.php HTTP/1.1" 200 1969 "-" "Mozilla/5.0 (Windows NT 6.2; ARM; Trident/7.0; Touch; rv:11.0; WPDesktop; NOKIA; Lumia 635) like Gecko"
20.123.172.228 - - [06/May/2026:12:29:28 +0000] "POST /wp-cron.php?doing_wp_cron=1778070568.8296549320220947265625 HTTP/1.1" 200 - "-" "WordPress/6.9.4; https://nipponia.com"
54.39.17.116 - - [06/May/2026:12:29:30 +0000] "POST /wp-login.php HTTP/1.1" 503 7313 "https://nipponia.com/wp-login.php" "Mozilla/5.0 (Windows NT 6.2; ARM; Trident/7.0; Touch; rv:11.0; WPDesktop; NOKIA; Lumia 635) like Gecko"
148.113.1.176 - - [06/May/2026:12:35:35 +0000] "POST /xmlrpc.php HTTP/1.1" 503 7313 "-" "Mozilla/5.0 (Windows NT 6.1; Win64; x64) AppleWebKit/537.36 (KHTML, like Gecko) Chrome/65.0.3325.181 Safari/537.36"
52.154.22.62 - - [06/May/2026:12:39:41 +0000] "GET / HTTP/1.1" 200 14709 "-" "Mozilla/5.0 AppleWebKit/537.36 (KHTML, like Gecko); compatible; ChatGPT-User/1.0; +https://openai.com/bot"
20.123.172.228 - - [06/May/2026:12:40:02 +0000] "POST /wp-cron.php?doing_wp_cron=1778071202.2653939723968505859375 HTTP/1.1" 200 - "-" "WordPress/6.9.4; https://nipponia.com"
137.184.223.30 - - [06/May/2026:12:44:04 +0000] "POST /xmlrpc.php HTTP/1.1" 503 7314 "-" "Mozilla/5.0 (Windows NT 6.1; WOW64) AppleWebKit/537.36 (KHTML, like Gecko) Chrome/66.0.3359.139 Safari/537.36"
20.123.172.228 - - [06/May/2026:12:44:15 +0000] "POST /wp-cron.php?doing_wp_cron=1778071455.8418080806732177734375 HTTP/1.1" 200 - "-" "WordPress/6.9.4; https://nipponia.com"
163.44.192.46 - - [06/May/2026:12:46:15 +0000] "GET /wp-login.php HTTP/1.1" 200 1969 "-" "Mozilla/5.0 (Windows NT 6.1; WOW64) AppleWebKit/537.36 (KHTML, like Gecko) Chrome/65.0.3325.162 Safari/537.36"
20.123.172.228 - - [06/May/2026:12:46:25 +0000] "POST /wp-cron.php?doing_wp_cron=1778071585.2345869541168212890625 HTTP/1.1" 200 - "-" "WordPress/6.9.4; https://nipponia.com"
163.44.192.46 - - [06/May/2026:12:46:26 +0000] "POST /wp-login.php HTTP/1.1" 503 7313 "https://nipponia.com/wp-login.php" "Mozilla/5.0 (Windows NT 6.1; WOW64) AppleWebKit/537.36 (KHTML, like Gecko) Chrome/65.0.3325.162 Safari/537.36"
74.7.230.61 - - [06/May/2026:12:49:56 +0000] "GET /robots.txt HTTP/1.1" 200 122 "-" "Mozilla/5.0 (Macintosh; Intel Mac OS X 10_15_7) AppleWebKit/537.36 (KHTML, like Gecko) Chrome/131.0.0.0 Safari/537.36; compatible; OAI-SearchBot/1.3; robots.txt; +https://openai.com/searchbot"
20.123.172.228 - - [06/May/2026:12:50:07 +0000] "POST /wp-cron.php?doing_wp_cron=1778071807.2881419658660888671875 HTTP/1.1" 200 - "-" "WordPress/6.9.4; https://nipponia.com"
43.128.227.69 - - [06/May/2026:12:52:55 +0000] "POST /xmlrpc.php HTTP/1.1" 503 7313 "-" "Mozilla/5.0 (Macintosh; Intel Mac OS X 10_13_4) AppleWebKit/537.36 (KHTML, like Gecko) Chrome/66.0.3359.139 Safari/537.36"
20.123.172.228 - - [06/May/2026:12:53:08 +0000] "POST /wp-cron.php?doing_wp_cron=1778071988.4973499774932861328125 HTTP/1.1" 200 - "-" "WordPress/6.9.4; https://nipponia.com"
103.216.117.42 - - [06/May/2026:13:00:47 +0000] "POST /xmlrpc.php HTTP/1.1" 503 7313 "-" "Mozilla/5.0 (Windows NT 10.0; WOW64) AppleWebKit/537.36 (KHTML, like Gecko) Chrome/65.0.3325.181 Safari/537.36"
20.123.172.228 - - [06/May/2026:13:00:58 +0000] "POST /wp-cron.php?doing_wp_cron=1778072458.7797479629516601562500 HTTP/1.1" 200 - "-" "WordPress/6.9.4; https://nipponia.com"
138.197.101.145 - - [06/May/2026:13:00:56 +0000] "GET / HTTP/1.1" 200 15315 "-" "Mozilla/5.0 (X11; Linux x86_64) AppleWebKit/537.36 (KHTML, like Gecko) Chrome/142.0.0.0 Safari/537.36"
192.99.100.166 - - [06/May/2026:13:02:18 +0000] "GET /wp-login.php HTTP/1.1" 200 1969 "-" "Mozilla/5.0 (Windows NT 6.3; Win64; x64; Trident/7.0; Touch; MAARJS; rv:11.0) like Gecko"
20.123.172.228 - - [06/May/2026:13:02:30 +0000] "POST /wp-cron.php?doing_wp_cron=1778072549.9607410430908203125000 HTTP/1.1" 200 - "-" "WordPress/6.9.4; https://nipponia.com"
192.99.100.166 - - [06/May/2026:13:02:31 +0000] "POST /wp-login.php HTTP/1.1" 503 7313 "https://nipponia.com/wp-login.php" "Mozilla/5.0 (Windows NT 6.3; Win64; x64; Trident/7.0; Touch; MAARJS; rv:11.0) like Gecko"
4.225.39.110 - - [06/May/2026:13:08:53 +0000] "POST /xmlrpc.php HTTP/1.1" 503 7314 "-" "Mozilla/5.0 (Windows NT 6.1) AppleWebKit/537.36 (KHTML, like Gecko) Chrome/65.0.3325.146 Safari/537.36"
13.43.66.123 - - [06/May/2026:13:10:18 +0000] "GET /wp-login.php HTTP/1.1" 200 1969 "-" "Mozilla/5.0 (Windows NT 6.3; Win64; x64) AppleWebKit/537.36 (KHTML, like Gecko) Chrome/52.0.2743.116 Safari/537.36 Edge/15.15063"
20.123.172.228 - - [06/May/2026:13:10:29 +0000] "POST /wp-cron.php?doing_wp_cron=1778073029.2723500728607177734375 HTTP/1.1" 200 - "-" "WordPress/6.9.4; https://nipponia.com"
13.43.66.123 - - [06/May/2026:13:10:30 +0000] "POST /wp-login.php HTTP/1.1" 503 7313 "https://nipponia.com/wp-login.php" "Mozilla/5.0 (Windows NT 6.3; Win64; x64) AppleWebKit/537.36 (KHTML, like Gecko) Chrome/52.0.2743.116 Safari/537.36 Edge/15.15063"
45.39.101.137 - - [06/May/2026:13:14:49 +0000] "GET / HTTP/1.1" 200 15315 "-" "Mozilla/5.0 (Macintosh; Intel Mac OS X 10_15_7) AppleWebKit/605.1.15 (KHTML, like Gecko) Version/26.2 Safari/605.1.15"
176.126.87.170 - - [06/May/2026:13:17:05 +0000] "POST /xmlrpc.php HTTP/1.1" 503 7313 "-" "Mozilla/5.0 (Windows NT 6.3; Win64; x64) AppleWebKit/537.36 (KHTML, like Gecko) Chrome/52.0.2743.116 Safari/537.36 Edge/15.15063"
129.121.76.191 - - [06/May/2026:13:18:11 +0000] "GET /wp-login.php HTTP/1.1" 200 1969 "-" "Mozilla/5.0 (Windows NT 6.1; WOW64; Trident/7.0; BOIE9;ENCA; rv:11.0) like Gecko"
20.123.172.228 - - [06/May/2026:13:18:21 +0000] "POST /wp-cron.php?doing_wp_cron=1778073501.0678939819335937500000 HTTP/1.1" 200 - "-" "WordPress/6.9.4; https://nipponia.com"
129.121.76.191 - - [06/May/2026:13:18:22 +0000] "POST /wp-login.php HTTP/1.1" 503 7313 "https://nipponia.com/wp-login.php" "Mozilla/5.0 (Windows NT 6.1; WOW64; Trident/7.0; BOIE9;ENCA; rv:11.0) like Gecko"
103.136.23.85 - - [06/May/2026:13:18:35 +0000] "GET / HTTP/1.1" 200 15315 "-" "Mozilla/5.0 (Windows NT 10.0; Win64; x64) AppleWebKit/537.36 (KHTML, like Gecko) Chrome/147.0.0.0 Safari/537.36"
103.136.23.85 - - [06/May/2026:13:18:51 +0000] "GET /wp-includes/css/dist/block-library/style.min.css?ver=6.9.4 HTTP/1.1" 200 15916 "https://nipponia.com/" "Mozilla/5.0 (Windows NT 10.0; Win64; x64) AppleWebKit/537.36 (KHTML, like Gecko) Chrome/147.0.0.0 Safari/537.36"
103.136.23.85 - - [06/May/2026:13:18:51 +0000] "GET /wp-content/themes/hello-elementor/style.min.css?ver=2.6.1 HTTP/1.1" 200 1940 "https://nipponia.com/" "Mozilla/5.0 (Windows NT 10.0; Win64; x64) AppleWebKit/537.36 (KHTML, like Gecko) Chrome/147.0.0.0 Safari/537.36"
103.136.23.85 - - [06/May/2026:13:18:51 +0000] "GET /wp-content/themes/hello-elementor/theme.min.css?ver=2.6.1 HTTP/1.1" 200 2664 "https://nipponia.com/" "Mozilla/5.0 (Windows NT 10.0; Win64; x64) AppleWebKit/537.36 (KHTML, like Gecko) Chrome/147.0.0.0 Safari/537.36"
103.136.23.85 - - [06/May/2026:13:18:51 +0000] "GET /wp-content/plugins/elementor/assets/css/frontend-lite.min.css?ver=3.10.1 HTTP/1.1" 200 13541 "https://nipponia.com/" "Mozilla/5.0 (Windows NT 10.0; Win64; x64) AppleWebKit/537.36 (KHTML, like Gecko) Chrome/147.0.0.0 Safari/537.36"
103.136.23.85 - - [06/May/2026:13:18:51 +0000] "GET /wp-content/uploads/elementor/css/post-175.css?ver=1674635264 HTTP/1.1" 200 439 "https://nipponia.com/" "Mozilla/5.0 (Windows NT 10.0; Win64; x64) AppleWebKit/537.36 (KHTML, like Gecko) Chrome/147.0.0.0 Safari/537.36"
103.136.23.85 - - [06/May/2026:13:18:51 +0000] "GET /wp-content/plugins/elementor/assets/lib/eicons/css/elementor-icons.min.css?ver=5.17.0 HTTP/1.1" 200 3969 "https://nipponia.com/" "Mozilla/5.0 (Windows NT 10.0; Win64; x64) AppleWebKit/537.36 (KHTML, like Gecko) Chrome/147.0.0.0 Safari/537.36"
103.136.23.85 - - [06/May/2026:13:18:51 +0000] "GET /wp-content/plugins/elementor-pro/assets/css/frontend-lite.min.css?ver=3.10.2 HTTP/1.1" 200 1448 "https://nipponia.com/" "Mozilla/5.0 (Windows NT 10.0; Win64; x64) AppleWebKit/537.36 (KHTML, like Gecko) Chrome/147.0.0.0 Safari/537.36"
103.136.23.85 - - [06/May/2026:13:18:52 +0000] "GET /wp-content/uploads/elementor/css/post-81.css?ver=1747053258 HTTP/1.1" 200 1878 "https://nipponia.com/" "Mozilla/5.0 (Windows NT 10.0; Win64; x64) AppleWebKit/537.36 (KHTML, like Gecko) Chrome/147.0.0.0 Safari/537.36"
103.136.23.85 - - [06/May/2026:13:18:52 +0000] "GET /wp-content/uploads/elementor/css/post-167.css?ver=1674635265 HTTP/1.1" 200 576 "https://nipponia.com/" "Mozilla/5.0 (Windows NT 10.0; Win64; x64) AppleWebKit/537.36 (KHTML, like Gecko) Chrome/147.0.0.0 Safari/537.36"
103.136.23.85 - - [06/May/2026:13:18:52 +0000] "GET /wp-content/plugins/cookie-notice/css/front.min.css?ver=6.9.4 HTTP/1.1" 200 1108 "https://nipponia.com/" "Mozilla/5.0 (Windows NT 10.0; Win64; x64) AppleWebKit/537.36 (KHTML, like Gecko) Chrome/147.0.0.0 Safari/537.36"
103.136.23.85 - - [06/May/2026:13:18:52 +0000] "GET /wp-content/uploads/elementor/css/post-283.css?ver=1675771772 HTTP/1.1" 200 1491 "https://nipponia.com/" "Mozilla/5.0 (Windows NT 10.0; Win64; x64) AppleWebKit/537.36 (KHTML, like Gecko) Chrome/147.0.0.0 Safari/537.36"
103.136.23.85 - - [06/May/2026:13:18:52 +0000] "GET /wp-content/plugins/elementor/assets/lib/font-awesome/css/fontawesome.min.css?ver=5.15.3 HTTP/1.1" 200 12582 "https://nipponia.com/" "Mozilla/5.0 (Windows NT 10.0; Win64; x64) AppleWebKit/537.36 (KHTML, like Gecko) Chrome/147.0.0.0 Safari/537.36"
103.136.23.85 - - [06/May/2026:13:18:52 +0000] "GET /wp-content/plugins/elementor/assets/lib/font-awesome/css/solid.min.css?ver=5.15.3 HTTP/1.1" 200 309 "https://nipponia.com/" "Mozilla/5.0 (Windows NT 10.0; Win64; x64) AppleWebKit/537.36 (KHTML, like Gecko) Chrome/147.0.0.0 Safari/537.36"
103.136.23.85 - - [06/May/2026:13:18:52 +0000] "GET /wp-content/plugins/elementor/assets/lib/font-awesome/css/brands.min.css?ver=5.15.3 HTTP/1.1" 200 308 "https://nipponia.com/" "Mozilla/5.0 (Windows NT 10.0; Win64; x64) AppleWebKit/537.36 (KHTML, like Gecko) Chrome/147.0.0.0 Safari/537.36"
103.136.23.85 - - [06/May/2026:13:18:52 +0000] "GET /wp-content/plugins/elementor/assets/lib/animations/animations.min.css?ver=3.10.1 HTTP/1.1" 200 2592 "https://nipponia.com/" "Mozilla/5.0 (Windows NT 10.0; Win64; x64) AppleWebKit/537.36 (KHTML, like Gecko) Chrome/147.0.0.0 Safari/537.36"
103.136.23.85 - - [06/May/2026:13:18:52 +0000] "GET /wp-includes/js/jquery/jquery-migrate.min.js?ver=3.4.1 HTTP/1.1" 200 4872 "https://nipponia.com/" "Mozilla/5.0 (Windows NT 10.0; Win64; x64) AppleWebKit/537.36 (KHTML, like Gecko) Chrome/147.0.0.0 Safari/537.36"
103.136.23.85 - - [06/May/2026:13:18:52 +0000] "GET /wp-includes/js/jquery/jquery.min.js?ver=3.7.1 HTTP/1.1" 200 30368 "https://nipponia.com/" "Mozilla/5.0 (Windows NT 10.0; Win64; x64) AppleWebKit/537.36 (KHTML, like Gecko) Chrome/147.0.0.0 Safari/537.36"
103.136.23.85 - - [06/May/2026:13:18:53 +0000] "GET /wp-content/plugins/elementor-pro/assets/css/widget-nav-menu.min.css HTTP/1.1" 200 3332 "https://nipponia.com/" "Mozilla/5.0 (Windows NT 10.0; Win64; x64) AppleWebKit/537.36 (KHTML, like Gecko) Chrome/147.0.0.0 Safari/537.36"
103.136.23.85 - - [06/May/2026:13:18:53 +0000] "GET /wp-content/plugins/elementor/assets/css/widget-icon-list.min.css HTTP/1.1" 200 941 "https://nipponia.com/" "Mozilla/5.0 (Windows NT 10.0; Win64; x64) AppleWebKit/537.36 (KHTML, like Gecko) Chrome/147.0.0.0 Safari/537.36"
103.136.23.85 - - [06/May/2026:13:18:53 +0000] "GET /wp-content/themes/hello-elementor/assets/js/hello-frontend.min.js?ver=1.0.0 HTTP/1.1" 200 1024 "https://nipponia.com/" "Mozilla/5.0 (Windows NT 10.0; Win64; x64) AppleWebKit/537.36 (KHTML, like Gecko) Chrome/147.0.0.0 Safari/537.36"
103.136.23.85 - - [06/May/2026:13:18:53 +0000] "GET /wp-content/plugins/elementor-pro/assets/lib/smartmenus/jquery.smartmenus.min.js?ver=1.0.1 HTTP/1.1" 200 7157 "https://nipponia.com/" "Mozilla/5.0 (Windows NT 10.0; Win64; x64) AppleWebKit/537.36 (KHTML, like Gecko) Chrome/147.0.0.0 Safari/537.36"
103.136.23.85 - - [06/May/2026:13:18:53 +0000] "GET /wp-content/plugins/elementor-pro/assets/js/webpack-pro.runtime.min.js?ver=3.10.2 HTTP/1.1" 200 2439 "https://nipponia.com/" "Mozilla/5.0 (Windows NT 10.0; Win64; x64) AppleWebKit/537.36 (KHTML, like Gecko) Chrome/147.0.0.0 Safari/537.36"
103.136.23.85 - - [06/May/2026:13:18:53 +0000] "GET /wp-content/plugins/elementor/assets/lib/jquery-numerator/jquery-numerator.min.js?ver=0.2.1 HTTP/1.1" 200 740 "https://nipponia.com/" "Mozilla/5.0 (Windows NT 10.0; Win64; x64) AppleWebKit/537.36 (KHTML, like Gecko) Chrome/147.0.0.0 Safari/537.36"
103.136.23.85 - - [06/May/2026:13:18:54 +0000] "GET /wp-content/plugins/elementor/assets/js/webpack.runtime.min.js?ver=3.10.1 HTTP/1.1" 200 2225 "https://nipponia.com/" "Mozilla/5.0 (Windows NT 10.0; Win64; x64) AppleWebKit/537.36 (KHTML, like Gecko) Chrome/147.0.0.0 Safari/537.36"
103.136.23.85 - - [06/May/2026:13:18:54 +0000] "GET /wp-content/plugins/elementor/assets/js/frontend-modules.min.js?ver=3.10.1 HTTP/1.1" 200 11399 "https://nipponia.com/" "Mozilla/5.0 (Windows NT 10.0; Win64; x64) AppleWebKit/537.36 (KHTML, like Gecko) Chrome/147.0.0.0 Safari/537.36"
103.136.23.85 - - [06/May/2026:13:18:54 +0000] "GET /wp-includes/js/dist/hooks.min.js?ver=dd5603f07f9220ed27f1 HTTP/1.1" 200 1941 "https://nipponia.com/" "Mozilla/5.0 (Windows NT 10.0; Win64; x64) AppleWebKit/537.36 (KHTML, like Gecko) Chrome/147.0.0.0 Safari/537.36"
103.136.23.85 - - [06/May/2026:13:18:54 +0000] "GET /wp-includes/js/dist/i18n.min.js?ver=c26c3dc7bed366793375 HTTP/1.1" 200 2229 "https://nipponia.com/" "Mozilla/5.0 (Windows NT 10.0; Win64; x64) AppleWebKit/537.36 (KHTML, like Gecko) Chrome/147.0.0.0 Safari/537.36"
103.136.23.85 - - [06/May/2026:13:18:54 +0000] "GET /wp-content/plugins/elementor-pro/assets/js/frontend.min.js?ver=3.10.2 HTTP/1.1" 200 5743 "https://nipponia.com/" "Mozilla/5.0 (Windows NT 10.0; Win64; x64) AppleWebKit/537.36 (KHTML, like Gecko) Chrome/147.0.0.0 Safari/537.36"
103.136.23.85 - - [06/May/2026:13:18:54 +0000] "GET /wp-includes/js/jquery/ui/core.min.js?ver=1.13.3 HTTP/1.1" 200 7106 "https://nipponia.com/" "Mozilla/5.0 (Windows NT 10.0; Win64; x64) AppleWebKit/537.36 (KHTML, like Gecko) Chrome/147.0.0.0 Safari/537.36"
103.136.23.85 - - [06/May/2026:13:18:54 +0000] "GET /wp-content/plugins/elementor/assets/lib/waypoints/waypoints.min.js?ver=4.0.2 HTTP/1.1" 200 2993 "https://nipponia.com/" "Mozilla/5.0 (Windows NT 10.0; Win64; x64) AppleWebKit/537.36 (KHTML, like Gecko) Chrome/147.0.0.0 Safari/537.36"
103.136.23.85 - - [06/May/2026:13:18:54 +0000] "GET /wp-content/plugins/elementor/assets/js/frontend.min.js?ver=3.10.1 HTTP/1.1" 200 12124 "https://nipponia.com/" "Mozilla/5.0 (Windows NT 10.0; Win64; x64) AppleWebKit/537.36 (KHTML, like Gecko) Chrome/147.0.0.0 Safari/537.36"
103.136.23.85 - - [06/May/2026:13:18:54 +0000] "GET /wp-content/plugins/elementor-pro/assets/js/elements-handlers.min.js?ver=3.10.2 HTTP/1.1" 200 6374 "https://nipponia.com/" "Mozilla/5.0 (Windows NT 10.0; Win64; x64) AppleWebKit/537.36 (KHTML, like Gecko) Chrome/147.0.0.0 Safari/537.36"
103.136.23.85 - - [06/May/2026:13:18:54 +0000] "GET /wp-content/plugins/cookie-notice/js/front.min.js?ver=2.4.6 HTTP/1.1" 200 2128 "https://nipponia.com/" "Mozilla/5.0 (Windows NT 10.0; Win64; x64) AppleWebKit/537.36 (KHTML, like Gecko) Chrome/147.0.0.0 Safari/537.36"
103.136.23.85 - - [06/May/2026:13:18:55 +0000] "GET /wp-content/plugins/elementor/assets/lib/eicons/fonts/eicons.woff2?5.17.0 HTTP/1.1" 200 93477 "https://nipponia.com/wp-content/plugins/elementor/assets/lib/eicons/css/elementor-icons.min.css?ver=5.17.0" "Mozilla/5.0 (Windows NT 10.0; Win64; x64) AppleWebKit/537.36 (KHTML, like Gecko) Chrome/147.0.0.0 Safari/537.36"
103.136.23.85 - - [06/May/2026:13:18:55 +0000] "GET /wp-content/plugins/elementor/assets/lib/font-awesome/webfonts/fa-brands-400.woff2 HTTP/1.1" 200 76797 "https://nipponia.com/wp-content/plugins/elementor/assets/lib/font-awesome/css/brands.min.css?ver=5.15.3" "Mozilla/5.0 (Windows NT 10.0; Win64; x64) AppleWebKit/537.36 (KHTML, like Gecko) Chrome/147.0.0.0 Safari/537.36"
103.136.23.85 - - [06/May/2026:13:18:55 +0000] "GET /wp-content/plugins/elementor-pro/assets/js/nav-menu.c8d112707fd7172d2a9d.bundle.min.js HTTP/1.1" 200 1529 "https://nipponia.com/" "Mozilla/5.0 (Windows NT 10.0; Win64; x64) AppleWebKit/537.36 (KHTML, like Gecko) Chrome/147.0.0.0 Safari/537.36"
103.136.23.85 - - [06/May/2026:13:18:55 +0000] "GET /wp-content/plugins/elementor/assets/js/text-editor.2c35aafbe5bf0e127950.bundle.min.js HTTP/1.1" 200 665 "https://nipponia.com/" "Mozilla/5.0 (Windows NT 10.0; Win64; x64) AppleWebKit/537.36 (KHTML, like Gecko) Chrome/147.0.0.0 Safari/537.36"
103.136.23.85 - - [06/May/2026:13:18:55 +0000] "GET /wp-content/plugins/elementor/assets/js/counter.02cef29c589e742d4c8c.bundle.min.js HTTP/1.1" 200 487 "https://nipponia.com/" "Mozilla/5.0 (Windows NT 10.0; Win64; x64) AppleWebKit/537.36 (KHTML, like Gecko) Chrome/147.0.0.0 Safari/537.36"
103.136.23.85 - - [06/May/2026:13:18:56 +0000] "GET /wp-content/plugins/elementor/assets/lib/font-awesome/webfonts/fa-solid-900.woff2 HTTP/1.1" 200 78099 "https://nipponia.com/wp-content/plugins/elementor/assets/lib/font-awesome/css/solid.min.css?ver=5.15.3" "Mozilla/5.0 (Windows NT 10.0; Win64; x64) AppleWebKit/537.36 (KHTML, like Gecko) Chrome/147.0.0.0 Safari/537.36"
103.136.23.85 - - [06/May/2026:13:18:56 +0000] "GET /wp-content/plugins/elementor-pro/assets/js/form.72b77b99d67b130634d2.bundle.min.js HTTP/1.1" 200 5000 "https://nipponia.com/" "Mozilla/5.0 (Windows NT 10.0; Win64; x64) AppleWebKit/537.36 (KHTML, like Gecko) Chrome/147.0.0.0 Safari/537.36"
103.136.23.85 - - [06/May/2026:13:18:56 +0000] "GET /wp-content/plugins/elementor-pro/assets/js/popup.483b906ddaa1af17ff14.bundle.min.js HTTP/1.1" 200 451 "https://nipponia.com/" "Mozilla/5.0 (Windows NT 10.0; Win64; x64) AppleWebKit/537.36 (KHTML, like Gecko) Chrome/147.0.0.0 Safari/537.36"
103.136.23.85 - - [06/May/2026:13:18:56 +0000] "GET /wp-includes/js/wp-emoji-release.min.js?ver=6.9.4 HTTP/1.1" 200 5375 "https://nipponia.com/" "Mozilla/5.0 (Windows NT 10.0; Win64; x64) AppleWebKit/537.36 (KHTML, like Gecko) Chrome/147.0.0.0 Safari/537.36"
103.136.23.85 - - [06/May/2026:13:19:19 +0000] "GET /wp-content/uploads/2023/01/eccitymp4.mp4 HTTP/1.1" 206 2044189 "https://nipponia.com/" "Mozilla/5.0 (Windows NT 10.0; Win64; x64) AppleWebKit/537.36 (KHTML, like Gecko) Chrome/147.0.0.0 Safari/537.36"
103.136.23.85 - - [06/May/2026:13:19:19 +0000] "GET /wp-content/uploads/2023/01/eccitymp4.mp4 HTTP/1.1" 206 2044189 "https://nipponia.com/" "Mozilla/5.0 (Windows NT 10.0; Win64; x64) AppleWebKit/537.36 (KHTML, like Gecko) Chrome/147.0.0.0 Safari/537.36"
103.136.23.85 - - [06/May/2026:13:19:20 +0000] "GET /wp-content/uploads/2023/01/eccitymp4.mp4 HTTP/1.1" 206 12573 "https://nipponia.com/" "Mozilla/5.0 (Windows NT 10.0; Win64; x64) AppleWebKit/537.36 (KHTML, like Gecko) Chrome/147.0.0.0 Safari/537.36"
103.136.23.85 - - [06/May/2026:13:19:21 +0000] "GET /wp-content/uploads/2023/01/eccitymp4.mp4 HTTP/1.1" 206 1998848 "https://nipponia.com/" "Mozilla/5.0 (Windows NT 10.0; Win64; x64) AppleWebKit/537.36 (KHTML, like Gecko) Chrome/147.0.0.0 Safari/537.36"
51.77.211.229 - - [06/May/2026:13:22:41 +0000] "GET / HTTP/1.1" 200 15315 "-" "Mozilla/5.0 (Windows NT 10.0; Win64; x64) AppleWebKit/537.36 (KHTML, like Gecko) Chrome/139.0.0.0 Safari/537.36"
51.77.211.229 - - [06/May/2026:13:22:51 +0000] "GET / HTTP/1.1" 200 15315 "-" "Mozilla/5.0 (Windows NT 10.0; Win64; x64) AppleWebKit/537.36 (KHTML, like Gecko) Chrome/139.0.0.0 Safari/537.36"
57.129.81.227 - - [06/May/2026:13:22:52 +0000] "GET / HTTP/1.1" 200 15315 "-" "Mozilla/5.0 (Windows NT 10.0; Win64; x64) AppleWebKit/537.36 (KHTML, like Gecko) Chrome/139.0.0.0 Safari/537.36"
57.129.81.227 - - [06/May/2026:13:23:02 +0000] "GET / HTTP/1.1" 200 15315 "-" "Mozilla/5.0 (Windows NT 10.0; Win64; x64) AppleWebKit/537.36 (KHTML, like Gecko) Chrome/139.0.0.0 Safari/537.36"
123.30.233.13 - - [06/May/2026:13:25:55 +0000] "GET /wp-login.php HTTP/1.1" 200 1969 "-" "Mozilla/5.0 (Macintosh; Intel Mac OS X 10_12_6) AppleWebKit/537.36 (KHTML, like Gecko) Chrome/66.0.3359.139 Safari/537.36"
3.83.57.223 - - [06/May/2026:13:33:35 +0000] "GET /wp-login.php HTTP/1.1" 200 1969 "-" "Mozilla/5.0 (Windows NT 6.1; WOW64; Trident/7.0; MDDCJS; rv:11.0) like Gecko"
20.123.172.228 - - [06/May/2026:13:33:45 +0000] "POST /wp-cron.php?doing_wp_cron=1778074425.0352470874786376953125 HTTP/1.1" 200 - "-" "WordPress/6.9.4; https://nipponia.com"
78.142.18.172 - - [06/May/2026:13:33:40 +0000] "POST /xmlrpc.php HTTP/1.1" 503 7314 "-" "Mozilla/5.0 (Macintosh; Intel Mac OS X 10_13_2) AppleWebKit/537.36 (KHTML, like Gecko) Chrome/66.0.3359.139 Safari/537.36"
3.83.57.223 - - [06/May/2026:13:33:47 +0000] "POST /wp-login.php HTTP/1.1" 503 7313 "https://nipponia.com/wp-login.php" "Mozilla/5.0 (Windows NT 6.1; WOW64; Trident/7.0; MDDCJS; rv:11.0) like Gecko"
216.163.199.203 - - [06/May/2026:13:34:54 +0000] "GET /wp-content/plugins/elementor-pro/assets/css/widget-nav-menu.min.css HTTP/1.1" 200 3332 "http://nipponia.com/" "Mozilla/5.0 (Windows NT 10.0; Win64; x64) AppleWebKit/537.36 (KHTML, like Gecko) Chrome/145.0.0.0 Safari/537.36"
216.163.199.203 - - [06/May/2026:13:34:55 +0000] "GET /wp-content/plugins/elementor/assets/css/widget-icon-list.min.css HTTP/1.1" 200 941 "http://nipponia.com/" "Mozilla/5.0 (Windows NT 10.0; Win64; x64) AppleWebKit/537.36 (KHTML, like Gecko) Chrome/145.0.0.0 Safari/537.36"
162.214.66.154 - - [06/May/2026:13:41:16 +0000] "GET /wp-login.php HTTP/1.1" 200 1969 "-" "Mozilla/5.0 (Windows NT 10.0; Win64; x64) AppleWebKit/537.36 (KHTML, like Gecko) Chrome/65.0.3325.162 Safari/537.36"
162.214.66.154 - - [06/May/2026:13:41:27 +0000] "POST /wp-login.php HTTP/1.1" 503 7313 "https://nipponia.com/wp-login.php" "Mozilla/5.0 (Windows NT 10.0; Win64; x64) AppleWebKit/537.36 (KHTML, like Gecko) Chrome/65.0.3325.162 Safari/537.36"
170.106.34.126 - - [06/May/2026:13:44:00 +0000] "GET / HTTP/1.1" 200 15315 "-" "Mozilla/5.0 (Macintosh; Intel Mac OS X 10_15_7) AppleWebKit/605.1.15 (KHTML, like Gecko) Version/15.5 Safari/605.1.15"
20.123.172.228 - - [06/May/2026:13:44:15 +0000] "POST /wp-cron.php?doing_wp_cron=1778075055.3705348968505859375000 HTTP/1.1" 200 - "-" "WordPress/6.9.4; https://nipponia.com"
103.208.218.164 - - [06/May/2026:13:51:17 +0000] "POST /xmlrpc.php HTTP/1.1" 503 7313 "-" "Mozilla/5.0 (Macintosh; Intel Mac OS X 10_13_1) AppleWebKit/537.36 (KHTML, like Gecko) Chrome/66.0.3359.181 Safari/537.36"
20.123.172.228 - - [06/May/2026:13:51:29 +0000] "POST /wp-cron.php?doing_wp_cron=1778075489.0727579593658447265625 HTTP/1.1" 200 - "-" "WordPress/6.9.4; https://nipponia.com"
13.43.66.123 - - [06/May/2026:13:54:39 +0000] "GET /wp-login.php HTTP/1.1" 200 1969 "-" "Mozilla/5.0 (Macintosh; Intel Mac OS X 10_11_6) AppleWebKit/537.36 (KHTML, like Gecko) Chrome/66.0.3359.139 Safari/537.36"
20.123.172.228 - - [06/May/2026:13:54:51 +0000] "POST /wp-cron.php?doing_wp_cron=1778075691.3087890148162841796875 HTTP/1.1" 200 - "-" "WordPress/6.9.4; https://nipponia.com"
13.43.66.123 - - [06/May/2026:13:54:52 +0000] "POST /wp-login.php HTTP/1.1" 503 7313 "https://nipponia.com/wp-login.php" "Mozilla/5.0 (Macintosh; Intel Mac OS X 10_11_6) AppleWebKit/537.36 (KHTML, like Gecko) Chrome/66.0.3359.139 Safari/537.36"
104.28.166.5 - - [06/May/2026:14:00:17 +0000] "GET /9fZ3xTCHB1/5LrzR9Zb9j.php HTTP/1.1" 200 121 "-" "Mozilla/5.0 (X11; Linux x86_64) AppleWebKit/537.36 (KHTML, like Gecko) Chrome/148.0.0.0 Safari/537.36"
20.123.172.228 - - [06/May/2026:14:00:19 +0000] "POST /wp-cron.php?doing_wp_cron=1778076019.5684831142425537109375 HTTP/1.1" 200 - "-" "WordPress/6.9.4; https://nipponia.com"
123.30.233.12 - - [06/May/2026:14:00:08 +0000] "POST /xmlrpc.php HTTP/1.1" 503 7313 "-" "Mozilla/5.0 (Windows NT 6.2; Win64; x64) AppleWebKit/537.36 (KHTML, like Gecko) Chrome/65.0.3325.181 Safari/537.36 OPR/52.0.2871.99"
104.28.166.5 - - [06/May/2026:14:00:19 +0000] "GET /favicon.ico HTTP/1.1" 302 - "https://nipponia.com/9fZ3xTCHB1/5LrzR9Zb9j.php" "Mozilla/5.0 (X11; Linux x86_64) AppleWebKit/537.36 (KHTML, like Gecko) Chrome/148.0.0.0 Safari/537.36"
104.28.166.5 - - [06/May/2026:14:00:31 +0000] "GET /wp-content/uploads/2023/01/cropped-cropped-1c_v_logo_hr_b-32x32.png HTTP/1.1" 200 1115 "https://nipponia.com/9fZ3xTCHB1/5LrzR9Zb9j.php" "Mozilla/5.0 (X11; Linux x86_64) AppleWebKit/537.36 (KHTML, like Gecko) Chrome/148.0.0.0 Safari/537.36"
212.205.99.65 - - [06/May/2026:14:00:59 +0000] "POST /AutoDiscover/autodiscover.xml HTTP/1.1" 404 10160 "-" "Microsoft Office Excel/2.108.430 (iOS/26.3.1; Phone; en-GB; AppStore; Apple/iPhone16,2)"
20.123.172.228 - - [06/May/2026:14:01:13 +0000] "POST /wp-cron.php?doing_wp_cron=1778076073.1842200756072998046875 HTTP/1.1" 200 - "-" "WordPress/6.9.4; https://nipponia.com"
162.214.66.154 - - [06/May/2026:14:03:50 +0000] "GET /wp-login.php HTTP/1.1" 200 1969 "-" "Mozilla/5.0 (Windows NT 6.3; WOW64) AppleWebKit/537.36 (KHTML, like Gecko) Chrome/67.0.3396.87 Safari/537.36"
162.214.66.154 - - [06/May/2026:14:04:01 +0000] "POST /wp-login.php HTTP/1.1" 503 7313 "https://nipponia.com/wp-login.php" "Mozilla/5.0 (Windows NT 6.3; WOW64) AppleWebKit/537.36 (KHTML, like Gecko) Chrome/67.0.3396.87 Safari/537.36"
88.198.64.173 - - [06/May/2026:14:08:36 +0000] "POST /xmlrpc.php HTTP/1.1" 503 7313 "-" "Mozilla/5.0 (Windows NT 6.3; Win64; x64) AppleWebKit/537.36 (KHTML, like Gecko) Chrome/58.0.3029.110 Safari/537.36 Edge/16.16299"
20.123.172.228 - - [06/May/2026:14:08:47 +0000] "POST /wp-cron.php?doing_wp_cron=1778076527.9136190414428710937500 HTTP/1.1" 200 - "-" "WordPress/6.9.4; https://nipponia.com"
191.235.99.85 - - [06/May/2026:14:13:46 +0000] "GET / HTTP/1.1" 200 14709 "-" "Mozilla/5.0 AppleWebKit/537.36 (KHTML, like Gecko); compatible; ChatGPT-User/1.0; +https://openai.com/bot"
123.30.233.12 - - [06/May/2026:14:17:09 +0000] "POST /xmlrpc.php HTTP/1.1" 503 7313 "-" "Mozilla/5.0 (Windows NT 6.1; Win64; x64) AppleWebKit/537.36 (KHTML, like Gecko) Chrome/66.0.3359.181 Safari/537.36"
191.235.99.91 - - [06/May/2026:14:20:36 +0000] "GET / HTTP/1.1" 200 14709 "-" "Mozilla/5.0 AppleWebKit/537.36 (KHTML, like Gecko); compatible; ChatGPT-User/1.0; +https://openai.com/bot"
20.123.172.228 - - [06/May/2026:14:20:54 +0000] "POST /wp-cron.php?doing_wp_cron=1778077254.2078280448913574218750 HTTP/1.1" 200 - "-" "WordPress/6.9.4; https://nipponia.com"
74.7.230.61 - - [06/May/2026:14:21:37 +0000] "GET /robots.txt HTTP/1.1" 200 122 "-" "Mozilla/5.0 (Macintosh; Intel Mac OS X 10_15_7) AppleWebKit/537.36 (KHTML, like Gecko) Chrome/131.0.0.0 Safari/537.36; compatible; OAI-SearchBot/1.3; robots.txt; +https://openai.com/searchbot"
129.121.41.228 - - [06/May/2026:14:22:11 +0000] "GET /wp-login.php HTTP/1.1" 200 1969 "-" "Mozilla/5.0 (Windows NT 6.2; ARM; Trident/7.0; Touch; rv:11.0; WPDesktop; NOKIA; Lumia 635) like Gecko"
129.121.41.228 - - [06/May/2026:14:22:23 +0000] "POST /wp-login.php HTTP/1.1" 503 7313 "https://nipponia.com/wp-login.php" "Mozilla/5.0 (Windows NT 6.2; ARM; Trident/7.0; Touch; rv:11.0; WPDesktop; NOKIA; Lumia 635) like Gecko"
23.98.142.176 - - [06/May/2026:14:33:40 +0000] "GET / HTTP/1.1" 200 14709 "-" "Mozilla/5.0 AppleWebKit/537.36 (KHTML, like Gecko); compatible; ChatGPT-User/1.0; +https://openai.com/bot"
20.123.172.228 - - [06/May/2026:14:33:56 +0000] "POST /wp-cron.php?doing_wp_cron=1778078036.4994199275970458984375 HTTP/1.1" 200 - "-" "WordPress/6.9.4; https://nipponia.com"
88.198.64.173 - - [06/May/2026:14:35:42 +0000] "POST /xmlrpc.php HTTP/1.1" 503 7312 "-" "Mozilla/5.0 (Macintosh; Intel Mac OS X 10_11_6) AppleWebKit/537.36 (KHTML, like Gecko) Chrome/67.0.3396.62 Safari/537.36"
104.210.140.133 - - [06/May/2026:14:36:13 +0000] "GET /robots.txt HTTP/1.1" 200 122 "-" "Mozilla/5.0 (Macintosh; Intel Mac OS X 10_15_7) AppleWebKit/537.36 (KHTML, like Gecko) Chrome/131.0.0.0 Safari/537.36; compatible; OAI-SearchBot/1.0; +https://openai.com/searchbot"
20.123.172.228 - - [06/May/2026:14:36:24 +0000] "POST /wp-cron.php?doing_wp_cron=1778078184.0588779449462890625000 HTTP/1.1" 200 - "-" "WordPress/6.9.4; https://nipponia.com"
104.210.140.130 - - [06/May/2026:14:36:37 +0000] "GET /robots.txt HTTP/1.1" 200 122 "-" "Mozilla/5.0 (Macintosh; Intel Mac OS X 10_15_7) AppleWebKit/537.36 (KHTML, like Gecko) Chrome/131.0.0.0 Safari/537.36; compatible; OAI-SearchBot/1.0; +https://openai.com/searchbot"
31.13.245.227 - - [06/May/2026:14:41:00 +0000] "GET /wp-login.php HTTP/1.1" 200 1969 "-" "Mozilla/5.0 (Windows NT 6.1; WOW64) AppleWebKit/537.36 (KHTML, like Gecko) Chrome/65.0.3325.162 Safari/537.36"
31.13.245.227 - - [06/May/2026:14:41:12 +0000] "POST /wp-login.php HTTP/1.1" 503 7312 "https://nipponia.com/wp-login.php" "Mozilla/5.0 (Windows NT 6.1; WOW64) AppleWebKit/537.36 (KHTML, like Gecko) Chrome/65.0.3325.162 Safari/537.36"
63.247.93.90 - - [06/May/2026:14:45:08 +0000] "POST /xmlrpc.php HTTP/1.1" 503 7313 "-" "Mozilla/5.0 (Windows NT 10.0; WOW64) AppleWebKit/537.36 (KHTML, like Gecko) Chrome/66.0.3359.139 Safari/537.36"
20.123.172.228 - - [06/May/2026:14:45:21 +0000] "POST /wp-cron.php?doing_wp_cron=1778078720.9088470935821533203125 HTTP/1.1" 200 - "-" "WordPress/6.9.4; https://nipponia.com"
45.140.52.11 - - [06/May/2026:14:49:52 +0000] "GET / HTTP/1.0" 200 76418 "https://nipponia.com/" "Mozilla/5.0 (Windows NT 10.0; Win64; x64) AppleWebKit/537.36 (KHTML, like Gecko) Chrome/103.0.5060.134 Safari/537.36"
20.123.172.228 - - [06/May/2026:14:50:13 +0000] "POST /wp-cron.php?doing_wp_cron=1778079013.0731449127197265625000 HTTP/1.1" 200 - "-" "WordPress/6.9.4; https://nipponia.com"
45.140.52.11 - - [06/May/2026:14:50:14 +0000] "POST /wp-admin/admin-ajax.php HTTP/1.0" 200 111 "https://nipponia.com/" "Mozilla/5.0 (Windows NT 10.0; Win64; x64) AppleWebKit/537.36 (KHTML, like Gecko) Chrome/103.0.5060.134 Safari/537.36"
167.71.226.156 - - [06/May/2026:14:50:32 +0000] "GET /wp-login.php HTTP/1.1" 200 1969 "-" "Mozilla/5.0+(Windows+NT+6.3;+WOW64;+Trident/7.0;+rv:11.0)+like+Gecko"
20.123.172.228 - - [06/May/2026:14:50:42 +0000] "POST /wp-cron.php?doing_wp_cron=1778079042.5595541000366210937500 HTTP/1.1" 200 - "-" "WordPress/6.9.4; https://nipponia.com"
167.71.226.156 - - [06/May/2026:14:50:43 +0000] "POST /wp-login.php HTTP/1.1" 503 7313 "https://nipponia.com/wp-login.php" "Mozilla/5.0+(Windows+NT+6.3;+WOW64;+Trident/7.0;+rv:11.0)+like+Gecko"
130.12.180.31 - - [06/May/2026:14:51:02 +0000] "GET /wp-json/gravitysmtp/v1/tests/mock-data?page=gravitysmtp-settings HTTP/1.1" 404 114 "-" "Mozilla/5.0 (compatible; SecurityResearch/1.0; )"
20.123.172.228 - - [06/May/2026:14:51:13 +0000] "POST /wp-cron.php?doing_wp_cron=1778079073.7258460521697998046875 HTTP/1.1" 200 - "-" "WordPress/6.9.4; https://nipponia.com"
130.12.180.31 - - [06/May/2026:14:51:10 +0000] "GET /wp-json/ HTTP/1.1" 200 163824 "-" "Mozilla/5.0 (compatible; SecurityResearch/1.0; )"
103.136.23.85 - - [06/May/2026:14:53:44 +0000] "GET /9fZ3xTCHB1/5LrzR9Zb9j.php HTTP/1.1" 200 121 "-" "Mozilla/5.0 (Windows NT 10.0; Win64; x64) AppleWebKit/537.36 (KHTML, like Gecko) Chrome/147.0.0.0 Safari/537.36"
103.136.23.85 - - [06/May/2026:14:53:46 +0000] "GET /favicon.ico HTTP/1.1" 302 - "https://nipponia.com/9fZ3xTCHB1/5LrzR9Zb9j.php" "Mozilla/5.0 (Windows NT 10.0; Win64; x64) AppleWebKit/537.36 (KHTML, like Gecko) Chrome/147.0.0.0 Safari/537.36"
103.136.23.85 - - [06/May/2026:14:53:57 +0000] "GET /wp-content/uploads/2023/01/cropped-cropped-1c_v_logo_hr_b-32x32.png HTTP/1.1" 200 1115 "https://nipponia.com/9fZ3xTCHB1/5LrzR9Zb9j.php" "Mozilla/5.0 (Windows NT 10.0; Win64; x64) AppleWebKit/537.36 (KHTML, like Gecko) Chrome/147.0.0.0 Safari/537.36"
95.216.16.101 - - [06/May/2026:14:53:55 +0000] "POST /xmlrpc.php HTTP/1.1" 503 7313 "-" "Mozilla/5.0 (Windows NT 6.2; Win64; x64) AppleWebKit/537.36 (KHTML, like Gecko) Chrome/52.0.2743.116 Safari/537.36 Edge/15.15063"
103.136.23.85 - - [06/May/2026:14:54:11 +0000] "POST /9fZ3xTCHB1/5LrzR9Zb9j.php HTTP/1.1" 403 6626 "https://nipponia.com/9fZ3xTCHB1/5LrzR9Zb9j.php" "Mozilla/5.0 (Windows NT 10.0; Win64; x64) AppleWebKit/537.36 (KHTML, like Gecko) Chrome/147.0.0.0 Safari/537.36"
103.136.23.85 - - [06/May/2026:14:54:12 +0000] "GET /favicon.ico HTTP/1.1" 302 - "https://nipponia.com/9fZ3xTCHB1/5LrzR9Zb9j.php" "Mozilla/5.0 (Windows NT 10.0; Win64; x64) AppleWebKit/537.36 (KHTML, like Gecko) Chrome/147.0.0.0 Safari/537.36"
103.136.23.85 - - [06/May/2026:14:54:14 +0000] "GET /favicon.ico HTTP/1.1" 302 - "https://nipponia.com/9fZ3xTCHB1/5LrzR9Zb9j.php" "Mozilla/5.0 (Windows NT 10.0; Win64; x64) AppleWebKit/537.36 (KHTML, like Gecko) Chrome/147.0.0.0 Safari/537.36"
20.123.172.228 - - [06/May/2026:14:54:19 +0000] "POST /?wordfence_syncAttackData=1778079259.3853 HTTP/1.1" 200 - "-" "WordPress/6.9.4; https://nipponia.com"
20.123.172.228 - - [06/May/2026:14:54:23 +0000] "POST /?wordfence_syncAttackData=1778079263.3357 HTTP/1.1" 200 14709 "-" "WordPress/6.9.4; https://nipponia.com"
20.123.172.228 - - [06/May/2026:14:54:40 +0000] "POST /wp-cron.php?doing_wp_cron=1778079280.7480530738830566406250 HTTP/1.1" 200 - "-" "WordPress/6.9.4; https://nipponia.com"
195.178.110.102 - - [06/May/2026:14:55:25 +0000] "GET / HTTP/1.1" 200 15315 "-" "Mozilla/5.0 (X11; Linux x86_64) AppleWebKit/537.36 (KHTML, like Gecko) Chrome/124.0.0.0 Safari/537.36"
195.178.110.102 - - [06/May/2026:14:55:31 +0000] "POST / HTTP/1.1" 200 15315 "-" "Mozilla/5.0 (X11; Linux x86_64) AppleWebKit/537.36 (KHTML, like Gecko) Chrome/124.0.0.0 Safari/537.36"
103.90.232.170 - - [06/May/2026:15:00:05 +0000] "GET /wp-login.php HTTP/1.1" 200 1969 "-" "Mozilla/5.0 (Windows NT 6.3; Win64; x64; Trident/7.0; Touch; MAARJS; rv:11.0) like Gecko"
20.123.172.228 - - [06/May/2026:15:00:16 +0000] "POST /wp-cron.php?doing_wp_cron=1778079615.9673910140991210937500 HTTP/1.1" 200 - "-" "WordPress/6.9.4; https://nipponia.com"
45.12.3.114 - - [06/May/2026:15:02:17 +0000] "GET //style.php HTTP/1.1" 301 - "-" "Mozilla/5.0 (Windows NT 10.0; Win64; x64; rv:81.0) Gecko/20100101 Firefox/81.0"
45.12.3.114 - - [06/May/2026:15:02:31 +0000] "GET /style.php HTTP/1.1" 404 10742 "-" "Mozilla/5.0 (Windows NT 10.0; Win64; x64; rv:81.0) Gecko/20100101 Firefox/81.0"
20.169.78.161 - - [06/May/2026:15:02:28 +0000] "GET / HTTP/1.1" 200 14709 "-" "Mozilla/5.0 AppleWebKit/537.36 (KHTML, like Gecko); compatible; ChatGPT-User/1.0; +https://openai.com/bot"
91.98.176.252 - - [06/May/2026:15:02:38 +0000] "POST /xmlrpc.php HTTP/1.1" 503 7314 "-" "Mozilla/5.0 (Macintosh; Intel Mac OS X 10_10_5) AppleWebKit/537.36 (KHTML, like Gecko) Chrome/66.0.3359.181 Safari/537.36"
167.179.18.180 - - [06/May/2026:15:05:09 +0000] "GET /9fZ3xTCHB1/5LrzR9Zb9j.php HTTP/1.1" 200 121 "-" "Mozilla/5.0 (Windows NT 10.0; Win64; x64) AppleWebKit/537.36 (KHTML, like Gecko) Chrome/147.0.0.0 Safari/537.36"
167.179.18.180 - - [06/May/2026:15:05:11 +0000] "GET /favicon.ico HTTP/1.1" 302 - "https://nipponia.com/9fZ3xTCHB1/5LrzR9Zb9j.php" "Mozilla/5.0 (Windows NT 10.0; Win64; x64) AppleWebKit/537.36 (KHTML, like Gecko) Chrome/147.0.0.0 Safari/537.36"
20.123.172.228 - - [06/May/2026:15:05:23 +0000] "POST /wp-cron.php?doing_wp_cron=1778079923.2190039157867431640625 HTTP/1.1" 200 - "-" "WordPress/6.9.4; https://nipponia.com"
167.179.18.180 - - [06/May/2026:15:05:33 +0000] "GET /9fZ3xTCHB1/5LrzR9Zb9j.php HTTP/1.1" 200 121 "-" "Mozilla/5.0 (Windows NT 10.0; Win64; x64) AppleWebKit/537.36 (KHTML, like Gecko) Chrome/147.0.0.0 Safari/537.36"
167.179.18.180 - - [06/May/2026:15:05:35 +0000] "GET /favicon.ico HTTP/1.1" 302 - "https://nipponia.com/9fZ3xTCHB1/5LrzR9Zb9j.php" "Mozilla/5.0 (Windows NT 10.0; Win64; x64) AppleWebKit/537.36 (KHTML, like Gecko) Chrome/147.0.0.0 Safari/537.36"
167.179.18.180 - - [06/May/2026:15:05:46 +0000] "GET /wp-content/uploads/2023/01/cropped-cropped-1c_v_logo_hr_b-32x32.png HTTP/1.1" 200 1115 "https://nipponia.com/9fZ3xTCHB1/5LrzR9Zb9j.php" "Mozilla/5.0 (Windows NT 10.0; Win64; x64) AppleWebKit/537.36 (KHTML, like Gecko) Chrome/147.0.0.0 Safari/537.36"
167.179.18.180 - - [06/May/2026:15:05:58 +0000] "POST /9fZ3xTCHB1/5LrzR9Zb9j.php HTTP/1.1" 403 6628 "https://nipponia.com/9fZ3xTCHB1/5LrzR9Zb9j.php" "Mozilla/5.0 (Windows NT 10.0; Win64; x64) AppleWebKit/537.36 (KHTML, like Gecko) Chrome/147.0.0.0 Safari/537.36"
47.128.18.97 - - [06/May/2026:15:06:04 +0000] "GET /robots.txt HTTP/1.1" 200 122 "-" "Mozilla/5.0 (Linux; Android 5.0) AppleWebKit/537.36 (KHTML, like Gecko) Mobile Safari/537.36 (compatible; Bytespider; spider-feedback@bytedance.com)"
20.123.172.228 - - [06/May/2026:15:06:11 +0000] "POST /?wordfence_syncAttackData=1778079971.3476 HTTP/1.1" 200 - "-" "WordPress/6.9.4; https://nipponia.com"
24.42.103.144 - - [06/May/2026:15:07:07 +0000] "GET /9fZ3xTCHB1/5LrzR9Zb9j.php HTTP/1.1" 200 121 "-" "Mozilla/5.0 (Linux; Android 12; K) AppleWebKit/537.36 (KHTML, like Gecko) Chrome/147.0.7727.111 Mobile Safari/537.36"
24.42.103.144 - - [06/May/2026:15:07:09 +0000] "GET /favicon.ico HTTP/1.1" 302 - "https://nipponia.com/9fZ3xTCHB1/5LrzR9Zb9j.php" "Mozilla/5.0 (Linux; Android 12; K) AppleWebKit/537.36 (KHTML, like Gecko) Chrome/147.0.7727.111 Mobile Safari/537.36"
13.246.179.73 - - [06/May/2026:15:08:28 +0000] "GET /wp-login.php HTTP/1.1" 200 1969 "-" "Mozilla/5.0 (Windows NT 6.3; Win64; x64) AppleWebKit/537.36 (KHTML, like Gecko) Chrome/52.0.2743.116 Safari/537.36 Edge/15.15063"
13.246.179.73 - - [06/May/2026:15:08:42 +0000] "POST /wp-login.php HTTP/1.1" 503 7314 "https://nipponia.com/wp-login.php" "Mozilla/5.0 (Windows NT 6.3; Win64; x64) AppleWebKit/537.36 (KHTML, like Gecko) Chrome/52.0.2743.116 Safari/537.36 Edge/15.15063"
111.109.37.114 - - [06/May/2026:15:11:17 +0000] "POST /xmlrpc.php HTTP/1.1" 503 7314 "-" "Mozilla/5.0 (Windows NT 10.0; WOW64) AppleWebKit/537.36 (KHTML, like Gecko) Chrome/65.0.3325.146 Safari/537.36"
20.123.172.228 - - [06/May/2026:15:11:31 +0000] "POST /wp-cron.php?doing_wp_cron=1778080291.7145218849182128906250 HTTP/1.1" 200 - "-" "WordPress/6.9.4; https://nipponia.com"
50.6.231.19 - - [06/May/2026:15:17:02 +0000] "GET /wp-login.php HTTP/1.1" 200 1969 "-" "Mozilla/5.0 (Windows NT 6.1; WOW64; Trident/7.0; BOIE9;ENCA; rv:11.0) like Gecko"
20.123.172.228 - - [06/May/2026:15:17:14 +0000] "POST /wp-cron.php?doing_wp_cron=1778080634.6219990253448486328125 HTTP/1.1" 200 - "-" "WordPress/6.9.4; https://nipponia.com"
198.232.6.184 - - [06/May/2026:15:17:14 +0000] "GET / HTTP/1.1" 200 15315 "-" "Mozilla/5.0 (Macintosh; Intel Mac OS X 10_15_7) AppleWebKit/537.36 (KHTML, like Gecko) Chrome/142.0.0.0 Safari/537.36"
31.13.245.227 - - [06/May/2026:15:20:00 +0000] "POST /xmlrpc.php HTTP/1.1" 503 7313 "-" "Mozilla/5.0 (Windows NT 10.0) AppleWebKit/537.36 (KHTML, like Gecko) Chrome/66.0.3359.117 Safari/537.36"
116.76.74.160 - - [06/May/2026:15:30:39 +0000] "GET /robots.txt HTTP/1.1" 200 122 "-" "Mozilla/5.0 (Windows NT 10.0; WOW64) AppleWebKit/537.36 (KHTML, like Gecko) Chrome/74.0.3485.107 Safari/537.36 Core/1.70.3722.400 QQBrowser/10.5.3739.400"
111.225.149.84 - - [06/May/2026:15:51:13 +0000] "GET / HTTP/1.1" 200 14709 "-" "Mozilla/5.0 (Linux; Android 5.0) AppleWebKit/537.36 (KHTML, like Gecko) Mobile Safari/537.36 (compatible; Bytespider; https://zhanzhang.toutiao.com/)"
20.123.172.228 - - [06/May/2026:15:51:31 +0000] "POST /wp-cron.php?doing_wp_cron=1778082691.3462119102478027343750 HTTP/1.1" 200 - "-" "WordPress/6.9.4; https://nipponia.com"
111.225.149.84 - - [06/May/2026:15:51:33 +0000] "GET /wp-content/plugins/elementor/assets/lib/eicons/css/elementor-icons.min.css?ver=5.17.0 HTTP/1.1" 200 3969 "https://nipponia.com/" "Mozilla/5.0 (Linux; Android 5.0) AppleWebKit/537.36 (KHTML, like Gecko) Mobile Safari/537.36 (compatible; Bytespider; https://zhanzhang.toutiao.com/)"
111.225.149.84 - - [06/May/2026:15:51:34 +0000] "GET /wp-content/themes/hello-elementor/assets/js/hello-frontend.min.js?ver=1.0.0 HTTP/1.1" 200 1024 "https://nipponia.com/" "Mozilla/5.0 (Linux; Android 5.0) AppleWebKit/537.36 (KHTML, like Gecko) Mobile Safari/537.36 (compatible; Bytespider; https://zhanzhang.toutiao.com/)"
111.225.149.113 - - [06/May/2026:15:51:35 +0000] "GET /wp-content/plugins/elementor/assets/lib/waypoints/waypoints.min.js?ver=4.0.2 HTTP/1.1" 200 2993 "https://nipponia.com/" "Mozilla/5.0 (Linux; Android 5.0) AppleWebKit/537.36 (KHTML, like Gecko) Mobile Safari/537.36 (compatible; Bytespider; https://zhanzhang.toutiao.com/)"
111.225.149.113 - - [06/May/2026:15:51:35 +0000] "GET /wp-content/plugins/elementor/assets/js/text-editor.2c35aafbe5bf0e127950.bundle.min.js HTTP/1.1" 200 665 "https://nipponia.com/" "Mozilla/5.0 (Linux; Android 5.0) AppleWebKit/537.36 (KHTML, like Gecko) Mobile Safari/537.36 (compatible; Bytespider; https://zhanzhang.toutiao.com/)"
94.130.219.13 - - [06/May/2026:15:51:36 +0000] "GET /wp-login.php HTTP/1.1" 200 1969 "-" "Mozilla/5.0 (Windows NT 10.0; WOW64; Trident/7.0; EIE10;ENUSMSN; rv:11.0) like Gecko"
94.130.219.13 - - [06/May/2026:15:51:48 +0000] "POST /wp-login.php HTTP/1.1" 503 7313 "https://nipponia.com/wp-login.php" "Mozilla/5.0 (Windows NT 10.0; WOW64; Trident/7.0; EIE10;ENUSMSN; rv:11.0) like Gecko"
52.201.37.243 - - [06/May/2026:15:53:43 +0000] "POST /xmlrpc.php HTTP/1.1" 503 7313 "-" "Mozilla/5.0 (Macintosh; Intel Mac OS X 10_11_6) AppleWebKit/537.36 (KHTML, like Gecko) Chrome/67.0.3396.79 Safari/537.36"
111.225.148.65 - - [06/May/2026:15:54:06 +0000] "GET /nipponia-global-footprint/ HTTP/1.1" 200 11260 "-" "Mozilla/5.0 (Linux; Android 5.0) AppleWebKit/537.36 (KHTML, like Gecko) Mobile Safari/537.36 (compatible; Bytespider; https://zhanzhang.toutiao.com/)"
111.225.148.65 - - [06/May/2026:15:54:23 +0000] "GET /wp-content/uploads/2023/01/Footer-BG.png HTTP/1.1" 206 500 "https://nipponia.com/wp-content/uploads/elementor/css/post-283.css?ver=1675771772" "Mozilla/5.0 (Linux; Android 5.0) AppleWebKit/537.36 (KHTML, like Gecko) Mobile Safari/537.36 (compatible; Bytespider; https://zhanzhang.toutiao.com/)"
110.249.202.80 - - [06/May/2026:15:55:20 +0000] "GET /company-profile/ HTTP/1.1" 200 11420 "-" "Mozilla/5.0 (Linux; Android 5.0) AppleWebKit/537.36 (KHTML, like Gecko) Mobile Safari/537.36 (compatible; Bytespider; https://zhanzhang.toutiao.com/)"
110.249.202.80 - - [06/May/2026:15:55:38 +0000] "GET /wp-content/uploads/elementor/css/post-277.css?ver=1674723844 HTTP/1.1" 200 239 "https://nipponia.com/company-profile/" "Mozilla/5.0 (Linux; Android 5.0) AppleWebKit/537.36 (KHTML, like Gecko) Mobile Safari/537.36 (compatible; Bytespider; https://zhanzhang.toutiao.com/)"
20.123.172.228 - - [06/May/2026:15:55:37 +0000] "POST /wp-cron.php?doing_wp_cron=1778082937.5489490032196044921875 HTTP/1.1" 200 - "-" "WordPress/6.9.4; https://nipponia.com"
129.121.41.228 - - [06/May/2026:16:00:05 +0000] "GET /wp-login.php HTTP/1.1" 200 1969 "-" "Mozilla/5.0 (Windows NT 6.1; Trident/7.0; SLCC2; .NET CLR 2.0.50727; .NET CLR 3.5.30729; .NET CLR 3.0.30729; Media Center PC 6.0; InfoPath.2; .NET4.0C; rv:11.0) like Gecko"
20.123.172.228 - - [06/May/2026:16:00:17 +0000] "POST /wp-cron.php?doing_wp_cron=1778083217.8145239353179931640625 HTTP/1.1" 200 - "-" "WordPress/6.9.4; https://nipponia.com"
129.121.41.228 - - [06/May/2026:16:00:19 +0000] "POST /wp-login.php HTTP/1.1" 503 7314 "https://nipponia.com/wp-login.php" "Mozilla/5.0 (Windows NT 6.1; Trident/7.0; SLCC2; .NET CLR 2.0.50727; .NET CLR 3.5.30729; .NET CLR 3.0.30729; Media Center PC 6.0; InfoPath.2; .NET4.0C; rv:11.0) like Gecko"
109.199.127.9 - - [06/May/2026:16:01:42 +0000] "POST /xmlrpc.php HTTP/1.1" 503 7313 "-" "Mozilla/5.0 (Windows NT 6.3; Win64; x64) AppleWebKit/537.36 (KHTML, like Gecko) Chrome/67.0.3396.62 Safari/537.36"
20.123.172.228 - - [06/May/2026:16:01:55 +0000] "POST /wp-cron.php?doing_wp_cron=1778083315.1692690849304199218750 HTTP/1.1" 200 - "-" "WordPress/6.9.4; https://nipponia.com"
78.142.18.172 - - [06/May/2026:16:09:34 +0000] "POST /xmlrpc.php HTTP/1.1" 503 7314 "-" "Mozilla/5.0 (Windows NT 6.2; Win64; x64) AppleWebKit/537.36 (KHTML, like Gecko) Chrome/67.0.3396.87 Safari/537.36"
185.27.132.26 - - [06/May/2026:16:11:38 +0000] "GET /wp-login.php HTTP/1.1" 200 1969 "" "Mozilla/5.0 (Windows NT 10.0; Win64; x64; rv:149.0) Gecko/20100101 Firefox/149.0"
185.27.132.26 - - [06/May/2026:16:11:38 +0000] "GET /wp-login.php HTTP/1.1" 200 1969 "" "Mozilla/5.0 (Windows NT 10.0; Win64; x64; rv:149.0) Gecko/20100101 Firefox/149.0"
185.27.132.26 - - [06/May/2026:16:11:38 +0000] "GET /wp-login.php HTTP/1.1" 200 1969 "" "Mozilla/5.0 (Windows NT 10.0; Win64; x64; rv:149.0) Gecko/20100101 Firefox/149.0"
185.27.132.26 - - [06/May/2026:16:11:38 +0000] "GET /wp-login.php HTTP/1.1" 200 1969 "" "Mozilla/5.0 (Windows NT 10.0; Win64; x64; rv:149.0) Gecko/20100101 Firefox/149.0"
185.27.132.26 - - [06/May/2026:16:11:38 +0000] "GET /wp-login.php HTTP/1.1" 200 1969 "" "Mozilla/5.0 (Windows NT 10.0; Win64; x64; rv:149.0) Gecko/20100101 Firefox/149.0"
185.27.132.26 - - [06/May/2026:16:11:38 +0000] "GET /wp-login.php HTTP/1.1" 200 1969 "" "Mozilla/5.0 (Windows NT 10.0; Win64; x64; rv:149.0) Gecko/20100101 Firefox/149.0"
185.27.132.26 - - [06/May/2026:16:11:38 +0000] "GET /wp-login.php HTTP/1.1" 200 1969 "" "Mozilla/5.0 (Windows NT 10.0; Win64; x64; rv:149.0) Gecko/20100101 Firefox/149.0"
185.27.132.26 - - [06/May/2026:16:11:39 +0000] "GET /wp-login.php HTTP/1.1" 200 1969 "" "Mozilla/5.0 (Windows NT 10.0; Win64; x64; rv:149.0) Gecko/20100101 Firefox/149.0"
185.27.132.26 - - [06/May/2026:16:11:39 +0000] "GET /wp-login.php HTTP/1.1" 200 1969 "" "Mozilla/5.0 (Windows NT 10.0; Win64; x64; rv:149.0) Gecko/20100101 Firefox/149.0"
185.27.132.26 - - [06/May/2026:16:11:39 +0000] "GET /wp-login.php HTTP/1.1" 200 1969 "" "Mozilla/5.0 (Windows NT 10.0; Win64; x64; rv:149.0) Gecko/20100101 Firefox/149.0"
185.27.132.26 - - [06/May/2026:16:11:39 +0000] "GET /wp-login.php HTTP/1.1" 200 1969 "" "Mozilla/5.0 (Windows NT 10.0; Win64; x64; rv:149.0) Gecko/20100101 Firefox/149.0"
185.27.132.26 - - [06/May/2026:16:11:39 +0000] "GET /wp-login.php HTTP/1.1" 200 1969 "" "Mozilla/5.0 (Windows NT 10.0; Win64; x64; rv:149.0) Gecko/20100101 Firefox/149.0"
185.27.132.26 - - [06/May/2026:16:11:39 +0000] "GET /wp-login.php HTTP/1.1" 200 1969 "" "Mozilla/5.0 (Windows NT 10.0; Win64; x64; rv:149.0) Gecko/20100101 Firefox/149.0"
185.27.132.26 - - [06/May/2026:16:11:39 +0000] "GET /wp-login.php HTTP/1.1" 200 1969 "" "Mozilla/5.0 (Windows NT 10.0; Win64; x64; rv:149.0) Gecko/20100101 Firefox/149.0"
185.27.132.26 - - [06/May/2026:16:11:39 +0000] "GET /wp-login.php HTTP/1.1" 200 1969 "" "Mozilla/5.0 (Windows NT 10.0; Win64; x64; rv:149.0) Gecko/20100101 Firefox/149.0"
185.27.132.26 - - [06/May/2026:16:11:39 +0000] "GET /wp-login.php HTTP/1.1" 200 1969 "" "Mozilla/5.0 (Windows NT 10.0; Win64; x64; rv:149.0) Gecko/20100101 Firefox/149.0"
185.27.132.26 - - [06/May/2026:16:11:39 +0000] "GET /wp-login.php HTTP/1.1" 200 1969 "" "Mozilla/5.0 (Windows NT 10.0; Win64; x64; rv:149.0) Gecko/20100101 Firefox/149.0"
185.27.132.26 - - [06/May/2026:16:11:39 +0000] "GET /wp-login.php HTTP/1.1" 200 1969 "" "Mozilla/5.0 (Windows NT 10.0; Win64; x64; rv:149.0) Gecko/20100101 Firefox/149.0"
185.27.132.26 - - [06/May/2026:16:11:39 +0000] "GET /wp-login.php HTTP/1.1" 200 1969 "" "Mozilla/5.0 (Windows NT 10.0; Win64; x64; rv:149.0) Gecko/20100101 Firefox/149.0"
185.27.132.26 - - [06/May/2026:16:11:39 +0000] "GET /wp-login.php HTTP/1.1" 200 1969 "" "Mozilla/5.0 (Windows NT 10.0; Win64; x64; rv:149.0) Gecko/20100101 Firefox/149.0"
185.27.132.26 - - [06/May/2026:16:11:39 +0000] "GET /wp-login.php HTTP/1.1" 200 1969 "" "Mozilla/5.0 (Windows NT 10.0; Win64; x64; rv:149.0) Gecko/20100101 Firefox/149.0"
185.27.132.26 - - [06/May/2026:16:11:39 +0000] "GET /wp-login.php HTTP/1.1" 200 1969 "" "Mozilla/5.0 (Windows NT 10.0; Win64; x64; rv:149.0) Gecko/20100101 Firefox/149.0"
185.27.132.26 - - [06/May/2026:16:11:39 +0000] "GET /wp-login.php HTTP/1.1" 200 1969 "" "Mozilla/5.0 (Windows NT 10.0; Win64; x64; rv:149.0) Gecko/20100101 Firefox/149.0"
185.27.132.26 - - [06/May/2026:16:11:39 +0000] "GET /wp-login.php HTTP/1.1" 200 1969 "" "Mozilla/5.0 (Windows NT 10.0; Win64; x64; rv:149.0) Gecko/20100101 Firefox/149.0"
185.27.132.26 - - [06/May/2026:16:11:39 +0000] "GET /wp-login.php HTTP/1.1" 200 1969 "" "Mozilla/5.0 (Windows NT 10.0; Win64; x64; rv:149.0) Gecko/20100101 Firefox/149.0"
185.27.132.26 - - [06/May/2026:16:11:39 +0000] "GET /wp-login.php HTTP/1.1" 200 1969 "" "Mozilla/5.0 (Windows NT 10.0; Win64; x64; rv:149.0) Gecko/20100101 Firefox/149.0"
185.27.132.26 - - [06/May/2026:16:11:39 +0000] "GET /wp-login.php HTTP/1.1" 200 1969 "" "Mozilla/5.0 (Windows NT 10.0; Win64; x64; rv:149.0) Gecko/20100101 Firefox/149.0"
185.27.132.26 - - [06/May/2026:16:11:39 +0000] "GET /wp-login.php HTTP/1.1" 200 1969 "" "Mozilla/5.0 (Windows NT 10.0; Win64; x64; rv:149.0) Gecko/20100101 Firefox/149.0"
185.27.132.26 - - [06/May/2026:16:11:39 +0000] "GET /wp-login.php HTTP/1.1" 200 1969 "" "Mozilla/5.0 (Windows NT 10.0; Win64; x64; rv:149.0) Gecko/20100101 Firefox/149.0"
185.27.132.26 - - [06/May/2026:16:11:39 +0000] "GET /wp-login.php HTTP/1.1" 200 1969 "" "Mozilla/5.0 (Windows NT 10.0; Win64; x64; rv:149.0) Gecko/20100101 Firefox/149.0"
185.27.132.26 - - [06/May/2026:16:11:39 +0000] "GET /wp-login.php HTTP/1.1" 200 1969 "" "Mozilla/5.0 (Windows NT 10.0; Win64; x64; rv:149.0) Gecko/20100101 Firefox/149.0"
185.27.132.26 - - [06/May/2026:16:11:40 +0000] "GET /wp-login.php HTTP/1.1" 200 1969 "" "Mozilla/5.0 (Windows NT 10.0; Win64; x64; rv:149.0) Gecko/20100101 Firefox/149.0"
