47.128.19.119 - - [08/May/2026:10:53:17 +0000] "GET /wp-content/uploads/elementor/thumbs/front-right-3-scaled-qqmkt6tbribr0vehsc5ol9zqq11cdbupl0m84yxse8.jpg HTTP/1.1" 206 500 "https://downloads.nipponia.com/model_manual/cargo-125/" "Mozilla/5.0 (Linux; Android 5.0) AppleWebKit/537.36 (KHTML, like Gecko) Mobile Safari/537.36 (compatible; Bytespider; spider-feedback@bytedance.com)"
79.107.27.66 - - [08/May/2026:11:15:46 +0000] "GET /wp-content/plugins/wordfence/modules/login-security/js/login.1778081072.js?ver=1.1.16 HTTP/1.1" 304 - "https://downloads.nipponia.com/wp-login.php" "Mozilla/5.0 (Windows NT 10.0; Win64; x64) AppleWebKit/537.36 (KHTML, like Gecko) Chrome/147.0.0.0 Safari/537.36"
79.107.27.66 - - [08/May/2026:11:15:46 +0000] "GET /wp-content/plugins/wordfence/modules/login-security/css/login.1778081072.css?ver=1.1.16 HTTP/1.1" 304 - "https://downloads.nipponia.com/wp-login.php" "Mozilla/5.0 (Windows NT 10.0; Win64; x64) AppleWebKit/537.36 (KHTML, like Gecko) Chrome/147.0.0.0 Safari/537.36"
79.107.27.66 - - [08/May/2026:11:15:35 +0000] "GET /wp-login.php HTTP/1.1" 200 8806 "-" "Mozilla/5.0 (Windows NT 10.0; Win64; x64) AppleWebKit/537.36 (KHTML, like Gecko) Chrome/147.0.0.0 Safari/537.36"
20.123.172.228 - - [08/May/2026:11:15:46 +0000] "POST /wp-cron.php?doing_wp_cron=1778238946.2442460060119628906250 HTTP/1.1" 200 - "-" "WordPress/6.9.4; https://downloads.nipponia.com"
212.205.99.65 - - [08/May/2026:11:15:39 +0000] "GET /wp-admin/edit.php?post_type=model_manual HTTP/1.1" 302 - "-" "Mozilla/5.0 (Windows NT 10.0; Win64; x64) AppleWebKit/537.36 (KHTML, like Gecko) Chrome/147.0.0.0 Safari/537.36"
212.205.99.65 - - [08/May/2026:11:15:51 +0000] "GET /wp-login.php?redirect_to=https%3A%2F%2Fdownloads.nipponia.com%2Fwp-admin%2Fedit.php%3Fpost_type%3Dmodel_manual&reauth=1 HTTP/1.1" 200 8822 "-" "Mozilla/5.0 (Windows NT 10.0; Win64; x64) AppleWebKit/537.36 (KHTML, like Gecko) Chrome/147.0.0.0 Safari/537.36"
212.205.99.65 - - [08/May/2026:11:16:03 +0000] "GET /wp-includes/js/jquery/jquery-migrate.min.js?ver=3.4.1 HTTP/1.1" 200 13577 "https://downloads.nipponia.com/wp-login.php?redirect_to=https%3A%2F%2Fdownloads.nipponia.com%2Fwp-admin%2Fedit.php%3Fpost_type%3Dmodel_manual&reauth=1" "Mozilla/5.0 (Windows NT 10.0; Win64; x64) AppleWebKit/537.36 (KHTML, like Gecko) Chrome/147.0.0.0 Safari/537.36"
212.205.99.65 - - [08/May/2026:11:16:03 +0000] "GET /wp-includes/js/jquery/jquery.min.js?ver=3.7.1 HTTP/1.1" 200 87553 "https://downloads.nipponia.com/wp-login.php?redirect_to=https%3A%2F%2Fdownloads.nipponia.com%2Fwp-admin%2Fedit.php%3Fpost_type%3Dmodel_manual&reauth=1" "Mozilla/5.0 (Windows NT 10.0; Win64; x64) AppleWebKit/537.36 (KHTML, like Gecko) Chrome/147.0.0.0 Safari/537.36"
212.205.99.65 - - [08/May/2026:11:16:03 +0000] "GET /wp-includes/css/dashicons.min.css?ver=6.9.4 HTTP/1.1" 200 59004 "https://downloads.nipponia.com/wp-login.php?redirect_to=https%3A%2F%2Fdownloads.nipponia.com%2Fwp-admin%2Fedit.php%3Fpost_type%3Dmodel_manual&reauth=1" "Mozilla/5.0 (Windows NT 10.0; Win64; x64) AppleWebKit/537.36 (KHTML, like Gecko) Chrome/147.0.0.0 Safari/537.36"
212.205.99.65 - - [08/May/2026:11:16:03 +0000] "GET /wp-includes/css/buttons.min.css?ver=6.9.4 HTTP/1.1" 200 6061 "https://downloads.nipponia.com/wp-login.php?redirect_to=https%3A%2F%2Fdownloads.nipponia.com%2Fwp-admin%2Fedit.php%3Fpost_type%3Dmodel_manual&reauth=1" "Mozilla/5.0 (Windows NT 10.0; Win64; x64) AppleWebKit/537.36 (KHTML, like Gecko) Chrome/147.0.0.0 Safari/537.36"
212.205.99.65 - - [08/May/2026:11:16:03 +0000] "GET /wp-admin/css/l10n.min.css?ver=6.9.4 HTTP/1.1" 200 3200 "https://downloads.nipponia.com/wp-login.php?redirect_to=https%3A%2F%2Fdownloads.nipponia.com%2Fwp-admin%2Fedit.php%3Fpost_type%3Dmodel_manual&reauth=1" "Mozilla/5.0 (Windows NT 10.0; Win64; x64) AppleWebKit/537.36 (KHTML, like Gecko) Chrome/147.0.0.0 Safari/537.36"
212.205.99.65 - - [08/May/2026:11:16:03 +0000] "GET /wp-admin/css/forms.min.css?ver=6.9.4 HTTP/1.1" 200 28422 "https://downloads.nipponia.com/wp-login.php?redirect_to=https%3A%2F%2Fdownloads.nipponia.com%2Fwp-admin%2Fedit.php%3Fpost_type%3Dmodel_manual&reauth=1" "Mozilla/5.0 (Windows NT 10.0; Win64; x64) AppleWebKit/537.36 (KHTML, like Gecko) Chrome/147.0.0.0 Safari/537.36"
212.205.99.65 - - [08/May/2026:11:16:03 +0000] "GET /wp-admin/css/login.min.css?ver=6.9.4 HTTP/1.1" 200 6381 "https://downloads.nipponia.com/wp-login.php?redirect_to=https%3A%2F%2Fdownloads.nipponia.com%2Fwp-admin%2Fedit.php%3Fpost_type%3Dmodel_manual&reauth=1" "Mozilla/5.0 (Windows NT 10.0; Win64; x64) AppleWebKit/537.36 (KHTML, like Gecko) Chrome/147.0.0.0 Safari/537.36"
212.205.99.65 - - [08/May/2026:11:16:03 +0000] "GET /wp-content/plugins/wordfence/modules/login-security/css/login.1778081072.css?ver=1.1.16 HTTP/1.1" 200 2506 "https://downloads.nipponia.com/wp-login.php?redirect_to=https%3A%2F%2Fdownloads.nipponia.com%2Fwp-admin%2Fedit.php%3Fpost_type%3Dmodel_manual&reauth=1" "Mozilla/5.0 (Windows NT 10.0; Win64; x64) AppleWebKit/537.36 (KHTML, like Gecko) Chrome/147.0.0.0 Safari/537.36"
212.205.99.65 - - [08/May/2026:11:16:03 +0000] "GET /wp-content/plugins/wordfence/modules/login-security/js/login.1778081072.js?ver=1.1.16 HTTP/1.1" 200 19792 "https://downloads.nipponia.com/wp-login.php?redirect_to=https%3A%2F%2Fdownloads.nipponia.com%2Fwp-admin%2Fedit.php%3Fpost_type%3Dmodel_manual&reauth=1" "Mozilla/5.0 (Windows NT 10.0; Win64; x64) AppleWebKit/537.36 (KHTML, like Gecko) Chrome/147.0.0.0 Safari/537.36"
212.205.99.65 - - [08/May/2026:11:16:03 +0000] "GET /wp-includes/js/clipboard.min.js?ver=2.0.11 HTTP/1.1" 200 9009 "https://downloads.nipponia.com/wp-login.php?redirect_to=https%3A%2F%2Fdownloads.nipponia.com%2Fwp-admin%2Fedit.php%3Fpost_type%3Dmodel_manual&reauth=1" "Mozilla/5.0 (Windows NT 10.0; Win64; x64) AppleWebKit/537.36 (KHTML, like Gecko) Chrome/147.0.0.0 Safari/537.36"
212.205.99.65 - - [08/May/2026:11:16:03 +0000] "GET /wp-includes/js/zxcvbn-async.min.js?ver=1.0 HTTP/1.1" 200 351 "https://downloads.nipponia.com/wp-login.php?redirect_to=https%3A%2F%2Fdownloads.nipponia.com%2Fwp-admin%2Fedit.php%3Fpost_type%3Dmodel_manual&reauth=1" "Mozilla/5.0 (Windows NT 10.0; Win64; x64) AppleWebKit/537.36 (KHTML, like Gecko) Chrome/147.0.0.0 Safari/537.36"
212.205.99.65 - - [08/May/2026:11:16:03 +0000] "GET /wp-includes/js/dist/hooks.min.js?ver=dd5603f07f9220ed27f1 HTTP/1.1" 200 5661 "https://downloads.nipponia.com/wp-login.php?redirect_to=https%3A%2F%2Fdownloads.nipponia.com%2Fwp-admin%2Fedit.php%3Fpost_type%3Dmodel_manual&reauth=1" "Mozilla/5.0 (Windows NT 10.0; Win64; x64) AppleWebKit/537.36 (KHTML, like Gecko) Chrome/147.0.0.0 Safari/537.36"
212.205.99.65 - - [08/May/2026:11:16:03 +0000] "GET /wp-includes/js/dist/i18n.min.js?ver=c26c3dc7bed366793375 HTTP/1.1" 200 5314 "https://downloads.nipponia.com/wp-login.php?redirect_to=https%3A%2F%2Fdownloads.nipponia.com%2Fwp-admin%2Fedit.php%3Fpost_type%3Dmodel_manual&reauth=1" "Mozilla/5.0 (Windows NT 10.0; Win64; x64) AppleWebKit/537.36 (KHTML, like Gecko) Chrome/147.0.0.0 Safari/537.36"
212.205.99.65 - - [08/May/2026:11:16:03 +0000] "GET /wp-admin/js/password-strength-meter.min.js?ver=6.9.4 HTTP/1.1" 200 1123 "https://downloads.nipponia.com/wp-login.php?redirect_to=https%3A%2F%2Fdownloads.nipponia.com%2Fwp-admin%2Fedit.php%3Fpost_type%3Dmodel_manual&reauth=1" "Mozilla/5.0 (Windows NT 10.0; Win64; x64) AppleWebKit/537.36 (KHTML, like Gecko) Chrome/147.0.0.0 Safari/537.36"
212.205.99.65 - - [08/May/2026:11:16:03 +0000] "GET /wp-includes/js/underscore.min.js?ver=1.13.7 HTTP/1.1" 200 18905 "https://downloads.nipponia.com/wp-login.php?redirect_to=https%3A%2F%2Fdownloads.nipponia.com%2Fwp-admin%2Fedit.php%3Fpost_type%3Dmodel_manual&reauth=1" "Mozilla/5.0 (Windows NT 10.0; Win64; x64) AppleWebKit/537.36 (KHTML, like Gecko) Chrome/147.0.0.0 Safari/537.36"
212.205.99.65 - - [08/May/2026:11:16:03 +0000] "GET /wp-includes/js/dist/dom-ready.min.js?ver=f77871ff7694fffea381 HTTP/1.1" 200 457 "https://downloads.nipponia.com/wp-login.php?redirect_to=https%3A%2F%2Fdownloads.nipponia.com%2Fwp-admin%2Fedit.php%3Fpost_type%3Dmodel_manual&reauth=1" "Mozilla/5.0 (Windows NT 10.0; Win64; x64) AppleWebKit/537.36 (KHTML, like Gecko) Chrome/147.0.0.0 Safari/537.36"
212.205.99.65 - - [08/May/2026:11:16:03 +0000] "GET /wp-includes/js/wp-util.min.js?ver=6.9.4 HTTP/1.1" 200 1431 "https://downloads.nipponia.com/wp-login.php?redirect_to=https%3A%2F%2Fdownloads.nipponia.com%2Fwp-admin%2Fedit.php%3Fpost_type%3Dmodel_manual&reauth=1" "Mozilla/5.0 (Windows NT 10.0; Win64; x64) AppleWebKit/537.36 (KHTML, like Gecko) Chrome/147.0.0.0 Safari/537.36"
212.205.99.65 - - [08/May/2026:11:16:03 +0000] "GET /wp-includes/js/dist/a11y.min.js?ver=cb460b4676c94bd228ed HTTP/1.1" 200 2212 "https://downloads.nipponia.com/wp-login.php?redirect_to=https%3A%2F%2Fdownloads.nipponia.com%2Fwp-admin%2Fedit.php%3Fpost_type%3Dmodel_manual&reauth=1" "Mozilla/5.0 (Windows NT 10.0; Win64; x64) AppleWebKit/537.36 (KHTML, like Gecko) Chrome/147.0.0.0 Safari/537.36"
212.205.99.65 - - [08/May/2026:11:16:03 +0000] "GET /wp-admin/js/user-profile.min.js?ver=6.9.4 HTTP/1.1" 200 7997 "https://downloads.nipponia.com/wp-login.php?redirect_to=https%3A%2F%2Fdownloads.nipponia.com%2Fwp-admin%2Fedit.php%3Fpost_type%3Dmodel_manual&reauth=1" "Mozilla/5.0 (Windows NT 10.0; Win64; x64) AppleWebKit/537.36 (KHTML, like Gecko) Chrome/147.0.0.0 Safari/537.36"
212.205.99.65 - - [08/May/2026:11:16:03 +0000] "GET /wp-admin/images/wordpress-logo.svg?ver=20131107 HTTP/1.1" 200 1521 "https://downloads.nipponia.com/wp-admin/css/login.min.css?ver=6.9.4" "Mozilla/5.0 (Windows NT 10.0; Win64; x64) AppleWebKit/537.36 (KHTML, like Gecko) Chrome/147.0.0.0 Safari/537.36"
212.205.99.65 - - [08/May/2026:11:16:03 +0000] "GET /wp-content/uploads/2025/08/cropped-logo-nipponia-512-512px-1-32x32.png HTTP/1.1" 200 1235 "https://downloads.nipponia.com/wp-login.php?redirect_to=https%3A%2F%2Fdownloads.nipponia.com%2Fwp-admin%2Fedit.php%3Fpost_type%3Dmodel_manual&reauth=1" "Mozilla/5.0 (Windows NT 10.0; Win64; x64) AppleWebKit/537.36 (KHTML, like Gecko) Chrome/147.0.0.0 Safari/537.36"
212.205.99.65 - - [08/May/2026:11:16:03 +0000] "GET /wp-includes/js/zxcvbn.min.js HTTP/1.1" 200 822237 "https://downloads.nipponia.com/wp-login.php?redirect_to=https%3A%2F%2Fdownloads.nipponia.com%2Fwp-admin%2Fedit.php%3Fpost_type%3Dmodel_manual&reauth=1" "Mozilla/5.0 (Windows NT 10.0; Win64; x64) AppleWebKit/537.36 (KHTML, like Gecko) Chrome/147.0.0.0 Safari/537.36"
79.107.27.66 - - [08/May/2026:11:16:01 +0000] "POST /wp-admin/admin-ajax.php HTTP/1.1" 200 239 "https://downloads.nipponia.com/wp-login.php" "Mozilla/5.0 (Windows NT 10.0; Win64; x64) AppleWebKit/537.36 (KHTML, like Gecko) Chrome/147.0.0.0 Safari/537.36"
212.205.99.65 - - [08/May/2026:11:16:09 +0000] "POST /wp-admin/admin-ajax.php HTTP/1.1" 200 239 "https://downloads.nipponia.com/wp-login.php?redirect_to=https%3A%2F%2Fdownloads.nipponia.com%2Fwp-admin%2Fedit.php%3Fpost_type%3Dmodel_manual&reauth=1" "Mozilla/5.0 (Windows NT 10.0; Win64; x64) AppleWebKit/537.36 (KHTML, like Gecko) Chrome/147.0.0.0 Safari/537.36"
212.205.99.65 - - [08/May/2026:11:16:21 +0000] "GET /wp-login.php?redirect_to=https%3A%2F%2Fdownloads.nipponia.com%2Fwp-admin%2Fedit.php%3Fpost_type%3Dmodel_manual&reauth=1 HTTP/1.1" 200 8822 "-" "Mozilla/5.0 (Windows NT 10.0; Win64; x64) AppleWebKit/537.36 (KHTML, like Gecko) Chrome/147.0.0.0 Safari/537.36"
212.205.99.65 - - [08/May/2026:11:16:27 +0000] "POST /wp-admin/admin-ajax.php HTTP/1.1" 200 239 "https://downloads.nipponia.com/wp-login.php?redirect_to=https%3A%2F%2Fdownloads.nipponia.com%2Fwp-admin%2Fedit.php%3Fpost_type%3Dmodel_manual&reauth=1" "Mozilla/5.0 (Windows NT 10.0; Win64; x64) AppleWebKit/537.36 (KHTML, like Gecko) Chrome/147.0.0.0 Safari/537.36"
79.107.27.66 - - [08/May/2026:11:16:50 +0000] "POST /wp-admin/admin-ajax.php HTTP/1.1" 200 239 "https://downloads.nipponia.com/wp-login.php" "Mozilla/5.0 (Windows NT 10.0; Win64; x64) AppleWebKit/537.36 (KHTML, like Gecko) Chrome/147.0.0.0 Safari/537.36"
212.205.99.65 - - [08/May/2026:11:17:00 +0000] "POST /wp-admin/admin-ajax.php HTTP/1.1" 200 239 "https://downloads.nipponia.com/wp-login.php?redirect_to=https%3A%2F%2Fdownloads.nipponia.com%2Fwp-admin%2Fedit.php%3Fpost_type%3Dmodel_manual&reauth=1" "Mozilla/5.0 (Windows NT 10.0; Win64; x64) AppleWebKit/537.36 (KHTML, like Gecko) Chrome/147.0.0.0 Safari/537.36"
79.107.27.66 - - [08/May/2026:11:17:29 +0000] "POST /wp-admin/admin-ajax.php HTTP/1.1" 200 239 "https://downloads.nipponia.com/wp-login.php" "Mozilla/5.0 (Windows NT 10.0; Win64; x64) AppleWebKit/537.36 (KHTML, like Gecko) Chrome/147.0.0.0 Safari/537.36"
79.107.27.66 - - [08/May/2026:11:18:10 +0000] "POST /wp-admin/admin-ajax.php HTTP/1.1" 200 239 "https://downloads.nipponia.com/wp-login.php" "Mozilla/5.0 (Windows NT 10.0; Win64; x64) AppleWebKit/537.36 (KHTML, like Gecko) Chrome/147.0.0.0 Safari/537.36"
40.77.167.55 - - [08/May/2026:11:20:56 +0000] "GET /model_manual/brio-110-a30/ HTTP/1.1" 200 60792 "-" "Mozilla/5.0 AppleWebKit/537.36 (KHTML, like Gecko; compatible; bingbot/2.0; +http://www.bing.com/bingbot.htm) Chrome/116.0.1938.76 Safari/537.36"
79.107.27.66 - - [08/May/2026:11:21:44 +0000] "POST /wp-admin/admin-ajax.php HTTP/1.1" 200 11 "https://downloads.nipponia.com/wp-login.php" "Mozilla/5.0 (Windows NT 10.0; Win64; x64) AppleWebKit/537.36 (KHTML, like Gecko) Chrome/147.0.0.0 Safari/537.36"
79.107.27.66 - - [08/May/2026:11:21:59 +0000] "POST /wp-login.php HTTP/1.1" 302 - "https://downloads.nipponia.com/wp-login.php" "Mozilla/5.0 (Windows NT 10.0; Win64; x64) AppleWebKit/537.36 (KHTML, like Gecko) Chrome/147.0.0.0 Safari/537.36"
79.107.27.66 - - [08/May/2026:11:22:12 +0000] "GET /wp-admin/ HTTP/1.1" 200 288204 "https://downloads.nipponia.com/wp-login.php" "Mozilla/5.0 (Windows NT 10.0; Win64; x64) AppleWebKit/537.36 (KHTML, like Gecko) Chrome/147.0.0.0 Safari/537.36"
79.107.27.66 - - [08/May/2026:11:22:37 +0000] "GET /wp-admin/users.php HTTP/1.1" 200 13368 "https://downloads.nipponia.com/wp-admin/" "Mozilla/5.0 (Windows NT 10.0; Win64; x64) AppleWebKit/537.36 (KHTML, like Gecko) Chrome/147.0.0.0 Safari/537.36"
79.107.27.66 - - [08/May/2026:11:22:40 +0000] "GET /wp-admin/users.php HTTP/1.1" 200 151144 "https://downloads.nipponia.com/wp-admin/" "Mozilla/5.0 (Windows NT 10.0; Win64; x64) AppleWebKit/537.36 (KHTML, like Gecko) Chrome/147.0.0.0 Safari/537.36"
79.107.27.66 - - [08/May/2026:11:22:41 +0000] "GET /wp-admin/users.php HTTP/1.1" 200 243638 "https://downloads.nipponia.com/wp-admin/" "Mozilla/5.0 (Windows NT 10.0; Win64; x64) AppleWebKit/537.36 (KHTML, like Gecko) Chrome/147.0.0.0 Safari/537.36"
20.123.172.228 - - [08/May/2026:11:22:52 +0000] "POST /wp-cron.php?doing_wp_cron=1778239372.1408779621124267578125 HTTP/1.1" 200 - "-" "WordPress/6.9.4; https://downloads.nipponia.com"
79.107.27.66 - - [08/May/2026:11:23:03 +0000] "GET /wp-admin/user-edit.php?user_id=1&wp_http_referer=%2Fwp-admin%2Fusers.php HTTP/1.1" 200 275624 "https://downloads.nipponia.com/wp-admin/users.php" "Mozilla/5.0 (Windows NT 10.0; Win64; x64) AppleWebKit/537.36 (KHTML, like Gecko) Chrome/147.0.0.0 Safari/537.36"
79.107.27.66 - - [08/May/2026:11:23:30 +0000] "POST /wp-admin/admin-ajax.php HTTP/1.1" 200 50 "https://downloads.nipponia.com/wp-admin/user-edit.php?user_id=1&wp_http_referer=%2Fwp-admin%2Fusers.php" "Mozilla/5.0 (Windows NT 10.0; Win64; x64) AppleWebKit/537.36 (KHTML, like Gecko) Chrome/147.0.0.0 Safari/537.36"
142.147.191.242 - - [08/May/2026:11:23:46 +0000] "GET /wp-content/uploads/2024/07/NC90E_SPC_v.25.03.pdf HTTP/1.1" 200 4528121 "-" "Mozilla/5.0 (Macintosh; Intel Mac OS X 10_15_7) AppleWebKit/537.36 (KHTML, like Gecko) Chrome/143.0.0.0 Safari/537.36"
79.107.27.66 - - [08/May/2026:11:23:41 +0000] "POST /wp-admin/user-edit.php HTTP/1.1" 200 275558 "https://downloads.nipponia.com/wp-admin/user-edit.php?user_id=1&wp_http_referer=%2Fwp-admin%2Fusers.php" "Mozilla/5.0 (Windows NT 10.0; Win64; x64) AppleWebKit/537.36 (KHTML, like Gecko) Chrome/147.0.0.0 Safari/537.36"
79.107.27.66 - - [08/May/2026:11:24:09 +0000] "GET /wp-admin/users.php HTTP/1.1" 200 243651 "https://downloads.nipponia.com/wp-admin/user-edit.php" "Mozilla/5.0 (Windows NT 10.0; Win64; x64) AppleWebKit/537.36 (KHTML, like Gecko) Chrome/147.0.0.0 Safari/537.36"
79.107.27.66 - - [08/May/2026:11:24:29 +0000] "GET /wp-admin/user-edit.php?user_id=4&wp_http_referer=%2Fwp-admin%2Fusers.php HTTP/1.1" 200 275480 "https://downloads.nipponia.com/wp-admin/users.php" "Mozilla/5.0 (Windows NT 10.0; Win64; x64) AppleWebKit/537.36 (KHTML, like Gecko) Chrome/147.0.0.0 Safari/537.36"
20.123.172.228 - - [08/May/2026:11:24:45 +0000] "POST /wp-cron.php?doing_wp_cron=1778239485.3430531024932861328125 HTTP/1.1" 200 - "-" "WordPress/6.9.4; https://downloads.nipponia.com"
79.107.27.66 - - [08/May/2026:11:24:47 +0000] "POST /wp-admin/admin-ajax.php HTTP/1.1" 200 50 "https://downloads.nipponia.com/wp-admin/user-edit.php?user_id=4&wp_http_referer=%2Fwp-admin%2Fusers.php" "Mozilla/5.0 (Windows NT 10.0; Win64; x64) AppleWebKit/537.36 (KHTML, like Gecko) Chrome/147.0.0.0 Safari/537.36"
79.107.27.66 - - [08/May/2026:11:25:01 +0000] "POST /wp-admin/user-edit.php HTTP/1.1" 200 275410 "https://downloads.nipponia.com/wp-admin/user-edit.php?user_id=4&wp_http_referer=%2Fwp-admin%2Fusers.php" "Mozilla/5.0 (Windows NT 10.0; Win64; x64) AppleWebKit/537.36 (KHTML, like Gecko) Chrome/147.0.0.0 Safari/537.36"
79.107.27.66 - - [08/May/2026:11:26:06 +0000] "POST /wp-admin/admin-ajax.php HTTP/1.1" 200 50 "https://downloads.nipponia.com/wp-admin/user-edit.php" "Mozilla/5.0 (Windows NT 10.0; Win64; x64) AppleWebKit/537.36 (KHTML, like Gecko) Chrome/147.0.0.0 Safari/537.36"
79.107.27.66 - - [08/May/2026:11:26:15 +0000] "POST /wp-admin/admin-ajax.php HTTP/1.1" 200 47 "https://downloads.nipponia.com/wp-admin/user-edit.php" "Mozilla/5.0 (Windows NT 10.0; Win64; x64) AppleWebKit/537.36 (KHTML, like Gecko) Chrome/147.0.0.0 Safari/537.36"
79.107.27.66 - - [08/May/2026:11:26:12 +0000] "POST /wp-admin/user-edit.php HTTP/1.1" 302 - "https://downloads.nipponia.com/wp-admin/user-edit.php" "Mozilla/5.0 (Windows NT 10.0; Win64; x64) AppleWebKit/537.36 (KHTML, like Gecko) Chrome/147.0.0.0 Safari/537.36"
20.123.172.228 - - [08/May/2026:11:26:47 +0000] "POST /wp-cron.php?doing_wp_cron=1778239607.0623300075531005859375 HTTP/1.1" 200 - "-" "WordPress/6.9.4; https://downloads.nipponia.com"
20.123.172.228 - - [08/May/2026:11:26:22 +0000] "POST /wp-admin/admin-ajax.php?action=as_async_request_queue_runner&nonce=97a986f3d2 HTTP/1.1" 200 - "-" "WordPress/6.9.4; https://downloads.nipponia.com"
79.107.27.66 - - [08/May/2026:11:26:48 +0000] "GET /wp-admin/user-edit.php?user_id=4&updated=1&wp_http_referer=%2Fwp-admin%2Fusers.php HTTP/1.1" 200 105227 "https://downloads.nipponia.com/wp-admin/user-edit.php" "Mozilla/5.0 (Windows NT 10.0; Win64; x64) AppleWebKit/537.36 (KHTML, like Gecko) Chrome/147.0.0.0 Safari/537.36"
79.107.27.66 - - [08/May/2026:11:26:50 +0000] "POST /wp-admin/user-edit.php HTTP/1.1" 302 - "https://downloads.nipponia.com/wp-admin/user-edit.php" "Mozilla/5.0 (Windows NT 10.0; Win64; x64) AppleWebKit/537.36 (KHTML, like Gecko) Chrome/147.0.0.0 Safari/537.36"
79.107.27.66 - - [08/May/2026:11:27:15 +0000] "POST /wp-admin/admin-ajax.php HTTP/1.1" 200 47 "https://downloads.nipponia.com/wp-admin/user-edit.php" "Mozilla/5.0 (Windows NT 10.0; Win64; x64) AppleWebKit/537.36 (KHTML, like Gecko) Chrome/147.0.0.0 Safari/537.36"
79.107.27.66 - - [08/May/2026:11:27:22 +0000] "GET /wp-admin/user-edit.php?user_id=4&updated=1&wp_http_referer=%2Fwp-admin%2Fusers.php HTTP/1.1" 200 152931 "https://downloads.nipponia.com/wp-admin/user-edit.php" "Mozilla/5.0 (Windows NT 10.0; Win64; x64) AppleWebKit/537.36 (KHTML, like Gecko) Chrome/147.0.0.0 Safari/537.36"
79.107.27.66 - - [08/May/2026:11:27:23 +0000] "GET /wp-admin/users.php HTTP/1.1" 200 243651 "https://downloads.nipponia.com/wp-admin/user-edit.php" "Mozilla/5.0 (Windows NT 10.0; Win64; x64) AppleWebKit/537.36 (KHTML, like Gecko) Chrome/147.0.0.0 Safari/537.36"
79.107.27.66 - - [08/May/2026:11:28:15 +0000] "GET /wp-admin/user-edit.php?user_id=1&wp_http_referer=%2Fwp-admin%2Fusers.php HTTP/1.1" 200 275624 "https://downloads.nipponia.com/wp-admin/users.php" "Mozilla/5.0 (Windows NT 10.0; Win64; x64) AppleWebKit/537.36 (KHTML, like Gecko) Chrome/147.0.0.0 Safari/537.36"
79.107.27.66 - - [08/May/2026:11:28:38 +0000] "POST /wp-admin/admin-ajax.php HTTP/1.1" 200 50 "https://downloads.nipponia.com/wp-admin/user-edit.php?user_id=1&wp_http_referer=%2Fwp-admin%2Fusers.php" "Mozilla/5.0 (Windows NT 10.0; Win64; x64) AppleWebKit/537.36 (KHTML, like Gecko) Chrome/147.0.0.0 Safari/537.36"
79.107.27.66 - - [08/May/2026:11:28:47 +0000] "POST /wp-admin/user-edit.php HTTP/1.1" 302 - "https://downloads.nipponia.com/wp-admin/user-edit.php?user_id=1&wp_http_referer=%2Fwp-admin%2Fusers.php" "Mozilla/5.0 (Windows NT 10.0; Win64; x64) AppleWebKit/537.36 (KHTML, like Gecko) Chrome/147.0.0.0 Safari/537.36"
79.107.27.66 - - [08/May/2026:11:29:16 +0000] "GET /wp-admin/users.php HTTP/1.1" 200 151144 "https://downloads.nipponia.com/wp-admin/user-edit.php?user_id=1&wp_http_referer=%2Fwp-admin%2Fusers.php" "Mozilla/5.0 (Windows NT 10.0; Win64; x64) AppleWebKit/537.36 (KHTML, like Gecko) Chrome/147.0.0.0 Safari/537.36"
79.107.27.66 - - [08/May/2026:11:29:17 +0000] "GET /wp-admin/users.php HTTP/1.1" 200 243701 "https://downloads.nipponia.com/wp-admin/user-edit.php?user_id=1&wp_http_referer=%2Fwp-admin%2Fusers.php" "Mozilla/5.0 (Windows NT 10.0; Win64; x64) AppleWebKit/537.36 (KHTML, like Gecko) Chrome/147.0.0.0 Safari/537.36"
79.107.27.66 - - [08/May/2026:11:29:28 +0000] "POST /wp-admin/admin-ajax.php HTTP/1.1" 200 47 "https://downloads.nipponia.com/wp-admin/user-edit.php?user_id=1&wp_http_referer=%2Fwp-admin%2Fusers.php" "Mozilla/5.0 (Windows NT 10.0; Win64; x64) AppleWebKit/537.36 (KHTML, like Gecko) Chrome/147.0.0.0 Safari/537.36"
79.107.27.66 - - [08/May/2026:11:29:42 +0000] "GET /wp-admin/user-edit.php?user_id=3&wp_http_referer=%2Fwp-admin%2Fusers.php HTTP/1.1" 200 275390 "https://downloads.nipponia.com/wp-admin/users.php" "Mozilla/5.0 (Windows NT 10.0; Win64; x64) AppleWebKit/537.36 (KHTML, like Gecko) Chrome/147.0.0.0 Safari/537.36"
79.107.27.66 - - [08/May/2026:11:30:03 +0000] "POST /wp-admin/admin-ajax.php HTTP/1.1" 200 50 "https://downloads.nipponia.com/wp-admin/user-edit.php?user_id=3&wp_http_referer=%2Fwp-admin%2Fusers.php" "Mozilla/5.0 (Windows NT 10.0; Win64; x64) AppleWebKit/537.36 (KHTML, like Gecko) Chrome/147.0.0.0 Safari/537.36"
79.107.27.66 - - [08/May/2026:11:30:09 +0000] "POST /wp-admin/user-edit.php HTTP/1.1" 302 - "https://downloads.nipponia.com/wp-admin/user-edit.php?user_id=3&wp_http_referer=%2Fwp-admin%2Fusers.php" "Mozilla/5.0 (Windows NT 10.0; Win64; x64) AppleWebKit/537.36 (KHTML, like Gecko) Chrome/147.0.0.0 Safari/537.36"
79.107.27.66 - - [08/May/2026:11:30:43 +0000] "GET /wp-admin/user-edit.php?user_id=3&updated=1&wp_http_referer=%2Fwp-admin%2Fusers.php HTTP/1.1" 200 275667 "https://downloads.nipponia.com/wp-admin/user-edit.php?user_id=3&wp_http_referer=%2Fwp-admin%2Fusers.php" "Mozilla/5.0 (Windows NT 10.0; Win64; x64) AppleWebKit/537.36 (KHTML, like Gecko) Chrome/147.0.0.0 Safari/537.36"
20.123.172.228 - - [08/May/2026:11:30:57 +0000] "POST /wp-cron.php?doing_wp_cron=1778239857.4466509819030761718750 HTTP/1.1" 200 - "-" "WordPress/6.9.4; https://downloads.nipponia.com"
79.107.27.66 - - [08/May/2026:11:30:55 +0000] "POST /wp-admin/admin-ajax.php HTTP/1.1" 200 47 "https://downloads.nipponia.com/wp-admin/user-edit.php?user_id=3&wp_http_referer=%2Fwp-admin%2Fusers.php" "Mozilla/5.0 (Windows NT 10.0; Win64; x64) AppleWebKit/537.36 (KHTML, like Gecko) Chrome/147.0.0.0 Safari/537.36"
79.107.27.66 - - [08/May/2026:11:31:02 +0000] "GET /wp-admin/users.php HTTP/1.1" 200 243701 "https://downloads.nipponia.com/wp-admin/user-edit.php?user_id=3&wp_http_referer=%2Fwp-admin%2Fusers.php" "Mozilla/5.0 (Windows NT 10.0; Win64; x64) AppleWebKit/537.36 (KHTML, like Gecko) Chrome/147.0.0.0 Safari/537.36"
79.107.27.66 - - [08/May/2026:11:31:19 +0000] "GET /wp-admin/profile.php?wp_http_referer=%2Fwp-admin%2Fusers.php HTTP/1.1" 200 275584 "https://downloads.nipponia.com/wp-admin/users.php" "Mozilla/5.0 (Windows NT 10.0; Win64; x64) AppleWebKit/537.36 (KHTML, like Gecko) Chrome/147.0.0.0 Safari/537.36"
79.107.27.66 - - [08/May/2026:11:31:35 +0000] "POST /wp-admin/admin-ajax.php HTTP/1.1" 200 50 "https://downloads.nipponia.com/wp-admin/profile.php?wp_http_referer=%2Fwp-admin%2Fusers.php" "Mozilla/5.0 (Windows NT 10.0; Win64; x64) AppleWebKit/537.36 (KHTML, like Gecko) Chrome/147.0.0.0 Safari/537.36"
20.123.172.228 - - [08/May/2026:11:31:48 +0000] "POST /wp-cron.php?doing_wp_cron=1778239908.0091519355773925781250 HTTP/1.1" 200 - "-" "WordPress/6.9.4; https://downloads.nipponia.com"
20.123.172.228 - - [08/May/2026:11:31:47 +0000] "POST /wp-admin/admin-ajax.php?action=as_async_request_queue_runner&nonce=97a986f3d2 HTTP/1.1" 403 2 "-" "WordPress/6.9.4; https://downloads.nipponia.com"
79.107.27.66 - - [08/May/2026:11:31:40 +0000] "POST /wp-admin/profile.php HTTP/1.1" 302 - "https://downloads.nipponia.com/wp-admin/profile.php?wp_http_referer=%2Fwp-admin%2Fusers.php" "Mozilla/5.0 (Windows NT 10.0; Win64; x64) AppleWebKit/537.36 (KHTML, like Gecko) Chrome/147.0.0.0 Safari/537.36"
79.107.27.66 - - [08/May/2026:11:32:12 +0000] "GET /wp-admin/profile.php?updated=1&wp_http_referer=%2Fwp-admin%2Fusers.php HTTP/1.1" 200 275797 "https://downloads.nipponia.com/wp-admin/profile.php?wp_http_referer=%2Fwp-admin%2Fusers.php" "Mozilla/5.0 (Windows NT 10.0; Win64; x64) AppleWebKit/537.36 (KHTML, like Gecko) Chrome/147.0.0.0 Safari/537.36"
79.107.27.66 - - [08/May/2026:11:32:32 +0000] "GET /wp-admin/profile.php HTTP/1.1" 200 113383 "https://downloads.nipponia.com/wp-admin/profile.php?wp_http_referer=%2Fwp-admin%2Fusers.php" "Mozilla/5.0 (Windows NT 10.0; Win64; x64) AppleWebKit/537.36 (KHTML, like Gecko) Chrome/147.0.0.0 Safari/537.36"
79.107.27.66 - - [08/May/2026:11:32:33 +0000] "GET /wp-login.php?action=logout&_wpnonce=5f90129e3b HTTP/1.1" 302 - "https://downloads.nipponia.com/wp-admin/profile.php?wp_http_referer=%2Fwp-admin%2Fusers.php" "Mozilla/5.0 (Windows NT 10.0; Win64; x64) AppleWebKit/537.36 (KHTML, like Gecko) Chrome/147.0.0.0 Safari/537.36"
20.123.172.228 - - [08/May/2026:11:32:45 +0000] "POST /wp-cron.php?doing_wp_cron=1778239965.4307689666748046875000 HTTP/1.1" 200 - "-" "WordPress/6.9.4; https://downloads.nipponia.com"
79.107.27.66 - - [08/May/2026:11:32:46 +0000] "GET /wp-login.php?loggedout=true&wp_lang=en_US HTTP/1.1" 200 9119 "https://downloads.nipponia.com/wp-admin/profile.php?wp_http_referer=%2Fwp-admin%2Fusers.php" "Mozilla/5.0 (Windows NT 10.0; Win64; x64) AppleWebKit/537.36 (KHTML, like Gecko) Chrome/147.0.0.0 Safari/537.36"
79.107.27.66 - - [08/May/2026:11:33:05 +0000] "POST /wp-admin/admin-ajax.php HTTP/1.1" 200 11 "https://downloads.nipponia.com/wp-login.php?loggedout=true&wp_lang=en_US" "Mozilla/5.0 (Windows NT 10.0; Win64; x64) AppleWebKit/537.36 (KHTML, like Gecko) Chrome/147.0.0.0 Safari/537.36"
79.107.27.66 - - [08/May/2026:11:33:17 +0000] "POST /wp-login.php HTTP/1.1" 302 - "https://downloads.nipponia.com/wp-login.php?loggedout=true&wp_lang=en_US" "Mozilla/5.0 (Windows NT 10.0; Win64; x64) AppleWebKit/537.36 (KHTML, like Gecko) Chrome/147.0.0.0 Safari/537.36"
20.123.172.228 - - [08/May/2026:11:33:45 +0000] "POST /wp-cron.php?doing_wp_cron=1778240025.3738520145416259765625 HTTP/1.1" 200 - "-" "WordPress/6.9.4; https://downloads.nipponia.com"
79.107.27.66 - - [08/May/2026:11:33:30 +0000] "GET /wp-admin/ HTTP/1.1" 200 288233 "https://downloads.nipponia.com/wp-login.php?loggedout=true&wp_lang=en_US" "Mozilla/5.0 (Windows NT 10.0; Win64; x64) AppleWebKit/537.36 (KHTML, like Gecko) Chrome/147.0.0.0 Safari/537.36"
79.107.27.66 - - [08/May/2026:11:34:28 +0000] "GET /wp-admin/users.php HTTP/1.1" 200 115440 "https://downloads.nipponia.com/wp-admin/" "Mozilla/5.0 (Windows NT 10.0; Win64; x64) AppleWebKit/537.36 (KHTML, like Gecko) Chrome/147.0.0.0 Safari/537.36"
111.225.149.241 - - [08/May/2026:11:36:32 +0000] "GET /robots.txt HTTP/1.1" 200 123 "-" "Mozilla/5.0 (Linux; Android 5.0) AppleWebKit/537.36 (KHTML, like Gecko) Mobile Safari/537.36 (compatible; Bytespider; https://zhanzhang.toutiao.com/)"
212.205.99.65 - - [08/May/2026:11:38:37 +0000] "GET /wp-admin/edit.php?post_type=model_manual HTTP/1.1" 302 - "-" "Mozilla/5.0 (Windows NT 10.0; Win64; x64) AppleWebKit/537.36 (KHTML, like Gecko) Chrome/147.0.0.0 Safari/537.36"
20.123.172.228 - - [08/May/2026:11:38:48 +0000] "POST /wp-cron.php?doing_wp_cron=1778240328.8560140132904052734375 HTTP/1.1" 200 - "-" "WordPress/6.9.4; https://downloads.nipponia.com"
212.205.99.65 - - [08/May/2026:11:38:49 +0000] "GET /wp-login.php?redirect_to=https%3A%2F%2Fdownloads.nipponia.com%2Fwp-admin%2Fedit.php%3Fpost_type%3Dmodel_manual&reauth=1 HTTP/1.1" 200 8822 "-" "Mozilla/5.0 (Windows NT 10.0; Win64; x64) AppleWebKit/537.36 (KHTML, like Gecko) Chrome/147.0.0.0 Safari/537.36"
212.205.99.65 - - [08/May/2026:11:39:03 +0000] "GET /wp-includes/js/jquery/jquery-migrate.min.js?ver=3.4.1 HTTP/1.1" 200 13577 "https://downloads.nipponia.com/wp-login.php?redirect_to=https%3A%2F%2Fdownloads.nipponia.com%2Fwp-admin%2Fedit.php%3Fpost_type%3Dmodel_manual&reauth=1" "Mozilla/5.0 (Windows NT 10.0; Win64; x64) AppleWebKit/537.36 (KHTML, like Gecko) Chrome/147.0.0.0 Safari/537.36"
212.205.99.65 - - [08/May/2026:11:39:03 +0000] "GET /wp-includes/js/jquery/jquery.min.js?ver=3.7.1 HTTP/1.1" 200 87553 "https://downloads.nipponia.com/wp-login.php?redirect_to=https%3A%2F%2Fdownloads.nipponia.com%2Fwp-admin%2Fedit.php%3Fpost_type%3Dmodel_manual&reauth=1" "Mozilla/5.0 (Windows NT 10.0; Win64; x64) AppleWebKit/537.36 (KHTML, like Gecko) Chrome/147.0.0.0 Safari/537.36"
212.205.99.65 - - [08/May/2026:11:39:03 +0000] "GET /wp-includes/css/dashicons.min.css?ver=6.9.4 HTTP/1.1" 200 59004 "https://downloads.nipponia.com/wp-login.php?redirect_to=https%3A%2F%2Fdownloads.nipponia.com%2Fwp-admin%2Fedit.php%3Fpost_type%3Dmodel_manual&reauth=1" "Mozilla/5.0 (Windows NT 10.0; Win64; x64) AppleWebKit/537.36 (KHTML, like Gecko) Chrome/147.0.0.0 Safari/537.36"
212.205.99.65 - - [08/May/2026:11:39:03 +0000] "GET /wp-includes/css/buttons.min.css?ver=6.9.4 HTTP/1.1" 200 6061 "https://downloads.nipponia.com/wp-login.php?redirect_to=https%3A%2F%2Fdownloads.nipponia.com%2Fwp-admin%2Fedit.php%3Fpost_type%3Dmodel_manual&reauth=1" "Mozilla/5.0 (Windows NT 10.0; Win64; x64) AppleWebKit/537.36 (KHTML, like Gecko) Chrome/147.0.0.0 Safari/537.36"
212.205.99.65 - - [08/May/2026:11:39:03 +0000] "GET /wp-admin/css/login.min.css?ver=6.9.4 HTTP/1.1" 200 6381 "https://downloads.nipponia.com/wp-login.php?redirect_to=https%3A%2F%2Fdownloads.nipponia.com%2Fwp-admin%2Fedit.php%3Fpost_type%3Dmodel_manual&reauth=1" "Mozilla/5.0 (Windows NT 10.0; Win64; x64) AppleWebKit/537.36 (KHTML, like Gecko) Chrome/147.0.0.0 Safari/537.36"
212.205.99.65 - - [08/May/2026:11:39:03 +0000] "GET /wp-admin/css/l10n.min.css?ver=6.9.4 HTTP/1.1" 200 3200 "https://downloads.nipponia.com/wp-login.php?redirect_to=https%3A%2F%2Fdownloads.nipponia.com%2Fwp-admin%2Fedit.php%3Fpost_type%3Dmodel_manual&reauth=1" "Mozilla/5.0 (Windows NT 10.0; Win64; x64) AppleWebKit/537.36 (KHTML, like Gecko) Chrome/147.0.0.0 Safari/537.36"
212.205.99.65 - - [08/May/2026:11:39:03 +0000] "GET /wp-admin/css/forms.min.css?ver=6.9.4 HTTP/1.1" 200 28422 "https://downloads.nipponia.com/wp-login.php?redirect_to=https%3A%2F%2Fdownloads.nipponia.com%2Fwp-admin%2Fedit.php%3Fpost_type%3Dmodel_manual&reauth=1" "Mozilla/5.0 (Windows NT 10.0; Win64; x64) AppleWebKit/537.36 (KHTML, like Gecko) Chrome/147.0.0.0 Safari/537.36"
212.205.99.65 - - [08/May/2026:11:39:03 +0000] "GET /wp-content/plugins/wordfence/modules/login-security/css/login.1778081072.css?ver=1.1.16 HTTP/1.1" 200 2506 "https://downloads.nipponia.com/wp-login.php?redirect_to=https%3A%2F%2Fdownloads.nipponia.com%2Fwp-admin%2Fedit.php%3Fpost_type%3Dmodel_manual&reauth=1" "Mozilla/5.0 (Windows NT 10.0; Win64; x64) AppleWebKit/537.36 (KHTML, like Gecko) Chrome/147.0.0.0 Safari/537.36"
212.205.99.65 - - [08/May/2026:11:39:03 +0000] "GET /wp-content/plugins/wordfence/modules/login-security/js/login.1778081072.js?ver=1.1.16 HTTP/1.1" 200 19792 "https://downloads.nipponia.com/wp-login.php?redirect_to=https%3A%2F%2Fdownloads.nipponia.com%2Fwp-admin%2Fedit.php%3Fpost_type%3Dmodel_manual&reauth=1" "Mozilla/5.0 (Windows NT 10.0; Win64; x64) AppleWebKit/537.36 (KHTML, like Gecko) Chrome/147.0.0.0 Safari/537.36"
212.205.99.65 - - [08/May/2026:11:39:03 +0000] "GET /wp-includes/js/clipboard.min.js?ver=2.0.11 HTTP/1.1" 200 9009 "https://downloads.nipponia.com/wp-login.php?redirect_to=https%3A%2F%2Fdownloads.nipponia.com%2Fwp-admin%2Fedit.php%3Fpost_type%3Dmodel_manual&reauth=1" "Mozilla/5.0 (Windows NT 10.0; Win64; x64) AppleWebKit/537.36 (KHTML, like Gecko) Chrome/147.0.0.0 Safari/537.36"
212.205.99.65 - - [08/May/2026:11:39:03 +0000] "GET /wp-includes/js/dist/hooks.min.js?ver=dd5603f07f9220ed27f1 HTTP/1.1" 200 5661 "https://downloads.nipponia.com/wp-login.php?redirect_to=https%3A%2F%2Fdownloads.nipponia.com%2Fwp-admin%2Fedit.php%3Fpost_type%3Dmodel_manual&reauth=1" "Mozilla/5.0 (Windows NT 10.0; Win64; x64) AppleWebKit/537.36 (KHTML, like Gecko) Chrome/147.0.0.0 Safari/537.36"
212.205.99.65 - - [08/May/2026:11:39:03 +0000] "GET /wp-includes/js/zxcvbn-async.min.js?ver=1.0 HTTP/1.1" 200 351 "https://downloads.nipponia.com/wp-login.php?redirect_to=https%3A%2F%2Fdownloads.nipponia.com%2Fwp-admin%2Fedit.php%3Fpost_type%3Dmodel_manual&reauth=1" "Mozilla/5.0 (Windows NT 10.0; Win64; x64) AppleWebKit/537.36 (KHTML, like Gecko) Chrome/147.0.0.0 Safari/537.36"
212.205.99.65 - - [08/May/2026:11:39:03 +0000] "GET /wp-includes/js/dist/i18n.min.js?ver=c26c3dc7bed366793375 HTTP/1.1" 200 5314 "https://downloads.nipponia.com/wp-login.php?redirect_to=https%3A%2F%2Fdownloads.nipponia.com%2Fwp-admin%2Fedit.php%3Fpost_type%3Dmodel_manual&reauth=1" "Mozilla/5.0 (Windows NT 10.0; Win64; x64) AppleWebKit/537.36 (KHTML, like Gecko) Chrome/147.0.0.0 Safari/537.36"
212.205.99.65 - - [08/May/2026:11:39:03 +0000] "GET /wp-admin/js/password-strength-meter.min.js?ver=6.9.4 HTTP/1.1" 200 1123 "https://downloads.nipponia.com/wp-login.php?redirect_to=https%3A%2F%2Fdownloads.nipponia.com%2Fwp-admin%2Fedit.php%3Fpost_type%3Dmodel_manual&reauth=1" "Mozilla/5.0 (Windows NT 10.0; Win64; x64) AppleWebKit/537.36 (KHTML, like Gecko) Chrome/147.0.0.0 Safari/537.36"
212.205.99.65 - - [08/May/2026:11:39:03 +0000] "GET /wp-includes/js/underscore.min.js?ver=1.13.7 HTTP/1.1" 200 18905 "https://downloads.nipponia.com/wp-login.php?redirect_to=https%3A%2F%2Fdownloads.nipponia.com%2Fwp-admin%2Fedit.php%3Fpost_type%3Dmodel_manual&reauth=1" "Mozilla/5.0 (Windows NT 10.0; Win64; x64) AppleWebKit/537.36 (KHTML, like Gecko) Chrome/147.0.0.0 Safari/537.36"
212.205.99.65 - - [08/May/2026:11:39:03 +0000] "GET /wp-includes/js/wp-util.min.js?ver=6.9.4 HTTP/1.1" 200 1431 "https://downloads.nipponia.com/wp-login.php?redirect_to=https%3A%2F%2Fdownloads.nipponia.com%2Fwp-admin%2Fedit.php%3Fpost_type%3Dmodel_manual&reauth=1" "Mozilla/5.0 (Windows NT 10.0; Win64; x64) AppleWebKit/537.36 (KHTML, like Gecko) Chrome/147.0.0.0 Safari/537.36"
212.205.99.65 - - [08/May/2026:11:39:03 +0000] "GET /wp-includes/js/dist/dom-ready.min.js?ver=f77871ff7694fffea381 HTTP/1.1" 200 457 "https://downloads.nipponia.com/wp-login.php?redirect_to=https%3A%2F%2Fdownloads.nipponia.com%2Fwp-admin%2Fedit.php%3Fpost_type%3Dmodel_manual&reauth=1" "Mozilla/5.0 (Windows NT 10.0; Win64; x64) AppleWebKit/537.36 (KHTML, like Gecko) Chrome/147.0.0.0 Safari/537.36"
212.205.99.65 - - [08/May/2026:11:39:03 +0000] "GET /wp-includes/js/dist/a11y.min.js?ver=cb460b4676c94bd228ed HTTP/1.1" 200 2212 "https://downloads.nipponia.com/wp-login.php?redirect_to=https%3A%2F%2Fdownloads.nipponia.com%2Fwp-admin%2Fedit.php%3Fpost_type%3Dmodel_manual&reauth=1" "Mozilla/5.0 (Windows NT 10.0; Win64; x64) AppleWebKit/537.36 (KHTML, like Gecko) Chrome/147.0.0.0 Safari/537.36"
212.205.99.65 - - [08/May/2026:11:39:03 +0000] "GET /wp-admin/js/user-profile.min.js?ver=6.9.4 HTTP/1.1" 200 7997 "https://downloads.nipponia.com/wp-login.php?redirect_to=https%3A%2F%2Fdownloads.nipponia.com%2Fwp-admin%2Fedit.php%3Fpost_type%3Dmodel_manual&reauth=1" "Mozilla/5.0 (Windows NT 10.0; Win64; x64) AppleWebKit/537.36 (KHTML, like Gecko) Chrome/147.0.0.0 Safari/537.36"
212.205.99.65 - - [08/May/2026:11:39:03 +0000] "GET /wp-admin/images/wordpress-logo.svg?ver=20131107 HTTP/1.1" 200 1521 "https://downloads.nipponia.com/wp-admin/css/login.min.css?ver=6.9.4" "Mozilla/5.0 (Windows NT 10.0; Win64; x64) AppleWebKit/537.36 (KHTML, like Gecko) Chrome/147.0.0.0 Safari/537.36"
212.205.99.65 - - [08/May/2026:11:39:03 +0000] "GET /wp-includes/js/zxcvbn.min.js HTTP/1.1" 200 822237 "https://downloads.nipponia.com/wp-login.php?redirect_to=https%3A%2F%2Fdownloads.nipponia.com%2Fwp-admin%2Fedit.php%3Fpost_type%3Dmodel_manual&reauth=1" "Mozilla/5.0 (Windows NT 10.0; Win64; x64) AppleWebKit/537.36 (KHTML, like Gecko) Chrome/147.0.0.0 Safari/537.36"
20.123.172.228 - - [08/May/2026:11:38:47 +0000] "POST /wp-admin/admin-ajax.php?action=as_async_request_queue_runner&nonce=8564befa9d HTTP/1.1" 200 - "-" "WordPress/6.9.4; https://downloads.nipponia.com"
212.205.99.65 - - [08/May/2026:11:39:21 +0000] "POST /wp-admin/admin-ajax.php HTTP/1.1" 200 11 "https://downloads.nipponia.com/wp-login.php?redirect_to=https%3A%2F%2Fdownloads.nipponia.com%2Fwp-admin%2Fedit.php%3Fpost_type%3Dmodel_manual&reauth=1" "Mozilla/5.0 (Windows NT 10.0; Win64; x64) AppleWebKit/537.36 (KHTML, like Gecko) Chrome/147.0.0.0 Safari/537.36"
212.205.99.65 - - [08/May/2026:11:39:34 +0000] "POST /wp-login.php HTTP/1.1" 302 - "https://downloads.nipponia.com/wp-login.php?redirect_to=https%3A%2F%2Fdownloads.nipponia.com%2Fwp-admin%2Fedit.php%3Fpost_type%3Dmodel_manual&reauth=1" "Mozilla/5.0 (Windows NT 10.0; Win64; x64) AppleWebKit/537.36 (KHTML, like Gecko) Chrome/147.0.0.0 Safari/537.36"
20.123.172.228 - - [08/May/2026:11:39:48 +0000] "POST /wp-cron.php?doing_wp_cron=1778240388.8373329639434814453125 HTTP/1.1" 200 - "-" "WordPress/6.9.4; https://downloads.nipponia.com"
212.205.99.65 - - [08/May/2026:11:40:10 +0000] "GET /wp-content/plugins/wordfence/css/wf-global.1778081072.css?ver=8.2.1 HTTP/1.1" 200 957 "https://downloads.nipponia.com/wp-admin/edit.php?post_type=model_manual" "Mozilla/5.0 (Windows NT 10.0; Win64; x64) AppleWebKit/537.36 (KHTML, like Gecko) Chrome/147.0.0.0 Safari/537.36"
212.205.99.65 - - [08/May/2026:11:40:10 +0000] "GET /wp-content/plugins/wordfence/modules/login-security/css/admin-global.1778081072.css?ver=1.1.16 HTTP/1.1" 200 21363 "https://downloads.nipponia.com/wp-admin/edit.php?post_type=model_manual" "Mozilla/5.0 (Windows NT 10.0; Win64; x64) AppleWebKit/537.36 (KHTML, like Gecko) Chrome/147.0.0.0 Safari/537.36"
212.205.99.65 - - [08/May/2026:11:40:10 +0000] "GET /wp-content/plugins/wordfence/css/wordfenceBox.1778081072.css?ver=8.2.1 HTTP/1.1" 200 5786 "https://downloads.nipponia.com/wp-admin/edit.php?post_type=model_manual" "Mozilla/5.0 (Windows NT 10.0; Win64; x64) AppleWebKit/537.36 (KHTML, like Gecko) Chrome/147.0.0.0 Safari/537.36"
212.205.99.65 - - [08/May/2026:11:40:10 +0000] "GET /wp-content/plugins/wordfence/css/wf-font-awesome.1778081072.css?ver=8.2.1 HTTP/1.1" 200 162258 "https://downloads.nipponia.com/wp-admin/edit.php?post_type=model_manual" "Mozilla/5.0 (Windows NT 10.0; Win64; x64) AppleWebKit/537.36 (KHTML, like Gecko) Chrome/147.0.0.0 Safari/537.36"
212.205.99.65 - - [08/May/2026:11:40:10 +0000] "GET /wp-content/plugins/wordfence/css/license/free-global.1778081072.css?ver=8.2.1 HTTP/1.1" 200 24342 "https://downloads.nipponia.com/wp-admin/edit.php?post_type=model_manual" "Mozilla/5.0 (Windows NT 10.0; Win64; x64) AppleWebKit/537.36 (KHTML, like Gecko) Chrome/147.0.0.0 Safari/537.36"
212.205.99.65 - - [08/May/2026:11:40:10 +0000] "GET /wp-content/plugins/wordfence/css/wf-adminbar.1778081072.css?ver=8.2.1 HTTP/1.1" 200 144332 "https://downloads.nipponia.com/wp-admin/edit.php?post_type=model_manual" "Mozilla/5.0 (Windows NT 10.0; Win64; x64) AppleWebKit/537.36 (KHTML, like Gecko) Chrome/147.0.0.0 Safari/537.36"
212.205.99.65 - - [08/May/2026:11:40:10 +0000] "GET /wp-includes/js/thickbox/thickbox.css?ver=6.9.4 HTTP/1.1" 200 2668 "https://downloads.nipponia.com/wp-admin/edit.php?post_type=model_manual" "Mozilla/5.0 (Windows NT 10.0; Win64; x64) AppleWebKit/537.36 (KHTML, like Gecko) Chrome/147.0.0.0 Safari/537.36"
212.205.99.65 - - [08/May/2026:11:40:10 +0000] "GET /wp-content/plugins/advanced-custom-fields/assets/build/css/acf-global.min.css?ver=6.8.0 HTTP/1.1" 200 216157 "https://downloads.nipponia.com/wp-admin/edit.php?post_type=model_manual" "Mozilla/5.0 (Windows NT 10.0; Win64; x64) AppleWebKit/537.36 (KHTML, like Gecko) Chrome/147.0.0.0 Safari/537.36"
212.205.99.65 - - [08/May/2026:11:40:10 +0000] "GET /wp-content/plugins/elementor/vendor/elementor/wp-one-package/assets/build/common.css?ver=1.0.60 HTTP/1.1" 200 1526 "https://downloads.nipponia.com/wp-admin/edit.php?post_type=model_manual" "Mozilla/5.0 (Windows NT 10.0; Win64; x64) AppleWebKit/537.36 (KHTML, like Gecko) Chrome/147.0.0.0 Safari/537.36"
212.205.99.65 - - [08/May/2026:11:40:10 +0000] "GET /wp-content/plugins/image-optimization/assets/build/style-admin.css?ver=1.7.4 HTTP/1.1" 200 6050 "https://downloads.nipponia.com/wp-admin/edit.php?post_type=model_manual" "Mozilla/5.0 (Windows NT 10.0; Win64; x64) AppleWebKit/537.36 (KHTML, like Gecko) Chrome/147.0.0.0 Safari/537.36"
212.205.99.65 - - [08/May/2026:11:40:10 +0000] "GET /wp-content/plugins/elementor/assets/lib/eicons/css/elementor-icons.min.css?ver=5.48.0 HTTP/1.1" 200 21780 "https://downloads.nipponia.com/wp-admin/edit.php?post_type=model_manual" "Mozilla/5.0 (Windows NT 10.0; Win64; x64) AppleWebKit/537.36 (KHTML, like Gecko) Chrome/147.0.0.0 Safari/537.36"
212.205.99.65 - - [08/May/2026:11:40:10 +0000] "GET /wp-content/plugins/image-optimization/assets/build/control.css?ver=1.7.4 HTTP/1.1" 200 3400 "https://downloads.nipponia.com/wp-admin/edit.php?post_type=model_manual" "Mozilla/5.0 (Windows NT 10.0; Win64; x64) AppleWebKit/537.36 (KHTML, like Gecko) Chrome/147.0.0.0 Safari/537.36"
212.205.99.65 - - [08/May/2026:11:40:10 +0000] "GET /wp-content/plugins/elementor/assets/css/modules/editor-one/admin-menu.min.css?ver=4.0.7 HTTP/1.1" 200 5462 "https://downloads.nipponia.com/wp-admin/edit.php?post_type=model_manual" "Mozilla/5.0 (Windows NT 10.0; Win64; x64) AppleWebKit/537.36 (KHTML, like Gecko) Chrome/147.0.0.0 Safari/537.36"
212.205.99.65 - - [08/May/2026:11:40:10 +0000] "GET /wp-content/plugins/elementor-pro/assets/css/admin.min.css?ver=4.0.4 HTTP/1.1" 200 21608 "https://downloads.nipponia.com/wp-admin/edit.php?post_type=model_manual" "Mozilla/5.0 (Windows NT 10.0; Win64; x64) AppleWebKit/537.36 (KHTML, like Gecko) Chrome/147.0.0.0 Safari/537.36"
212.205.99.65 - - [08/May/2026:11:40:11 +0000] "GET /wp-content/plugins/elementor/assets/css/theme-light.min.css?ver=4.0.7 HTTP/1.1" 200 2310 "https://downloads.nipponia.com/wp-admin/edit.php?post_type=model_manual" "Mozilla/5.0 (Windows NT 10.0; Win64; x64) AppleWebKit/537.36 (KHTML, like Gecko) Chrome/147.0.0.0 Safari/537.36"
212.205.99.65 - - [08/May/2026:11:40:11 +0000] "GET /wp-content/plugins/elementor/assets/css/common.min.css?ver=4.0.7 HTTP/1.1" 200 25438 "https://downloads.nipponia.com/wp-admin/edit.php?post_type=model_manual" "Mozilla/5.0 (Windows NT 10.0; Win64; x64) AppleWebKit/537.36 (KHTML, like Gecko) Chrome/147.0.0.0 Safari/537.36"
212.205.99.65 - - [08/May/2026:11:40:11 +0000] "GET /wp-content/plugins/wordfence/js/wfi18n.1778081072.js?ver=8.2.1 HTTP/1.1" 200 6640 "https://downloads.nipponia.com/wp-admin/edit.php?post_type=model_manual" "Mozilla/5.0 (Windows NT 10.0; Win64; x64) AppleWebKit/537.36 (KHTML, like Gecko) Chrome/147.0.0.0 Safari/537.36"
212.205.99.65 - - [08/May/2026:11:40:11 +0000] "GET /wp-content/plugins/wordfence/js/wfglobal.1778081072.js?ver=8.2.1 HTTP/1.1" 200 32181 "https://downloads.nipponia.com/wp-admin/edit.php?post_type=model_manual" "Mozilla/5.0 (Windows NT 10.0; Win64; x64) AppleWebKit/537.36 (KHTML, like Gecko) Chrome/147.0.0.0 Safari/537.36"
212.205.99.65 - - [08/May/2026:11:40:11 +0000] "GET /wp-content/plugins/wordfence/js/admin.ajaxWatcher.1778081072.js?ver=8.2.1 HTTP/1.1" 200 15569 "https://downloads.nipponia.com/wp-admin/edit.php?post_type=model_manual" "Mozilla/5.0 (Windows NT 10.0; Win64; x64) AppleWebKit/537.36 (KHTML, like Gecko) Chrome/147.0.0.0 Safari/537.36"
212.205.99.65 - - [08/May/2026:11:40:11 +0000] "GET /wp-content/plugins/wordfence/js/wfdashboard.1778081072.js?ver=8.2.1 HTTP/1.1" 200 365 "https://downloads.nipponia.com/wp-admin/edit.php?post_type=model_manual" "Mozilla/5.0 (Windows NT 10.0; Win64; x64) AppleWebKit/537.36 (KHTML, like Gecko) Chrome/147.0.0.0 Safari/537.36"
212.205.99.65 - - [08/May/2026:11:40:11 +0000] "GET /wp-content/plugins/elementor/assets/css/admin.min.css?ver=4.0.7 HTTP/1.1" 200 139013 "https://downloads.nipponia.com/wp-admin/edit.php?post_type=model_manual" "Mozilla/5.0 (Windows NT 10.0; Win64; x64) AppleWebKit/537.36 (KHTML, like Gecko) Chrome/147.0.0.0 Safari/537.36"
212.205.99.65 - - [08/May/2026:11:40:11 +0000] "GET /wp-content/plugins/wordfence/js/wfpopover.1778081072.js?ver=8.2.1 HTTP/1.1" 200 22985 "https://downloads.nipponia.com/wp-admin/edit.php?post_type=model_manual" "Mozilla/5.0 (Windows NT 10.0; Win64; x64) AppleWebKit/537.36 (KHTML, like Gecko) Chrome/147.0.0.0 Safari/537.36"
212.205.99.65 - - [08/May/2026:11:39:49 +0000] "GET /wp-admin/edit.php?post_type=model_manual HTTP/1.1" 200 303438 "https://downloads.nipponia.com/wp-login.php?redirect_to=https%3A%2F%2Fdownloads.nipponia.com%2Fwp-admin%2Fedit.php%3Fpost_type%3Dmodel_manual&reauth=1" "Mozilla/5.0 (Windows NT 10.0; Win64; x64) AppleWebKit/537.36 (KHTML, like Gecko) Chrome/147.0.0.0 Safari/537.36"
212.205.99.65 - - [08/May/2026:11:40:11 +0000] "GET /wp-admin/js/common.min.js?ver=6.9.4 HTTP/1.1" 200 23676 "https://downloads.nipponia.com/wp-admin/edit.php?post_type=model_manual" "Mozilla/5.0 (Windows NT 10.0; Win64; x64) AppleWebKit/537.36 (KHTML, like Gecko) Chrome/147.0.0.0 Safari/537.36"
212.205.99.65 - - [08/May/2026:11:40:11 +0000] "GET /wp-includes/js/hoverintent-js.min.js?ver=2.2.1 HTTP/1.1" 200 1718 "https://downloads.nipponia.com/wp-admin/edit.php?post_type=model_manual" "Mozilla/5.0 (Windows NT 10.0; Win64; x64) AppleWebKit/537.36 (KHTML, like Gecko) Chrome/147.0.0.0 Safari/537.36"
212.205.99.65 - - [08/May/2026:11:40:12 +0000] "GET /wp-includes/js/admin-bar.min.js?ver=6.9.4 HTTP/1.1" 200 3487 "https://downloads.nipponia.com/wp-admin/edit.php?post_type=model_manual" "Mozilla/5.0 (Windows NT 10.0; Win64; x64) AppleWebKit/537.36 (KHTML, like Gecko) Chrome/147.0.0.0 Safari/537.36"
212.205.99.65 - - [08/May/2026:11:40:12 +0000] "GET /wp-includes/js/jquery/ui/core.min.js?ver=1.13.3 HTTP/1.1" 200 21464 "https://downloads.nipponia.com/wp-admin/edit.php?post_type=model_manual" "Mozilla/5.0 (Windows NT 10.0; Win64; x64) AppleWebKit/537.36 (KHTML, like Gecko) Chrome/147.0.0.0 Safari/537.36"
212.205.99.65 - - [08/May/2026:11:40:12 +0000] "GET /wp-includes/js/wp-pointer.min.js?ver=6.9.4 HTTP/1.1" 200 3621 "https://downloads.nipponia.com/wp-admin/edit.php?post_type=model_manual" "Mozilla/5.0 (Windows NT 10.0; Win64; x64) AppleWebKit/537.36 (KHTML, like Gecko) Chrome/147.0.0.0 Safari/537.36"
212.205.99.65 - - [08/May/2026:11:40:12 +0000] "GET /wp-includes/js/jquery/ui/menu.min.js?ver=1.13.3 HTTP/1.1" 200 10199 "https://downloads.nipponia.com/wp-admin/edit.php?post_type=model_manual" "Mozilla/5.0 (Windows NT 10.0; Win64; x64) AppleWebKit/537.36 (KHTML, like Gecko) Chrome/147.0.0.0 Safari/537.36"
212.205.99.65 - - [08/May/2026:11:40:12 +0000] "GET /wp-includes/js/jquery/ui/autocomplete.min.js?ver=1.13.3 HTTP/1.1" 200 8536 "https://downloads.nipponia.com/wp-admin/edit.php?post_type=model_manual" "Mozilla/5.0 (Windows NT 10.0; Win64; x64) AppleWebKit/537.36 (KHTML, like Gecko) Chrome/147.0.0.0 Safari/537.36"
212.205.99.65 - - [08/May/2026:11:40:12 +0000] "GET /wp-admin/js/tags-suggest.min.js?ver=6.9.4 HTTP/1.1" 200 2269 "https://downloads.nipponia.com/wp-admin/edit.php?post_type=model_manual" "Mozilla/5.0 (Windows NT 10.0; Win64; x64) AppleWebKit/537.36 (KHTML, like Gecko) Chrome/147.0.0.0 Safari/537.36"
212.205.99.65 - - [08/May/2026:11:40:11 +0000] "GET /wp-admin/load-scripts.php?c=0&load%5Bchunk_0%5D=jquery-core,jquery-migrate,utils&ver=6.9.4 HTTP/1.1" 200 102997 "https://downloads.nipponia.com/wp-admin/edit.php?post_type=model_manual" "Mozilla/5.0 (Windows NT 10.0; Win64; x64) AppleWebKit/537.36 (KHTML, like Gecko) Chrome/147.0.0.0 Safari/537.36"
212.205.99.65 - - [08/May/2026:11:40:12 +0000] "GET /wp-admin/js/inline-edit-post.min.js?ver=6.9.4 HTTP/1.1" 200 9639 "https://downloads.nipponia.com/wp-admin/edit.php?post_type=model_manual" "Mozilla/5.0 (Windows NT 10.0; Win64; x64) AppleWebKit/537.36 (KHTML, like Gecko) Chrome/147.0.0.0 Safari/537.36"
212.205.99.65 - - [08/May/2026:11:40:12 +0000] "GET /wp-includes/js/heartbeat.min.js?ver=6.9.4 HTTP/1.1" 200 5947 "https://downloads.nipponia.com/wp-admin/edit.php?post_type=model_manual" "Mozilla/5.0 (Windows NT 10.0; Win64; x64) AppleWebKit/537.36 (KHTML, like Gecko) Chrome/147.0.0.0 Safari/537.36"
212.205.99.65 - - [08/May/2026:11:40:13 +0000] "GET /wp-admin/js/svg-painter.js?ver=6.9.4 HTTP/1.1" 200 3280 "https://downloads.nipponia.com/wp-admin/edit.php?post_type=model_manual" "Mozilla/5.0 (Windows NT 10.0; Win64; x64) AppleWebKit/537.36 (KHTML, like Gecko) Chrome/147.0.0.0 Safari/537.36"
212.205.99.65 - - [08/May/2026:11:40:13 +0000] "GET /wp-includes/js/jquery/ui/mouse.min.js?ver=1.13.3 HTTP/1.1" 200 3428 "https://downloads.nipponia.com/wp-admin/edit.php?post_type=model_manual" "Mozilla/5.0 (Windows NT 10.0; Win64; x64) AppleWebKit/537.36 (KHTML, like Gecko) Chrome/147.0.0.0 Safari/537.36"
