107.189.10.248 - - [08/May/2026:02:46:10 +0000] "GET /wp-login.php HTTP/1.1" 302 - "-" "Mozilla/5.0 (Windows NT 10.0; Win64; x64; rv:122.0) Gecko/20100101 Firefox/122.0"
20.123.172.228 - - [08/May/2026:02:46:23 +0000] "POST /wp-cron.php?doing_wp_cron=1778208383.3952949047088623046875 HTTP/1.1" 200 - "-" "WordPress/6.9.4; https://downloads.nipponia.com"
107.189.10.248 - - [08/May/2026:02:46:24 +0000] "GET /wp-login.php HTTP/1.1" 302 - "-" "Mozilla/5.0 (Windows NT 10.0; Win64; x64; rv:122.0) Gecko/20100101 Firefox/122.0"
107.189.10.248 - - [08/May/2026:02:46:37 +0000] "GET /wp-login.php HTTP/1.1" 302 - "-" "Mozilla/5.0 (Windows NT 10.0; Win64; x64; rv:122.0) Gecko/20100101 Firefox/122.0"
107.189.10.248 - - [08/May/2026:02:46:51 +0000] "GET /wp-login.php HTTP/1.1" 302 - "-" "Mozilla/5.0 (Windows NT 10.0; Win64; x64; rv:122.0) Gecko/20100101 Firefox/122.0"
20.123.172.228 - - [08/May/2026:02:47:03 +0000] "POST /wp-cron.php?doing_wp_cron=1778208423.1289649009704589843750 HTTP/1.1" 200 - "-" "WordPress/6.9.4; https://downloads.nipponia.com"
107.189.10.248 - - [08/May/2026:02:47:04 +0000] "GET /wp-login.php HTTP/1.1" 302 - "-" "Mozilla/5.0 (Windows NT 10.0; Win64; x64; rv:122.0) Gecko/20100101 Firefox/122.0"
107.189.10.248 - - [08/May/2026:02:47:16 +0000] "GET /wp-login.php HTTP/1.1" 302 - "-" "Mozilla/5.0 (Windows NT 10.0; Win64; x64; rv:122.0) Gecko/20100101 Firefox/122.0"
107.189.10.248 - - [08/May/2026:02:47:29 +0000] "GET /wp-login.php HTTP/1.1" 302 - "-" "Mozilla/5.0 (Windows NT 10.0; Win64; x64; rv:122.0) Gecko/20100101 Firefox/122.0"
107.189.10.248 - - [08/May/2026:02:47:41 +0000] "GET /wp-login.php HTTP/1.1" 302 - "-" "Mozilla/5.0 (Windows NT 10.0; Win64; x64; rv:122.0) Gecko/20100101 Firefox/122.0"
20.123.172.228 - - [08/May/2026:02:47:54 +0000] "POST /wp-cron.php?doing_wp_cron=1778208474.4924271106719970703125 HTTP/1.1" 200 - "-" "WordPress/6.9.4; https://downloads.nipponia.com"
107.189.10.248 - - [08/May/2026:02:47:55 +0000] "GET /wp-login.php HTTP/1.1" 302 - "-" "Mozilla/5.0 (Windows NT 10.0; Win64; x64; rv:122.0) Gecko/20100101 Firefox/122.0"
107.189.10.248 - - [08/May/2026:02:48:08 +0000] "GET /wp-login.php HTTP/1.1" 302 - "-" "Mozilla/5.0 (Windows NT 10.0; Win64; x64; rv:122.0) Gecko/20100101 Firefox/122.0"
107.189.10.248 - - [08/May/2026:02:48:19 +0000] "GET /wp-login.php HTTP/1.1" 302 - "-" "Mozilla/5.0 (Windows NT 10.0; Win64; x64; rv:122.0) Gecko/20100101 Firefox/122.0"
107.189.10.248 - - [08/May/2026:02:48:30 +0000] "GET /wp-login.php HTTP/1.1" 302 - "-" "Mozilla/5.0 (Windows NT 10.0; Win64; x64; rv:122.0) Gecko/20100101 Firefox/122.0"
107.189.10.248 - - [08/May/2026:02:48:42 +0000] "GET /wp-login.php HTTP/1.1" 302 - "-" "Mozilla/5.0 (Windows NT 10.0; Win64; x64; rv:122.0) Gecko/20100101 Firefox/122.0"
20.123.172.228 - - [08/May/2026:02:48:54 +0000] "POST /wp-cron.php?doing_wp_cron=1778208534.8313870429992675781250 HTTP/1.1" 200 - "-" "WordPress/6.9.4; https://downloads.nipponia.com"
107.189.10.248 - - [08/May/2026:02:48:55 +0000] "GET /wp-login.php HTTP/1.1" 302 - "-" "Mozilla/5.0 (Windows NT 10.0; Win64; x64; rv:122.0) Gecko/20100101 Firefox/122.0"
107.189.10.248 - - [08/May/2026:02:49:08 +0000] "GET /wp-login.php HTTP/1.1" 302 - "-" "Mozilla/5.0 (Windows NT 10.0; Win64; x64; rv:122.0) Gecko/20100101 Firefox/122.0"
107.189.10.248 - - [08/May/2026:02:49:20 +0000] "GET /wp-login.php HTTP/1.1" 302 - "-" "Mozilla/5.0 (Windows NT 10.0; Win64; x64; rv:122.0) Gecko/20100101 Firefox/122.0"
107.189.10.248 - - [08/May/2026:02:49:33 +0000] "GET /wp-login.php HTTP/1.1" 302 - "-" "Mozilla/5.0 (Windows NT 10.0; Win64; x64; rv:122.0) Gecko/20100101 Firefox/122.0"
20.123.172.228 - - [08/May/2026:02:49:45 +0000] "POST /wp-cron.php?doing_wp_cron=1778208584.8679730892181396484375 HTTP/1.1" 200 - "-" "WordPress/6.9.4; https://downloads.nipponia.com"
107.189.10.248 - - [08/May/2026:02:49:45 +0000] "GET /wp-login.php HTTP/1.1" 302 - "-" "Mozilla/5.0 (Windows NT 10.0; Win64; x64; rv:122.0) Gecko/20100101 Firefox/122.0"
107.189.10.248 - - [08/May/2026:02:49:59 +0000] "GET /wp-login.php HTTP/1.1" 302 - "-" "Mozilla/5.0 (Windows NT 10.0; Win64; x64; rv:122.0) Gecko/20100101 Firefox/122.0"
107.189.10.248 - - [08/May/2026:02:50:11 +0000] "GET /wp-login.php HTTP/1.1" 302 - "-" "Mozilla/5.0 (Windows NT 10.0; Win64; x64; rv:122.0) Gecko/20100101 Firefox/122.0"
107.189.10.248 - - [08/May/2026:02:50:24 +0000] "GET /wp-login.php HTTP/1.1" 302 - "-" "Mozilla/5.0 (Windows NT 10.0; Win64; x64; rv:122.0) Gecko/20100101 Firefox/122.0"
107.189.10.248 - - [08/May/2026:02:50:35 +0000] "GET /wp-login.php HTTP/1.1" 302 - "-" "Mozilla/5.0 (Windows NT 10.0; Win64; x64; rv:122.0) Gecko/20100101 Firefox/122.0"
20.123.172.228 - - [08/May/2026:02:50:48 +0000] "POST /wp-cron.php?doing_wp_cron=1778208648.8097810745239257812500 HTTP/1.1" 200 - "-" "WordPress/6.9.4; https://downloads.nipponia.com"
107.189.10.248 - - [08/May/2026:02:50:49 +0000] "GET /wp-login.php HTTP/1.1" 302 - "-" "Mozilla/5.0 (Windows NT 10.0; Win64; x64; rv:122.0) Gecko/20100101 Firefox/122.0"
107.189.10.248 - - [08/May/2026:02:51:02 +0000] "GET /wp-login.php HTTP/1.1" 302 - "-" "Mozilla/5.0 (Windows NT 10.0; Win64; x64; rv:122.0) Gecko/20100101 Firefox/122.0"
107.189.10.248 - - [08/May/2026:02:51:13 +0000] "GET /wp-login.php HTTP/1.1" 302 - "-" "Mozilla/5.0 (Windows NT 10.0; Win64; x64; rv:122.0) Gecko/20100101 Firefox/122.0"
107.189.10.248 - - [08/May/2026:02:51:24 +0000] "GET /wp-login.php HTTP/1.1" 302 - "-" "Mozilla/5.0 (Windows NT 10.0; Win64; x64; rv:122.0) Gecko/20100101 Firefox/122.0"
107.189.10.248 - - [08/May/2026:02:51:34 +0000] "GET /wp-login.php HTTP/1.1" 302 - "-" "Mozilla/5.0 (Windows NT 10.0; Win64; x64; rv:122.0) Gecko/20100101 Firefox/122.0"
20.123.172.228 - - [08/May/2026:02:51:45 +0000] "POST /wp-cron.php?doing_wp_cron=1778208704.9628920555114746093750 HTTP/1.1" 200 - "-" "WordPress/6.9.4; https://downloads.nipponia.com"
107.189.10.248 - - [08/May/2026:02:51:46 +0000] "GET /wp-login.php HTTP/1.1" 302 - "-" "Mozilla/5.0 (Windows NT 10.0; Win64; x64; rv:122.0) Gecko/20100101 Firefox/122.0"
107.189.10.248 - - [08/May/2026:02:51:57 +0000] "GET /wp-login.php HTTP/1.1" 302 - "-" "Mozilla/5.0 (Windows NT 10.0; Win64; x64; rv:122.0) Gecko/20100101 Firefox/122.0"
107.189.10.248 - - [08/May/2026:02:52:11 +0000] "GET /wp-login.php HTTP/1.1" 302 - "-" "Mozilla/5.0 (Windows NT 10.0; Win64; x64; rv:122.0) Gecko/20100101 Firefox/122.0"
107.189.10.248 - - [08/May/2026:02:52:22 +0000] "GET /wp-login.php HTTP/1.1" 302 - "-" "Mozilla/5.0 (Windows NT 10.0; Win64; x64; rv:122.0) Gecko/20100101 Firefox/122.0"
104.210.140.139 - - [08/May/2026:02:59:41 +0000] "GET /robots.txt HTTP/1.1" 200 117 "-" "Mozilla/5.0 (Macintosh; Intel Mac OS X 10_15_7) AppleWebKit/537.36 (KHTML, like Gecko) Chrome/131.0.0.0 Safari/537.36; compatible; OAI-SearchBot/1.0; +https://openai.com/searchbot"
20.123.172.228 - - [08/May/2026:02:59:53 +0000] "POST /wp-cron.php?doing_wp_cron=1778209193.7080459594726562500000 HTTP/1.1" 200 - "-" "WordPress/6.9.4; https://downloads.nipponia.com"
104.210.140.134 - - [08/May/2026:02:59:57 +0000] "GET /robots.txt HTTP/1.1" 200 117 "-" "Mozilla/5.0 (Macintosh; Intel Mac OS X 10_15_7) AppleWebKit/537.36 (KHTML, like Gecko) Chrome/131.0.0.0 Safari/537.36; compatible; OAI-SearchBot/1.0; +https://openai.com/searchbot"
40.77.167.241 - - [08/May/2026:03:27:30 +0000] "GET /?s=2025 HTTP/1.1" 200 8999 "-" "Mozilla/5.0 AppleWebKit/537.36 (KHTML, like Gecko; compatible; bingbot/2.0; +http://www.bing.com/bingbot.htm) Chrome/116.0.1938.76 Safari/537.36"
20.123.172.228 - - [08/May/2026:03:27:47 +0000] "POST /wp-cron.php?doing_wp_cron=1778210867.3537070751190185546875 HTTP/1.1" 200 - "-" "WordPress/6.9.4; https://downloads.nipponia.com"
40.77.167.41 - - [08/May/2026:03:52:29 +0000] "GET /sitemap.xml HTTP/1.1" 403 - "-" "Mozilla/5.0 AppleWebKit/537.36 (KHTML, like Gecko; compatible; bingbot/2.0; +http://www.bing.com/bingbot.htm) Chrome/116.0.1938.76 Safari/537.36"
201.229.162.223 - - [08/May/2026:03:59:04 +0000] "GET /wp-content/uploads/2026/04/Front-right.jpg HTTP/1.1" 200 1127959 "https://www.google.com/" "Mozilla/5.0 (Linux; Android 14; WP28 S Build/UP1A.231005.010; wv) AppleWebKit/537.36 (KHTML, like Gecko) Version/4.0 Chrome/147.0.7727.137 Mobile Safari/537.36 GoogleApp/17.18.24.ve.arm64"
77.75.79.101 - - [08/May/2026:04:31:20 +0000] "GET /robots.txt HTTP/1.1" 403 - "-" "Mozilla/5.0 (compatible; SeznamBot/4.0; +https://o-seznam.cz/napoveda/vyhledavani/en/seznambot-crawler/)"
77.75.79.101 - - [08/May/2026:04:31:20 +0000] "GET /wp-sitemap-taxonomies-category-1.xml HTTP/1.1" 403 - "-" "Mozilla/5.0 (compatible; SeznamBot/4.0; +https://o-seznam.cz/napoveda/vyhledavani/en/seznambot-crawler/)"
37.111.44.62 - - [08/May/2026:04:44:12 +0000] "GET /model_manual/np-200/ HTTP/1.1" 403 - "https://www.bing.com/" "Mozilla/5.0 (Windows NT 10.0; Win64; x64) AppleWebKit/537.36 (KHTML, like Gecko) Chrome/147.0.0.0 Safari/537.36 Edg/147.0.0.0"
37.111.44.62 - - [08/May/2026:04:44:14 +0000] "GET /favicon.ico HTTP/1.1" 403 - "https://downloads.nipponia.com/model_manual/np-200/" "Mozilla/5.0 (Windows NT 10.0; Win64; x64) AppleWebKit/537.36 (KHTML, like Gecko) Chrome/147.0.0.0 Safari/537.36 Edg/147.0.0.0"
37.111.44.62 - - [08/May/2026:04:44:23 +0000] "GET /model_manual/np-200/ HTTP/1.1" 403 - "https://www.bing.com/" "Mozilla/5.0 (Windows NT 10.0; Win64; x64) AppleWebKit/537.36 (KHTML, like Gecko) Chrome/147.0.0.0 Safari/537.36 Edg/147.0.0.0"
37.111.44.62 - - [08/May/2026:04:44:25 +0000] "GET /favicon.ico HTTP/1.1" 403 - "https://downloads.nipponia.com/model_manual/np-200/" "Mozilla/5.0 (Windows NT 10.0; Win64; x64) AppleWebKit/537.36 (KHTML, like Gecko) Chrome/147.0.0.0 Safari/537.36 Edg/147.0.0.0"
154.88.131.3 - - [08/May/2026:05:08:15 +0000] "GET /vehiculos-todo-terreno/ HTTP/1.1" 403 - "https://www.google.com/url?q=https://downloads.nipponia.com/vehiculos-todo-terreno/&sa=U&ved=2ahUKEwj-mf_-9aiUAxVJi7AFHewpNx8QFnoECFUQAQ&usg=AOvVaw1tYuQS-C7J0USV_D8gcUTt" "Mozilla/5.0 (iPhone; CPU iPhone OS 18_7_7 like Mac OS X) AppleWebKit/605.1.15 (KHTML, like Gecko) GSA/419.4.905781065 Mobile/15E148 Safari/604.1"
110.249.202.95 - - [08/May/2026:05:15:20 +0000] "GET /wp-content/uploads/2026/04/np200-banner-front-page-web.jpg HTTP/1.1" 200 279198 "https://downloads.nipponia.com/" "Mozilla/5.0 (Linux; Android 5.0) AppleWebKit/537.36 (KHTML, like Gecko) Mobile Safari/537.36 (compatible; Bytespider; https://zhanzhang.toutiao.com/)"
138.246.253.24 - - [08/May/2026:05:18:10 +0000] "GET /robots.txt HTTP/1.1" 403 - "-" "Mozilla/5.0 (Windows NT 10.0; Win64; x64) AppleWebKit/537.36 (KHTML, like Gecko) Chrome/103.0.5060.134 Safari/537.36"
212.205.99.65 - - [08/May/2026:06:22:42 +0000] "GET / HTTP/1.1" 403 - "-" "Mozilla/5.0 (Windows NT 10.0; Win64; x64) AppleWebKit/537.36 (KHTML, like Gecko) Chrome/147.0.0.0 Safari/537.36"
212.205.99.65 - - [08/May/2026:06:22:42 +0000] "GET /favicon.ico HTTP/1.1" 403 - "https://downloads.nipponia.com/" "Mozilla/5.0 (Windows NT 10.0; Win64; x64) AppleWebKit/537.36 (KHTML, like Gecko) Chrome/147.0.0.0 Safari/537.36"
54.217.83.13 - - [08/May/2026:06:30:34 +0000] "GET / HTTP/1.1" 403 - "-" "Mozilla/5.0 (iPhone; CPU iPhone OS 17_1 like Mac OS X) AppleWebKit/605.1.15 (KHTML, like Gecko) Version/17.1 Mobile/15E148 Safari/604.1"
35.252.2.84 - - [08/May/2026:06:38:11 +0000] "GET /.git/config HTTP/1.1" 403 - "-" "Mozilla/5.0 (OS/2; Warp 4.5; rv:38.0) Gecko/20100101 Firefox/38.0"
110.249.201.209 - - [08/May/2026:06:41:51 +0000] "GET /robots.txt HTTP/1.1" 403 - "-" "Mozilla/5.0 (Linux; Android 5.0) AppleWebKit/537.36 (KHTML, like Gecko) Mobile Safari/537.36 (compatible; Bytespider; https://zhanzhang.toutiao.com/)"
40.77.167.7 - - [08/May/2026:07:04:27 +0000] "GET /model_manual/address-z-150/ HTTP/1.1" 403 - "-" "Mozilla/5.0 AppleWebKit/537.36 (KHTML, like Gecko; compatible; bingbot/2.0; +http://www.bing.com/bingbot.htm) Chrome/116.0.1938.76 Safari/537.36"
145.224.119.240 - - [08/May/2026:07:11:17 +0000] "GET / HTTP/1.1" 403 - "-" "Mozilla/5.0 (Windows NT 10.0; Win64; x64) AppleWebKit/537.36 (KHTML, like Gecko) Chrome/148.0.0.0 Safari/537.36"
145.224.119.240 - - [08/May/2026:07:11:18 +0000] "GET /favicon.ico HTTP/1.1" 403 - "https://downloads.nipponia.com/" "Mozilla/5.0 (Windows NT 10.0; Win64; x64) AppleWebKit/537.36 (KHTML, like Gecko) Chrome/148.0.0.0 Safari/537.36"
79.107.27.66 - - [08/May/2026:07:42:00 +0000] "GET / HTTP/1.1" 403 - "-" "Mozilla/5.0 (Windows NT 10.0; Win64; x64) AppleWebKit/537.36 (KHTML, like Gecko) Chrome/147.0.0.0 Safari/537.36"
79.107.27.66 - - [08/May/2026:07:42:00 +0000] "GET /favicon.ico HTTP/1.1" 403 - "https://downloads.nipponia.com/" "Mozilla/5.0 (Windows NT 10.0; Win64; x64) AppleWebKit/537.36 (KHTML, like Gecko) Chrome/147.0.0.0 Safari/537.36"
79.107.27.66 - - [08/May/2026:07:42:13 +0000] "GET /wp-login.php HTTP/1.1" 403 - "-" "Mozilla/5.0 (Windows NT 10.0; Win64; x64) AppleWebKit/537.36 (KHTML, like Gecko) Chrome/147.0.0.0 Safari/537.36"
79.107.27.66 - - [08/May/2026:07:42:13 +0000] "GET /wp-login.php HTTP/1.1" 403 - "-" "Mozilla/5.0 (Windows NT 10.0; Win64; x64) AppleWebKit/537.36 (KHTML, like Gecko) Chrome/147.0.0.0 Safari/537.36"
79.107.27.66 - - [08/May/2026:07:42:13 +0000] "GET /favicon.ico HTTP/1.1" 403 - "https://downloads.nipponia.com/wp-login.php" "Mozilla/5.0 (Windows NT 10.0; Win64; x64) AppleWebKit/537.36 (KHTML, like Gecko) Chrome/147.0.0.0 Safari/537.36"
170.85.78.99 - - [08/May/2026:07:42:27 +0000] "GET / HTTP/1.1" 403 - "-" "Mozilla/5.0 (Windows NT 10.0; Win64; x64) AppleWebKit/537.36 (KHTML, like Gecko) Chrome/147.0.0.0 Safari/537.36 Edg/147.0.0.0"
170.85.78.99 - - [08/May/2026:07:42:27 +0000] "GET /favicon.ico HTTP/1.1" 403 - "https://downloads.nipponia.com/" "Mozilla/5.0 (Windows NT 10.0; Win64; x64) AppleWebKit/537.36 (KHTML, like Gecko) Chrome/147.0.0.0 Safari/537.36 Edg/147.0.0.0"
79.107.27.66 - - [08/May/2026:08:05:46 +0000] "GET / HTTP/1.1" 404 - "-" "Mozilla/5.0 (Windows NT 10.0; Win64; x64) AppleWebKit/537.36 (KHTML, like Gecko) Chrome/147.0.0.0 Safari/537.36"
79.107.27.66 - - [08/May/2026:08:05:46 +0000] "GET /favicon.ico HTTP/1.1" 404 - "https://downloads.nipponia.com/" "Mozilla/5.0 (Windows NT 10.0; Win64; x64) AppleWebKit/537.36 (KHTML, like Gecko) Chrome/147.0.0.0 Safari/537.36"
79.107.27.66 - - [08/May/2026:08:10:49 +0000] "GET / HTTP/1.1" 404 - "-" "Mozilla/5.0 (Windows NT 10.0; Win64; x64) AppleWebKit/537.36 (KHTML, like Gecko) Chrome/147.0.0.0 Safari/537.36"
20.123.172.228 - - [08/May/2026:08:17:52 +0000] "POST /wp-admin/admin-ajax.php?action=wordfence_testAjax HTTP/1.1" 200 12 "-" "WordPress/6.9.4; https://downloads.nipponia.com"
79.107.27.66 - - [08/May/2026:08:18:35 +0000] "GET /wp-content/plugins/elementor/assets/css/frontend.min.css?ver=4.0.7 HTTP/1.1" 200 54666 "https://downloads.nipponia.com/" "Mozilla/5.0 (Windows NT 10.0; Win64; x64) AppleWebKit/537.36 (KHTML, like Gecko) Chrome/147.0.0.0 Safari/537.36"
79.107.27.66 - - [08/May/2026:08:18:35 +0000] "GET /wp-content/plugins/elementor/assets/css/widget-image.min.css?ver=4.0.7 HTTP/1.1" 200 214 "https://downloads.nipponia.com/" "Mozilla/5.0 (Windows NT 10.0; Win64; x64) AppleWebKit/537.36 (KHTML, like Gecko) Chrome/147.0.0.0 Safari/537.36"
79.107.27.66 - - [08/May/2026:08:18:35 +0000] "GET /wp-content/themes/hello-elementor/assets/css/header-footer.css?ver=3.4.7 HTTP/1.1" 304 - "https://downloads.nipponia.com/" "Mozilla/5.0 (Windows NT 10.0; Win64; x64) AppleWebKit/537.36 (KHTML, like Gecko) Chrome/147.0.0.0 Safari/537.36"
79.107.27.66 - - [08/May/2026:08:18:35 +0000] "GET /wp-content/uploads/elementor/css/post-6.css?ver=1778157699 HTTP/1.1" 200 1528 "https://downloads.nipponia.com/" "Mozilla/5.0 (Windows NT 10.0; Win64; x64) AppleWebKit/537.36 (KHTML, like Gecko) Chrome/147.0.0.0 Safari/537.36"
79.107.27.66 - - [08/May/2026:08:18:35 +0000] "GET /wp-content/themes/hello-elementor/assets/css/reset.css?ver=3.4.7 HTTP/1.1" 304 - "https://downloads.nipponia.com/" "Mozilla/5.0 (Windows NT 10.0; Win64; x64) AppleWebKit/537.36 (KHTML, like Gecko) Chrome/147.0.0.0 Safari/537.36"
79.107.27.66 - - [08/May/2026:08:18:35 +0000] "GET /wp-content/themes/hello-elementor/assets/css/theme.css?ver=3.4.7 HTTP/1.1" 304 - "https://downloads.nipponia.com/" "Mozilla/5.0 (Windows NT 10.0; Win64; x64) AppleWebKit/537.36 (KHTML, like Gecko) Chrome/147.0.0.0 Safari/537.36"
79.107.27.66 - - [08/May/2026:08:18:35 +0000] "GET /wp-content/plugins/elementor/assets/css/widget-heading.min.css?ver=4.0.7 HTTP/1.1" 200 560 "https://downloads.nipponia.com/" "Mozilla/5.0 (Windows NT 10.0; Win64; x64) AppleWebKit/537.36 (KHTML, like Gecko) Chrome/147.0.0.0 Safari/537.36"
79.107.27.66 - - [08/May/2026:08:18:35 +0000] "GET /wp-content/plugins/elementor/assets/css/widget-icon-list.min.css?ver=4.0.7 HTTP/1.1" 200 10255 "https://downloads.nipponia.com/" "Mozilla/5.0 (Windows NT 10.0; Win64; x64) AppleWebKit/537.36 (KHTML, like Gecko) Chrome/147.0.0.0 Safari/537.36"
79.107.27.66 - - [08/May/2026:08:18:35 +0000] "GET /wp-content/plugins/elementor/assets/css/widget-social-icons.min.css?ver=4.0.7 HTTP/1.1" 200 5110 "https://downloads.nipponia.com/" "Mozilla/5.0 (Windows NT 10.0; Win64; x64) AppleWebKit/537.36 (KHTML, like Gecko) Chrome/147.0.0.0 Safari/537.36"
79.107.27.66 - - [08/May/2026:08:18:35 +0000] "GET /wp-content/plugins/elementor-pro/assets/css/modules/sticky.min.css?ver=4.0.4 HTTP/1.1" 304 - "https://downloads.nipponia.com/" "Mozilla/5.0 (Windows NT 10.0; Win64; x64) AppleWebKit/537.36 (KHTML, like Gecko) Chrome/147.0.0.0 Safari/537.36"
79.107.27.66 - - [08/May/2026:08:18:35 +0000] "GET /wp-content/plugins/elementor/assets/css/conditionals/apple-webkit.min.css?ver=4.0.7 HTTP/1.1" 200 6713 "https://downloads.nipponia.com/" "Mozilla/5.0 (Windows NT 10.0; Win64; x64) AppleWebKit/537.36 (KHTML, like Gecko) Chrome/147.0.0.0 Safari/537.36"
79.107.27.66 - - [08/May/2026:08:18:35 +0000] "GET /wp-content/plugins/elementor/assets/css/conditionals/shapes.min.css?ver=4.0.7 HTTP/1.1" 200 645 "https://downloads.nipponia.com/" "Mozilla/5.0 (Windows NT 10.0; Win64; x64) AppleWebKit/537.36 (KHTML, like Gecko) Chrome/147.0.0.0 Safari/537.36"
79.107.27.66 - - [08/May/2026:08:18:35 +0000] "GET /wp-content/plugins/elementor/assets/lib/eicons/css/elementor-icons.min.css?ver=5.48.0 HTTP/1.1" 304 - "https://downloads.nipponia.com/" "Mozilla/5.0 (Windows NT 10.0; Win64; x64) AppleWebKit/537.36 (KHTML, like Gecko) Chrome/147.0.0.0 Safari/537.36"
79.107.27.66 - - [08/May/2026:08:18:35 +0000] "GET /wp-content/plugins/elementor-pro/assets/css/widget-search-form.min.css?ver=4.0.4 HTTP/1.1" 304 - "https://downloads.nipponia.com/" "Mozilla/5.0 (Windows NT 10.0; Win64; x64) AppleWebKit/537.36 (KHTML, like Gecko) Chrome/147.0.0.0 Safari/537.36"
79.107.27.66 - - [08/May/2026:08:18:35 +0000] "GET /wp-content/plugins/elementor/assets/lib/animations/styles/fadeIn.min.css?ver=4.0.7 HTTP/1.1" 200 77 "https://downloads.nipponia.com/" "Mozilla/5.0 (Windows NT 10.0; Win64; x64) AppleWebKit/537.36 (KHTML, like Gecko) Chrome/147.0.0.0 Safari/537.36"
79.107.27.66 - - [08/May/2026:08:18:35 +0000] "GET /wp-content/plugins/elementor/assets/lib/font-awesome/css/fontawesome.min.css?ver=5.15.3 HTTP/1.1" 304 - "https://downloads.nipponia.com/" "Mozilla/5.0 (Windows NT 10.0; Win64; x64) AppleWebKit/537.36 (KHTML, like Gecko) Chrome/147.0.0.0 Safari/537.36"
79.107.27.66 - - [08/May/2026:08:18:35 +0000] "GET /wp-content/plugins/elementor/assets/lib/font-awesome/css/solid.min.css?ver=5.15.3 HTTP/1.1" 304 - "https://downloads.nipponia.com/" "Mozilla/5.0 (Windows NT 10.0; Win64; x64) AppleWebKit/537.36 (KHTML, like Gecko) Chrome/147.0.0.0 Safari/537.36"
79.107.27.66 - - [08/May/2026:08:18:35 +0000] "GET /wp-content/plugins/elementor/assets/lib/animations/styles/e-animation-pulse.min.css?ver=4.0.7 HTTP/1.1" 200 318 "https://downloads.nipponia.com/" "Mozilla/5.0 (Windows NT 10.0; Win64; x64) AppleWebKit/537.36 (KHTML, like Gecko) Chrome/147.0.0.0 Safari/537.36"
79.107.27.66 - - [08/May/2026:08:18:14 +0000] "GET / HTTP/1.1" 200 69340 "-" "Mozilla/5.0 (Windows NT 10.0; Win64; x64) AppleWebKit/537.36 (KHTML, like Gecko) Chrome/147.0.0.0 Safari/537.36"
79.107.27.66 - - [08/May/2026:08:18:35 +0000] "GET /wp-content/plugins/elementor-pro/assets/css/widget-gallery.min.css?ver=4.0.4 HTTP/1.1" 304 - "https://downloads.nipponia.com/" "Mozilla/5.0 (Windows NT 10.0; Win64; x64) AppleWebKit/537.36 (KHTML, like Gecko) Chrome/147.0.0.0 Safari/537.36"
79.107.27.66 - - [08/May/2026:08:18:35 +0000] "GET /wp-content/plugins/elementor/assets/lib/e-gallery/css/e-gallery.min.css?ver=1.2.0 HTTP/1.1" 304 - "https://downloads.nipponia.com/" "Mozilla/5.0 (Windows NT 10.0; Win64; x64) AppleWebKit/537.36 (KHTML, like Gecko) Chrome/147.0.0.0 Safari/537.36"
79.107.27.66 - - [08/May/2026:08:18:35 +0000] "GET /wp-content/uploads/elementor/css/post-1159.css?ver=1778157703 HTTP/1.1" 200 10490 "https://downloads.nipponia.com/" "Mozilla/5.0 (Windows NT 10.0; Win64; x64) AppleWebKit/537.36 (KHTML, like Gecko) Chrome/147.0.0.0 Safari/537.36"
79.107.27.66 - - [08/May/2026:08:18:35 +0000] "GET /wp-content/uploads/elementor/css/post-147.css?ver=1778157703 HTTP/1.1" 200 3306 "https://downloads.nipponia.com/" "Mozilla/5.0 (Windows NT 10.0; Win64; x64) AppleWebKit/537.36 (KHTML, like Gecko) Chrome/147.0.0.0 Safari/537.36"
79.107.27.66 - - [08/May/2026:08:18:35 +0000] "GET /wp-content/uploads/elementor/css/post-155.css?ver=1778157704 HTTP/1.1" 200 5931 "https://downloads.nipponia.com/" "Mozilla/5.0 (Windows NT 10.0; Win64; x64) AppleWebKit/537.36 (KHTML, like Gecko) Chrome/147.0.0.0 Safari/537.36"
79.107.27.66 - - [08/May/2026:08:18:35 +0000] "GET /wp-content/plugins/elementor-pro/assets/css/conditionals/transitions.min.css?ver=4.0.4 HTTP/1.1" 304 - "https://downloads.nipponia.com/" "Mozilla/5.0 (Windows NT 10.0; Win64; x64) AppleWebKit/537.36 (KHTML, like Gecko) Chrome/147.0.0.0 Safari/537.36"
79.107.27.66 - - [08/May/2026:08:18:35 +0000] "GET /wp-content/plugins/elementor/assets/lib/font-awesome/css/brands.min.css?ver=5.15.3 HTTP/1.1" 304 - "https://downloads.nipponia.com/" "Mozilla/5.0 (Windows NT 10.0; Win64; x64) AppleWebKit/537.36 (KHTML, like Gecko) Chrome/147.0.0.0 Safari/537.36"
79.107.27.66 - - [08/May/2026:08:18:35 +0000] "GET /wp-content/uploads/2023/01/nipponia.png HTTP/1.1" 200 10087 "https://downloads.nipponia.com/" "Mozilla/5.0 (Windows NT 10.0; Win64; x64) AppleWebKit/537.36 (KHTML, like Gecko) Chrome/147.0.0.0 Safari/537.36"
79.107.27.66 - - [08/May/2026:08:18:35 +0000] "GET /wp-content/themes/hello-elementor/assets/js/hello-frontend.js?ver=3.4.7 HTTP/1.1" 304 - "https://downloads.nipponia.com/" "Mozilla/5.0 (Windows NT 10.0; Win64; x64) AppleWebKit/537.36 (KHTML, like Gecko) Chrome/147.0.0.0 Safari/537.36"
79.107.27.66 - - [08/May/2026:08:18:35 +0000] "GET /wp-content/plugins/elementor-pro/assets/lib/sticky/jquery.sticky.min.js?ver=4.0.4 HTTP/1.1" 304 - "https://downloads.nipponia.com/" "Mozilla/5.0 (Windows NT 10.0; Win64; x64) AppleWebKit/537.36 (KHTML, like Gecko) Chrome/147.0.0.0 Safari/537.36"
79.107.27.66 - - [08/May/2026:08:18:35 +0000] "GET /wp-content/plugins/elementor/assets/lib/e-gallery/js/e-gallery.min.js?ver=1.2.0 HTTP/1.1" 304 - "https://downloads.nipponia.com/" "Mozilla/5.0 (Windows NT 10.0; Win64; x64) AppleWebKit/537.36 (KHTML, like Gecko) Chrome/147.0.0.0 Safari/537.36"
79.107.27.66 - - [08/May/2026:08:18:35 +0000] "GET /wp-content/plugins/elementor/assets/js/frontend-modules.min.js?ver=4.0.7 HTTP/1.1" 200 50602 "https://downloads.nipponia.com/" "Mozilla/5.0 (Windows NT 10.0; Win64; x64) AppleWebKit/537.36 (KHTML, like Gecko) Chrome/147.0.0.0 Safari/537.36"
79.107.27.66 - - [08/May/2026:08:18:35 +0000] "GET /wp-content/plugins/elementor/assets/js/frontend.min.js?ver=4.0.7 HTTP/1.1" 200 31928 "https://downloads.nipponia.com/" "Mozilla/5.0 (Windows NT 10.0; Win64; x64) AppleWebKit/537.36 (KHTML, like Gecko) Chrome/147.0.0.0 Safari/537.36"
79.107.27.66 - - [08/May/2026:08:18:35 +0000] "GET /wp-content/plugins/elementor/assets/js/webpack.runtime.min.js?ver=4.0.7 HTTP/1.1" 200 5722 "https://downloads.nipponia.com/" "Mozilla/5.0 (Windows NT 10.0; Win64; x64) AppleWebKit/537.36 (KHTML, like Gecko) Chrome/147.0.0.0 Safari/537.36"
79.107.27.66 - - [08/May/2026:08:18:35 +0000] "GET /wp-content/plugins/elementor-pro/assets/js/webpack-pro.runtime.min.js?ver=4.0.4 HTTP/1.1" 304 - "https://downloads.nipponia.com/" "Mozilla/5.0 (Windows NT 10.0; Win64; x64) AppleWebKit/537.36 (KHTML, like Gecko) Chrome/147.0.0.0 Safari/537.36"
79.107.27.66 - - [08/May/2026:08:18:35 +0000] "GET /wp-content/plugins/elementor/assets/lib/font-awesome/webfonts/fa-solid-900.woff2 HTTP/1.1" 304 - "https://downloads.nipponia.com/wp-content/plugins/elementor/assets/lib/font-awesome/css/solid.min.css?ver=5.15.3" "Mozilla/5.0 (Windows NT 10.0; Win64; x64) AppleWebKit/537.36 (KHTML, like Gecko) Chrome/147.0.0.0 Safari/537.36"
79.107.27.66 - - [08/May/2026:08:18:35 +0000] "GET /wp-content/plugins/elementor/assets/lib/font-awesome/webfonts/fa-brands-400.woff2 HTTP/1.1" 304 - "https://downloads.nipponia.com/wp-content/plugins/elementor/assets/lib/font-awesome/css/brands.min.css?ver=5.15.3" "Mozilla/5.0 (Windows NT 10.0; Win64; x64) AppleWebKit/537.36 (KHTML, like Gecko) Chrome/147.0.0.0 Safari/537.36"
79.107.27.66 - - [08/May/2026:08:18:35 +0000] "GET /wp-content/plugins/elementor-pro/assets/js/frontend.min.js?ver=4.0.4 HTTP/1.1" 304 - "https://downloads.nipponia.com/" "Mozilla/5.0 (Windows NT 10.0; Win64; x64) AppleWebKit/537.36 (KHTML, like Gecko) Chrome/147.0.0.0 Safari/537.36"
79.107.27.66 - - [08/May/2026:08:18:35 +0000] "GET /wp-content/plugins/elementor-pro/assets/js/elements-handlers.min.js?ver=4.0.4 HTTP/1.1" 304 - "https://downloads.nipponia.com/" "Mozilla/5.0 (Windows NT 10.0; Win64; x64) AppleWebKit/537.36 (KHTML, like Gecko) Chrome/147.0.0.0 Safari/537.36"
79.107.27.66 - - [08/May/2026:08:18:36 +0000] "GET /wp-content/plugins/elementor-pro/assets/js/search-form.9abeafeecde90cf7e0f4.bundle.min.js HTTP/1.1" 304 - "https://downloads.nipponia.com/" "Mozilla/5.0 (Windows NT 10.0; Win64; x64) AppleWebKit/537.36 (KHTML, like Gecko) Chrome/147.0.0.0 Safari/537.36"
79.107.27.66 - - [08/May/2026:08:18:36 +0000] "GET /wp-content/plugins/elementor/assets/js/shared-frontend-handlers.03caa53373b56d3bab67.bundle.min.js HTTP/1.1" 304 - "https://downloads.nipponia.com/" "Mozilla/5.0 (Windows NT 10.0; Win64; x64) AppleWebKit/537.36 (KHTML, like Gecko) Chrome/147.0.0.0 Safari/537.36"
79.107.27.66 - - [08/May/2026:08:18:36 +0000] "GET /wp-content/plugins/elementor/assets/js/section-frontend-handlers.d85ab872da118940910d.bundle.min.js HTTP/1.1" 304 - "https://downloads.nipponia.com/" "Mozilla/5.0 (Windows NT 10.0; Win64; x64) AppleWebKit/537.36 (KHTML, like Gecko) Chrome/147.0.0.0 Safari/537.36"
79.107.27.66 - - [08/May/2026:08:18:36 +0000] "GET /wp-content/plugins/elementor-pro/assets/js/gallery.cca2358f59857ce6f62f.bundle.min.js HTTP/1.1" 200 5897 "https://downloads.nipponia.com/" "Mozilla/5.0 (Windows NT 10.0; Win64; x64) AppleWebKit/537.36 (KHTML, like Gecko) Chrome/147.0.0.0 Safari/537.36"
79.107.27.66 - - [08/May/2026:08:18:36 +0000] "GET /wp-content/uploads/2026/04/magnetoXP-banner-front-page-web.jpg HTTP/1.1" 304 - "https://downloads.nipponia.com/" "Mozilla/5.0 (Windows NT 10.0; Win64; x64) AppleWebKit/537.36 (KHTML, like Gecko) Chrome/147.0.0.0 Safari/537.36"
79.107.27.66 - - [08/May/2026:08:18:36 +0000] "GET /wp-content/uploads/2026/04/brutus-banner-front-page-web.jpg HTTP/1.1" 304 - "https://downloads.nipponia.com/" "Mozilla/5.0 (Windows NT 10.0; Win64; x64) AppleWebKit/537.36 (KHTML, like Gecko) Chrome/147.0.0.0 Safari/537.36"
79.107.27.66 - - [08/May/2026:08:18:36 +0000] "GET /wp-content/uploads/2026/04/np200-banner-front-page-web.jpg HTTP/1.1" 304 - "https://downloads.nipponia.com/" "Mozilla/5.0 (Windows NT 10.0; Win64; x64) AppleWebKit/537.36 (KHTML, like Gecko) Chrome/147.0.0.0 Safari/537.36"
79.107.27.66 - - [08/May/2026:08:18:36 +0000] "GET /wp-content/uploads/2026/04/Volty-Blue-Pasolas-Electricas-1-768x768.jpg HTTP/1.1" 200 47345 "https://downloads.nipponia.com/" "Mozilla/5.0 (Windows NT 10.0; Win64; x64) AppleWebKit/537.36 (KHTML, like Gecko) Chrome/147.0.0.0 Safari/537.36"
79.107.27.66 - - [08/May/2026:08:18:36 +0000] "GET /wp-content/uploads/2026/04/space-110-banner-front-page-web.jpg HTTP/1.1" 304 - "https://downloads.nipponia.com/" "Mozilla/5.0 (Windows NT 10.0; Win64; x64) AppleWebKit/537.36 (KHTML, like Gecko) Chrome/147.0.0.0 Safari/537.36"
79.107.27.66 - - [08/May/2026:08:18:36 +0000] "GET /wp-content/uploads/2025/07/downloads-site-banner-Miro-130--768x768.png HTTP/1.1" 200 654159 "https://downloads.nipponia.com/" "Mozilla/5.0 (Windows NT 10.0; Win64; x64) AppleWebKit/537.36 (KHTML, like Gecko) Chrome/147.0.0.0 Safari/537.36"
20.123.172.228 - - [08/May/2026:08:18:08 +0000] "POST /wp-admin/admin-ajax.php?action=as_async_request_queue_runner&nonce=8564befa9d HTTP/1.1" 200 - "-" "WordPress/6.9.4; https://downloads.nipponia.com"
79.107.27.66 - - [08/May/2026:08:21:22 +0000] "GET /wp-login.php HTTP/1.1" 200 8791 "-" "Mozilla/5.0 (Windows NT 10.0; Win64; x64) AppleWebKit/537.36 (KHTML, like Gecko) Chrome/147.0.0.0 Safari/537.36"
79.107.27.66 - - [08/May/2026:08:21:33 +0000] "GET /wp-content/plugins/wordfence/modules/login-security/css/login.1778081072.css?ver=1.1.16 HTTP/1.1" 200 2506 "https://downloads.nipponia.com/wp-login.php" "Mozilla/5.0 (Windows NT 10.0; Win64; x64) AppleWebKit/537.36 (KHTML, like Gecko) Chrome/147.0.0.0 Safari/537.36"
79.107.27.66 - - [08/May/2026:08:21:33 +0000] "GET /wp-content/plugins/wordfence/modules/login-security/js/login.1778081072.js?ver=1.1.16 HTTP/1.1" 200 19792 "https://downloads.nipponia.com/wp-login.php" "Mozilla/5.0 (Windows NT 10.0; Win64; x64) AppleWebKit/537.36 (KHTML, like Gecko) Chrome/147.0.0.0 Safari/537.36"
79.107.27.66 - - [08/May/2026:08:21:33 +0000] "GET /wp-includes/js/wp-util.min.js?ver=6.9.4 HTTP/1.1" 304 - "https://downloads.nipponia.com/wp-login.php" "Mozilla/5.0 (Windows NT 10.0; Win64; x64) AppleWebKit/537.36 (KHTML, like Gecko) Chrome/147.0.0.0 Safari/537.36"
20.123.172.228 - - [08/May/2026:08:23:49 +0000] "POST /wp-admin/admin-ajax.php?action=as_async_request_queue_runner&nonce=8564befa9d HTTP/1.1" 200 - "-" "WordPress/6.9.4; https://downloads.nipponia.com"
20.123.172.228 - - [08/May/2026:08:24:17 +0000] "POST /wp-cron.php?doing_wp_cron=1778228657.8379960060119628906250 HTTP/1.1" 200 - "-" "WordPress/6.9.4; https://downloads.nipponia.com"
20.123.172.228 - - [08/May/2026:08:29:48 +0000] "POST /wp-admin/admin-ajax.php?action=as_async_request_queue_runner&nonce=8564befa9d HTTP/1.1" 200 - "-" "WordPress/6.9.4; https://downloads.nipponia.com"
79.107.27.66 - - [08/May/2026:08:31:37 +0000] "GET / HTTP/1.1" 200 31290 "-" "Mozilla/5.0 (Windows NT 10.0; Win64; x64) AppleWebKit/537.36 (KHTML, like Gecko) Chrome/147.0.0.0 Safari/537.36"
79.107.27.66 - - [08/May/2026:08:31:40 +0000] "GET / HTTP/1.1" 200 69340 "-" "Mozilla/5.0 (Windows NT 10.0; Win64; x64) AppleWebKit/537.36 (KHTML, like Gecko) Chrome/147.0.0.0 Safari/537.36"
79.107.27.66 - - [08/May/2026:08:33:07 +0000] "GET /motocicletas HTTP/1.1" 301 - "https://downloads.nipponia.com/" "Mozilla/5.0 (Windows NT 10.0; Win64; x64) AppleWebKit/537.36 (KHTML, like Gecko) Chrome/147.0.0.0 Safari/537.36"
79.107.27.66 - - [08/May/2026:08:33:16 +0000] "GET /motocicletas HTTP/1.1" 301 - "https://downloads.nipponia.com/" "Mozilla/5.0 (Windows NT 10.0; Win64; x64) AppleWebKit/537.36 (KHTML, like Gecko) Chrome/147.0.0.0 Safari/537.36"
79.107.27.66 - - [08/May/2026:08:33:48 +0000] "GET /wp-content/uploads/elementor/css/post-481.css?ver=1778229227 HTTP/1.1" 200 5807 "https://downloads.nipponia.com/motocicletas/" "Mozilla/5.0 (Windows NT 10.0; Win64; x64) AppleWebKit/537.36 (KHTML, like Gecko) Chrome/147.0.0.0 Safari/537.36"
79.107.27.66 - - [08/May/2026:08:33:48 +0000] "GET /wp-content/plugins/elementor-pro/assets/css/widget-posts.min.css?ver=4.0.4 HTTP/1.1" 200 16950 "https://downloads.nipponia.com/motocicletas/" "Mozilla/5.0 (Windows NT 10.0; Win64; x64) AppleWebKit/537.36 (KHTML, like Gecko) Chrome/147.0.0.0 Safari/537.36"
79.107.27.66 - - [08/May/2026:08:33:49 +0000] "GET /wp-content/uploads/2025/07/Front_right-scaled.jpg HTTP/1.1" 200 263947 "https://downloads.nipponia.com/motocicletas/" "Mozilla/5.0 (Windows NT 10.0; Win64; x64) AppleWebKit/537.36 (KHTML, like Gecko) Chrome/147.0.0.0 Safari/537.36"
79.107.27.66 - - [08/May/2026:08:33:49 +0000] "GET /wp-content/uploads/2026/04/Front-right.jpg HTTP/1.1" 200 1127959 "https://downloads.nipponia.com/motocicletas/" "Mozilla/5.0 (Windows NT 10.0; Win64; x64) AppleWebKit/537.36 (KHTML, like Gecko) Chrome/147.0.0.0 Safari/537.36"
79.107.27.66 - - [08/May/2026:08:33:49 +0000] "GET /wp-includes/js/imagesloaded.min.js?ver=5.0.0 HTTP/1.1" 200 5520 "https://downloads.nipponia.com/motocicletas/" "Mozilla/5.0 (Windows NT 10.0; Win64; x64) AppleWebKit/537.36 (KHTML, like Gecko) Chrome/147.0.0.0 Safari/537.36"
79.107.27.66 - - [08/May/2026:08:33:29 +0000] "GET /motocicletas/ HTTP/1.1" 200 53195 "https://downloads.nipponia.com/" "Mozilla/5.0 (Windows NT 10.0; Win64; x64) AppleWebKit/537.36 (KHTML, like Gecko) Chrome/147.0.0.0 Safari/537.36"
79.107.27.66 - - [08/May/2026:08:33:50 +0000] "GET /wp-content/plugins/elementor-pro/assets/js/load-more.7c4417f8a727b79f546f.bundle.min.js HTTP/1.1" 200 5329 "https://downloads.nipponia.com/motocicletas/" "Mozilla/5.0 (Windows NT 10.0; Win64; x64) AppleWebKit/537.36 (KHTML, like Gecko) Chrome/147.0.0.0 Safari/537.36"
79.107.27.66 - - [08/May/2026:08:33:50 +0000] "GET /wp-content/plugins/elementor-pro/assets/js/posts.844727d8428792223d2f.bundle.min.js HTTP/1.1" 200 3306 "https://downloads.nipponia.com/motocicletas/" "Mozilla/5.0 (Windows NT 10.0; Win64; x64) AppleWebKit/537.36 (KHTML, like Gecko) Chrome/147.0.0.0 Safari/537.36"
20.123.172.228 - - [08/May/2026:08:33:49 +0000] "POST /wp-cron.php?doing_wp_cron=1778229229.2149560451507568359375 HTTP/1.1" 200 - "-" "WordPress/6.9.4; https://downloads.nipponia.com"
79.107.27.66 - - [08/May/2026:08:34:39 +0000] "GET /model_manual/magneto-xp/ HTTP/1.1" 200 60886 "https://downloads.nipponia.com/motocicletas/" "Mozilla/5.0 (Windows NT 10.0; Win64; x64) AppleWebKit/537.36 (KHTML, like Gecko) Chrome/147.0.0.0 Safari/537.36"
79.107.27.66 - - [08/May/2026:08:34:49 +0000] "GET /model_manual/magneto-xp/ HTTP/1.1" 200 60886 "https://downloads.nipponia.com/motocicletas/" "Mozilla/5.0 (Windows NT 10.0; Win64; x64) AppleWebKit/537.36 (KHTML, like Gecko) Chrome/147.0.0.0 Safari/537.36"
79.107.27.66 - - [08/May/2026:08:35:10 +0000] "GET /wp-includes/css/dist/block-library/style.min.css?ver=6.9.4 HTTP/1.1" 200 119358 "https://downloads.nipponia.com/model_manual/magneto-xp/" "Mozilla/5.0 (Windows NT 10.0; Win64; x64) AppleWebKit/537.36 (KHTML, like Gecko) Chrome/147.0.0.0 Safari/537.36"
79.107.27.66 - - [08/May/2026:08:35:10 +0000] "GET /wp-content/plugins/elementor/assets/css/widget-spacer.min.css?ver=4.0.7 HTTP/1.1" 200 1793 "https://downloads.nipponia.com/model_manual/magneto-xp/" "Mozilla/5.0 (Windows NT 10.0; Win64; x64) AppleWebKit/537.36 (KHTML, like Gecko) Chrome/147.0.0.0 Safari/537.36"
79.107.27.66 - - [08/May/2026:08:35:10 +0000] "GET /wp-content/uploads/elementor/css/post-29.css?ver=1778162213 HTTP/1.1" 200 6919 "https://downloads.nipponia.com/model_manual/magneto-xp/" "Mozilla/5.0 (Windows NT 10.0; Win64; x64) AppleWebKit/537.36 (KHTML, like Gecko) Chrome/147.0.0.0 Safari/537.36"
79.107.27.66 - - [08/May/2026:08:35:10 +0000] "GET /wp-content/uploads/elementor/thumbs/Front_right-scaled-r9k8sokfv8e3zy8xmx30vecpws827zeikj1swqe96o.jpg HTTP/1.1" 200 8678 "https://downloads.nipponia.com/model_manual/magneto-xp/" "Mozilla/5.0 (Windows NT 10.0; Win64; x64) AppleWebKit/537.36 (KHTML, like Gecko) Chrome/147.0.0.0 Safari/537.36"
212.205.99.65 - - [08/May/2026:08:36:51 +0000] "GET /home/ HTTP/1.1" 200 69383 "https://nipponiacaribe.com/" "Mozilla/5.0 (Windows NT 10.0; Win64; x64) AppleWebKit/537.36 (KHTML, like Gecko) Chrome/147.0.0.0 Safari/537.36 Edg/147.0.0.0"
212.205.99.65 - - [08/May/2026:08:37:07 +0000] "GET /wp-content/themes/hello-elementor/assets/css/reset.css?ver=3.4.7 HTTP/1.1" 304 - "https://downloads.nipponia.com/home/" "Mozilla/5.0 (Windows NT 10.0; Win64; x64) AppleWebKit/537.36 (KHTML, like Gecko) Chrome/147.0.0.0 Safari/537.36 Edg/147.0.0.0"
212.205.99.65 - - [08/May/2026:08:37:07 +0000] "GET /wp-content/themes/hello-elementor/assets/css/header-footer.css?ver=3.4.7 HTTP/1.1" 304 - "https://downloads.nipponia.com/home/" "Mozilla/5.0 (Windows NT 10.0; Win64; x64) AppleWebKit/537.36 (KHTML, like Gecko) Chrome/147.0.0.0 Safari/537.36 Edg/147.0.0.0"
212.205.99.65 - - [08/May/2026:08:37:07 +0000] "GET /wp-content/themes/hello-elementor/assets/css/theme.css?ver=3.4.7 HTTP/1.1" 304 - "https://downloads.nipponia.com/home/" "Mozilla/5.0 (Windows NT 10.0; Win64; x64) AppleWebKit/537.36 (KHTML, like Gecko) Chrome/147.0.0.0 Safari/537.36 Edg/147.0.0.0"
212.205.99.65 - - [08/May/2026:08:37:07 +0000] "GET /wp-content/uploads/elementor/css/post-6.css?ver=1778157699 HTTP/1.1" 304 - "https://downloads.nipponia.com/home/" "Mozilla/5.0 (Windows NT 10.0; Win64; x64) AppleWebKit/537.36 (KHTML, like Gecko) Chrome/147.0.0.0 Safari/537.36 Edg/147.0.0.0"
212.205.99.65 - - [08/May/2026:08:37:07 +0000] "GET /wp-content/plugins/elementor/assets/css/widget-image.min.css?ver=4.0.7 HTTP/1.1" 304 - "https://downloads.nipponia.com/home/" "Mozilla/5.0 (Windows NT 10.0; Win64; x64) AppleWebKit/537.36 (KHTML, like Gecko) Chrome/147.0.0.0 Safari/537.36 Edg/147.0.0.0"
212.205.99.65 - - [08/May/2026:08:37:07 +0000] "GET /wp-content/plugins/elementor/assets/css/frontend.min.css?ver=4.0.7 HTTP/1.1" 304 - "https://downloads.nipponia.com/home/" "Mozilla/5.0 (Windows NT 10.0; Win64; x64) AppleWebKit/537.36 (KHTML, like Gecko) Chrome/147.0.0.0 Safari/537.36 Edg/147.0.0.0"
212.205.99.65 - - [08/May/2026:08:37:07 +0000] "GET /wp-content/plugins/elementor/assets/css/widget-heading.min.css?ver=4.0.7 HTTP/1.1" 304 - "https://downloads.nipponia.com/home/" "Mozilla/5.0 (Windows NT 10.0; Win64; x64) AppleWebKit/537.36 (KHTML, like Gecko) Chrome/147.0.0.0 Safari/537.36 Edg/147.0.0.0"
212.205.99.65 - - [08/May/2026:08:37:07 +0000] "GET /wp-content/plugins/elementor/assets/css/widget-icon-list.min.css?ver=4.0.7 HTTP/1.1" 304 - "https://downloads.nipponia.com/home/" "Mozilla/5.0 (Windows NT 10.0; Win64; x64) AppleWebKit/537.36 (KHTML, like Gecko) Chrome/147.0.0.0 Safari/537.36 Edg/147.0.0.0"
212.205.99.65 - - [08/May/2026:08:37:07 +0000] "GET /wp-content/plugins/elementor-pro/assets/css/modules/sticky.min.css?ver=4.0.4 HTTP/1.1" 304 - "https://downloads.nipponia.com/home/" "Mozilla/5.0 (Windows NT 10.0; Win64; x64) AppleWebKit/537.36 (KHTML, like Gecko) Chrome/147.0.0.0 Safari/537.36 Edg/147.0.0.0"
212.205.99.65 - - [08/May/2026:08:37:07 +0000] "GET /wp-content/plugins/elementor/assets/css/widget-social-icons.min.css?ver=4.0.7 HTTP/1.1" 304 - "https://downloads.nipponia.com/home/" "Mozilla/5.0 (Windows NT 10.0; Win64; x64) AppleWebKit/537.36 (KHTML, like Gecko) Chrome/147.0.0.0 Safari/537.36 Edg/147.0.0.0"
212.205.99.65 - - [08/May/2026:08:37:07 +0000] "GET /wp-content/plugins/elementor/assets/css/conditionals/apple-webkit.min.css?ver=4.0.7 HTTP/1.1" 304 - "https://downloads.nipponia.com/home/" "Mozilla/5.0 (Windows NT 10.0; Win64; x64) AppleWebKit/537.36 (KHTML, like Gecko) Chrome/147.0.0.0 Safari/537.36 Edg/147.0.0.0"
212.205.99.65 - - [08/May/2026:08:37:07 +0000] "GET /wp-content/plugins/elementor/assets/css/conditionals/shapes.min.css?ver=4.0.7 HTTP/1.1" 304 - "https://downloads.nipponia.com/home/" "Mozilla/5.0 (Windows NT 10.0; Win64; x64) AppleWebKit/537.36 (KHTML, like Gecko) Chrome/147.0.0.0 Safari/537.36 Edg/147.0.0.0"
212.205.99.65 - - [08/May/2026:08:37:07 +0000] "GET /wp-content/plugins/elementor/assets/lib/eicons/css/elementor-icons.min.css?ver=5.48.0 HTTP/1.1" 304 - "https://downloads.nipponia.com/home/" "Mozilla/5.0 (Windows NT 10.0; Win64; x64) AppleWebKit/537.36 (KHTML, like Gecko) Chrome/147.0.0.0 Safari/537.36 Edg/147.0.0.0"
212.205.99.65 - - [08/May/2026:08:37:07 +0000] "GET /wp-content/plugins/elementor-pro/assets/css/widget-search-form.min.css?ver=4.0.4 HTTP/1.1" 304 - "https://downloads.nipponia.com/home/" "Mozilla/5.0 (Windows NT 10.0; Win64; x64) AppleWebKit/537.36 (KHTML, like Gecko) Chrome/147.0.0.0 Safari/537.36 Edg/147.0.0.0"
212.205.99.65 - - [08/May/2026:08:37:07 +0000] "GET /wp-content/plugins/elementor/assets/lib/animations/styles/fadeIn.min.css?ver=4.0.7 HTTP/1.1" 304 - "https://downloads.nipponia.com/home/" "Mozilla/5.0 (Windows NT 10.0; Win64; x64) AppleWebKit/537.36 (KHTML, like Gecko) Chrome/147.0.0.0 Safari/537.36 Edg/147.0.0.0"
212.205.99.65 - - [08/May/2026:08:37:07 +0000] "GET /wp-content/plugins/elementor-pro/assets/css/widget-gallery.min.css?ver=4.0.4 HTTP/1.1" 304 - "https://downloads.nipponia.com/home/" "Mozilla/5.0 (Windows NT 10.0; Win64; x64) AppleWebKit/537.36 (KHTML, like Gecko) Chrome/147.0.0.0 Safari/537.36 Edg/147.0.0.0"
212.205.99.65 - - [08/May/2026:08:37:07 +0000] "GET /wp-content/plugins/elementor/assets/lib/animations/styles/e-animation-pulse.min.css?ver=4.0.7 HTTP/1.1" 304 - "https://downloads.nipponia.com/home/" "Mozilla/5.0 (Windows NT 10.0; Win64; x64) AppleWebKit/537.36 (KHTML, like Gecko) Chrome/147.0.0.0 Safari/537.36 Edg/147.0.0.0"
212.205.99.65 - - [08/May/2026:08:37:07 +0000] "GET /wp-content/plugins/elementor-pro/assets/css/conditionals/transitions.min.css?ver=4.0.4 HTTP/1.1" 304 - "https://downloads.nipponia.com/home/" "Mozilla/5.0 (Windows NT 10.0; Win64; x64) AppleWebKit/537.36 (KHTML, like Gecko) Chrome/147.0.0.0 Safari/537.36 Edg/147.0.0.0"
212.205.99.65 - - [08/May/2026:08:37:07 +0000] "GET /wp-content/uploads/elementor/css/post-147.css?ver=1778157703 HTTP/1.1" 304 - "https://downloads.nipponia.com/home/" "Mozilla/5.0 (Windows NT 10.0; Win64; x64) AppleWebKit/537.36 (KHTML, like Gecko) Chrome/147.0.0.0 Safari/537.36 Edg/147.0.0.0"
212.205.99.65 - - [08/May/2026:08:37:07 +0000] "GET /wp-content/uploads/elementor/css/post-155.css?ver=1778157704 HTTP/1.1" 304 - "https://downloads.nipponia.com/home/" "Mozilla/5.0 (Windows NT 10.0; Win64; x64) AppleWebKit/537.36 (KHTML, like Gecko) Chrome/147.0.0.0 Safari/537.36 Edg/147.0.0.0"
212.205.99.65 - - [08/May/2026:08:37:07 +0000] "GET /wp-content/uploads/elementor/css/post-20.css?ver=1778160175 HTTP/1.1" 304 - "https://downloads.nipponia.com/home/" "Mozilla/5.0 (Windows NT 10.0; Win64; x64) AppleWebKit/537.36 (KHTML, like Gecko) Chrome/147.0.0.0 Safari/537.36 Edg/147.0.0.0"
212.205.99.65 - - [08/May/2026:08:37:07 +0000] "GET /wp-content/plugins/elementor/assets/js/webpack.runtime.min.js?ver=4.0.7 HTTP/1.1" 304 - "https://downloads.nipponia.com/home/" "Mozilla/5.0 (Windows NT 10.0; Win64; x64) AppleWebKit/537.36 (KHTML, like Gecko) Chrome/147.0.0.0 Safari/537.36 Edg/147.0.0.0"
212.205.99.65 - - [08/May/2026:08:37:07 +0000] "GET /wp-content/themes/hello-elementor/assets/js/hello-frontend.js?ver=3.4.7 HTTP/1.1" 304 - "https://downloads.nipponia.com/home/" "Mozilla/5.0 (Windows NT 10.0; Win64; x64) AppleWebKit/537.36 (KHTML, like Gecko) Chrome/147.0.0.0 Safari/537.36 Edg/147.0.0.0"
212.205.99.65 - - [08/May/2026:08:37:07 +0000] "GET /wp-content/plugins/elementor/assets/js/frontend-modules.min.js?ver=4.0.7 HTTP/1.1" 304 - "https://downloads.nipponia.com/home/" "Mozilla/5.0 (Windows NT 10.0; Win64; x64) AppleWebKit/537.36 (KHTML, like Gecko) Chrome/147.0.0.0 Safari/537.36 Edg/147.0.0.0"
212.205.99.65 - - [08/May/2026:08:37:07 +0000] "GET /wp-content/plugins/elementor-pro/assets/lib/sticky/jquery.sticky.min.js?ver=4.0.4 HTTP/1.1" 304 - "https://downloads.nipponia.com/home/" "Mozilla/5.0 (Windows NT 10.0; Win64; x64) AppleWebKit/537.36 (KHTML, like Gecko) Chrome/147.0.0.0 Safari/537.36 Edg/147.0.0.0"
212.205.99.65 - - [08/May/2026:08:37:07 +0000] "GET /wp-content/plugins/elementor/assets/js/frontend.min.js?ver=4.0.7 HTTP/1.1" 304 - "https://downloads.nipponia.com/home/" "Mozilla/5.0 (Windows NT 10.0; Win64; x64) AppleWebKit/537.36 (KHTML, like Gecko) Chrome/147.0.0.0 Safari/537.36 Edg/147.0.0.0"
212.205.99.65 - - [08/May/2026:08:37:07 +0000] "GET /wp-content/plugins/elementor-pro/assets/js/webpack-pro.runtime.min.js?ver=4.0.4 HTTP/1.1" 304 - "https://downloads.nipponia.com/home/" "Mozilla/5.0 (Windows NT 10.0; Win64; x64) AppleWebKit/537.36 (KHTML, like Gecko) Chrome/147.0.0.0 Safari/537.36 Edg/147.0.0.0"
212.205.99.65 - - [08/May/2026:08:37:07 +0000] "GET /wp-content/plugins/elementor-pro/assets/js/frontend.min.js?ver=4.0.4 HTTP/1.1" 304 - "https://downloads.nipponia.com/home/" "Mozilla/5.0 (Windows NT 10.0; Win64; x64) AppleWebKit/537.36 (KHTML, like Gecko) Chrome/147.0.0.0 Safari/537.36 Edg/147.0.0.0"
212.205.99.65 - - [08/May/2026:08:37:07 +0000] "GET /wp-content/plugins/elementor-pro/assets/js/elements-handlers.min.js?ver=4.0.4 HTTP/1.1" 304 - "https://downloads.nipponia.com/home/" "Mozilla/5.0 (Windows NT 10.0; Win64; x64) AppleWebKit/537.36 (KHTML, like Gecko) Chrome/147.0.0.0 Safari/537.36 Edg/147.0.0.0"
212.205.99.65 - - [08/May/2026:08:37:07 +0000] "GET /wp-content/plugins/elementor/assets/js/section-frontend-handlers.d85ab872da118940910d.bundle.min.js HTTP/1.1" 304 - "https://downloads.nipponia.com/home/" "Mozilla/5.0 (Windows NT 10.0; Win64; x64) AppleWebKit/537.36 (KHTML, like Gecko) Chrome/147.0.0.0 Safari/537.36 Edg/147.0.0.0"
212.205.99.65 - - [08/May/2026:08:37:07 +0000] "GET /wp-content/plugins/elementor-pro/assets/js/search-form.9abeafeecde90cf7e0f4.bundle.min.js HTTP/1.1" 304 - "https://downloads.nipponia.com/home/" "Mozilla/5.0 (Windows NT 10.0; Win64; x64) AppleWebKit/537.36 (KHTML, like Gecko) Chrome/147.0.0.0 Safari/537.36 Edg/147.0.0.0"
212.205.99.65 - - [08/May/2026:08:37:07 +0000] "GET /wp-content/plugins/elementor/assets/js/shared-frontend-handlers.03caa53373b56d3bab67.bundle.min.js HTTP/1.1" 304 - "https://downloads.nipponia.com/home/" "Mozilla/5.0 (Windows NT 10.0; Win64; x64) AppleWebKit/537.36 (KHTML, like Gecko) Chrome/147.0.0.0 Safari/537.36 Edg/147.0.0.0"
212.205.99.65 - - [08/May/2026:08:37:07 +0000] "GET /wp-content/plugins/elementor-pro/assets/js/gallery.cca2358f59857ce6f62f.bundle.min.js HTTP/1.1" 304 - "https://downloads.nipponia.com/home/" "Mozilla/5.0 (Windows NT 10.0; Win64; x64) AppleWebKit/537.36 (KHTML, like Gecko) Chrome/147.0.0.0 Safari/537.36 Edg/147.0.0.0"
52.167.144.230 - - [08/May/2026:08:41:06 +0000] "GET /model_manual/address-z-150/ HTTP/1.1" 200 60913 "-" "Mozilla/5.0 AppleWebKit/537.36 (KHTML, like Gecko; compatible; bingbot/2.0; +http://www.bing.com/bingbot.htm) Chrome/116.0.1938.76 Safari/537.36"
40.77.167.7 - - [08/May/2026:08:51:41 +0000] "GET /wp-sitemap-posts-post-1.xml HTTP/1.1" 200 318 "-" "Mozilla/5.0 AppleWebKit/537.36 (KHTML, like Gecko; compatible; bingbot/2.0; +http://www.bing.com/bingbot.htm) Chrome/116.0.1938.76 Safari/537.36"
20.123.172.228 - - [08/May/2026:08:51:52 +0000] "POST /wp-cron.php?doing_wp_cron=1778230312.5241808891296386718750 HTTP/1.1" 200 - "-" "WordPress/6.9.4; https://downloads.nipponia.com"
79.107.27.66 - - [08/May/2026:08:54:52 +0000] "GET /wp-content/uploads/2025/07/Magneto-XP-1.zip HTTP/1.1" 200 12383659 "https://downloads.nipponia.com/model_manual/magneto-xp/" "Mozilla/5.0 (Windows NT 10.0; Win64; x64) AppleWebKit/537.36 (KHTML, like Gecko) Chrome/147.0.0.0 Safari/537.36"
79.107.27.66 - - [08/May/2026:08:54:37 +0000] "GET /model_manual/magneto-xp/ HTTP/1.1" 200 60886 "https://downloads.nipponia.com/motocicletas/" "Mozilla/5.0 (Windows NT 10.0; Win64; x64) AppleWebKit/537.36 (KHTML, like Gecko) Chrome/147.0.0.0 Safari/537.36"
79.107.27.66 - - [08/May/2026:08:54:42 +0000] "GET /wp-login.php HTTP/1.1" 200 8791 "-" "Mozilla/5.0 (Windows NT 10.0; Win64; x64) AppleWebKit/537.36 (KHTML, like Gecko) Chrome/147.0.0.0 Safari/537.36"
79.107.27.66 - - [08/May/2026:08:55:04 +0000] "GET /wp-content/uploads/2025/08/cropped-logo-nipponia-512-512px-1-32x32.png HTTP/1.1" 200 1235 "https://downloads.nipponia.com/wp-login.php" "Mozilla/5.0 (Windows NT 10.0; Win64; x64) AppleWebKit/537.36 (KHTML, like Gecko) Chrome/147.0.0.0 Safari/537.36"
79.107.27.66 - - [08/May/2026:08:55:44 +0000] "GET / HTTP/1.1" 200 31290 "https://downloads.nipponia.com/model_manual/magneto-xp/" "Mozilla/5.0 (Windows NT 10.0; Win64; x64) AppleWebKit/537.36 (KHTML, like Gecko) Chrome/147.0.0.0 Safari/537.36"
79.107.27.66 - - [08/May/2026:08:55:53 +0000] "GET / HTTP/1.1" 200 69340 "https://downloads.nipponia.com/model_manual/magneto-xp/" "Mozilla/5.0 (Windows NT 10.0; Win64; x64) AppleWebKit/537.36 (KHTML, like Gecko) Chrome/147.0.0.0 Safari/537.36"
52.167.144.232 - - [08/May/2026:09:00:42 +0000] "GET /model_manual/fantasy-150/ HTTP/1.1" 404 44472 "-" "Mozilla/5.0 AppleWebKit/537.36 (KHTML, like Gecko; compatible; bingbot/2.0; +http://www.bing.com/bingbot.htm) Chrome/116.0.1938.76 Safari/537.36"
52.167.144.232 - - [08/May/2026:09:01:31 +0000] "GET /model_manual/fantasy-150/ HTTP/1.1" 404 44472 "-" "Mozilla/5.0 AppleWebKit/537.36 (KHTML, like Gecko; compatible; bingbot/2.0; +http://www.bing.com/bingbot.htm) Chrome/116.0.1938.76 Safari/537.36"
20.123.172.228 - - [08/May/2026:09:01:45 +0000] "POST /wp-cron.php?doing_wp_cron=1778230905.6984570026397705078125 HTTP/1.1" 200 - "-" "WordPress/6.9.4; https://downloads.nipponia.com"
110.249.202.139 - - [08/May/2026:09:15:40 +0000] "GET /wp-content/uploads/2026/04/FTN150_SPC_v26.04_1.pdf HTTP/1.1" 200 2453638 "-" "Mozilla/5.0 (Linux; Android 5.0) AppleWebKit/537.36 (KHTML, like Gecko) Mobile Safari/537.36 (compatible; Bytespider; https://zhanzhang.toutiao.com/)"
66.249.66.5 - - [08/May/2026:09:28:39 +0000] "GET /model_manual/vrs-150/ HTTP/1.1" 200 60886 "-" "Mozilla/5.0 (Linux; Android 6.0.1; Nexus 5X Build/MMB29P) AppleWebKit/537.36 (KHTML, like Gecko) Chrome/147.0.7727.137 Mobile Safari/537.36 (compatible; Googlebot/2.1; +http://www.google.com/bot.html)"
20.123.172.228 - - [08/May/2026:09:28:56 +0000] "POST /wp-cron.php?doing_wp_cron=1778232536.8033618927001953125000 HTTP/1.1" 200 - "-" "WordPress/6.9.4; https://downloads.nipponia.com"
