PATH:
var
/
log
/
apache2
/
domlogs
/
centosnipponia
212.205.99.65 - - [06/May/2026:12:26:55 +0000] "POST /wp-admin/admin-ajax.php HTTP/1.1" 200 58 "https://downloads.nipponia.com/wp-login.php" "Mozilla/5.0 (Windows NT 10.0; Win64; x64) AppleWebKit/537.36 (KHTML, like Gecko) Chrome/148.0.0.0 Safari/537.36"
20.123.172.228 - - [06/May/2026:12:27:06 +0000] "POST /wp-cron.php?doing_wp_cron=1778070426.8874540328979492187500 HTTP/1.1" 200 - "-" "WordPress/6.9.4; https://downloads.nipponia.com"
212.205.99.65 - - [06/May/2026:12:27:43 +0000] "POST /wp-login.php HTTP/1.1" 302 - "https://downloads.nipponia.com/wp-login.php" "Mozilla/5.0 (Windows NT 10.0; Win64; x64) AppleWebKit/537.36 (KHTML, like Gecko) Chrome/148.0.0.0 Safari/537.36"
20.123.172.228 - - [06/May/2026:12:27:56 +0000] "POST /wp-cron.php?doing_wp_cron=1778070476.3709809780120849609375 HTTP/1.1" 200 - "-" "WordPress/6.9.4; https://downloads.nipponia.com"
212.205.99.65 - - [06/May/2026:12:27:57 +0000] "GET /wp-admin/ HTTP/1.1" 200 57578 "https://downloads.nipponia.com/wp-login.php" "Mozilla/5.0 (Windows NT 10.0; Win64; x64) AppleWebKit/537.36 (KHTML, like Gecko) Chrome/148.0.0.0 Safari/537.36"
212.205.99.65 - - [06/May/2026:12:28:12 +0000] "GET /wp-content/plugins/wordfence/css/wf-font-awesome.1777414075.css?ver=8.2.0 HTTP/1.1" 200 107174 "https://downloads.nipponia.com/wp-admin/" "Mozilla/5.0 (Windows NT 10.0; Win64; x64) AppleWebKit/537.36 (KHTML, like Gecko) Chrome/148.0.0.0 Safari/537.36"
212.205.99.65 - - [06/May/2026:12:28:12 +0000] "GET /wp-content/plugins/wordfence/css/wf-global.1777414075.css?ver=8.2.0 HTTP/1.1" 200 525 "https://downloads.nipponia.com/wp-admin/" "Mozilla/5.0 (Windows NT 10.0; Win64; x64) AppleWebKit/537.36 (KHTML, like Gecko) Chrome/148.0.0.0 Safari/537.36"
212.205.99.65 - - [06/May/2026:12:28:12 +0000] "GET /wp-includes/js/thickbox/thickbox.css?ver=6.9.4 HTTP/1.1" 200 937 "https://downloads.nipponia.com/wp-admin/" "Mozilla/5.0 (Windows NT 10.0; Win64; x64) AppleWebKit/537.36 (KHTML, like Gecko) Chrome/148.0.0.0 Safari/537.36"
212.205.99.65 - - [06/May/2026:12:28:12 +0000] "GET /wp-content/plugins/wordfence/css/activity-report-widget.1777414075.css?ver=8.2.0 HTTP/1.1" 200 612 "https://downloads.nipponia.com/wp-admin/" "Mozilla/5.0 (Windows NT 10.0; Win64; x64) AppleWebKit/537.36 (KHTML, like Gecko) Chrome/148.0.0.0 Safari/537.36"
212.205.99.65 - - [06/May/2026:12:28:12 +0000] "GET /wp-content/plugins/advanced-custom-fields/assets/build/css/acf-global.min.css?ver=6.8.0 HTTP/1.1" 200 25310 "https://downloads.nipponia.com/wp-admin/" "Mozilla/5.0 (Windows NT 10.0; Win64; x64) AppleWebKit/537.36 (KHTML, like Gecko) Chrome/148.0.0.0 Safari/537.36"
212.205.99.65 - - [06/May/2026:12:28:12 +0000] "GET /wp-content/plugins/wordfence/modules/login-security/css/admin-global.1777414075.css?ver=1.1.16 HTTP/1.1" 200 3372 "https://downloads.nipponia.com/wp-admin/" "Mozilla/5.0 (Windows NT 10.0; Win64; x64) AppleWebKit/537.36 (KHTML, like Gecko) Chrome/148.0.0.0 Safari/537.36"
212.205.99.65 - - [06/May/2026:12:28:12 +0000] "GET /wp-content/plugins/wordfence/css/wordfenceBox.1777414075.css?ver=8.2.0 HTTP/1.1" 200 1833 "https://downloads.nipponia.com/wp-admin/" "Mozilla/5.0 (Windows NT 10.0; Win64; x64) AppleWebKit/537.36 (KHTML, like Gecko) Chrome/148.0.0.0 Safari/537.36"
212.205.99.65 - - [06/May/2026:12:28:12 +0000] "GET /wp-content/plugins/image-optimization/assets/build/style-admin.css?ver=1.7.4 HTTP/1.1" 200 2209 "https://downloads.nipponia.com/wp-admin/" "Mozilla/5.0 (Windows NT 10.0; Win64; x64) AppleWebKit/537.36 (KHTML, like Gecko) Chrome/148.0.0.0 Safari/537.36"
212.205.99.65 - - [06/May/2026:12:28:12 +0000] "GET /wp-content/plugins/wordfence/css/license/free-global.1777414075.css?ver=8.2.0 HTTP/1.1" 200 3098 "https://downloads.nipponia.com/wp-admin/" "Mozilla/5.0 (Windows NT 10.0; Win64; x64) AppleWebKit/537.36 (KHTML, like Gecko) Chrome/148.0.0.0 Safari/537.36"
212.205.99.65 - - [06/May/2026:12:28:12 +0000] "GET /wp-content/plugins/elementor/vendor/elementor/wp-one-package/assets/build/common.css?ver=1.0.60 HTTP/1.1" 200 657 "https://downloads.nipponia.com/wp-admin/" "Mozilla/5.0 (Windows NT 10.0; Win64; x64) AppleWebKit/537.36 (KHTML, like Gecko) Chrome/148.0.0.0 Safari/537.36"
212.205.99.65 - - [06/May/2026:12:28:12 +0000] "GET /wp-content/plugins/image-optimization/assets/build/control.css?ver=1.7.4 HTTP/1.1" 200 810 "https://downloads.nipponia.com/wp-admin/" "Mozilla/5.0 (Windows NT 10.0; Win64; x64) AppleWebKit/537.36 (KHTML, like Gecko) Chrome/148.0.0.0 Safari/537.36"
212.205.99.65 - - [06/May/2026:12:28:12 +0000] "GET /wp-content/plugins/elementor/assets/css/modules/editor-one/admin-menu.min.css?ver=4.0.7 HTTP/1.1" 200 1141 "https://downloads.nipponia.com/wp-admin/" "Mozilla/5.0 (Windows NT 10.0; Win64; x64) AppleWebKit/537.36 (KHTML, like Gecko) Chrome/148.0.0.0 Safari/537.36"
212.205.99.65 - - [06/May/2026:12:28:12 +0000] "GET /wp-content/plugins/elementor/assets/css/common.min.css?ver=4.0.7 HTTP/1.1" 200 3451 "https://downloads.nipponia.com/wp-admin/" "Mozilla/5.0 (Windows NT 10.0; Win64; x64) AppleWebKit/537.36 (KHTML, like Gecko) Chrome/148.0.0.0 Safari/537.36"
212.205.99.65 - - [06/May/2026:12:28:12 +0000] "GET /wp-content/plugins/elementor-pro/assets/css/admin.min.css?ver=4.0.4 HTTP/1.1" 200 3744 "https://downloads.nipponia.com/wp-admin/" "Mozilla/5.0 (Windows NT 10.0; Win64; x64) AppleWebKit/537.36 (KHTML, like Gecko) Chrome/148.0.0.0 Safari/537.36"
212.205.99.65 - - [06/May/2026:12:28:12 +0000] "GET /wp-content/plugins/elementor/assets/css/theme-light.min.css?ver=4.0.7 HTTP/1.1" 200 715 "https://downloads.nipponia.com/wp-admin/" "Mozilla/5.0 (Windows NT 10.0; Win64; x64) AppleWebKit/537.36 (KHTML, like Gecko) Chrome/148.0.0.0 Safari/537.36"
212.205.99.65 - - [06/May/2026:12:28:12 +0000] "GET /wp-content/plugins/elementor/assets/css/admin.min.css?ver=4.0.7 HTTP/1.1" 200 13469 "https://downloads.nipponia.com/wp-admin/" "Mozilla/5.0 (Windows NT 10.0; Win64; x64) AppleWebKit/537.36 (KHTML, like Gecko) Chrome/148.0.0.0 Safari/537.36"
212.205.99.65 - - [06/May/2026:12:28:12 +0000] "GET /wp-content/plugins/wordfence/js/wfi18n.1777414075.js?ver=8.2.0 HTTP/1.1" 200 2098 "https://downloads.nipponia.com/wp-admin/" "Mozilla/5.0 (Windows NT 10.0; Win64; x64) AppleWebKit/537.36 (KHTML, like Gecko) Chrome/148.0.0.0 Safari/537.36"
212.205.99.65 - - [06/May/2026:12:28:12 +0000] "GET /wp-content/plugins/wordfence/js/wfglobal.1777414075.js?ver=8.2.0 HTTP/1.1" 200 10844 "https://downloads.nipponia.com/wp-admin/" "Mozilla/5.0 (Windows NT 10.0; Win64; x64) AppleWebKit/537.36 (KHTML, like Gecko) Chrome/148.0.0.0 Safari/537.36"
212.205.99.65 - - [06/May/2026:12:28:12 +0000] "GET /wp-content/plugins/wordfence/js/admin.ajaxWatcher.1777414075.js?ver=8.2.0 HTTP/1.1" 200 5951 "https://downloads.nipponia.com/wp-admin/" "Mozilla/5.0 (Windows NT 10.0; Win64; x64) AppleWebKit/537.36 (KHTML, like Gecko) Chrome/148.0.0.0 Safari/537.36"
212.205.99.65 - - [06/May/2026:12:28:12 +0000] "GET /wp-content/plugins/wordfence/css/wf-adminbar.1777414075.css?ver=8.2.0 HTTP/1.1" 200 89202 "https://downloads.nipponia.com/wp-admin/" "Mozilla/5.0 (Windows NT 10.0; Win64; x64) AppleWebKit/537.36 (KHTML, like Gecko) Chrome/148.0.0.0 Safari/537.36"
212.205.99.65 - - [06/May/2026:12:28:12 +0000] "GET /wp-content/plugins/wordfence/js/wfdashboard.1777414075.js?ver=8.2.0 HTTP/1.1" 200 200 "https://downloads.nipponia.com/wp-admin/" "Mozilla/5.0 (Windows NT 10.0; Win64; x64) AppleWebKit/537.36 (KHTML, like Gecko) Chrome/148.0.0.0 Safari/537.36"
212.205.99.65 - - [06/May/2026:12:28:12 +0000] "GET /wp-content/plugins/wordfence/js/wfpopover.1777414075.js?ver=8.2.0 HTTP/1.1" 200 6408 "https://downloads.nipponia.com/wp-admin/" "Mozilla/5.0 (Windows NT 10.0; Win64; x64) AppleWebKit/537.36 (KHTML, like Gecko) Chrome/148.0.0.0 Safari/537.36"
212.205.99.65 - - [06/May/2026:12:28:12 +0000] "GET /wp-includes/css/editor.min.css?ver=6.9.4 HTTP/1.1" 200 5929 "https://downloads.nipponia.com/wp-admin/" "Mozilla/5.0 (Windows NT 10.0; Win64; x64) AppleWebKit/537.36 (KHTML, like Gecko) Chrome/148.0.0.0 Safari/537.36"
212.205.99.65 - - [06/May/2026:12:28:12 +0000] "GET /wp-content/plugins/wordfence/images/wf-horizontal.svg HTTP/1.1" 200 4953 "https://downloads.nipponia.com/wp-admin/" "Mozilla/5.0 (Windows NT 10.0; Win64; x64) AppleWebKit/537.36 (KHTML, like Gecko) Chrome/148.0.0.0 Safari/537.36"
212.205.99.65 - - [06/May/2026:12:28:12 +0000] "GET /wp-admin/js/common.min.js?ver=6.9.4 HTTP/1.1" 200 7803 "https://downloads.nipponia.com/wp-admin/" "Mozilla/5.0 (Windows NT 10.0; Win64; x64) AppleWebKit/537.36 (KHTML, like Gecko) Chrome/148.0.0.0 Safari/537.36"
212.205.99.65 - - [06/May/2026:12:28:12 +0000] "GET /wp-includes/js/hoverintent-js.min.js?ver=2.2.1 HTTP/1.1" 200 718 "https://downloads.nipponia.com/wp-admin/" "Mozilla/5.0 (Windows NT 10.0; Win64; x64) AppleWebKit/537.36 (KHTML, like Gecko) Chrome/148.0.0.0 Safari/537.36"
212.205.99.65 - - [06/May/2026:12:28:12 +0000] "GET /wp-includes/js/admin-bar.min.js?ver=6.9.4 HTTP/1.1" 200 1357 "https://downloads.nipponia.com/wp-admin/" "Mozilla/5.0 (Windows NT 10.0; Win64; x64) AppleWebKit/537.36 (KHTML, like Gecko) Chrome/148.0.0.0 Safari/537.36"
212.205.99.65 - - [06/May/2026:12:28:13 +0000] "GET /wp-includes/js/wp-pointer.min.js?ver=6.9.4 HTTP/1.1" 200 1328 "https://downloads.nipponia.com/wp-admin/" "Mozilla/5.0 (Windows NT 10.0; Win64; x64) AppleWebKit/537.36 (KHTML, like Gecko) Chrome/148.0.0.0 Safari/537.36"
212.205.99.65 - - [06/May/2026:12:28:13 +0000] "GET /wp-includes/js/api-request.min.js?ver=6.9.4 HTTP/1.1" 200 590 "https://downloads.nipponia.com/wp-admin/" "Mozilla/5.0 (Windows NT 10.0; Win64; x64) AppleWebKit/537.36 (KHTML, like Gecko) Chrome/148.0.0.0 Safari/537.36"
212.205.99.65 - - [06/May/2026:12:28:13 +0000] "GET /wp-includes/js/dist/url.min.js?ver=9e178c9516d1222dc834 HTTP/1.1" 200 3856 "https://downloads.nipponia.com/wp-admin/" "Mozilla/5.0 (Windows NT 10.0; Win64; x64) AppleWebKit/537.36 (KHTML, like Gecko) Chrome/148.0.0.0 Safari/537.36"
212.205.99.65 - - [06/May/2026:12:28:13 +0000] "GET /wp-admin/js/site-health.min.js?ver=6.9.4 HTTP/1.1" 200 2196 "https://downloads.nipponia.com/wp-admin/" "Mozilla/5.0 (Windows NT 10.0; Win64; x64) AppleWebKit/537.36 (KHTML, like Gecko) Chrome/148.0.0.0 Safari/537.36"
212.205.99.65 - - [06/May/2026:12:28:13 +0000] "GET /wp-includes/js/wp-ajax-response.min.js?ver=6.9.4 HTTP/1.1" 200 1134 "https://downloads.nipponia.com/wp-admin/" "Mozilla/5.0 (Windows NT 10.0; Win64; x64) AppleWebKit/537.36 (KHTML, like Gecko) Chrome/148.0.0.0 Safari/537.36"
212.205.99.65 - - [06/May/2026:12:28:13 +0000] "GET /wp-includes/js/jquery/jquery.color.min.js?ver=3.0.0 HTTP/1.1" 200 2724 "https://downloads.nipponia.com/wp-admin/" "Mozilla/5.0 (Windows NT 10.0; Win64; x64) AppleWebKit/537.36 (KHTML, like Gecko) Chrome/148.0.0.0 Safari/537.36"
212.205.99.65 - - [06/May/2026:12:28:13 +0000] "GET /wp-includes/js/wp-lists.min.js?ver=6.9.4 HTTP/1.1" 200 2534 "https://downloads.nipponia.com/wp-admin/" "Mozilla/5.0 (Windows NT 10.0; Win64; x64) AppleWebKit/537.36 (KHTML, like Gecko) Chrome/148.0.0.0 Safari/537.36"
212.205.99.65 - - [06/May/2026:12:28:13 +0000] "GET /wp-includes/js/quicktags.min.js?ver=6.9.4 HTTP/1.1" 200 3509 "https://downloads.nipponia.com/wp-admin/" "Mozilla/5.0 (Windows NT 10.0; Win64; x64) AppleWebKit/537.36 (KHTML, like Gecko) Chrome/148.0.0.0 Safari/537.36"
212.205.99.65 - - [06/May/2026:12:28:13 +0000] "GET /wp-includes/js/jquery/jquery.query.js?ver=2.2.3 HTTP/1.1" 200 1627 "https://downloads.nipponia.com/wp-admin/" "Mozilla/5.0 (Windows NT 10.0; Win64; x64) AppleWebKit/537.36 (KHTML, like Gecko) Chrome/148.0.0.0 Safari/537.36"
212.205.99.65 - - [06/May/2026:12:28:13 +0000] "GET /wp-admin/js/edit-comments.min.js?ver=6.9.4 HTTP/1.1" 200 5171 "https://downloads.nipponia.com/wp-admin/" "Mozilla/5.0 (Windows NT 10.0; Win64; x64) AppleWebKit/537.36 (KHTML, like Gecko) Chrome/148.0.0.0 Safari/537.36"
212.205.99.65 - - [06/May/2026:12:28:12 +0000] "GET /wp-admin/load-scripts.php?c=0&load%5Bchunk_0%5D=jquery-core,jquery-migrate,utils&ver=6.9.4 HTTP/1.1" 200 35062 "https://downloads.nipponia.com/wp-admin/" "Mozilla/5.0 (Windows NT 10.0; Win64; x64) AppleWebKit/537.36 (KHTML, like Gecko) Chrome/148.0.0.0 Safari/537.36"
212.205.99.65 - - [06/May/2026:12:28:13 +0000] "GET /wp-includes/js/jquery/ui/mouse.min.js?ver=1.13.3 HTTP/1.1" 200 1098 "https://downloads.nipponia.com/wp-admin/" "Mozilla/5.0 (Windows NT 10.0; Win64; x64) AppleWebKit/537.36 (KHTML, like Gecko) Chrome/148.0.0.0 Safari/537.36"
212.205.99.65 - - [06/May/2026:12:28:13 +0000] "GET /wp-includes/js/jquery/ui/sortable.min.js?ver=1.13.3 HTTP/1.1" 200 6586 "https://downloads.nipponia.com/wp-admin/" "Mozilla/5.0 (Windows NT 10.0; Win64; x64) AppleWebKit/537.36 (KHTML, like Gecko) Chrome/148.0.0.0 Safari/537.36"
212.205.99.65 - - [06/May/2026:12:28:13 +0000] "GET /wp-admin/js/postbox.min.js?ver=6.9.4 HTTP/1.1" 200 2236 "https://downloads.nipponia.com/wp-admin/" "Mozilla/5.0 (Windows NT 10.0; Win64; x64) AppleWebKit/537.36 (KHTML, like Gecko) Chrome/148.0.0.0 Safari/537.36"
212.205.99.65 - - [06/May/2026:12:28:12 +0000] "GET /wp-admin/load-styles.php?c=0&dir=ltr&load%5Bchunk_0%5D=dashicons,admin-bar,wp-pointer,site-health,common,forms,admin-menu,dashboard,list-tables,edit,revisions,media,themes,about,nav-m&load%5Bchunk_1%5D=enus,widgets,site-icon,l10n,buttons,wp-auth-check,wp-components,wp-commands&ver=6.9.4 HTTP/1.1" 200 120307 "https://downloads.nipponia.com/wp-admin/" "Mozilla/5.0 (Windows NT 10.0; Win64; x64) AppleWebKit/537.36 (KHTML, like Gecko) Chrome/148.0.0.0 Safari/537.36"
212.205.99.65 - - [06/May/2026:12:28:13 +0000] "GET /wp-includes/js/dist/vendor/moment.min.js?ver=2.30.1 HTTP/1.1" 200 18754 "https://downloads.nipponia.com/wp-admin/" "Mozilla/5.0 (Windows NT 10.0; Win64; x64) AppleWebKit/537.36 (KHTML, like Gecko) Chrome/148.0.0.0 Safari/537.36"
212.205.99.65 - - [06/May/2026:12:28:13 +0000] "GET /wp-admin/js/dashboard.min.js?ver=6.9.4 HTTP/1.1" 200 3088 "https://downloads.nipponia.com/wp-admin/" "Mozilla/5.0 (Windows NT 10.0; Win64; x64) AppleWebKit/537.36 (KHTML, like Gecko) Chrome/148.0.0.0 Safari/537.36"
212.205.99.65 - - [06/May/2026:12:28:13 +0000] "GET /wp-includes/js/thickbox/thickbox.js?ver=3.1-20121105 HTTP/1.1" 200 4032 "https://downloads.nipponia.com/wp-admin/" "Mozilla/5.0 (Windows NT 10.0; Win64; x64) AppleWebKit/537.36 (KHTML, like Gecko) Chrome/148.0.0.0 Safari/537.36"
212.205.99.65 - - [06/May/2026:12:28:13 +0000] "GET /wp-includes/js/dist/deprecated.min.js?ver=e1f84915c5e8ae38964c HTTP/1.1" 200 446 "https://downloads.nipponia.com/wp-admin/" "Mozilla/5.0 (Windows NT 10.0; Win64; x64) AppleWebKit/537.36 (KHTML, like Gecko) Chrome/148.0.0.0 Safari/537.36"
212.205.99.65 - - [06/May/2026:12:28:13 +0000] "GET /wp-admin/js/plugin-install.min.js?ver=6.9.4 HTTP/1.1" 200 1021 "https://downloads.nipponia.com/wp-admin/" "Mozilla/5.0 (Windows NT 10.0; Win64; x64) AppleWebKit/537.36 (KHTML, like Gecko) Chrome/148.0.0.0 Safari/537.36"
212.205.99.65 - - [06/May/2026:12:28:13 +0000] "GET /wp-includes/js/wp-sanitize.min.js?ver=6.9.4 HTTP/1.1" 200 285 "https://downloads.nipponia.com/wp-admin/" "Mozilla/5.0 (Windows NT 10.0; Win64; x64) AppleWebKit/537.36 (KHTML, like Gecko) Chrome/148.0.0.0 Safari/537.36"
212.205.99.65 - - [06/May/2026:12:28:13 +0000] "GET /wp-admin/js/updates.min.js?ver=6.9.4 HTTP/1.1" 200 10433 "https://downloads.nipponia.com/wp-admin/" "Mozilla/5.0 (Windows NT 10.0; Win64; x64) AppleWebKit/537.36 (KHTML, like Gecko) Chrome/148.0.0.0 Safari/537.36"
212.205.99.65 - - [06/May/2026:12:28:14 +0000] "GET /wp-includes/js/shortcode.min.js?ver=6.9.4 HTTP/1.1" 200 1145 "https://downloads.nipponia.com/wp-admin/" "Mozilla/5.0 (Windows NT 10.0; Win64; x64) AppleWebKit/537.36 (KHTML, like Gecko) Chrome/148.0.0.0 Safari/537.36"
212.205.99.65 - - [06/May/2026:12:28:14 +0000] "GET /wp-admin/js/media-upload.min.js?ver=6.9.4 HTTP/1.1" 200 613 "https://downloads.nipponia.com/wp-admin/" "Mozilla/5.0 (Windows NT 10.0; Win64; x64) AppleWebKit/537.36 (KHTML, like Gecko) Chrome/148.0.0.0 Safari/537.36"
212.205.99.65 - - [06/May/2026:12:28:13 +0000] "GET /wp-includes/js/dist/date.min.js?ver=795a56839718d3ff7eae HTTP/1.1" 200 43450 "https://downloads.nipponia.com/wp-admin/" "Mozilla/5.0 (Windows NT 10.0; Win64; x64) AppleWebKit/537.36 (KHTML, like Gecko) Chrome/148.0.0.0 Safari/537.36"
212.205.99.65 - - [06/May/2026:12:28:14 +0000] "GET /wp-admin/js/svg-painter.js?ver=6.9.4 HTTP/1.1" 200 1218 "https://downloads.nipponia.com/wp-admin/" "Mozilla/5.0 (Windows NT 10.0; Win64; x64) AppleWebKit/537.36 (KHTML, like Gecko) Chrome/148.0.0.0 Safari/537.36"
212.205.99.65 - - [06/May/2026:12:28:14 +0000] "GET /wp-includes/js/backbone.min.js?ver=1.6.0 HTTP/1.1" 200 8021 "https://downloads.nipponia.com/wp-admin/" "Mozilla/5.0 (Windows NT 10.0; Win64; x64) AppleWebKit/537.36 (KHTML, like Gecko) Chrome/148.0.0.0 Safari/537.36"
212.205.99.65 - - [06/May/2026:12:28:14 +0000] "GET /wp-includes/js/jquery/ui/draggable.min.js?ver=1.13.3 HTTP/1.1" 200 4875 "https://downloads.nipponia.com/wp-admin/" "Mozilla/5.0 (Windows NT 10.0; Win64; x64) AppleWebKit/537.36 (KHTML, like Gecko) Chrome/148.0.0.0 Safari/537.36"
212.205.99.65 - - [06/May/2026:12:28:12 +0000] "GET /wp-admin/load-scripts.php?c=0&load%5Bchunk_0%5D=hoverIntent,wp-dom-ready,wp-hooks&ver=6.9.4 HTTP/1.1" 200 2692 "https://downloads.nipponia.com/wp-admin/" "Mozilla/5.0 (Windows NT 10.0; Win64; x64) AppleWebKit/537.36 (KHTML, like Gecko) Chrome/148.0.0.0 Safari/537.36"
212.205.99.65 - - [06/May/2026:12:28:14 +0000] "GET /wp-content/plugins/elementor/assets/lib/backbone/backbone.marionette.min.js?ver=2.4.5.e1 HTTP/1.1" 200 11502 "https://downloads.nipponia.com/wp-admin/" "Mozilla/5.0 (Windows NT 10.0; Win64; x64) AppleWebKit/537.36 (KHTML, like Gecko) Chrome/148.0.0.0 Safari/537.36"
212.205.99.65 - - [06/May/2026:12:28:14 +0000] "GET /wp-content/plugins/elementor/assets/lib/eicons/fonts/eicons.woff2?5.48.0 HTTP/1.1" 200 105738 "https://downloads.nipponia.com/wp-content/plugins/elementor/assets/lib/eicons/css/elementor-icons.min.css?ver=5.48.0" "Mozilla/5.0 (Windows NT 10.0; Win64; x64) AppleWebKit/537.36 (KHTML, like Gecko) Chrome/148.0.0.0 Safari/537.36"
212.205.99.65 - - [06/May/2026:12:28:14 +0000] "GET /wp-content/plugins/elementor/assets/lib/dialog/dialog.min.js?ver=4.9.0 HTTP/1.1" 200 3782 "https://downloads.nipponia.com/wp-admin/" "Mozilla/5.0 (Windows NT 10.0; Win64; x64) AppleWebKit/537.36 (KHTML, like Gecko) Chrome/148.0.0.0 Safari/537.36"
212.205.99.65 - - [06/May/2026:12:28:14 +0000] "GET /wp-content/plugins/elementor/assets/lib/backbone/backbone.radio.min.js?ver=1.0.4 HTTP/1.1" 200 1568 "https://downloads.nipponia.com/wp-admin/" "Mozilla/5.0 (Windows NT 10.0; Win64; x64) AppleWebKit/537.36 (KHTML, like Gecko) Chrome/148.0.0.0 Safari/537.36"
212.205.99.65 - - [06/May/2026:12:28:14 +0000] "GET /wp-content/plugins/elementor/assets/js/dev-tools.min.js?ver=4.0.7 HTTP/1.1" 200 2469 "https://downloads.nipponia.com/wp-admin/" "Mozilla/5.0 (Windows NT 10.0; Win64; x64) AppleWebKit/537.36 (KHTML, like Gecko) Chrome/148.0.0.0 Safari/537.36"
212.205.99.65 - - [06/May/2026:12:28:14 +0000] "GET /wp-content/plugins/elementor/assets/js/web-cli.min.js?ver=4.0.7 HTTP/1.1" 200 40807 "https://downloads.nipponia.com/wp-admin/" "Mozilla/5.0 (Windows NT 10.0; Win64; x64) AppleWebKit/537.36 (KHTML, like Gecko) Chrome/148.0.0.0 Safari/537.36"
212.205.99.65 - - [06/May/2026:12:28:14 +0000] "GET /wp-content/plugins/elementor/assets/js/common-modules.min.js?ver=4.0.7 HTTP/1.1" 200 28612 "https://downloads.nipponia.com/wp-admin/" "Mozilla/5.0 (Windows NT 10.0; Win64; x64) AppleWebKit/537.36 (KHTML, like Gecko) Chrome/148.0.0.0 Safari/537.36"
212.205.99.65 - - [06/May/2026:12:28:14 +0000] "GET /wp-includes/js/heartbeat.min.js?ver=6.9.4 HTTP/1.1" 200 2041 "https://downloads.nipponia.com/wp-admin/" "Mozilla/5.0 (Windows NT 10.0; Win64; x64) AppleWebKit/537.36 (KHTML, like Gecko) Chrome/148.0.0.0 Safari/537.36"
212.205.99.65 - - [06/May/2026:12:28:14 +0000] "GET /wp-content/plugins/elementor/assets/js/app-loader.min.js?ver=4.0.7 HTTP/1.1" 200 24617 "https://downloads.nipponia.com/wp-admin/" "Mozilla/5.0 (Windows NT 10.0; Win64; x64) AppleWebKit/537.36 (KHTML, like Gecko) Chrome/148.0.0.0 Safari/537.36"
212.205.99.65 - - [06/May/2026:12:28:14 +0000] "GET /wp-includes/js/wp-auth-check.min.js?ver=6.9.4 HTTP/1.1" 200 773 "https://downloads.nipponia.com/wp-admin/" "Mozilla/5.0 (Windows NT 10.0; Win64; x64) AppleWebKit/537.36 (KHTML, like Gecko) Chrome/148.0.0.0 Safari/537.36"
212.205.99.65 - - [06/May/2026:12:28:14 +0000] "GET /wp-includes/js/dist/vendor/react.min.js?ver=18.3.1.1 HTTP/1.1" 200 4165 "https://downloads.nipponia.com/wp-admin/" "Mozilla/5.0 (Windows NT 10.0; Win64; x64) AppleWebKit/537.36 (KHTML, like Gecko) Chrome/148.0.0.0 Safari/537.36"
212.205.99.65 - - [06/May/2026:12:28:14 +0000] "GET /wp-includes/js/dist/escape-html.min.js?ver=6561a406d2d232a6fbd2 HTTP/1.1" 200 532 "https://downloads.nipponia.com/wp-admin/" "Mozilla/5.0 (Windows NT 10.0; Win64; x64) AppleWebKit/537.36 (KHTML, like Gecko) Chrome/148.0.0.0 Safari/537.36"
212.205.99.65 - - [06/May/2026:12:28:14 +0000] "GET /wp-includes/js/dist/dom.min.js?ver=26edef3be6483da3de2e HTTP/1.1" 200 4738 "https://downloads.nipponia.com/wp-admin/" "Mozilla/5.0 (Windows NT 10.0; Win64; x64) AppleWebKit/537.36 (KHTML, like Gecko) Chrome/148.0.0.0 Safari/537.36"
212.205.99.65 - - [06/May/2026:12:28:14 +0000] "GET /wp-includes/js/dist/vendor/react-dom.min.js?ver=18.3.1.1 HTTP/1.1" 200 41888 "https://downloads.nipponia.com/wp-admin/" "Mozilla/5.0 (Windows NT 10.0; Win64; x64) AppleWebKit/537.36 (KHTML, like Gecko) Chrome/148.0.0.0 Safari/537.36"
212.205.99.65 - - [06/May/2026:12:28:14 +0000] "GET /wp-includes/js/dist/vendor/react-jsx-runtime.min.js?ver=18.3.1 HTTP/1.1" 200 554 "https://downloads.nipponia.com/wp-admin/" "Mozilla/5.0 (Windows NT 10.0; Win64; x64) AppleWebKit/537.36 (KHTML, like Gecko) Chrome/148.0.0.0 Safari/537.36"
212.205.99.65 - - [06/May/2026:12:28:14 +0000] "GET /wp-includes/js/dist/element.min.js?ver=6a582b0c827fa25df3dd HTTP/1.1" 200 4993 "https://downloads.nipponia.com/wp-admin/" "Mozilla/5.0 (Windows NT 10.0; Win64; x64) AppleWebKit/537.36 (KHTML, like Gecko) Chrome/148.0.0.0 Safari/537.36"
212.205.99.65 - - [06/May/2026:12:28:14 +0000] "GET /wp-includes/js/dist/keycodes.min.js?ver=34c8fb5e7a594a1c8037 HTTP/1.1" 200 1354 "https://downloads.nipponia.com/wp-admin/" "Mozilla/5.0 (Windows NT 10.0; Win64; x64) AppleWebKit/537.36 (KHTML, like Gecko) Chrome/148.0.0.0 Safari/537.36"
212.205.99.65 - - [06/May/2026:12:28:14 +0000] "GET /wp-includes/js/dist/is-shallow-equal.min.js?ver=e0f9f1d78d83f5196979 HTTP/1.1" 200 520 "https://downloads.nipponia.com/wp-admin/" "Mozilla/5.0 (Windows NT 10.0; Win64; x64) AppleWebKit/537.36 (KHTML, like Gecko) Chrome/148.0.0.0 Safari/537.36"
212.205.99.65 - - [06/May/2026:12:28:14 +0000] "GET /wp-includes/js/dist/compose.min.js?ver=7a9b375d8c19cf9d3d9b HTTP/1.1" 200 12764 "https://downloads.nipponia.com/wp-admin/" "Mozilla/5.0 (Windows NT 10.0; Win64; x64) AppleWebKit/537.36 (KHTML, like Gecko) Chrome/148.0.0.0 Safari/537.36"
212.205.99.65 - - [06/May/2026:12:28:14 +0000] "GET /wp-includes/js/dist/priority-queue.min.js?ver=2d59d091223ee9a33838 HTTP/1.1" 200 1524 "https://downloads.nipponia.com/wp-admin/" "Mozilla/5.0 (Windows NT 10.0; Win64; x64) AppleWebKit/537.36 (KHTML, like Gecko) Chrome/148.0.0.0 Safari/537.36"
212.205.99.65 - - [06/May/2026:12:28:14 +0000] "GET /wp-includes/js/dist/html-entities.min.js?ver=e8b78b18a162491d5e5f HTTP/1.1" 200 447 "https://downloads.nipponia.com/wp-admin/" "Mozilla/5.0 (Windows NT 10.0; Win64; x64) AppleWebKit/537.36 (KHTML, like Gecko) Chrome/148.0.0.0 Safari/537.36"
212.205.99.65 - - [06/May/2026:12:28:14 +0000] "GET /wp-includes/js/dist/primitives.min.js?ver=0b5dcc337aa7cbf75570 HTTP/1.1" 200 833 "https://downloads.nipponia.com/wp-admin/" "Mozilla/5.0 (Windows NT 10.0; Win64; x64) AppleWebKit/537.36 (KHTML, like Gecko) Chrome/148.0.0.0 Safari/537.36"
212.205.99.65 - - [06/May/2026:12:28:14 +0000] "GET /wp-includes/js/dist/private-apis.min.js?ver=4f465748bda624774139 HTTP/1.1" 200 1017 "https://downloads.nipponia.com/wp-admin/" "Mozilla/5.0 (Windows NT 10.0; Win64; x64) AppleWebKit/537.36 (KHTML, like Gecko) Chrome/148.0.0.0 Safari/537.36"
212.205.99.65 - - [06/May/2026:12:28:14 +0000] "GET /wp-content/plugins/elementor/assets/js/common.min.js?ver=4.0.7 HTTP/1.1" 200 144696 "https://downloads.nipponia.com/wp-admin/" "Mozilla/5.0 (Windows NT 10.0; Win64; x64) AppleWebKit/537.36 (KHTML, like Gecko) Chrome/148.0.0.0 Safari/537.36"
212.205.99.65 - - [06/May/2026:12:28:14 +0000] "GET /wp-includes/js/dist/redux-routine.min.js?ver=8bb92d45458b29590f53 HTTP/1.1" 200 2809 "https://downloads.nipponia.com/wp-admin/" "Mozilla/5.0 (Windows NT 10.0; Win64; x64) AppleWebKit/537.36 (KHTML, like Gecko) Chrome/148.0.0.0 Safari/537.36"
212.205.99.65 - - [06/May/2026:12:28:14 +0000] "GET /wp-includes/js/dist/data.min.js?ver=f940198280891b0b6318 HTTP/1.1" 200 8837 "https://downloads.nipponia.com/wp-admin/" "Mozilla/5.0 (Windows NT 10.0; Win64; x64) AppleWebKit/537.36 (KHTML, like Gecko) Chrome/148.0.0.0 Safari/537.36"
212.205.99.65 - - [06/May/2026:12:28:14 +0000] "GET /wp-includes/js/dist/warning.min.js?ver=d69bc18c456d01c11d5a HTTP/1.1" 200 240 "https://downloads.nipponia.com/wp-admin/" "Mozilla/5.0 (Windows NT 10.0; Win64; x64) AppleWebKit/537.36 (KHTML, like Gecko) Chrome/148.0.0.0 Safari/537.36"
212.205.99.65 - - [06/May/2026:12:28:14 +0000] "GET /wp-includes/js/dist/rich-text.min.js?ver=5bdbb44f3039529e3645 HTTP/1.1" 200 12315 "https://downloads.nipponia.com/wp-admin/" "Mozilla/5.0 (Windows NT 10.0; Win64; x64) AppleWebKit/537.36 (KHTML, like Gecko) Chrome/148.0.0.0 Safari/537.36"
212.205.99.65 - - [06/May/2026:12:28:14 +0000] "GET /wp-includes/js/dist/keyboard-shortcuts.min.js?ver=fbc45a34ce65c5723afa HTTP/1.1" 200 1332 "https://downloads.nipponia.com/wp-admin/" "Mozilla/5.0 (Windows NT 10.0; Win64; x64) AppleWebKit/537.36 (KHTML, like Gecko) Chrome/148.0.0.0 Safari/537.36"
212.205.99.65 - - [06/May/2026:12:28:14 +0000] "GET /wp-includes/js/dist/commands.min.js?ver=cac8f4817ab7cea0ac49 HTTP/1.1" 200 16467 "https://downloads.nipponia.com/wp-admin/" "Mozilla/5.0 (Windows NT 10.0; Win64; x64) AppleWebKit/537.36 (KHTML, like Gecko) Chrome/148.0.0.0 Safari/537.36"
212.205.99.65 - - [06/May/2026:12:28:14 +0000] "GET /wp-includes/js/dist/api-fetch.min.js?ver=3a4d9af2b423048b0dee HTTP/1.1" 200 2436 "https://downloads.nipponia.com/wp-admin/" "Mozilla/5.0 (Windows NT 10.0; Win64; x64) AppleWebKit/537.36 (KHTML, like Gecko) Chrome/148.0.0.0 Safari/537.36"
212.205.99.65 - - [06/May/2026:12:28:14 +0000] "GET /wp-includes/js/dist/blob.min.js?ver=9113eed771d446f4a556 HTTP/1.1" 200 576 "https://downloads.nipponia.com/wp-admin/" "Mozilla/5.0 (Windows NT 10.0; Win64; x64) AppleWebKit/537.36 (KHTML, like Gecko) Chrome/148.0.0.0 Safari/537.36"
212.205.99.65 - - [06/May/2026:12:28:14 +0000] "GET /wp-includes/js/dist/block-serialization-default-parser.min.js?ver=14d44daebf663d05d330 HTTP/1.1" 200 1119 "https://downloads.nipponia.com/wp-admin/" "Mozilla/5.0 (Windows NT 10.0; Win64; x64) AppleWebKit/537.36 (KHTML, like Gecko) Chrome/148.0.0.0 Safari/537.36"
212.205.99.65 - - [06/May/2026:12:28:14 +0000] "GET /wp-includes/js/dist/shortcode.min.js?ver=0b3174183b858f2df320 HTTP/1.1" 200 1387 "https://downloads.nipponia.com/wp-admin/" "Mozilla/5.0 (Windows NT 10.0; Win64; x64) AppleWebKit/537.36 (KHTML, like Gecko) Chrome/148.0.0.0 Safari/537.36"
212.205.99.65 - - [06/May/2026:12:28:14 +0000] "GET /wp-includes/js/dist/autop.min.js?ver=9fb50649848277dd318d HTTP/1.1" 200 2109 "https://downloads.nipponia.com/wp-admin/" "Mozilla/5.0 (Windows NT 10.0; Win64; x64) AppleWebKit/537.36 (KHTML, like Gecko) Chrome/148.0.0.0 Safari/537.36"
212.205.99.65 - - [06/May/2026:12:28:14 +0000] "GET /wp-includes/js/dist/notices.min.js?ver=f62fbf15dcc23301922f HTTP/1.1" 200 946 "https://downloads.nipponia.com/wp-admin/" "Mozilla/5.0 (Windows NT 10.0; Win64; x64) AppleWebKit/537.36 (KHTML, like Gecko) Chrome/148.0.0.0 Safari/537.36"
212.205.99.65 - - [06/May/2026:12:28:14 +0000] "GET /wp-includes/js/dist/preferences-persistence.min.js?ver=e954d3a4426d311f7d1a HTTP/1.1" 200 2018 "https://downloads.nipponia.com/wp-admin/" "Mozilla/5.0 (Windows NT 10.0; Win64; x64) AppleWebKit/537.36 (KHTML, like Gecko) Chrome/148.0.0.0 Safari/537.36"
212.205.99.65 - - [06/May/2026:12:28:14 +0000] "GET /wp-includes/js/dist/blocks.min.js?ver=57eca4d23daac7159d88 HTTP/1.1" 200 54715 "https://downloads.nipponia.com/wp-admin/" "Mozilla/5.0 (Windows NT 10.0; Win64; x64) AppleWebKit/537.36 (KHTML, like Gecko) Chrome/148.0.0.0 Safari/537.36"
212.205.99.65 - - [06/May/2026:12:28:14 +0000] "GET /wp-includes/js/dist/preferences.min.js?ver=2ca086aed510c242a1ed HTTP/1.1" 200 2868 "https://downloads.nipponia.com/wp-admin/" "Mozilla/5.0 (Windows NT 10.0; Win64; x64) AppleWebKit/537.36 (KHTML, like Gecko) Chrome/148.0.0.0 Safari/537.36"
212.205.99.65 - - [06/May/2026:12:28:14 +0000] "GET /wp-includes/js/dist/style-engine.min.js?ver=7c6fcedc37dadafb8a81 HTTP/1.1" 200 2080 "https://downloads.nipponia.com/wp-admin/" "Mozilla/5.0 (Windows NT 10.0; Win64; x64) AppleWebKit/537.36 (KHTML, like Gecko) Chrome/148.0.0.0 Safari/537.36"
212.205.99.65 - - [06/May/2026:12:28:14 +0000] "GET /wp-includes/js/dist/token-list.min.js?ver=cfdf635a436c3953a965 HTTP/1.1" 200 588 "https://downloads.nipponia.com/wp-admin/" "Mozilla/5.0 (Windows NT 10.0; Win64; x64) AppleWebKit/537.36 (KHTML, like Gecko) Chrome/148.0.0.0 Safari/537.36"
212.205.99.65 - - [06/May/2026:12:28:14 +0000] "GET /wp-includes/js/dist/core-commands.min.js?ver=effe2d88d7f0c50a8ce9 HTTP/1.1" 200 3519 "https://downloads.nipponia.com/wp-admin/" "Mozilla/5.0 (Windows NT 10.0; Win64; x64) AppleWebKit/537.36 (KHTML, like Gecko) Chrome/148.0.0.0 Safari/537.36"
212.205.99.65 - - [06/May/2026:12:28:14 +0000] "GET /wp-includes/js/dist/core-data.min.js?ver=15baadfe6e1374188072 HTTP/1.1" 200 21305 "https://downloads.nipponia.com/wp-admin/" "Mozilla/5.0 (Windows NT 10.0; Win64; x64) AppleWebKit/537.36 (KHTML, like Gecko) Chrome/148.0.0.0 Safari/537.36"
212.205.99.65 - - [06/May/2026:12:28:14 +0000] "GET /wp-includes/js/dist/router.min.js?ver=2dfc4b954318a03e6a76 HTTP/1.1" 200 5563 "https://downloads.nipponia.com/wp-admin/" "Mozilla/5.0 (Windows NT 10.0; Win64; x64) AppleWebKit/537.36 (KHTML, like Gecko) Chrome/148.0.0.0 Safari/537.36"
212.205.99.65 - - [06/May/2026:12:28:14 +0000] "GET /wp-content/plugins/advanced-custom-fields/assets/build/js/acf-escaped-html-notice.min.js?ver=6.8.0 HTTP/1.1" 200 225 "https://downloads.nipponia.com/wp-admin/" "Mozilla/5.0 (Windows NT 10.0; Win64; x64) AppleWebKit/537.36 (KHTML, like Gecko) Chrome/148.0.0.0 Safari/537.36"
212.205.99.65 - - [06/May/2026:12:28:14 +0000] "GET /wp-content/plugins/image-optimization/assets/build/control.js?ver=1.7.4 HTTP/1.1" 200 8896 "https://downloads.nipponia.com/wp-admin/" "Mozilla/5.0 (Windows NT 10.0; Win64; x64) AppleWebKit/537.36 (KHTML, like Gecko) Chrome/148.0.0.0 Safari/537.36"
212.205.99.65 - - [06/May/2026:12:28:14 +0000] "GET /wp-content/plugins/elementor/assets/js/admin-modules.min.js?ver=4.0.7 HTTP/1.1" 200 4880 "https://downloads.nipponia.com/wp-admin/" "Mozilla/5.0 (Windows NT 10.0; Win64; x64) AppleWebKit/537.36 (KHTML, like Gecko) Chrome/148.0.0.0 Safari/537.36"
212.205.99.65 - - [06/May/2026:12:28:14 +0000] "GET /wp-content/plugins/elementor/vendor/elementor/wp-one-package/assets/build/common.js?ver=71fc09ea1a9e23155639 HTTP/1.1" 200 174 "https://downloads.nipponia.com/wp-admin/" "Mozilla/5.0 (Windows NT 10.0; Win64; x64) AppleWebKit/537.36 (KHTML, like Gecko) Chrome/148.0.0.0 Safari/537.36"
212.205.99.65 - - [06/May/2026:12:28:14 +0000] "GET /wp-content/plugins/elementor/assets/js/admin.min.js?ver=4.0.7 HTTP/1.1" 200 21855 "https://downloads.nipponia.com/wp-admin/" "Mozilla/5.0 (Windows NT 10.0; Win64; x64) AppleWebKit/537.36 (KHTML, like Gecko) Chrome/148.0.0.0 Safari/537.36"
212.205.99.65 - - [06/May/2026:12:28:14 +0000] "GET /wp-content/themes/hello-elementor/assets/js/hello-elementor-menu.js?ver=86d4a80498fd21c04f00 HTTP/1.1" 200 187 "https://downloads.nipponia.com/wp-admin/" "Mozilla/5.0 (Windows NT 10.0; Win64; x64) AppleWebKit/537.36 (KHTML, like Gecko) Chrome/148.0.0.0 Safari/537.36"
212.205.99.65 - - [06/May/2026:12:28:14 +0000] "GET /wp-content/plugins/elementor/assets/js/editor-one-menu.min.js?ver=4.0.7 HTTP/1.1" 200 3433 "https://downloads.nipponia.com/wp-admin/" "Mozilla/5.0 (Windows NT 10.0; Win64; x64) AppleWebKit/537.36 (KHTML, like Gecko) Chrome/148.0.0.0 Safari/537.36"
212.205.99.65 - - [06/May/2026:12:28:14 +0000] "GET /wp-content/plugins/elementor-pro/assets/js/admin.min.js?ver=4.0.4 HTTP/1.1" 200 17299 "https://downloads.nipponia.com/wp-admin/" "Mozilla/5.0 (Windows NT 10.0; Win64; x64) AppleWebKit/537.36 (KHTML, like Gecko) Chrome/148.0.0.0 Safari/537.36"
212.205.99.65 - - [06/May/2026:12:28:14 +0000] "GET /wp-content/plugins/elementor/assets/js/import-export-admin.min.js?ver=4.0.7 HTTP/1.1" 200 2183 "https://downloads.nipponia.com/wp-admin/" "Mozilla/5.0 (Windows NT 10.0; Win64; x64) AppleWebKit/537.36 (KHTML, like Gecko) Chrome/148.0.0.0 Safari/537.36"
212.205.99.65 - - [06/May/2026:12:28:14 +0000] "GET /wp-content/plugins/elementor/assets/js/import-export-customization-admin.min.js?ver=4.0.7 HTTP/1.1" 200 11216 "https://downloads.nipponia.com/wp-admin/" "Mozilla/5.0 (Windows NT 10.0; Win64; x64) AppleWebKit/537.36 (KHTML, like Gecko) Chrome/148.0.0.0 Safari/537.36"
212.205.99.65 - - [06/May/2026:12:28:14 +0000] "GET /wp-includes/js/wplink.min.js?ver=6.9.4 HTTP/1.1" 200 3897 "https://downloads.nipponia.com/wp-admin/" "Mozilla/5.0 (Windows NT 10.0; Win64; x64) AppleWebKit/537.36 (KHTML, like Gecko) Chrome/148.0.0.0 Safari/537.36"
212.205.99.65 - - [06/May/2026:12:28:14 +0000] "GET /wp-includes/js/jquery/ui/menu.min.js?ver=1.13.3 HTTP/1.1" 200 3058 "https://downloads.nipponia.com/wp-admin/" "Mozilla/5.0 (Windows NT 10.0; Win64; x64) AppleWebKit/537.36 (KHTML, like Gecko) Chrome/148.0.0.0 Safari/537.36"
212.205.99.65 - - [06/May/2026:12:28:14 +0000] "GET /wp-includes/js/jquery/ui/autocomplete.min.js?ver=1.13.3 HTTP/1.1" 200 2905 "https://downloads.nipponia.com/wp-admin/" "Mozilla/5.0 (Windows NT 10.0; Win64; x64) AppleWebKit/537.36 (KHTML, like Gecko) Chrome/148.0.0.0 Safari/537.36"
212.205.99.65 - - [06/May/2026:12:28:14 +0000] "GET /wp-includes/js/dist/block-editor.min.js?ver=addf558a422e2ee57920 HTTP/1.1" 200 269902 "https://downloads.nipponia.com/wp-admin/" "Mozilla/5.0 (Windows NT 10.0; Win64; x64) AppleWebKit/537.36 (KHTML, like Gecko) Chrome/148.0.0.0 Safari/537.36"
212.205.99.65 - - [06/May/2026:12:28:14 +0000] "GET /wp-includes/js/dist/components.min.js?ver=0d72a218dfea8f6f442f HTTP/1.1" 200 253005 "https://downloads.nipponia.com/wp-admin/" "Mozilla/5.0 (Windows NT 10.0; Win64; x64) AppleWebKit/537.36 (KHTML, like Gecko) Chrome/148.0.0.0 Safari/537.36"
212.205.99.65 - - [06/May/2026:12:28:15 +0000] "GET /wp-includes/js/thickbox/loadingAnimation.gif HTTP/1.1" 200 15238 "https://downloads.nipponia.com/wp-admin/" "Mozilla/5.0 (Windows NT 10.0; Win64; x64) AppleWebKit/537.36 (KHTML, like Gecko) Chrome/148.0.0.0 Safari/537.36"
212.205.99.65 - - [06/May/2026:12:28:15 +0000] "POST /wp-admin/admin-ajax.php HTTP/1.1" 200 109 "https://downloads.nipponia.com/wp-admin/" "Mozilla/5.0 (Windows NT 10.0; Win64; x64) AppleWebKit/537.36 (KHTML, like Gecko) Chrome/148.0.0.0 Safari/537.36"
212.205.99.65 - - [06/May/2026:12:28:15 +0000] "GET /wp-admin/admin-ajax.php?action=dashboard-widgets&widget=dashboard_primary&pagenow=dashboard HTTP/1.1" 200 409 "https://downloads.nipponia.com/wp-admin/" "Mozilla/5.0 (Windows NT 10.0; Win64; x64) AppleWebKit/537.36 (KHTML, like Gecko) Chrome/148.0.0.0 Safari/537.36"
212.205.99.65 - - [06/May/2026:12:29:15 +0000] "POST /wp-admin/admin-ajax.php HTTP/1.1" 200 67 "https://downloads.nipponia.com/wp-admin/" "Mozilla/5.0 (Windows NT 10.0; Win64; x64) AppleWebKit/537.36 (KHTML, like Gecko) Chrome/148.0.0.0 Safari/537.36"
20.123.172.228 - - [06/May/2026:12:29:27 +0000] "POST /wp-cron.php?doing_wp_cron=1778070566.9578659534454345703125 HTTP/1.1" 200 - "-" "WordPress/6.9.4; https://downloads.nipponia.com"
20.123.172.228 - - [06/May/2026:12:29:26 +0000] "POST /wp-admin/admin-ajax.php?action=as_async_request_queue_runner&nonce=3b3e497e2e HTTP/1.1" 200 - "-" "WordPress/6.9.4; https://downloads.nipponia.com"
20.123.172.228 - - [06/May/2026:12:29:51 +0000] "POST /wp-cron.php?doing_wp_cron=1778070591.4009919166564941406250 HTTP/1.1" 200 - "-" "WordPress/6.9.4; https://downloads.nipponia.com"
20.123.172.228 - - [06/May/2026:12:29:50 +0000] "POST /wp-admin/admin-ajax.php?action=as_async_request_queue_runner&nonce=3b3e497e2e HTTP/1.1" 200 - "-" "WordPress/6.9.4; https://downloads.nipponia.com"
212.205.99.65 - - [06/May/2026:12:31:16 +0000] "POST /wp-admin/admin-ajax.php HTTP/1.1" 200 67 "https://downloads.nipponia.com/wp-admin/" "Mozilla/5.0 (Windows NT 10.0; Win64; x64) AppleWebKit/537.36 (KHTML, like Gecko) Chrome/148.0.0.0 Safari/537.36"
20.123.172.228 - - [06/May/2026:12:31:27 +0000] "POST /wp-cron.php?doing_wp_cron=1778070687.8638670444488525390625 HTTP/1.1" 200 - "-" "WordPress/6.9.4; https://downloads.nipponia.com"
212.205.99.65 - - [06/May/2026:12:33:17 +0000] "POST /wp-admin/admin-ajax.php HTTP/1.1" 200 67 "https://downloads.nipponia.com/wp-admin/" "Mozilla/5.0 (Windows NT 10.0; Win64; x64) AppleWebKit/537.36 (KHTML, like Gecko) Chrome/148.0.0.0 Safari/537.36"
20.123.172.228 - - [06/May/2026:12:33:29 +0000] "POST /wp-cron.php?doing_wp_cron=1778070809.6287229061126708984375 HTTP/1.1" 200 - "-" "WordPress/6.9.4; https://downloads.nipponia.com"
45.61.188.243 - - [06/May/2026:12:33:54 +0000] "GET /wp-login.php HTTP/1.1" 200 8791 "-" "Mozilla/5.0 (X11; Linux i686) AppleWebKit/537.36 (KHTML, like Gecko) Chrome/36.0.1985.125 Safari/537.36"
20.123.172.228 - - [06/May/2026:12:34:05 +0000] "POST /wp-cron.php?doing_wp_cron=1778070845.7428669929504394531250 HTTP/1.1" 200 - "-" "WordPress/6.9.4; https://downloads.nipponia.com"
45.61.188.243 - - [06/May/2026:12:34:50 +0000] "POST /wp-login.php HTTP/1.1" 503 18953 "-" "Mozilla/5.0 (X11; Linux i686) AppleWebKit/537.36 (KHTML, like Gecko) Chrome/36.0.1985.125 Safari/537.36"
20.123.172.228 - - [06/May/2026:12:35:04 +0000] "POST /wp-cron.php?doing_wp_cron=1778070904.4670429229736328125000 HTTP/1.1" 200 - "-" "WordPress/6.9.4; https://downloads.nipponia.com"
74.7.175.186 - - [06/May/2026:12:34:53 +0000] "GET /robots.txt HTTP/1.1" 200 117 "-" "Mozilla/5.0 (Macintosh; Intel Mac OS X 10_15_7) AppleWebKit/537.36 (KHTML, like Gecko) Chrome/131.0.0.0 Safari/537.36; compatible; OAI-SearchBot/1.3; robots.txt; +https://openai.com/searchbot"
212.205.99.65 - - [06/May/2026:12:35:18 +0000] "POST /wp-admin/admin-ajax.php HTTP/1.1" 200 67 "https://downloads.nipponia.com/wp-admin/" "Mozilla/5.0 (Windows NT 10.0; Win64; x64) AppleWebKit/537.36 (KHTML, like Gecko) Chrome/148.0.0.0 Safari/537.36"
45.61.188.243 - - [06/May/2026:12:35:31 +0000] "GET /wp-admin/themes.php HTTP/1.1" 503 7319 "-" "python-requests/2.33.1"
20.123.172.228 - - [06/May/2026:12:35:30 +0000] "POST /wp-admin/admin-ajax.php?action=as_async_request_queue_runner&nonce=3b3e497e2e HTTP/1.1" 200 - "-" "WordPress/6.9.4; https://downloads.nipponia.com"
20.123.172.228 - - [06/May/2026:12:35:57 +0000] "POST /wp-cron.php?doing_wp_cron=1778070956.9583098888397216796875 HTTP/1.1" 200 - "-" "WordPress/6.9.4; https://downloads.nipponia.com"
45.61.188.243 - - [06/May/2026:12:36:03 +0000] "GET /wp-admin/plugin-install.php?tab=upload HTTP/1.1" 503 7320 "-" "python-requests/2.33.1"
212.205.99.65 - - [06/May/2026:12:37:19 +0000] "POST /wp-admin/admin-ajax.php HTTP/1.1" 200 67 "https://downloads.nipponia.com/wp-admin/" "Mozilla/5.0 (Windows NT 10.0; Win64; x64) AppleWebKit/537.36 (KHTML, like Gecko) Chrome/148.0.0.0 Safari/537.36"
20.123.172.228 - - [06/May/2026:12:37:30 +0000] "POST /wp-cron.php?doing_wp_cron=1778071050.8631548881530761718750 HTTP/1.1" 200 - "-" "WordPress/6.9.4; https://downloads.nipponia.com"
212.205.99.65 - - [06/May/2026:12:39:20 +0000] "POST /wp-admin/admin-ajax.php HTTP/1.1" 200 67 "https://downloads.nipponia.com/wp-admin/" "Mozilla/5.0 (Windows NT 10.0; Win64; x64) AppleWebKit/537.36 (KHTML, like Gecko) Chrome/148.0.0.0 Safari/537.36"
20.123.172.228 - - [06/May/2026:12:39:32 +0000] "POST /wp-cron.php?doing_wp_cron=1778071171.9357869625091552734375 HTTP/1.1" 200 - "-" "WordPress/6.9.4; https://downloads.nipponia.com"
212.205.99.65 - - [06/May/2026:12:41:21 +0000] "POST /wp-admin/admin-ajax.php HTTP/1.1" 200 67 "https://downloads.nipponia.com/wp-admin/" "Mozilla/5.0 (Windows NT 10.0; Win64; x64) AppleWebKit/537.36 (KHTML, like Gecko) Chrome/148.0.0.0 Safari/537.36"
20.123.172.228 - - [06/May/2026:12:41:34 +0000] "POST /wp-cron.php?doing_wp_cron=1778071294.4403800964355468750000 HTTP/1.1" 200 - "-" "WordPress/6.9.4; https://downloads.nipponia.com"
20.123.172.228 - - [06/May/2026:12:41:33 +0000] "POST /wp-admin/admin-ajax.php?action=as_async_request_queue_runner&nonce=3b3e497e2e HTTP/1.1" 200 - "-" "WordPress/6.9.4; https://downloads.nipponia.com"
212.205.99.65 - - [06/May/2026:12:43:22 +0000] "POST /wp-admin/admin-ajax.php HTTP/1.1" 200 67 "https://downloads.nipponia.com/wp-admin/" "Mozilla/5.0 (Windows NT 10.0; Win64; x64) AppleWebKit/537.36 (KHTML, like Gecko) Chrome/148.0.0.0 Safari/537.36"
20.123.172.228 - - [06/May/2026:12:43:36 +0000] "POST /wp-cron.php?doing_wp_cron=1778071416.2490959167480468750000 HTTP/1.1" 200 - "-" "WordPress/6.9.4; https://downloads.nipponia.com"
20.123.172.228 - - [06/May/2026:12:43:35 +0000] "POST /wp-admin/admin-ajax.php?action=as_async_request_queue_runner&nonce=3b3e497e2e HTTP/1.1" 200 - "-" "WordPress/6.9.4; https://downloads.nipponia.com"
212.205.99.65 - - [06/May/2026:12:45:23 +0000] "POST /wp-admin/admin-ajax.php HTTP/1.1" 200 67 "https://downloads.nipponia.com/wp-admin/" "Mozilla/5.0 (Windows NT 10.0; Win64; x64) AppleWebKit/537.36 (KHTML, like Gecko) Chrome/148.0.0.0 Safari/537.36"
20.123.172.228 - - [06/May/2026:12:45:36 +0000] "POST /wp-cron.php?doing_wp_cron=1778071536.7038819789886474609375 HTTP/1.1" 200 - "-" "WordPress/6.9.4; https://downloads.nipponia.com"
212.205.99.65 - - [06/May/2026:12:47:24 +0000] "POST /wp-admin/admin-ajax.php HTTP/1.1" 200 67 "https://downloads.nipponia.com/wp-admin/" "Mozilla/5.0 (Windows NT 10.0; Win64; x64) AppleWebKit/537.36 (KHTML, like Gecko) Chrome/148.0.0.0 Safari/537.36"
20.123.172.228 - - [06/May/2026:12:47:36 +0000] "POST /wp-cron.php?doing_wp_cron=1778071656.8486680984497070312500 HTTP/1.1" 200 - "-" "WordPress/6.9.4; https://downloads.nipponia.com"
20.123.172.228 - - [06/May/2026:12:47:35 +0000] "POST /wp-admin/admin-ajax.php?action=as_async_request_queue_runner&nonce=3b3e497e2e HTTP/1.1" 200 - "-" "WordPress/6.9.4; https://downloads.nipponia.com"
212.205.99.65 - - [06/May/2026:12:49:25 +0000] "POST /wp-admin/admin-ajax.php HTTP/1.1" 200 65 "https://downloads.nipponia.com/wp-admin/" "Mozilla/5.0 (Windows NT 10.0; Win64; x64) AppleWebKit/537.36 (KHTML, like Gecko) Chrome/148.0.0.0 Safari/537.36"
20.123.172.228 - - [06/May/2026:12:49:38 +0000] "POST /wp-cron.php?doing_wp_cron=1778071778.4845600128173828125000 HTTP/1.1" 200 - "-" "WordPress/6.9.4; https://downloads.nipponia.com"
20.123.172.228 - - [06/May/2026:12:49:37 +0000] "POST /wp-admin/admin-ajax.php?action=as_async_request_queue_runner&nonce=3b3e497e2e HTTP/1.1" 200 - "-" "WordPress/6.9.4; https://downloads.nipponia.com"
212.205.99.65 - - [06/May/2026:12:51:25 +0000] "POST /wp-admin/admin-ajax.php HTTP/1.1" 200 67 "https://downloads.nipponia.com/wp-admin/" "Mozilla/5.0 (Windows NT 10.0; Win64; x64) AppleWebKit/537.36 (KHTML, like Gecko) Chrome/148.0.0.0 Safari/537.36"
20.123.172.228 - - [06/May/2026:12:51:38 +0000] "POST /wp-cron.php?doing_wp_cron=1778071898.8711259365081787109375 HTTP/1.1" 200 - "-" "WordPress/6.9.4; https://downloads.nipponia.com"
212.205.99.65 - - [06/May/2026:12:53:26 +0000] "POST /wp-admin/admin-ajax.php HTTP/1.1" 200 67 "https://downloads.nipponia.com/wp-admin/" "Mozilla/5.0 (Windows NT 10.0; Win64; x64) AppleWebKit/537.36 (KHTML, like Gecko) Chrome/148.0.0.0 Safari/537.36"
20.123.172.228 - - [06/May/2026:12:53:40 +0000] "POST /wp-cron.php?doing_wp_cron=1778072020.4876561164855957031250 HTTP/1.1" 200 - "-" "WordPress/6.9.4; https://downloads.nipponia.com"
20.123.172.228 - - [06/May/2026:12:53:39 +0000] "POST /wp-admin/admin-ajax.php?action=as_async_request_queue_runner&nonce=3b3e497e2e HTTP/1.1" 200 - "-" "WordPress/6.9.4; https://downloads.nipponia.com"
212.205.99.65 - - [06/May/2026:12:55:27 +0000] "POST /wp-admin/admin-ajax.php HTTP/1.1" 200 67 "https://downloads.nipponia.com/wp-admin/" "Mozilla/5.0 (Windows NT 10.0; Win64; x64) AppleWebKit/537.36 (KHTML, like Gecko) Chrome/148.0.0.0 Safari/537.36"
20.123.172.228 - - [06/May/2026:12:55:42 +0000] "POST /wp-cron.php?doing_wp_cron=1778072141.9571139812469482421875 HTTP/1.1" 200 - "-" "WordPress/6.9.4; https://downloads.nipponia.com"
20.123.172.228 - - [06/May/2026:12:55:41 +0000] "POST /wp-admin/admin-ajax.php?action=as_async_request_queue_runner&nonce=3b3e497e2e HTTP/1.1" 200 - "-" "WordPress/6.9.4; https://downloads.nipponia.com"
212.205.99.65 - - [06/May/2026:12:57:28 +0000] "POST /wp-admin/admin-ajax.php HTTP/1.1" 200 67 "https://downloads.nipponia.com/wp-admin/" "Mozilla/5.0 (Windows NT 10.0; Win64; x64) AppleWebKit/537.36 (KHTML, like Gecko) Chrome/148.0.0.0 Safari/537.36"
20.123.172.228 - - [06/May/2026:12:57:41 +0000] "POST /wp-cron.php?doing_wp_cron=1778072261.4834918975830078125000 HTTP/1.1" 200 - "-" "WordPress/6.9.4; https://downloads.nipponia.com"
212.205.99.65 - - [06/May/2026:12:59:29 +0000] "POST /wp-admin/admin-ajax.php HTTP/1.1" 200 67 "https://downloads.nipponia.com/wp-admin/" "Mozilla/5.0 (Windows NT 10.0; Win64; x64) AppleWebKit/537.36 (KHTML, like Gecko) Chrome/148.0.0.0 Safari/537.36"
20.123.172.228 - - [06/May/2026:12:59:43 +0000] "POST /wp-cron.php?doing_wp_cron=1778072383.2392899990081787109375 HTTP/1.1" 200 - "-" "WordPress/6.9.4; https://downloads.nipponia.com"
20.123.172.228 - - [06/May/2026:12:59:42 +0000] "POST /wp-admin/admin-ajax.php?action=as_async_request_queue_runner&nonce=3b3e497e2e HTTP/1.1" 200 - "-" "WordPress/6.9.4; https://downloads.nipponia.com"
212.205.99.65 - - [06/May/2026:13:01:30 +0000] "POST /wp-admin/admin-ajax.php HTTP/1.1" 200 67 "https://downloads.nipponia.com/wp-admin/" "Mozilla/5.0 (Windows NT 10.0; Win64; x64) AppleWebKit/537.36 (KHTML, like Gecko) Chrome/148.0.0.0 Safari/537.36"
20.123.172.228 - - [06/May/2026:13:01:44 +0000] "POST /wp-cron.php?doing_wp_cron=1778072504.4798510074615478515625 HTTP/1.1" 200 - "-" "WordPress/6.9.4; https://downloads.nipponia.com"
20.123.172.228 - - [06/May/2026:13:01:43 +0000] "POST /wp-admin/admin-ajax.php?action=as_async_request_queue_runner&nonce=3b3e497e2e HTTP/1.1" 200 - "-" "WordPress/6.9.4; https://downloads.nipponia.com"
216.73.216.49 - - [06/May/2026:13:01:54 +0000] "GET /robots.txt HTTP/1.1" 200 117 "-" "Mozilla/5.0 AppleWebKit/537.36 (KHTML, like Gecko; compatible; ClaudeBot/1.0; +claudebot@anthropic.com)"
216.73.216.49 - - [06/May/2026:13:02:07 +0000] "GET /wp-sitemap.xml HTTP/1.1" 200 245 "-" "Mozilla/5.0 AppleWebKit/537.36 (KHTML, like Gecko; compatible; ClaudeBot/1.0; +claudebot@anthropic.com)"
57.141.20.71 - - [06/May/2026:13:13:16 +0000] "GET /wp-sitemap.xml HTTP/1.1" 200 682 "-" "meta-externalagent/1.1 (+https://developers.facebook.com/docs/sharing/webmasters/crawler)"
20.123.172.228 - - [06/May/2026:13:13:28 +0000] "POST /wp-cron.php?doing_wp_cron=1778073208.1210711002349853515625 HTTP/1.1" 200 - "-" "WordPress/6.9.4; https://downloads.nipponia.com"
85.254.128.45 - - [06/May/2026:13:17:22 +0000] "GET /pasolas/ HTTP/1.1" 200 11238 "-" "Mozilla/5.0 (Macintosh; Intel Mac OS X 10_15_7) AppleWebKit/537.36 (KHTML, like Gecko) Chrome/143.0.0.0 Safari/537.36"
20.123.172.228 - - [06/May/2026:13:17:40 +0000] "POST /wp-cron.php?doing_wp_cron=1778073460.2880930900573730468750 HTTP/1.1" 200 - "-" "WordPress/6.9.4; https://downloads.nipponia.com"
166.0.180.19 - - [06/May/2026:13:17:43 +0000] "GET /wp-content/uploads/2024/09/VRS-Quick-guide.pdf HTTP/1.1" 200 806204 "-" "Mozilla/5.0 (Macintosh; Intel Mac OS X 10_15_7) AppleWebKit/537.36 (KHTML, like Gecko) Chrome/143.0.0.0 Safari/537.36"
40.77.167.151 - - [06/May/2026:13:28:35 +0000] "GET /wp-content/uploads/2024/09/2024-11_VRS-manual-ES.pdf HTTP/1.1" 304 - "-" "Mozilla/5.0 AppleWebKit/537.36 (KHTML, like Gecko; compatible; bingbot/2.0; +http://www.bing.com/bingbot.htm) Chrome/116.0.1938.76 Safari/537.36"
66.249.66.32 - - [06/May/2026:13:35:01 +0000] "GET /wp-content/uploads/elementor/thumbs/frontright-scaled-r8hxgozo6735f8caqcez7ex12m9pcrkl67fjjxtou8.jpg HTTP/1.1" 200 7349 "-" "Googlebot-Image/1.0"
110.249.202.153 - - [06/May/2026:13:46:02 +0000] "GET /wp-content/uploads/2024/09/2024-11_VRS-manual-ES.pdf HTTP/1.1" 200 1932895 "http://downloads.nipponia.com/wp-content/uploads/2024/09/2024-11_VRS-manual-ES.pdf" "Mozilla/5.0 (Linux; Android 5.0) AppleWebKit/537.36 (KHTML, like Gecko) Mobile Safari/537.36 (compatible; Bytespider; https://zhanzhang.toutiao.com/)"
200.58.244.86 - - [06/May/2026:13:47:22 +0000] "GET /wp-content/uploads/2024/09/T-REX150-Manual-de-usuario.pdf HTTP/1.1" 200 5236513 "https://www.google.com/" "Mozilla/5.0 (iPhone; CPU iPhone OS 18_6_2 like Mac OS X) AppleWebKit/605.1.15 (KHTML, like Gecko) CriOS/148.0.7778.100 Mobile/15E148 Safari/604.1"
200.58.244.86 - - [06/May/2026:13:47:26 +0000] "GET /favicon.ico HTTP/1.1" 302 - "-" "Mozilla/5.0 (iPhone; CPU iPhone OS 18_6_2 like Mac OS X) AppleWebKit/605.1.15 (KHTML, like Gecko) CriOS/148.0.7778.100 Mobile/15E148 Safari/604.1"
