79.107.27.66 - - [07/May/2026:12:33:48 +0000] "GET /wp-content/plugins/elementor/vendor/elementor/wp-one-package/assets/build/common.css?ver=1.0.60 HTTP/1.1" 200 657 "https://downloads.nipponia.com/wp-admin/" "Mozilla/5.0 (Windows NT 10.0; Win64; x64) AppleWebKit/537.36 (KHTML, like Gecko) Chrome/147.0.0.0 Safari/537.36"
79.107.27.66 - - [07/May/2026:12:33:48 +0000] "GET /wp-content/plugins/image-optimization/assets/build/style-admin.css?ver=1.7.4 HTTP/1.1" 304 - "https://downloads.nipponia.com/wp-admin/" "Mozilla/5.0 (Windows NT 10.0; Win64; x64) AppleWebKit/537.36 (KHTML, like Gecko) Chrome/147.0.0.0 Safari/537.36"
79.107.27.66 - - [07/May/2026:12:33:48 +0000] "GET /wp-content/plugins/image-optimization/assets/build/control.css?ver=1.7.4 HTTP/1.1" 304 - "https://downloads.nipponia.com/wp-admin/" "Mozilla/5.0 (Windows NT 10.0; Win64; x64) AppleWebKit/537.36 (KHTML, like Gecko) Chrome/147.0.0.0 Safari/537.36"
79.107.27.66 - - [07/May/2026:12:33:48 +0000] "GET /wp-content/plugins/elementor/assets/css/modules/editor-one/admin-menu.min.css?ver=4.0.7 HTTP/1.1" 200 1141 "https://downloads.nipponia.com/wp-admin/" "Mozilla/5.0 (Windows NT 10.0; Win64; x64) AppleWebKit/537.36 (KHTML, like Gecko) Chrome/147.0.0.0 Safari/537.36"
79.107.27.66 - - [07/May/2026:12:33:48 +0000] "GET /wp-content/plugins/elementor/assets/css/common.min.css?ver=4.0.7 HTTP/1.1" 200 3451 "https://downloads.nipponia.com/wp-admin/" "Mozilla/5.0 (Windows NT 10.0; Win64; x64) AppleWebKit/537.36 (KHTML, like Gecko) Chrome/147.0.0.0 Safari/537.36"
79.107.27.66 - - [07/May/2026:12:33:48 +0000] "GET /wp-content/plugins/elementor/assets/lib/eicons/css/elementor-icons.min.css?ver=5.48.0 HTTP/1.1" 304 - "https://downloads.nipponia.com/wp-admin/" "Mozilla/5.0 (Windows NT 10.0; Win64; x64) AppleWebKit/537.36 (KHTML, like Gecko) Chrome/147.0.0.0 Safari/537.36"
79.107.27.66 - - [07/May/2026:12:33:48 +0000] "GET /wp-content/plugins/elementor/assets/css/theme-light.min.css?ver=4.0.7 HTTP/1.1" 200 715 "https://downloads.nipponia.com/wp-admin/" "Mozilla/5.0 (Windows NT 10.0; Win64; x64) AppleWebKit/537.36 (KHTML, like Gecko) Chrome/147.0.0.0 Safari/537.36"
79.107.27.66 - - [07/May/2026:12:33:48 +0000] "GET /wp-content/plugins/elementor/assets/css/admin.min.css?ver=4.0.7 HTTP/1.1" 200 13469 "https://downloads.nipponia.com/wp-admin/" "Mozilla/5.0 (Windows NT 10.0; Win64; x64) AppleWebKit/537.36 (KHTML, like Gecko) Chrome/147.0.0.0 Safari/537.36"
79.107.27.66 - - [07/May/2026:12:33:48 +0000] "GET /wp-content/plugins/wordfence/js/wfi18n.1777414075.js?ver=8.2.0 HTTP/1.1" 304 - "https://downloads.nipponia.com/wp-admin/" "Mozilla/5.0 (Windows NT 10.0; Win64; x64) AppleWebKit/537.36 (KHTML, like Gecko) Chrome/147.0.0.0 Safari/537.36"
79.107.27.66 - - [07/May/2026:12:33:48 +0000] "GET /wp-content/plugins/wordfence/js/wfglobal.1777414075.js?ver=8.2.0 HTTP/1.1" 304 - "https://downloads.nipponia.com/wp-admin/" "Mozilla/5.0 (Windows NT 10.0; Win64; x64) AppleWebKit/537.36 (KHTML, like Gecko) Chrome/147.0.0.0 Safari/537.36"
79.107.27.66 - - [07/May/2026:12:33:48 +0000] "GET /wp-content/plugins/wordfence/js/admin.ajaxWatcher.1777414075.js?ver=8.2.0 HTTP/1.1" 304 - "https://downloads.nipponia.com/wp-admin/" "Mozilla/5.0 (Windows NT 10.0; Win64; x64) AppleWebKit/537.36 (KHTML, like Gecko) Chrome/147.0.0.0 Safari/537.36"
79.107.27.66 - - [07/May/2026:12:33:48 +0000] "GET /wp-content/plugins/wordfence/js/wfdashboard.1777414075.js?ver=8.2.0 HTTP/1.1" 304 - "https://downloads.nipponia.com/wp-admin/" "Mozilla/5.0 (Windows NT 10.0; Win64; x64) AppleWebKit/537.36 (KHTML, like Gecko) Chrome/147.0.0.0 Safari/537.36"
79.107.27.66 - - [07/May/2026:12:33:48 +0000] "GET /wp-content/plugins/wordfence/js/wfpopover.1777414075.js?ver=8.2.0 HTTP/1.1" 304 - "https://downloads.nipponia.com/wp-admin/" "Mozilla/5.0 (Windows NT 10.0; Win64; x64) AppleWebKit/537.36 (KHTML, like Gecko) Chrome/147.0.0.0 Safari/537.36"
79.107.27.66 - - [07/May/2026:12:33:48 +0000] "GET /wp-content/plugins/wordfence/images/wf-horizontal.svg HTTP/1.1" 200 4953 "https://downloads.nipponia.com/wp-admin/" "Mozilla/5.0 (Windows NT 10.0; Win64; x64) AppleWebKit/537.36 (KHTML, like Gecko) Chrome/147.0.0.0 Safari/537.36"
79.107.27.66 - - [07/May/2026:12:33:48 +0000] "GET /wp-content/plugins/elementor/assets/js/common-modules.min.js?ver=4.0.7 HTTP/1.1" 200 28612 "https://downloads.nipponia.com/wp-admin/" "Mozilla/5.0 (Windows NT 10.0; Win64; x64) AppleWebKit/537.36 (KHTML, like Gecko) Chrome/147.0.0.0 Safari/537.36"
79.107.27.66 - - [07/May/2026:12:33:48 +0000] "GET /wp-content/plugins/elementor/assets/js/web-cli.min.js?ver=4.0.7 HTTP/1.1" 200 40807 "https://downloads.nipponia.com/wp-admin/" "Mozilla/5.0 (Windows NT 10.0; Win64; x64) AppleWebKit/537.36 (KHTML, like Gecko) Chrome/147.0.0.0 Safari/537.36"
79.107.27.66 - - [07/May/2026:12:33:48 +0000] "GET /wp-content/plugins/elementor/assets/js/dev-tools.min.js?ver=4.0.7 HTTP/1.1" 200 2469 "https://downloads.nipponia.com/wp-admin/" "Mozilla/5.0 (Windows NT 10.0; Win64; x64) AppleWebKit/537.36 (KHTML, like Gecko) Chrome/147.0.0.0 Safari/537.36"
79.107.27.66 - - [07/May/2026:12:33:48 +0000] "GET /wp-content/plugins/elementor/assets/js/app-loader.min.js?ver=4.0.7 HTTP/1.1" 200 24617 "https://downloads.nipponia.com/wp-admin/" "Mozilla/5.0 (Windows NT 10.0; Win64; x64) AppleWebKit/537.36 (KHTML, like Gecko) Chrome/147.0.0.0 Safari/537.36"
79.107.27.66 - - [07/May/2026:12:33:48 +0000] "GET /wp-content/plugins/advanced-custom-fields/assets/build/js/acf-escaped-html-notice.min.js?ver=6.8.0 HTTP/1.1" 304 - "https://downloads.nipponia.com/wp-admin/" "Mozilla/5.0 (Windows NT 10.0; Win64; x64) AppleWebKit/537.36 (KHTML, like Gecko) Chrome/147.0.0.0 Safari/537.36"
79.107.27.66 - - [07/May/2026:12:33:48 +0000] "GET /wp-content/plugins/elementor/vendor/elementor/wp-one-package/assets/build/common.js?ver=71fc09ea1a9e23155639 HTTP/1.1" 200 174 "https://downloads.nipponia.com/wp-admin/" "Mozilla/5.0 (Windows NT 10.0; Win64; x64) AppleWebKit/537.36 (KHTML, like Gecko) Chrome/147.0.0.0 Safari/537.36"
79.107.27.66 - - [07/May/2026:12:33:48 +0000] "GET /wp-content/plugins/image-optimization/assets/build/control.js?ver=1.7.4 HTTP/1.1" 304 - "https://downloads.nipponia.com/wp-admin/" "Mozilla/5.0 (Windows NT 10.0; Win64; x64) AppleWebKit/537.36 (KHTML, like Gecko) Chrome/147.0.0.0 Safari/537.36"
79.107.27.66 - - [07/May/2026:12:33:48 +0000] "GET /wp-content/plugins/elementor/assets/js/common.min.js?ver=4.0.7 HTTP/1.1" 200 144696 "https://downloads.nipponia.com/wp-admin/" "Mozilla/5.0 (Windows NT 10.0; Win64; x64) AppleWebKit/537.36 (KHTML, like Gecko) Chrome/147.0.0.0 Safari/537.36"
79.107.27.66 - - [07/May/2026:12:33:48 +0000] "GET /wp-content/plugins/elementor/assets/js/admin-modules.min.js?ver=4.0.7 HTTP/1.1" 200 4880 "https://downloads.nipponia.com/wp-admin/" "Mozilla/5.0 (Windows NT 10.0; Win64; x64) AppleWebKit/537.36 (KHTML, like Gecko) Chrome/147.0.0.0 Safari/537.36"
79.107.27.66 - - [07/May/2026:12:33:48 +0000] "GET /wp-content/plugins/elementor-pro/assets/js/admin.min.js?ver=4.0.4 HTTP/1.1" 304 - "https://downloads.nipponia.com/wp-admin/" "Mozilla/5.0 (Windows NT 10.0; Win64; x64) AppleWebKit/537.36 (KHTML, like Gecko) Chrome/147.0.0.0 Safari/537.36"
79.107.27.66 - - [07/May/2026:12:33:48 +0000] "GET /wp-content/plugins/elementor/assets/js/admin.min.js?ver=4.0.7 HTTP/1.1" 200 21855 "https://downloads.nipponia.com/wp-admin/" "Mozilla/5.0 (Windows NT 10.0; Win64; x64) AppleWebKit/537.36 (KHTML, like Gecko) Chrome/147.0.0.0 Safari/537.36"
79.107.27.66 - - [07/May/2026:12:33:49 +0000] "GET /wp-content/themes/hello-elementor/assets/js/hello-elementor-menu.js?ver=86d4a80498fd21c04f00 HTTP/1.1" 304 - "https://downloads.nipponia.com/wp-admin/" "Mozilla/5.0 (Windows NT 10.0; Win64; x64) AppleWebKit/537.36 (KHTML, like Gecko) Chrome/147.0.0.0 Safari/537.36"
79.107.27.66 - - [07/May/2026:12:33:49 +0000] "GET /wp-content/plugins/elementor/assets/js/editor-one-menu.min.js?ver=4.0.7 HTTP/1.1" 200 3433 "https://downloads.nipponia.com/wp-admin/" "Mozilla/5.0 (Windows NT 10.0; Win64; x64) AppleWebKit/537.36 (KHTML, like Gecko) Chrome/147.0.0.0 Safari/537.36"
79.107.27.66 - - [07/May/2026:12:33:49 +0000] "GET /wp-content/plugins/elementor/assets/js/import-export-admin.min.js?ver=4.0.7 HTTP/1.1" 200 2183 "https://downloads.nipponia.com/wp-admin/" "Mozilla/5.0 (Windows NT 10.0; Win64; x64) AppleWebKit/537.36 (KHTML, like Gecko) Chrome/147.0.0.0 Safari/537.36"
79.107.27.66 - - [07/May/2026:12:33:49 +0000] "GET /wp-content/plugins/elementor/assets/js/import-export-customization-admin.min.js?ver=4.0.7 HTTP/1.1" 200 11216 "https://downloads.nipponia.com/wp-admin/" "Mozilla/5.0 (Windows NT 10.0; Win64; x64) AppleWebKit/537.36 (KHTML, like Gecko) Chrome/147.0.0.0 Safari/537.36"
79.107.27.66 - - [07/May/2026:12:33:47 +0000] "GET /wp-admin/load-styles.php?c=0&dir=ltr&load%5Bchunk_0%5D=dashicons,admin-bar,wp-pointer,site-health,common,forms,admin-menu,dashboard,list-tables,edit,revisions,media,themes,about,nav-m&load%5Bchunk_1%5D=enus,widgets,site-icon,l10n,buttons,wp-auth-check,wp-components,wp-commands&ver=6.9.4 HTTP/1.1" 200 120307 "https://downloads.nipponia.com/wp-admin/" "Mozilla/5.0 (Windows NT 10.0; Win64; x64) AppleWebKit/537.36 (KHTML, like Gecko) Chrome/147.0.0.0 Safari/537.36"
79.107.27.66 - - [07/May/2026:12:33:49 +0000] "GET /wp-content/plugins/elementor/assets/lib/eicons/fonts/eicons.woff2?5.48.0 HTTP/1.1" 200 105738 "https://downloads.nipponia.com/wp-content/plugins/elementor/assets/lib/eicons/css/elementor-icons.min.css?ver=5.48.0" "Mozilla/5.0 (Windows NT 10.0; Win64; x64) AppleWebKit/537.36 (KHTML, like Gecko) Chrome/147.0.0.0 Safari/537.36"
79.107.27.66 - - [07/May/2026:12:33:50 +0000] "GET /wp-includes/js/thickbox/loadingAnimation.gif HTTP/1.1" 200 15238 "https://downloads.nipponia.com/wp-admin/" "Mozilla/5.0 (Windows NT 10.0; Win64; x64) AppleWebKit/537.36 (KHTML, like Gecko) Chrome/147.0.0.0 Safari/537.36"
79.107.27.66 - - [07/May/2026:12:33:50 +0000] "POST /wp-admin/admin-ajax.php HTTP/1.1" 200 108 "https://downloads.nipponia.com/wp-admin/" "Mozilla/5.0 (Windows NT 10.0; Win64; x64) AppleWebKit/537.36 (KHTML, like Gecko) Chrome/147.0.0.0 Safari/537.36"
79.107.27.66 - - [07/May/2026:12:33:50 +0000] "GET /wp-admin/admin-ajax.php?action=dashboard-widgets&widget=dashboard_primary&pagenow=dashboard HTTP/1.1" 200 471 "https://downloads.nipponia.com/wp-admin/" "Mozilla/5.0 (Windows NT 10.0; Win64; x64) AppleWebKit/537.36 (KHTML, like Gecko) Chrome/147.0.0.0 Safari/537.36"
79.107.27.66 - - [07/May/2026:12:33:52 +0000] "GET /wp-admin/users.php HTTP/1.1" 200 48121 "https://downloads.nipponia.com/wp-admin/" "Mozilla/5.0 (Windows NT 10.0; Win64; x64) AppleWebKit/537.36 (KHTML, like Gecko) Chrome/147.0.0.0 Safari/537.36"
79.107.27.66 - - [07/May/2026:12:33:54 +0000] "GET /wp-admin/users.php HTTP/1.1" 200 48121 "https://downloads.nipponia.com/wp-admin/" "Mozilla/5.0 (Windows NT 10.0; Win64; x64) AppleWebKit/537.36 (KHTML, like Gecko) Chrome/147.0.0.0 Safari/537.36"
20.123.172.228 - - [07/May/2026:12:34:10 +0000] "POST /wp-cron.php?doing_wp_cron=1778157250.0472779273986816406250 HTTP/1.1" 200 - "-" "WordPress/6.9.4; https://downloads.nipponia.com"
79.107.27.66 - - [07/May/2026:12:34:11 +0000] "GET /wp-admin/load-styles.php?c=0&dir=ltr&load%5Bchunk_0%5D=dashicons,admin-bar,wp-pointer,common,forms,admin-menu,dashboard,list-tables,edit,revisions,media,themes,about,nav-menus,widgets&load%5Bchunk_1%5D=,site-icon,l10n,buttons,wp-auth-check,wp-components,wp-commands&ver=6.9.4 HTTP/1.1" 200 119205 "https://downloads.nipponia.com/wp-admin/users.php" "Mozilla/5.0 (Windows NT 10.0; Win64; x64) AppleWebKit/537.36 (KHTML, like Gecko) Chrome/147.0.0.0 Safari/537.36"
79.107.27.66 - - [07/May/2026:12:34:15 +0000] "GET /wp-admin/user-edit.php?user_id=1&wp_http_referer=%2Fwp-admin%2Fusers.php HTTP/1.1" 200 57522 "https://downloads.nipponia.com/wp-admin/users.php" "Mozilla/5.0 (Windows NT 10.0; Win64; x64) AppleWebKit/537.36 (KHTML, like Gecko) Chrome/147.0.0.0 Safari/537.36"
79.107.27.66 - - [07/May/2026:12:34:29 +0000] "GET /wp-content/plugins/advanced-custom-fields/assets/inc/select2/4/select2.min.css?ver=4.0.13 HTTP/1.1" 200 1998 "https://downloads.nipponia.com/wp-admin/user-edit.php?user_id=1&wp_http_referer=%2Fwp-admin%2Fusers.php" "Mozilla/5.0 (Windows NT 10.0; Win64; x64) AppleWebKit/537.36 (KHTML, like Gecko) Chrome/147.0.0.0 Safari/537.36"
79.107.27.66 - - [07/May/2026:12:34:29 +0000] "GET /wp-content/plugins/advanced-custom-fields/assets/build/css/acf-input.min.css?ver=6.8.0 HTTP/1.1" 200 10219 "https://downloads.nipponia.com/wp-admin/user-edit.php?user_id=1&wp_http_referer=%2Fwp-admin%2Fusers.php" "Mozilla/5.0 (Windows NT 10.0; Win64; x64) AppleWebKit/537.36 (KHTML, like Gecko) Chrome/147.0.0.0 Safari/537.36"
79.107.27.66 - - [07/May/2026:12:34:29 +0000] "GET /wp-content/plugins/advanced-custom-fields/assets/inc/datepicker/jquery-ui.min.css?ver=1.11.4 HTTP/1.1" 200 3650 "https://downloads.nipponia.com/wp-admin/user-edit.php?user_id=1&wp_http_referer=%2Fwp-admin%2Fusers.php" "Mozilla/5.0 (Windows NT 10.0; Win64; x64) AppleWebKit/537.36 (KHTML, like Gecko) Chrome/147.0.0.0 Safari/537.36"
79.107.27.66 - - [07/May/2026:12:34:29 +0000] "GET /wp-content/plugins/advanced-custom-fields/assets/inc/timepicker/jquery-ui-timepicker-addon.min.css?ver=1.6.1 HTTP/1.1" 200 569 "https://downloads.nipponia.com/wp-admin/user-edit.php?user_id=1&wp_http_referer=%2Fwp-admin%2Fusers.php" "Mozilla/5.0 (Windows NT 10.0; Win64; x64) AppleWebKit/537.36 (KHTML, like Gecko) Chrome/147.0.0.0 Safari/537.36"
79.107.27.66 - - [07/May/2026:12:34:29 +0000] "GET /wp-content/plugins/wordfence/modules/login-security/js/admin-global.1777414075.js?ver=1.1.16 HTTP/1.1" 200 895 "https://downloads.nipponia.com/wp-admin/user-edit.php?user_id=1&wp_http_referer=%2Fwp-admin%2Fusers.php" "Mozilla/5.0 (Windows NT 10.0; Win64; x64) AppleWebKit/537.36 (KHTML, like Gecko) Chrome/147.0.0.0 Safari/537.36"
79.107.27.66 - - [07/May/2026:12:34:29 +0000] "GET /wp-includes/js/jquery/ui/resizable.min.js?ver=1.13.3 HTTP/1.1" 200 5354 "https://downloads.nipponia.com/wp-admin/user-edit.php?user_id=1&wp_http_referer=%2Fwp-admin%2Fusers.php" "Mozilla/5.0 (Windows NT 10.0; Win64; x64) AppleWebKit/537.36 (KHTML, like Gecko) Chrome/147.0.0.0 Safari/537.36"
79.107.27.66 - - [07/May/2026:12:34:29 +0000] "GET /wp-includes/js/jquery/ui/datepicker.min.js?ver=1.13.3 HTTP/1.1" 200 10907 "https://downloads.nipponia.com/wp-admin/user-edit.php?user_id=1&wp_http_referer=%2Fwp-admin%2Fusers.php" "Mozilla/5.0 (Windows NT 10.0; Win64; x64) AppleWebKit/537.36 (KHTML, like Gecko) Chrome/147.0.0.0 Safari/537.36"
79.107.27.66 - - [07/May/2026:12:34:29 +0000] "GET /wp-content/plugins/advanced-custom-fields/assets/inc/select2/4/select2.full.min.js?ver=4.0.13 HTTP/1.1" 200 21787 "https://downloads.nipponia.com/wp-admin/user-edit.php?user_id=1&wp_http_referer=%2Fwp-admin%2Fusers.php" "Mozilla/5.0 (Windows NT 10.0; Win64; x64) AppleWebKit/537.36 (KHTML, like Gecko) Chrome/147.0.0.0 Safari/537.36"
79.107.27.66 - - [07/May/2026:12:34:29 +0000] "GET /wp-content/plugins/advanced-custom-fields/assets/build/js/acf.min.js?ver=6.8.0 HTTP/1.1" 200 18682 "https://downloads.nipponia.com/wp-admin/user-edit.php?user_id=1&wp_http_referer=%2Fwp-admin%2Fusers.php" "Mozilla/5.0 (Windows NT 10.0; Win64; x64) AppleWebKit/537.36 (KHTML, like Gecko) Chrome/147.0.0.0 Safari/537.36"
79.107.27.66 - - [07/May/2026:12:34:29 +0000] "GET /wp-content/plugins/advanced-custom-fields/assets/build/js/acf-input.min.js?ver=6.8.0 HTTP/1.1" 200 33058 "https://downloads.nipponia.com/wp-admin/user-edit.php?user_id=1&wp_http_referer=%2Fwp-admin%2Fusers.php" "Mozilla/5.0 (Windows NT 10.0; Win64; x64) AppleWebKit/537.36 (KHTML, like Gecko) Chrome/147.0.0.0 Safari/537.36"
79.107.27.66 - - [07/May/2026:12:34:29 +0000] "GET /wp-content/plugins/advanced-custom-fields/assets/inc/timepicker/jquery-ui-timepicker-addon.min.js?ver=1.6.1 HTTP/1.1" 200 10655 "https://downloads.nipponia.com/wp-admin/user-edit.php?user_id=1&wp_http_referer=%2Fwp-admin%2Fusers.php" "Mozilla/5.0 (Windows NT 10.0; Win64; x64) AppleWebKit/537.36 (KHTML, like Gecko) Chrome/147.0.0.0 Safari/537.36"
79.107.27.66 - - [07/May/2026:12:34:29 +0000] "GET /wp-includes/js/jquery/ui/slider.min.js?ver=1.13.3 HTTP/1.1" 200 3138 "https://downloads.nipponia.com/wp-admin/user-edit.php?user_id=1&wp_http_referer=%2Fwp-admin%2Fusers.php" "Mozilla/5.0 (Windows NT 10.0; Win64; x64) AppleWebKit/537.36 (KHTML, like Gecko) Chrome/147.0.0.0 Safari/537.36"
79.107.27.66 - - [07/May/2026:12:34:29 +0000] "GET /wp-includes/js/jquery/jquery.ui.touch-punch.js?ver=0.2.2 HTTP/1.1" 200 585 "https://downloads.nipponia.com/wp-admin/user-edit.php?user_id=1&wp_http_referer=%2Fwp-admin%2Fusers.php" "Mozilla/5.0 (Windows NT 10.0; Win64; x64) AppleWebKit/537.36 (KHTML, like Gecko) Chrome/147.0.0.0 Safari/537.36"
79.107.27.66 - - [07/May/2026:12:34:29 +0000] "GET /wp-admin/js/iris.min.js?ver=1.1.1 HTTP/1.1" 200 8079 "https://downloads.nipponia.com/wp-admin/user-edit.php?user_id=1&wp_http_referer=%2Fwp-admin%2Fusers.php" "Mozilla/5.0 (Windows NT 10.0; Win64; x64) AppleWebKit/537.36 (KHTML, like Gecko) Chrome/147.0.0.0 Safari/537.36"
79.107.27.66 - - [07/May/2026:12:34:29 +0000] "GET /wp-content/plugins/advanced-custom-fields/assets/inc/color-picker-alpha/wp-color-picker-alpha.js?ver=3.0.0 HTTP/1.1" 200 5108 "https://downloads.nipponia.com/wp-admin/user-edit.php?user_id=1&wp_http_referer=%2Fwp-admin%2Fusers.php" "Mozilla/5.0 (Windows NT 10.0; Win64; x64) AppleWebKit/537.36 (KHTML, like Gecko) Chrome/147.0.0.0 Safari/537.36"
79.107.27.66 - - [07/May/2026:12:34:29 +0000] "GET /wp-admin/js/color-picker.min.js?ver=6.9.4 HTTP/1.1" 200 1205 "https://downloads.nipponia.com/wp-admin/user-edit.php?user_id=1&wp_http_referer=%2Fwp-admin%2Fusers.php" "Mozilla/5.0 (Windows NT 10.0; Win64; x64) AppleWebKit/537.36 (KHTML, like Gecko) Chrome/147.0.0.0 Safari/537.36"
79.107.27.66 - - [07/May/2026:12:34:29 +0000] "GET /wp-admin/load-scripts.php?c=0&load%5Bchunk_0%5D=jquery-core,jquery-migrate,utils,wp-dom-ready,wp-hooks&ver=6.9.4 HTTP/1.1" 200 36884 "https://downloads.nipponia.com/wp-admin/user-edit.php?user_id=1&wp_http_referer=%2Fwp-admin%2Fusers.php" "Mozilla/5.0 (Windows NT 10.0; Win64; x64) AppleWebKit/537.36 (KHTML, like Gecko) Chrome/147.0.0.0 Safari/537.36"
79.107.27.66 - - [07/May/2026:12:34:29 +0000] "GET /wp-admin/load-styles.php?c=0&dir=ltr&load%5Bchunk_0%5D=dashicons,admin-bar,wp-pointer,common,forms,admin-menu,dashboard,list-tables,edit,revisions,media,themes,about,nav-menus,widgets&load%5Bchunk_1%5D=,site-icon,l10n,buttons,wp-auth-check,wp-components,wp-commands,wp-color-picker&ver=6.9.4 HTTP/1.1" 200 119841 "https://downloads.nipponia.com/wp-admin/user-edit.php?user_id=1&wp_http_referer=%2Fwp-admin%2Fusers.php" "Mozilla/5.0 (Windows NT 10.0; Win64; x64) AppleWebKit/537.36 (KHTML, like Gecko) Chrome/147.0.0.0 Safari/537.36"
79.107.27.66 - - [07/May/2026:12:34:29 +0000] "GET /wp-admin/load-scripts.php?c=0&load%5Bchunk_0%5D=hoverIntent&ver=6.9.4 HTTP/1.1" 200 707 "https://downloads.nipponia.com/wp-admin/user-edit.php?user_id=1&wp_http_referer=%2Fwp-admin%2Fusers.php" "Mozilla/5.0 (Windows NT 10.0; Win64; x64) AppleWebKit/537.36 (KHTML, like Gecko) Chrome/147.0.0.0 Safari/537.36"
79.107.27.66 - - [07/May/2026:12:34:35 +0000] "POST /wp-admin/admin-ajax.php HTTP/1.1" 200 70 "https://downloads.nipponia.com/wp-admin/user-edit.php?user_id=1&wp_http_referer=%2Fwp-admin%2Fusers.php" "Mozilla/5.0 (Windows NT 10.0; Win64; x64) AppleWebKit/537.36 (KHTML, like Gecko) Chrome/147.0.0.0 Safari/537.36"
20.123.172.228 - - [07/May/2026:12:34:48 +0000] "POST /wp-cron.php?doing_wp_cron=1778157288.0691680908203125000000 HTTP/1.1" 200 - "-" "WordPress/6.9.4; https://downloads.nipponia.com"
79.107.27.66 - - [07/May/2026:12:34:42 +0000] "POST /wp-admin/user-edit.php HTTP/1.1" 302 - "https://downloads.nipponia.com/wp-admin/user-edit.php?user_id=1&wp_http_referer=%2Fwp-admin%2Fusers.php" "Mozilla/5.0 (Windows NT 10.0; Win64; x64) AppleWebKit/537.36 (KHTML, like Gecko) Chrome/147.0.0.0 Safari/537.36"
20.123.172.228 - - [07/May/2026:12:35:17 +0000] "POST /wp-cron.php?doing_wp_cron=1778157317.1625831127166748046875 HTTP/1.1" 200 - "-" "WordPress/6.9.4; https://downloads.nipponia.com"
79.107.27.66 - - [07/May/2026:12:35:18 +0000] "GET /wp-admin/user-edit.php?user_id=1&updated=1&wp_http_referer=%2Fwp-admin%2Fusers.php HTTP/1.1" 200 57592 "https://downloads.nipponia.com/wp-admin/user-edit.php?user_id=1&wp_http_referer=%2Fwp-admin%2Fusers.php" "Mozilla/5.0 (Windows NT 10.0; Win64; x64) AppleWebKit/537.36 (KHTML, like Gecko) Chrome/147.0.0.0 Safari/537.36"
79.107.27.66 - - [07/May/2026:12:35:31 +0000] "POST /wp-admin/admin-ajax.php HTTP/1.1" 200 67 "https://downloads.nipponia.com/wp-admin/user-edit.php?user_id=1&wp_http_referer=%2Fwp-admin%2Fusers.php" "Mozilla/5.0 (Windows NT 10.0; Win64; x64) AppleWebKit/537.36 (KHTML, like Gecko) Chrome/147.0.0.0 Safari/537.36"
79.107.27.66 - - [07/May/2026:12:35:36 +0000] "GET /wp-admin/users.php HTTP/1.1" 200 48119 "https://downloads.nipponia.com/wp-admin/user-edit.php?user_id=1&wp_http_referer=%2Fwp-admin%2Fusers.php" "Mozilla/5.0 (Windows NT 10.0; Win64; x64) AppleWebKit/537.36 (KHTML, like Gecko) Chrome/147.0.0.0 Safari/537.36"
79.107.27.66 - - [07/May/2026:12:36:09 +0000] "GET /wp-content/plugins/wordfence/css/wf-roboto-font.1777414075.css?ver=8.2.0 HTTP/1.1" 200 495 "https://downloads.nipponia.com/wp-admin/admin.php?page=WFLS&user=2" "Mozilla/5.0 (Windows NT 10.0; Win64; x64) AppleWebKit/537.36 (KHTML, like Gecko) Chrome/147.0.0.0 Safari/537.36"
79.107.27.66 - - [07/May/2026:12:36:09 +0000] "GET /wp-content/plugins/wordfence/css/license/free.1777414075.css?ver=6.9.4 HTTP/1.1" 200 4380 "https://downloads.nipponia.com/wp-admin/admin.php?page=WFLS&user=2" "Mozilla/5.0 (Windows NT 10.0; Win64; x64) AppleWebKit/537.36 (KHTML, like Gecko) Chrome/147.0.0.0 Safari/537.36"
79.107.27.66 - - [07/May/2026:12:36:09 +0000] "GET /wp-content/plugins/wordfence/modules/login-security/css/admin.1777414075.css?ver=1.1.16 HTTP/1.1" 200 28163 "https://downloads.nipponia.com/wp-admin/admin.php?page=WFLS&user=2" "Mozilla/5.0 (Windows NT 10.0; Win64; x64) AppleWebKit/537.36 (KHTML, like Gecko) Chrome/147.0.0.0 Safari/537.36"
79.107.27.66 - - [07/May/2026:12:36:09 +0000] "GET /wp-content/plugins/wordfence/css/wf-ionicons.1777414075.css?ver=8.2.0 HTTP/1.1" 200 77482 "https://downloads.nipponia.com/wp-admin/admin.php?page=WFLS&user=2" "Mozilla/5.0 (Windows NT 10.0; Win64; x64) AppleWebKit/537.36 (KHTML, like Gecko) Chrome/147.0.0.0 Safari/537.36"
79.107.27.66 - - [07/May/2026:12:36:09 +0000] "GET /wp-content/plugins/wordfence/css/main.1777414075.css?ver=8.2.0 HTTP/1.1" 200 130430 "https://downloads.nipponia.com/wp-admin/admin.php?page=WFLS&user=2" "Mozilla/5.0 (Windows NT 10.0; Win64; x64) AppleWebKit/537.36 (KHTML, like Gecko) Chrome/147.0.0.0 Safari/537.36"
79.107.27.66 - - [07/May/2026:12:36:09 +0000] "GET /wp-content/plugins/wordfence/modules/login-security/css/ionicons.1777414075.css?ver=1.1.16 HTTP/1.1" 200 77769 "https://downloads.nipponia.com/wp-admin/admin.php?page=WFLS&user=2" "Mozilla/5.0 (Windows NT 10.0; Win64; x64) AppleWebKit/537.36 (KHTML, like Gecko) Chrome/147.0.0.0 Safari/537.36"
79.107.27.66 - - [07/May/2026:12:36:10 +0000] "GET /wp-content/plugins/wordfence/css/wf-onboarding.1777414075.css?ver=8.2.0 HTTP/1.1" 200 8891 "https://downloads.nipponia.com/wp-admin/admin.php?page=WFLS&user=2" "Mozilla/5.0 (Windows NT 10.0; Win64; x64) AppleWebKit/537.36 (KHTML, like Gecko) Chrome/147.0.0.0 Safari/537.36"
79.107.27.66 - - [07/May/2026:12:35:55 +0000] "GET /wp-admin/admin.php?page=WFLS&user=2 HTTP/1.1" 200 90158 "https://downloads.nipponia.com/wp-admin/users.php" "Mozilla/5.0 (Windows NT 10.0; Win64; x64) AppleWebKit/537.36 (KHTML, like Gecko) Chrome/147.0.0.0 Safari/537.36"
79.107.27.66 - - [07/May/2026:12:36:10 +0000] "GET /wp-content/plugins/wordfence/js/jquery.qrcode.min.1777414075.js?ver=8.2.0 HTTP/1.1" 200 4751 "https://downloads.nipponia.com/wp-admin/admin.php?page=WFLS&user=2" "Mozilla/5.0 (Windows NT 10.0; Win64; x64) AppleWebKit/537.36 (KHTML, like Gecko) Chrome/147.0.0.0 Safari/537.36"
79.107.27.66 - - [07/May/2026:12:36:10 +0000] "GET /wp-content/plugins/wordfence/js/admin.1777414075.js?ver=8.2.0 HTTP/1.1" 200 6268 "https://downloads.nipponia.com/wp-admin/admin.php?page=WFLS&user=2" "Mozilla/5.0 (Windows NT 10.0; Win64; x64) AppleWebKit/537.36 (KHTML, like Gecko) Chrome/147.0.0.0 Safari/537.36"
79.107.27.66 - - [07/May/2026:12:36:10 +0000] "GET /wp-content/plugins/wordfence/js/wfdropdown.1777414075.js?ver=8.2.0 HTTP/1.1" 200 1579 "https://downloads.nipponia.com/wp-admin/admin.php?page=WFLS&user=2" "Mozilla/5.0 (Windows NT 10.0; Win64; x64) AppleWebKit/537.36 (KHTML, like Gecko) Chrome/147.0.0.0 Safari/537.36"
79.107.27.66 - - [07/May/2026:12:36:10 +0000] "GET /wp-content/plugins/wordfence/modules/login-security/js/admin.1777414075.js?ver=1.1.16 HTTP/1.1" 200 3664 "https://downloads.nipponia.com/wp-admin/admin.php?page=WFLS&user=2" "Mozilla/5.0 (Windows NT 10.0; Win64; x64) AppleWebKit/537.36 (KHTML, like Gecko) Chrome/147.0.0.0 Safari/537.36"
79.107.27.66 - - [07/May/2026:12:36:10 +0000] "GET /wp-content/plugins/wordfence/modules/login-security/js/jquery.qrcode.min.1777414075.js?ver=1.1.16 HTTP/1.1" 200 4751 "https://downloads.nipponia.com/wp-admin/admin.php?page=WFLS&user=2" "Mozilla/5.0 (Windows NT 10.0; Win64; x64) AppleWebKit/537.36 (KHTML, like Gecko) Chrome/147.0.0.0 Safari/537.36"
79.107.27.66 - - [07/May/2026:12:36:10 +0000] "GET /wp-content/plugins/wordfence/js/chart.umd.1777414075.js?ver=4.2.1 HTTP/1.1" 200 68972 "https://downloads.nipponia.com/wp-admin/admin.php?page=WFLS&user=2" "Mozilla/5.0 (Windows NT 10.0; Win64; x64) AppleWebKit/537.36 (KHTML, like Gecko) Chrome/147.0.0.0 Safari/537.36"
79.107.27.66 - - [07/May/2026:12:36:10 +0000] "GET /wp-content/plugins/wordfence/modules/login-security/js/wflsi18n.1777414075.js?ver=1.1.16 HTTP/1.1" 200 2101 "https://downloads.nipponia.com/wp-admin/admin.php?page=WFLS&user=2" "Mozilla/5.0 (Windows NT 10.0; Win64; x64) AppleWebKit/537.36 (KHTML, like Gecko) Chrome/147.0.0.0 Safari/537.36"
79.107.27.66 - - [07/May/2026:12:36:10 +0000] "GET /wp-includes/js/jquery/ui/checkboxradio.min.js?ver=1.13.3 HTTP/1.1" 200 1422 "https://downloads.nipponia.com/wp-admin/admin.php?page=WFLS&user=2" "Mozilla/5.0 (Windows NT 10.0; Win64; x64) AppleWebKit/537.36 (KHTML, like Gecko) Chrome/147.0.0.0 Safari/537.36"
79.107.27.66 - - [07/May/2026:12:36:10 +0000] "GET /wp-includes/js/jquery/ui/controlgroup.min.js?ver=1.13.3 HTTP/1.1" 200 1606 "https://downloads.nipponia.com/wp-admin/admin.php?page=WFLS&user=2" "Mozilla/5.0 (Windows NT 10.0; Win64; x64) AppleWebKit/537.36 (KHTML, like Gecko) Chrome/147.0.0.0 Safari/537.36"
79.107.27.66 - - [07/May/2026:12:36:10 +0000] "GET /wp-includes/js/jquery/ui/button.min.js?ver=1.13.3 HTTP/1.1" 200 1979 "https://downloads.nipponia.com/wp-admin/admin.php?page=WFLS&user=2" "Mozilla/5.0 (Windows NT 10.0; Win64; x64) AppleWebKit/537.36 (KHTML, like Gecko) Chrome/147.0.0.0 Safari/537.36"
79.107.27.66 - - [07/May/2026:12:36:10 +0000] "GET /wp-includes/js/jquery/ui/dialog.min.js?ver=1.13.3 HTTP/1.1" 200 3832 "https://downloads.nipponia.com/wp-admin/admin.php?page=WFLS&user=2" "Mozilla/5.0 (Windows NT 10.0; Win64; x64) AppleWebKit/537.36 (KHTML, like Gecko) Chrome/147.0.0.0 Safari/537.36"
79.107.27.66 - - [07/May/2026:12:36:10 +0000] "GET /wp-content/plugins/wordfence/js/wordfence.1777414075.js?ver=8.2.0 HTTP/1.1" 200 322091 "https://downloads.nipponia.com/wp-admin/admin.php?page=WFLS&user=2" "Mozilla/5.0 (Windows NT 10.0; Win64; x64) AppleWebKit/537.36 (KHTML, like Gecko) Chrome/147.0.0.0 Safari/537.36"
79.107.27.66 - - [07/May/2026:12:36:09 +0000] "GET /wp-admin/load-styles.php?c=0&dir=ltr&load%5Bchunk_0%5D=dashicons,admin-bar,wp-pointer,common,forms,admin-menu,dashboard,list-tables,edit,revisions,media,themes,about,nav-menus,widgets&load%5Bchunk_1%5D=,site-icon,l10n,buttons,wp-auth-check,wp-components,wp-commands,wp-jquery-ui-dialog&ver=6.9.4 HTTP/1.1" 200 120428 "https://downloads.nipponia.com/wp-admin/admin.php?page=WFLS&user=2" "Mozilla/5.0 (Windows NT 10.0; Win64; x64) AppleWebKit/537.36 (KHTML, like Gecko) Chrome/147.0.0.0 Safari/537.36"
79.107.27.66 - - [07/May/2026:12:36:10 +0000] "GET /wp-admin/load-scripts.php?c=0&load%5Bchunk_0%5D=jquery-core,jquery-migrate,utils,jquery-ui-core,jquery-ui-menu,jquery-ui-tooltip&ver=6.9.4 HTTP/1.1" 200 45740 "https://downloads.nipponia.com/wp-admin/admin.php?page=WFLS&user=2" "Mozilla/5.0 (Windows NT 10.0; Win64; x64) AppleWebKit/537.36 (KHTML, like Gecko) Chrome/147.0.0.0 Safari/537.36"
79.107.27.66 - - [07/May/2026:12:36:11 +0000] "GET /wp-content/plugins/wordfence/js/vue.esm-browser.prod.1777414075.js HTTP/1.1" 200 60410 "https://downloads.nipponia.com/wp-content/plugins/wordfence/js/wordfence.1777414075.js?ver=8.2.0" "Mozilla/5.0 (Windows NT 10.0; Win64; x64) AppleWebKit/537.36 (KHTML, like Gecko) Chrome/147.0.0.0 Safari/537.36"
79.107.27.66 - - [07/May/2026:12:36:14 +0000] "POST /wp-admin/admin-ajax.php HTTP/1.1" 200 37 "https://downloads.nipponia.com/wp-admin/admin.php?page=WFLS&user=2" "Mozilla/5.0 (Windows NT 10.0; Win64; x64) AppleWebKit/537.36 (KHTML, like Gecko) Chrome/147.0.0.0 Safari/537.36"
79.107.27.66 - - [07/May/2026:12:36:17 +0000] "POST /wp-admin/admin-ajax.php HTTP/1.1" 200 90 "https://downloads.nipponia.com/wp-admin/admin.php?page=WFLS&user=2" "Mozilla/5.0 (Windows NT 10.0; Win64; x64) AppleWebKit/537.36 (KHTML, like Gecko) Chrome/147.0.0.0 Safari/537.36"
20.123.172.228 - - [07/May/2026:12:36:29 +0000] "POST /wp-cron.php?doing_wp_cron=1778157389.6717379093170166015625 HTTP/1.1" 200 - "-" "WordPress/6.9.4; https://downloads.nipponia.com"
79.107.27.66 - - [07/May/2026:12:36:24 +0000] "POST /wp-admin/admin-ajax.php HTTP/1.1" 200 90 "https://downloads.nipponia.com/wp-admin/admin.php?page=WFLS&user=2" "Mozilla/5.0 (Windows NT 10.0; Win64; x64) AppleWebKit/537.36 (KHTML, like Gecko) Chrome/147.0.0.0 Safari/537.36"
79.107.27.66 - - [07/May/2026:12:36:24 +0000] "POST /wp-admin/admin-ajax.php HTTP/1.1" 200 90 "https://downloads.nipponia.com/wp-admin/admin.php?page=WFLS&user=2" "Mozilla/5.0 (Windows NT 10.0; Win64; x64) AppleWebKit/537.36 (KHTML, like Gecko) Chrome/147.0.0.0 Safari/537.36"
20.123.172.228 - - [07/May/2026:12:36:31 +0000] "POST /wp-cron.php?doing_wp_cron=1778157391.1628448963165283203125 HTTP/1.1" 200 - "-" "WordPress/6.9.4; https://downloads.nipponia.com"
79.107.27.66 - - [07/May/2026:12:36:25 +0000] "POST /wp-admin/admin-ajax.php HTTP/1.1" 200 90 "https://downloads.nipponia.com/wp-admin/admin.php?page=WFLS&user=2" "Mozilla/5.0 (Windows NT 10.0; Win64; x64) AppleWebKit/537.36 (KHTML, like Gecko) Chrome/147.0.0.0 Safari/537.36"
79.107.27.66 - - [07/May/2026:12:36:28 +0000] "POST /wp-admin/admin-ajax.php HTTP/1.1" 200 90 "https://downloads.nipponia.com/wp-admin/admin.php?page=WFLS&user=2" "Mozilla/5.0 (Windows NT 10.0; Win64; x64) AppleWebKit/537.36 (KHTML, like Gecko) Chrome/147.0.0.0 Safari/537.36"
20.123.172.228 - - [07/May/2026:12:36:40 +0000] "POST /wp-cron.php?doing_wp_cron=1778157400.0913779735565185546875 HTTP/1.1" 200 - "-" "WordPress/6.9.4; https://downloads.nipponia.com"
20.123.172.228 - - [07/May/2026:12:36:38 +0000] "POST /wp-cron.php?doing_wp_cron=1778157398.7346279621124267578125 HTTP/1.1" 200 - "-" "WordPress/6.9.4; https://downloads.nipponia.com"
20.123.172.228 - - [07/May/2026:12:36:40 +0000] "POST /wp-cron.php?doing_wp_cron=1778157400.4820449352264404296875 HTTP/1.1" 200 - "-" "WordPress/6.9.4; https://downloads.nipponia.com"
79.107.27.66 - - [07/May/2026:12:36:37 +0000] "GET /wp-admin/users.php HTTP/1.1" 200 48121 "https://downloads.nipponia.com/wp-admin/admin.php?page=WFLS&user=2" "Mozilla/5.0 (Windows NT 10.0; Win64; x64) AppleWebKit/537.36 (KHTML, like Gecko) Chrome/147.0.0.0 Safari/537.36"
79.107.27.66 - - [07/May/2026:12:36:38 +0000] "GET /wp-admin/users.php HTTP/1.1" 200 48121 "https://downloads.nipponia.com/wp-admin/admin.php?page=WFLS&user=2" "Mozilla/5.0 (Windows NT 10.0; Win64; x64) AppleWebKit/537.36 (KHTML, like Gecko) Chrome/147.0.0.0 Safari/537.36"
79.107.27.66 - - [07/May/2026:12:37:01 +0000] "GET /wp-admin/admin.php?page=WFLS&user=1 HTTP/1.1" 200 90158 "https://downloads.nipponia.com/wp-admin/users.php" "Mozilla/5.0 (Windows NT 10.0; Win64; x64) AppleWebKit/537.36 (KHTML, like Gecko) Chrome/147.0.0.0 Safari/537.36"
79.107.27.66 - - [07/May/2026:12:37:40 +0000] "POST /wp-admin/admin-ajax.php HTTP/1.1" 200 111 "https://downloads.nipponia.com/wp-admin/admin.php?page=WFLS&user=1" "Mozilla/5.0 (Windows NT 10.0; Win64; x64) AppleWebKit/537.36 (KHTML, like Gecko) Chrome/147.0.0.0 Safari/537.36"
20.123.172.228 - - [07/May/2026:12:37:53 +0000] "POST /wp-cron.php?doing_wp_cron=1778157473.6754729747772216796875 HTTP/1.1" 200 - "-" "WordPress/6.9.4; https://downloads.nipponia.com"
66.249.66.195 - - [07/May/2026:12:37:47 +0000] "GET /motocicletas-de-tipo-cub/ HTTP/1.1" 404 8928 "-" "Mozilla/5.0 (Linux; Android 6.0.1; Nexus 5X Build/MMB29P) AppleWebKit/537.36 (KHTML, like Gecko) Chrome/147.0.7727.137 Mobile Safari/537.36 (compatible; Googlebot/2.1; +http://www.google.com/bot.html)"
20.123.172.228 - - [07/May/2026:12:37:52 +0000] "POST /wp-admin/admin-ajax.php?action=as_async_request_queue_runner&nonce=20d641cd28 HTTP/1.1" 200 - "-" "WordPress/6.9.4; https://downloads.nipponia.com"
79.107.27.66 - - [07/May/2026:12:38:00 +0000] "GET /wp-admin/plugins.php HTTP/1.1" 200 53786 "https://downloads.nipponia.com/wp-admin/admin.php?page=WFLS&user=1" "Mozilla/5.0 (Windows NT 10.0; Win64; x64) AppleWebKit/537.36 (KHTML, like Gecko) Chrome/147.0.0.0 Safari/537.36"
79.107.27.66 - - [07/May/2026:12:38:15 +0000] "GET /wp-content/plugins/wordfence/css/wf-deactivation.1777414075.css?ver=8.2.0 HTTP/1.1" 200 1244 "https://downloads.nipponia.com/wp-admin/plugins.php" "Mozilla/5.0 (Windows NT 10.0; Win64; x64) AppleWebKit/537.36 (KHTML, like Gecko) Chrome/147.0.0.0 Safari/537.36"
79.107.27.66 - - [07/May/2026:12:38:15 +0000] "GET /wp-content/plugins/image-optimization/assets/build/style-deactivation.css?ver=1.7.4 HTTP/1.1" 200 829 "https://downloads.nipponia.com/wp-admin/plugins.php" "Mozilla/5.0 (Windows NT 10.0; Win64; x64) AppleWebKit/537.36 (KHTML, like Gecko) Chrome/147.0.0.0 Safari/537.36"
79.107.27.66 - - [07/May/2026:12:38:15 +0000] "GET /wp-content/plugins/image-optimization/assets/build/deactivation.js?ver=1.7.4 HTTP/1.1" 200 1951 "https://downloads.nipponia.com/wp-admin/plugins.php" "Mozilla/5.0 (Windows NT 10.0; Win64; x64) AppleWebKit/537.36 (KHTML, like Gecko) Chrome/147.0.0.0 Safari/537.36"
79.107.27.66 - - [07/May/2026:12:38:15 +0000] "GET /wp-content/plugins/elementor/assets/js/admin-feedback.min.js?ver=4.0.7 HTTP/1.1" 200 852 "https://downloads.nipponia.com/wp-admin/plugins.php" "Mozilla/5.0 (Windows NT 10.0; Win64; x64) AppleWebKit/537.36 (KHTML, like Gecko) Chrome/147.0.0.0 Safari/537.36"
79.107.27.66 - - [07/May/2026:12:37:59 +0000] "GET /wp-admin/plugins.php HTTP/1.1" 200 53787 "https://downloads.nipponia.com/wp-admin/admin.php?page=WFLS&user=1" "Mozilla/5.0 (Windows NT 10.0; Win64; x64) AppleWebKit/537.36 (KHTML, like Gecko) Chrome/147.0.0.0 Safari/537.36"
79.107.27.66 - - [07/May/2026:12:38:15 +0000] "GET /wp-admin/load-styles.php?c=0&dir=ltr&load%5Bchunk_0%5D=dashicons,admin-bar,wp-pointer,wp-jquery-ui-dialog,common,forms,admin-menu,dashboard,list-tables,edit,revisions,media,themes,abo&load%5Bchunk_1%5D=ut,nav-menus,widgets,site-icon,l10n,buttons,wp-auth-check,wp-components,wp-commands&ver=6.9.4 HTTP/1.1" 200 120142 "https://downloads.nipponia.com/wp-admin/plugins.php" "Mozilla/5.0 (Windows NT 10.0; Win64; x64) AppleWebKit/537.36 (KHTML, like Gecko) Chrome/147.0.0.0 Safari/537.36"
79.107.27.66 - - [07/May/2026:12:38:16 +0000] "GET /wp-admin/images/spinner.gif HTTP/1.1" 200 3656 "https://downloads.nipponia.com/wp-admin/load-styles.php?c=0&dir=ltr&load%5Bchunk_0%5D=dashicons,admin-bar,wp-pointer,wp-jquery-ui-dialog,common,forms,admin-menu,dashboard,list-tables,edit,revisions,media,themes,abo&load%5Bchunk_1%5D=ut,nav-menus,widgets,site-icon,l10n,buttons,wp-auth-check,wp-components,wp-commands&ver=6.9.4" "Mozilla/5.0 (Windows NT 10.0; Win64; x64) AppleWebKit/537.36 (KHTML, like Gecko) Chrome/147.0.0.0 Safari/537.36"
20.123.172.228 - - [07/May/2026:12:38:46 +0000] "POST /wp-cron.php?doing_wp_cron=1778157526.4148409366607666015625 HTTP/1.1" 200 - "-" "WordPress/6.9.4; https://downloads.nipponia.com"
79.107.27.66 - - [07/May/2026:12:38:27 +0000] "POST /wp-admin/admin-ajax.php HTTP/1.1" 200 141 "https://downloads.nipponia.com/wp-admin/plugins.php" "Mozilla/5.0 (Windows NT 10.0; Win64; x64) AppleWebKit/537.36 (KHTML, like Gecko) Chrome/147.0.0.0 Safari/537.36"
79.107.27.66 - - [07/May/2026:12:39:16 +0000] "POST /wp-admin/admin-ajax.php HTTP/1.1" 200 67 "https://downloads.nipponia.com/wp-admin/plugins.php" "Mozilla/5.0 (Windows NT 10.0; Win64; x64) AppleWebKit/537.36 (KHTML, like Gecko) Chrome/147.0.0.0 Safari/537.36"
20.123.172.228 - - [07/May/2026:12:39:29 +0000] "POST /wp-cron.php?doing_wp_cron=1778157569.5265359878540039062500 HTTP/1.1" 200 - "-" "WordPress/6.9.4; https://downloads.nipponia.com"
216.73.216.49 - - [07/May/2026:12:40:10 +0000] "GET /robots.txt HTTP/1.1" 200 117 "-" "Mozilla/5.0 AppleWebKit/537.36 (KHTML, like Gecko; compatible; ClaudeBot/1.0; +claudebot@anthropic.com)"
20.123.172.228 - - [07/May/2026:12:40:23 +0000] "POST /wp-cron.php?doing_wp_cron=1778157623.1172299385070800781250 HTTP/1.1" 200 - "-" "WordPress/6.9.4; https://downloads.nipponia.com"
216.73.216.49 - - [07/May/2026:12:40:24 +0000] "GET /wp-sitemap.xml HTTP/1.1" 200 245 "-" "Mozilla/5.0 AppleWebKit/537.36 (KHTML, like Gecko; compatible; ClaudeBot/1.0; +claudebot@anthropic.com)"
45.148.10.5 - - [07/May/2026:12:41:25 +0000] "GET / HTTP/1.1" 200 31290 "-" "Mozilla/5.0 (Windows NT 10.0; Win64; x64) AppleWebKit/537.36"
20.123.172.228 - - [07/May/2026:12:41:45 +0000] "POST /wp-cron.php?doing_wp_cron=1778157705.6307559013366699218750 HTTP/1.1" 200 - "-" "WordPress/6.9.4; https://downloads.nipponia.com"
216.244.66.249 - - [07/May/2026:12:52:58 +0000] "GET /robots.txt HTTP/1.1" 200 123 "-" "Mozilla/5.0 (compatible; DotBot/1.2; +https://opensiteexplorer.org/dotbot; help@moz.com)"
20.123.172.228 - - [07/May/2026:12:53:09 +0000] "POST /wp-cron.php?doing_wp_cron=1778158389.4440240859985351562500 HTTP/1.1" 200 - "-" "WordPress/6.9.4; https://downloads.nipponia.com"
216.244.66.249 - - [07/May/2026:13:01:22 +0000] "GET /wp-content/uploads/2024/09/T-REX150-Manual-de-usuario.pdf HTTP/1.1" 200 5318296 "-" "Mozilla/5.0 (compatible; DotBot/1.2; +https://opensiteexplorer.org/dotbot; help@moz.com)"
20.169.78.188 - - [07/May/2026:13:12:51 +0000] "GET / HTTP/1.1" 200 10941 "-" "Mozilla/5.0 AppleWebKit/537.36 (KHTML, like Gecko); compatible; ChatGPT-User/1.0; +https://openai.com/bot"
20.123.172.228 - - [07/May/2026:13:13:08 +0000] "POST /wp-cron.php?doing_wp_cron=1778159588.0654819011688232421875 HTTP/1.1" 200 - "-" "WordPress/6.9.4; https://downloads.nipponia.com"
216.73.216.49 - - [07/May/2026:13:22:34 +0000] "GET /wp-sitemap.xml HTTP/1.1" 200 245 "-" "Mozilla/5.0 AppleWebKit/537.36 (KHTML, like Gecko; compatible; ClaudeBot/1.0; +claudebot@anthropic.com)"
20.123.172.228 - - [07/May/2026:13:22:48 +0000] "POST /wp-cron.php?doing_wp_cron=1778160167.8855979442596435546875 HTTP/1.1" 200 - "-" "WordPress/6.9.4; https://downloads.nipponia.com"
212.205.99.65 - - [07/May/2026:13:22:38 +0000] "GET /home/ HTTP/1.1" 200 10993 "https://nipponiacaribe.com/" "Mozilla/5.0 (Windows NT 10.0; Win64; x64) AppleWebKit/537.36 (KHTML, like Gecko) Chrome/147.0.0.0 Safari/537.36 Edg/147.0.0.0"
212.205.99.65 - - [07/May/2026:13:22:56 +0000] "GET /wp-content/plugins/elementor/assets/css/frontend.min.css?ver=4.0.7 HTTP/1.1" 200 7271 "https://downloads.nipponia.com/home/" "Mozilla/5.0 (Windows NT 10.0; Win64; x64) AppleWebKit/537.36 (KHTML, like Gecko) Chrome/147.0.0.0 Safari/537.36 Edg/147.0.0.0"
212.205.99.65 - - [07/May/2026:13:22:56 +0000] "GET /wp-content/themes/hello-elementor/assets/css/reset.css?ver=3.4.7 HTTP/1.1" 304 - "https://downloads.nipponia.com/home/" "Mozilla/5.0 (Windows NT 10.0; Win64; x64) AppleWebKit/537.36 (KHTML, like Gecko) Chrome/147.0.0.0 Safari/537.36 Edg/147.0.0.0"
212.205.99.65 - - [07/May/2026:13:22:56 +0000] "GET /wp-content/themes/hello-elementor/assets/css/theme.css?ver=3.4.7 HTTP/1.1" 304 - "https://downloads.nipponia.com/home/" "Mozilla/5.0 (Windows NT 10.0; Win64; x64) AppleWebKit/537.36 (KHTML, like Gecko) Chrome/147.0.0.0 Safari/537.36 Edg/147.0.0.0"
212.205.99.65 - - [07/May/2026:13:22:56 +0000] "GET /wp-content/themes/hello-elementor/assets/css/header-footer.css?ver=3.4.7 HTTP/1.1" 304 - "https://downloads.nipponia.com/home/" "Mozilla/5.0 (Windows NT 10.0; Win64; x64) AppleWebKit/537.36 (KHTML, like Gecko) Chrome/147.0.0.0 Safari/537.36 Edg/147.0.0.0"
212.205.99.65 - - [07/May/2026:13:22:56 +0000] "GET /wp-content/plugins/elementor/assets/css/widget-image.min.css?ver=4.0.7 HTTP/1.1" 200 135 "https://downloads.nipponia.com/home/" "Mozilla/5.0 (Windows NT 10.0; Win64; x64) AppleWebKit/537.36 (KHTML, like Gecko) Chrome/147.0.0.0 Safari/537.36 Edg/147.0.0.0"
212.205.99.65 - - [07/May/2026:13:22:56 +0000] "GET /wp-content/uploads/elementor/css/post-6.css?ver=1778157699 HTTP/1.1" 200 516 "https://downloads.nipponia.com/home/" "Mozilla/5.0 (Windows NT 10.0; Win64; x64) AppleWebKit/537.36 (KHTML, like Gecko) Chrome/147.0.0.0 Safari/537.36 Edg/147.0.0.0"
212.205.99.65 - - [07/May/2026:13:22:56 +0000] "GET /wp-content/plugins/elementor/assets/css/widget-icon-list.min.css?ver=4.0.7 HTTP/1.1" 200 1023 "https://downloads.nipponia.com/home/" "Mozilla/5.0 (Windows NT 10.0; Win64; x64) AppleWebKit/537.36 (KHTML, like Gecko) Chrome/147.0.0.0 Safari/537.36 Edg/147.0.0.0"
212.205.99.65 - - [07/May/2026:13:22:56 +0000] "GET /wp-content/plugins/elementor/assets/css/widget-social-icons.min.css?ver=4.0.7 HTTP/1.1" 200 1142 "https://downloads.nipponia.com/home/" "Mozilla/5.0 (Windows NT 10.0; Win64; x64) AppleWebKit/537.36 (KHTML, like Gecko) Chrome/147.0.0.0 Safari/537.36 Edg/147.0.0.0"
212.205.99.65 - - [07/May/2026:13:22:56 +0000] "GET /wp-content/plugins/elementor-pro/assets/css/modules/sticky.min.css?ver=4.0.4 HTTP/1.1" 304 - "https://downloads.nipponia.com/home/" "Mozilla/5.0 (Windows NT 10.0; Win64; x64) AppleWebKit/537.36 (KHTML, like Gecko) Chrome/147.0.0.0 Safari/537.36 Edg/147.0.0.0"
212.205.99.65 - - [07/May/2026:13:22:56 +0000] "GET /wp-content/plugins/elementor/assets/css/widget-heading.min.css?ver=4.0.7 HTTP/1.1" 200 160 "https://downloads.nipponia.com/home/" "Mozilla/5.0 (Windows NT 10.0; Win64; x64) AppleWebKit/537.36 (KHTML, like Gecko) Chrome/147.0.0.0 Safari/537.36 Edg/147.0.0.0"
212.205.99.65 - - [07/May/2026:13:22:57 +0000] "GET /wp-content/plugins/elementor/assets/css/conditionals/apple-webkit.min.css?ver=4.0.7 HTTP/1.1" 200 547 "https://downloads.nipponia.com/home/" "Mozilla/5.0 (Windows NT 10.0; Win64; x64) AppleWebKit/537.36 (KHTML, like Gecko) Chrome/147.0.0.0 Safari/537.36 Edg/147.0.0.0"
212.205.99.65 - - [07/May/2026:13:22:57 +0000] "GET /wp-content/plugins/elementor/assets/css/conditionals/shapes.min.css?ver=4.0.7 HTTP/1.1" 200 288 "https://downloads.nipponia.com/home/" "Mozilla/5.0 (Windows NT 10.0; Win64; x64) AppleWebKit/537.36 (KHTML, like Gecko) Chrome/147.0.0.0 Safari/537.36 Edg/147.0.0.0"
212.205.99.65 - - [07/May/2026:13:22:57 +0000] "GET /wp-content/plugins/elementor/assets/lib/eicons/css/elementor-icons.min.css?ver=5.48.0 HTTP/1.1" 200 4455 "https://downloads.nipponia.com/home/" "Mozilla/5.0 (Windows NT 10.0; Win64; x64) AppleWebKit/537.36 (KHTML, like Gecko) Chrome/147.0.0.0 Safari/537.36 Edg/147.0.0.0"
212.205.99.65 - - [07/May/2026:13:22:57 +0000] "GET /wp-content/plugins/elementor-pro/assets/css/widget-search-form.min.css?ver=4.0.4 HTTP/1.1" 304 - "https://downloads.nipponia.com/home/" "Mozilla/5.0 (Windows NT 10.0; Win64; x64) AppleWebKit/537.36 (KHTML, like Gecko) Chrome/147.0.0.0 Safari/537.36 Edg/147.0.0.0"
212.205.99.65 - - [07/May/2026:13:22:57 +0000] "GET /wp-content/plugins/elementor/assets/lib/animations/styles/fadeIn.min.css?ver=4.0.7 HTTP/1.1" 200 79 "https://downloads.nipponia.com/home/" "Mozilla/5.0 (Windows NT 10.0; Win64; x64) AppleWebKit/537.36 (KHTML, like Gecko) Chrome/147.0.0.0 Safari/537.36 Edg/147.0.0.0"
212.205.99.65 - - [07/May/2026:13:22:57 +0000] "GET /wp-content/plugins/elementor/assets/lib/animations/styles/e-animation-pulse.min.css?ver=4.0.7 HTTP/1.1" 200 164 "https://downloads.nipponia.com/home/" "Mozilla/5.0 (Windows NT 10.0; Win64; x64) AppleWebKit/537.36 (KHTML, like Gecko) Chrome/147.0.0.0 Safari/537.36 Edg/147.0.0.0"
212.205.99.65 - - [07/May/2026:13:22:57 +0000] "GET /wp-content/plugins/elementor-pro/assets/css/conditionals/transitions.min.css?ver=4.0.4 HTTP/1.1" 200 621 "https://downloads.nipponia.com/home/" "Mozilla/5.0 (Windows NT 10.0; Win64; x64) AppleWebKit/537.36 (KHTML, like Gecko) Chrome/147.0.0.0 Safari/537.36 Edg/147.0.0.0"
212.205.99.65 - - [07/May/2026:13:22:57 +0000] "GET /wp-content/plugins/elementor-pro/assets/css/widget-gallery.min.css?ver=4.0.4 HTTP/1.1" 200 1102 "https://downloads.nipponia.com/home/" "Mozilla/5.0 (Windows NT 10.0; Win64; x64) AppleWebKit/537.36 (KHTML, like Gecko) Chrome/147.0.0.0 Safari/537.36 Edg/147.0.0.0"
212.205.99.65 - - [07/May/2026:13:22:57 +0000] "GET /wp-content/uploads/elementor/css/post-20.css?ver=1778160175 HTTP/1.1" 200 1062 "https://downloads.nipponia.com/home/" "Mozilla/5.0 (Windows NT 10.0; Win64; x64) AppleWebKit/537.36 (KHTML, like Gecko) Chrome/147.0.0.0 Safari/537.36 Edg/147.0.0.0"
212.205.99.65 - - [07/May/2026:13:22:57 +0000] "GET /wp-content/uploads/elementor/css/post-147.css?ver=1778157703 HTTP/1.1" 200 801 "https://downloads.nipponia.com/home/" "Mozilla/5.0 (Windows NT 10.0; Win64; x64) AppleWebKit/537.36 (KHTML, like Gecko) Chrome/147.0.0.0 Safari/537.36 Edg/147.0.0.0"
212.205.99.65 - - [07/May/2026:13:22:57 +0000] "GET /wp-content/uploads/elementor/css/post-155.css?ver=1778157704 HTTP/1.1" 200 1043 "https://downloads.nipponia.com/home/" "Mozilla/5.0 (Windows NT 10.0; Win64; x64) AppleWebKit/537.36 (KHTML, like Gecko) Chrome/147.0.0.0 Safari/537.36 Edg/147.0.0.0"
212.205.99.65 - - [07/May/2026:13:22:57 +0000] "GET /wp-content/themes/hello-elementor/assets/js/hello-frontend.js?ver=3.4.7 HTTP/1.1" 304 - "https://downloads.nipponia.com/home/" "Mozilla/5.0 (Windows NT 10.0; Win64; x64) AppleWebKit/537.36 (KHTML, like Gecko) Chrome/147.0.0.0 Safari/537.36 Edg/147.0.0.0"
212.205.99.65 - - [07/May/2026:13:22:57 +0000] "GET /wp-content/plugins/elementor/assets/js/webpack.runtime.min.js?ver=4.0.7 HTTP/1.1" 200 2496 "https://downloads.nipponia.com/home/" "Mozilla/5.0 (Windows NT 10.0; Win64; x64) AppleWebKit/537.36 (KHTML, like Gecko) Chrome/147.0.0.0 Safari/537.36 Edg/147.0.0.0"
212.205.99.65 - - [07/May/2026:13:22:57 +0000] "GET /wp-content/plugins/elementor/assets/js/frontend-modules.min.js?ver=4.0.7 HTTP/1.1" 200 15970 "https://downloads.nipponia.com/home/" "Mozilla/5.0 (Windows NT 10.0; Win64; x64) AppleWebKit/537.36 (KHTML, like Gecko) Chrome/147.0.0.0 Safari/537.36 Edg/147.0.0.0"
212.205.99.65 - - [07/May/2026:13:22:57 +0000] "GET /wp-content/plugins/elementor/assets/js/frontend.min.js?ver=4.0.7 HTTP/1.1" 200 10339 "https://downloads.nipponia.com/home/" "Mozilla/5.0 (Windows NT 10.0; Win64; x64) AppleWebKit/537.36 (KHTML, like Gecko) Chrome/147.0.0.0 Safari/537.36 Edg/147.0.0.0"
212.205.99.65 - - [07/May/2026:13:22:57 +0000] "GET /wp-content/plugins/elementor-pro/assets/lib/sticky/jquery.sticky.min.js?ver=4.0.4 HTTP/1.1" 304 - "https://downloads.nipponia.com/home/" "Mozilla/5.0 (Windows NT 10.0; Win64; x64) AppleWebKit/537.36 (KHTML, like Gecko) Chrome/147.0.0.0 Safari/537.36 Edg/147.0.0.0"
212.205.99.65 - - [07/May/2026:13:22:57 +0000] "GET /wp-content/plugins/elementor-pro/assets/js/webpack-pro.runtime.min.js?ver=4.0.4 HTTP/1.1" 304 - "https://downloads.nipponia.com/home/" "Mozilla/5.0 (Windows NT 10.0; Win64; x64) AppleWebKit/537.36 (KHTML, like Gecko) Chrome/147.0.0.0 Safari/537.36 Edg/147.0.0.0"
212.205.99.65 - - [07/May/2026:13:22:57 +0000] "GET /wp-content/plugins/elementor-pro/assets/js/elements-handlers.min.js?ver=4.0.4 HTTP/1.1" 304 - "https://downloads.nipponia.com/home/" "Mozilla/5.0 (Windows NT 10.0; Win64; x64) AppleWebKit/537.36 (KHTML, like Gecko) Chrome/147.0.0.0 Safari/537.36 Edg/147.0.0.0"
212.205.99.65 - - [07/May/2026:13:22:57 +0000] "GET /wp-content/plugins/elementor-pro/assets/js/frontend.min.js?ver=4.0.4 HTTP/1.1" 304 - "https://downloads.nipponia.com/home/" "Mozilla/5.0 (Windows NT 10.0; Win64; x64) AppleWebKit/537.36 (KHTML, like Gecko) Chrome/147.0.0.0 Safari/537.36 Edg/147.0.0.0"
212.205.99.65 - - [07/May/2026:13:22:59 +0000] "GET /wp-content/plugins/elementor/assets/js/section-frontend-handlers.d85ab872da118940910d.bundle.min.js HTTP/1.1" 200 269 "https://downloads.nipponia.com/home/" "Mozilla/5.0 (Windows NT 10.0; Win64; x64) AppleWebKit/537.36 (KHTML, like Gecko) Chrome/147.0.0.0 Safari/537.36 Edg/147.0.0.0"
212.205.99.65 - - [07/May/2026:13:22:59 +0000] "GET /wp-content/plugins/elementor-pro/assets/js/search-form.9abeafeecde90cf7e0f4.bundle.min.js HTTP/1.1" 304 - "https://downloads.nipponia.com/home/" "Mozilla/5.0 (Windows NT 10.0; Win64; x64) AppleWebKit/537.36 (KHTML, like Gecko) Chrome/147.0.0.0 Safari/537.36 Edg/147.0.0.0"
212.205.99.65 - - [07/May/2026:13:22:59 +0000] "GET /wp-content/plugins/elementor/assets/js/shared-frontend-handlers.03caa53373b56d3bab67.bundle.min.js HTTP/1.1" 200 2644 "https://downloads.nipponia.com/home/" "Mozilla/5.0 (Windows NT 10.0; Win64; x64) AppleWebKit/537.36 (KHTML, like Gecko) Chrome/147.0.0.0 Safari/537.36 Edg/147.0.0.0"
212.205.99.65 - - [07/May/2026:13:22:59 +0000] "GET /wp-content/plugins/elementor-pro/assets/js/gallery.cca2358f59857ce6f62f.bundle.min.js HTTP/1.1" 200 1759 "https://downloads.nipponia.com/home/" "Mozilla/5.0 (Windows NT 10.0; Win64; x64) AppleWebKit/537.36 (KHTML, like Gecko) Chrome/147.0.0.0 Safari/537.36 Edg/147.0.0.0"
