200.58.244.86 - - [06/May/2026:13:47:40 +0000] "GET /wp-content/uploads/2025/08/cropped-logo-nipponia-512-512px-1-32x32.png HTTP/1.1" 200 1235 "-" "Mozilla/5.0 (iPhone; CPU iPhone OS 18_6_2 like Mac OS X) AppleWebKit/605.1.15 (KHTML, like Gecko) CriOS/148.0.7778.100 Mobile/15E148 Safari/604.1"
20.123.172.228 - - [06/May/2026:13:47:38 +0000] "POST /wp-cron.php?doing_wp_cron=1778075258.8489429950714111328125 HTTP/1.1" 200 - "-" "WordPress/6.9.4; https://downloads.nipponia.com"
100.27.153.9 - - [06/May/2026:13:52:46 +0000] "GET /wp-json/wp/v2/pages/2 HTTP/1.1" 200 1170 "-" "Mozilla/5.0 AppleWebKit/537.36 (KHTML, like Gecko; compatible; Amazonbot/0.1; +https://developer.amazon.com/support/amazonbot) Chrome/119.0.6045.214 Safari/537.36"
20.123.172.228 - - [06/May/2026:13:52:58 +0000] "POST /wp-cron.php?doing_wp_cron=1778075578.4750809669494628906250 HTTP/1.1" 200 - "-" "WordPress/6.9.4; https://downloads.nipponia.com"
101.33.81.73 - - [06/May/2026:14:02:13 +0000] "GET / HTTP/1.1" 200 10945 "http://downloads.nipponia.com" "Mozilla/5.0 (iPhone; CPU iPhone OS 13_2_3 like Mac OS X) AppleWebKit/605.1.15 (KHTML, like Gecko) Version/13.0.3 Mobile/15E148 Safari/604.1"
20.123.172.228 - - [06/May/2026:14:02:31 +0000] "POST /wp-cron.php?doing_wp_cron=1778076151.2869510650634765625000 HTTP/1.1" 200 - "-" "WordPress/6.9.4; https://downloads.nipponia.com"
66.249.66.4 - - [06/May/2026:14:02:28 +0000] "GET /robots.txt HTTP/1.1" 200 117 "-" "Mozilla/5.0 (compatible; Googlebot/2.1; +http://www.google.com/bot.html)"
66.249.66.3 - - [06/May/2026:14:02:41 +0000] "GET /model_manual/address-z-150/ HTTP/1.1" 200 10324 "-" "Mozilla/5.0 (Linux; Android 6.0.1; Nexus 5X Build/MMB29P) AppleWebKit/537.36 (KHTML, like Gecko) Chrome/147.0.7727.137 Mobile Safari/537.36 (compatible; Googlebot/2.1; +http://www.google.com/bot.html)"
111.225.149.147 - - [06/May/2026:14:02:51 +0000] "GET /robots.txt HTTP/1.1" 200 117 "-" "Mozilla/5.0 (Linux; Android 5.0) AppleWebKit/537.36 (KHTML, like Gecko) Mobile Safari/537.36 (compatible; Bytespider; https://zhanzhang.toutiao.com/)"
20.123.172.228 - - [06/May/2026:14:03:02 +0000] "POST /wp-cron.php?doing_wp_cron=1778076181.9359889030456542968750 HTTP/1.1" 200 - "-" "WordPress/6.9.4; https://downloads.nipponia.com"
66.249.66.3 - - [06/May/2026:14:03:03 +0000] "GET /wp-content/plugins/elementor/assets/css/widget-icon-list.min.css?ver=4.0.7 HTTP/1.1" 200 1023 "https://downloads.nipponia.com/model_manual/address-z-150/" "Mozilla/5.0 (Linux; Android 6.0.1; Nexus 5X Build/MMB29P) AppleWebKit/537.36 (KHTML, like Gecko) Chrome/147.0.7727.137 Mobile Safari/537.36 (compatible; Googlebot/2.1; +http://www.google.com/bot.html)"
66.249.66.3 - - [06/May/2026:14:03:06 +0000] "GET /wp-content/plugins/elementor/assets/css/frontend.min.css?ver=4.0.7 HTTP/1.1" 200 7271 "https://downloads.nipponia.com/model_manual/address-z-150/" "Mozilla/5.0 (Linux; Android 6.0.1; Nexus 5X Build/MMB29P) AppleWebKit/537.36 (KHTML, like Gecko) Chrome/147.0.7727.137 Mobile Safari/537.36 (compatible; Googlebot/2.1; +http://www.google.com/bot.html)"
66.249.66.66 - - [06/May/2026:14:03:08 +0000] "GET /wp-content/plugins/elementor/assets/css/widget-image.min.css?ver=4.0.7 HTTP/1.1" 200 135 "https://downloads.nipponia.com/model_manual/address-z-150/" "Mozilla/5.0 (Linux; Android 6.0.1; Nexus 5X Build/MMB29P) AppleWebKit/537.36 (KHTML, like Gecko) Chrome/147.0.7727.137 Mobile Safari/537.36 (compatible; Googlebot/2.1; +http://www.google.com/bot.html)"
66.249.66.3 - - [06/May/2026:14:03:10 +0000] "GET /wp-content/plugins/elementor/assets/js/frontend-modules.min.js?ver=4.0.7 HTTP/1.1" 200 15970 "https://downloads.nipponia.com/model_manual/address-z-150/" "Mozilla/5.0 (Linux; Android 6.0.1; Nexus 5X Build/MMB29P) AppleWebKit/537.36 (KHTML, like Gecko) Chrome/147.0.7727.137 Mobile Safari/537.36 (compatible; Googlebot/2.1; +http://www.google.com/bot.html)"
66.249.66.3 - - [06/May/2026:14:03:12 +0000] "GET /wp-content/plugins/elementor/assets/css/conditionals/shapes.min.css?ver=4.0.7 HTTP/1.1" 200 288 "https://downloads.nipponia.com/model_manual/address-z-150/" "Mozilla/5.0 (Linux; Android 6.0.1; Nexus 5X Build/MMB29P) AppleWebKit/537.36 (KHTML, like Gecko) Chrome/147.0.7727.137 Mobile Safari/537.36 (compatible; Googlebot/2.1; +http://www.google.com/bot.html)"
66.249.66.3 - - [06/May/2026:14:03:13 +0000] "GET /wp-content/plugins/elementor/assets/css/widget-heading.min.css?ver=4.0.7 HTTP/1.1" 200 160 "https://downloads.nipponia.com/model_manual/address-z-150/" "Mozilla/5.0 (Linux; Android 6.0.1; Nexus 5X Build/MMB29P) AppleWebKit/537.36 (KHTML, like Gecko) Chrome/147.0.7727.137 Mobile Safari/537.36 (compatible; Googlebot/2.1; +http://www.google.com/bot.html)"
47.128.18.68 - - [06/May/2026:14:19:48 +0000] "GET /robots.txt HTTP/1.1" 200 117 "-" "Mozilla/5.0 (Linux; Android 5.0) AppleWebKit/537.36 (KHTML, like Gecko) Mobile Safari/537.36 (compatible; Bytespider; spider-feedback@bytedance.com)"
20.123.172.228 - - [06/May/2026:14:19:58 +0000] "POST /wp-cron.php?doing_wp_cron=1778077198.8015589714050292968750 HTTP/1.1" 200 - "-" "WordPress/6.9.4; https://downloads.nipponia.com"
40.77.167.54 - - [06/May/2026:14:20:34 +0000] "GET /wp-sitemap-users-1.xml HTTP/1.1" 200 9370 "-" "Mozilla/5.0 AppleWebKit/537.36 (KHTML, like Gecko; compatible; bingbot/2.0; +http://www.bing.com/bingbot.htm) Chrome/116.0.1938.76 Safari/537.36"
20.123.172.228 - - [06/May/2026:14:20:53 +0000] "POST /wp-cron.php?doing_wp_cron=1778077252.9904448986053466796875 HTTP/1.1" 200 - "-" "WordPress/6.9.4; https://downloads.nipponia.com"
52.0.63.151 - - [06/May/2026:14:32:06 +0000] "GET /wp-json/oembed/1.0/embed?format=xml&url=https://downloads.nipponia.com/sample-page/ HTTP/1.1" 200 1085 "-" "Mozilla/5.0 AppleWebKit/537.36 (KHTML, like Gecko; compatible; Amazonbot/0.1; +https://developer.amazon.com/support/amazonbot) Chrome/119.0.6045.214 Safari/537.36"
20.123.172.228 - - [06/May/2026:14:32:17 +0000] "POST /wp-cron.php?doing_wp_cron=1778077937.0577619075775146484375 HTTP/1.1" 200 - "-" "WordPress/6.9.4; https://downloads.nipponia.com"
52.154.22.59 - - [06/May/2026:14:54:13 +0000] "GET / HTTP/1.1" 200 10945 "-" "Mozilla/5.0 AppleWebKit/537.36 (KHTML, like Gecko); compatible; ChatGPT-User/1.0; +https://openai.com/bot"
20.123.172.228 - - [06/May/2026:14:54:29 +0000] "POST /wp-cron.php?doing_wp_cron=1778079269.6102890968322753906250 HTTP/1.1" 200 - "-" "WordPress/6.9.4; https://downloads.nipponia.com"
23.98.142.181 - - [06/May/2026:15:07:44 +0000] "GET /wp-content/uploads/2025/07/Evolution-110-3-v5_SPC_v.24.11_1.pdf HTTP/1.1" 200 4226303 "-" "Mozilla/5.0 AppleWebKit/537.36 (KHTML, like Gecko); compatible; ChatGPT-User/1.0; +https://openai.com/bot"
100.29.63.24 - - [06/May/2026:15:13:02 +0000] "GET /wp-json/oembed/1.0/embed?url=https://downloads.nipponia.com/sample-page/ HTTP/1.1" 200 1056 "-" "Mozilla/5.0 AppleWebKit/537.36 (KHTML, like Gecko; compatible; Amazonbot/0.1; +https://developer.amazon.com/support/amazonbot) Chrome/119.0.6045.214 Safari/537.36"
20.123.172.228 - - [06/May/2026:15:13:15 +0000] "POST /wp-cron.php?doing_wp_cron=1778080395.5756530761718750000000 HTTP/1.1" 200 - "-" "WordPress/6.9.4; https://downloads.nipponia.com"
216.73.216.49 - - [06/May/2026:15:13:18 +0000] "GET /robots.txt HTTP/1.1" 200 117 "http://downloads.nipponia.com/robots.txt" "Mozilla/5.0 AppleWebKit/537.36 (KHTML, like Gecko; compatible; ClaudeBot/1.0; +claudebot@anthropic.com)"
216.73.216.49 - - [06/May/2026:15:13:29 +0000] "GET /model_manual/t-rex HTTP/1.1" 301 - "http://downloads.nipponia.com/model_manual/t-rex" "Mozilla/5.0 AppleWebKit/537.36 (KHTML, like Gecko; compatible; ClaudeBot/1.0; +claudebot@anthropic.com)"
185.213.174.82 - - [06/May/2026:15:26:43 +0000] "GET /.git/config HTTP/1.1" 404 8928 "-" "Mozilla/5.0 (Macintosh; Intel Mac OS X 10_15_7) AppleWebKit/537.36"
185.213.174.82 - - [06/May/2026:15:26:43 +0000] "GET /.git/HEAD HTTP/1.1" 404 8928 "-" "Mozilla/5.0 (Macintosh; Intel Mac OS X 10_15_7) AppleWebKit/537.36"
20.123.172.228 - - [06/May/2026:15:26:58 +0000] "POST /wp-cron.php?doing_wp_cron=1778081218.6964669227600097656250 HTTP/1.1" 200 - "-" "WordPress/6.9.4; https://downloads.nipponia.com"
185.213.174.82 - - [06/May/2026:15:26:43 +0000] "GET / HTTP/1.1" 200 10945 "-" "Mozilla/5.0 (Macintosh; Intel Mac OS X 10_15_7) AppleWebKit/537.36"
185.213.174.82 - - [06/May/2026:15:26:55 +0000] "GET / HTTP/1.1" 200 10945 "http://downloads.nipponia.com" "Mozilla/5.0 (Macintosh; Intel Mac OS X 10_15_7) AppleWebKit/537.36"
40.77.167.71 - - [06/May/2026:15:28:31 +0000] "GET /wp-content/uploads/2023/01/Miro130_SPC_v.24.07-MIRO-III.pdf HTTP/1.1" 200 2503269 "-" "Mozilla/5.0 AppleWebKit/537.36 (KHTML, like Gecko; compatible; bingbot/2.0; +http://www.bing.com/bingbot.htm) Chrome/116.0.1938.76 Safari/537.36"
40.77.167.45 - - [06/May/2026:15:30:50 +0000] "GET /sitemap.xml HTTP/1.1" 301 - "-" "Mozilla/5.0 AppleWebKit/537.36 (KHTML, like Gecko; compatible; bingbot/2.0; +http://www.bing.com/bingbot.htm) Chrome/116.0.1938.76 Safari/537.36"
20.123.172.228 - - [06/May/2026:15:31:04 +0000] "POST /wp-cron.php?doing_wp_cron=1778081464.1996569633483886718750 HTTP/1.1" 200 - "-" "WordPress/6.9.4; https://downloads.nipponia.com"
40.77.167.45 - - [06/May/2026:15:31:10 +0000] "GET /wp-sitemap.xml HTTP/1.1" 200 245 "-" "Mozilla/5.0 AppleWebKit/537.36 (KHTML, like Gecko; compatible; bingbot/2.0; +http://www.bing.com/bingbot.htm) Chrome/116.0.1938.76 Safari/537.36"
111.225.148.159 - - [06/May/2026:15:34:23 +0000] "GET /model_manual/patron-125/ HTTP/1.1" 200 10290 "-" "Mozilla/5.0 (Linux; Android 5.0) AppleWebKit/537.36 (KHTML, like Gecko) Mobile Safari/537.36 (compatible; Bytespider; https://zhanzhang.toutiao.com/)"
20.123.172.228 - - [06/May/2026:15:34:42 +0000] "POST /wp-cron.php?doing_wp_cron=1778081682.1728680133819580078125 HTTP/1.1" 200 - "-" "WordPress/6.9.4; https://downloads.nipponia.com"
111.225.148.159 - - [06/May/2026:15:34:44 +0000] "GET /wp-content/uploads/elementor/css/post-147.css?ver=1778073458 HTTP/1.1" 200 801 "https://downloads.nipponia.com/model_manual/patron-125/" "Mozilla/5.0 (Linux; Android 5.0) AppleWebKit/537.36 (KHTML, like Gecko) Mobile Safari/537.36 (compatible; Bytespider; https://zhanzhang.toutiao.com/)"
111.225.148.159 - - [06/May/2026:15:34:44 +0000] "GET /wp-content/plugins/elementor/assets/js/frontend.min.js?ver=4.0.7 HTTP/1.1" 200 10339 "https://downloads.nipponia.com/model_manual/patron-125/" "Mozilla/5.0 (Linux; Android 5.0) AppleWebKit/537.36 (KHTML, like Gecko) Mobile Safari/537.36 (compatible; Bytespider; https://zhanzhang.toutiao.com/)"
111.225.148.223 - - [06/May/2026:15:34:45 +0000] "GET /wp-content/uploads/2023/01/nipponia.png HTTP/1.1" 206 500 "https://downloads.nipponia.com/model_manual/patron-125/" "Mozilla/5.0 (Linux; Android 5.0) AppleWebKit/537.36 (KHTML, like Gecko) Mobile Safari/537.36 (compatible; Bytespider; https://zhanzhang.toutiao.com/)"
110.249.201.86 - - [06/May/2026:15:34:47 +0000] "GET /wp-content/uploads/2024/09/2024-11_VRS-manual-ES.pdf HTTP/1.1" 200 250986 "-" "Mozilla/5.0 (Linux; Android 5.0) AppleWebKit/537.36 (KHTML, like Gecko) Mobile Safari/537.36 (compatible; Bytespider; https://zhanzhang.toutiao.com/)"
216.73.216.49 - - [06/May/2026:15:41:00 +0000] "GET /robots.txt HTTP/1.1" 200 117 "-" "Mozilla/5.0 AppleWebKit/537.36 (KHTML, like Gecko; compatible; ClaudeBot/1.0; +claudebot@anthropic.com)"
20.123.172.228 - - [06/May/2026:15:41:12 +0000] "POST /wp-cron.php?doing_wp_cron=1778082072.1740860939025878906250 HTTP/1.1" 200 - "-" "WordPress/6.9.4; https://downloads.nipponia.com"
216.73.216.49 - - [06/May/2026:15:41:13 +0000] "GET /wp-sitemap.xml HTTP/1.1" 200 245 "-" "Mozilla/5.0 AppleWebKit/537.36 (KHTML, like Gecko; compatible; ClaudeBot/1.0; +claudebot@anthropic.com)"
110.249.201.244 - - [06/May/2026:15:48:46 +0000] "GET /model_manual/brutus-200/ HTTP/1.1" 200 10279 "-" "Mozilla/5.0 (Linux; Android 5.0) AppleWebKit/537.36 (KHTML, like Gecko) Mobile Safari/537.36 (compatible; Bytespider; https://zhanzhang.toutiao.com/)"
20.123.172.228 - - [06/May/2026:15:49:03 +0000] "POST /wp-cron.php?doing_wp_cron=1778082543.8121829032897949218750 HTTP/1.1" 200 - "-" "WordPress/6.9.4; https://downloads.nipponia.com"
110.249.201.132 - - [06/May/2026:15:49:11 +0000] "GET /home HTTP/1.1" 301 - "-" "Mozilla/5.0 (Linux; Android 5.0) AppleWebKit/537.36 (KHTML, like Gecko) Mobile Safari/537.36 (compatible; Bytespider; https://zhanzhang.toutiao.com/)"
110.249.201.132 - - [06/May/2026:15:49:22 +0000] "GET /home/ HTTP/1.1" 200 10993 "-" "Mozilla/5.0 (Linux; Android 5.0) AppleWebKit/537.36 (KHTML, like Gecko) Mobile Safari/537.36 (compatible; Bytespider; https://zhanzhang.toutiao.com/)"
110.249.201.132 - - [06/May/2026:15:49:41 +0000] "GET /wp-content/plugins/elementor/assets/lib/animations/styles/fadeIn.min.css?ver=4.0.7 HTTP/1.1" 200 79 "https://downloads.nipponia.com/home/" "Mozilla/5.0 (Linux; Android 5.0) AppleWebKit/537.36 (KHTML, like Gecko) Mobile Safari/537.36 (compatible; Bytespider; https://zhanzhang.toutiao.com/)"
110.249.201.132 - - [06/May/2026:15:49:42 +0000] "GET /wp-content/plugins/elementor-pro/assets/css/conditionals/transitions.min.css?ver=4.0.4 HTTP/1.1" 200 621 "https://downloads.nipponia.com/home/" "Mozilla/5.0 (Linux; Android 5.0) AppleWebKit/537.36 (KHTML, like Gecko) Mobile Safari/537.36 (compatible; Bytespider; https://zhanzhang.toutiao.com/)"
110.249.201.132 - - [06/May/2026:15:49:42 +0000] "GET /wp-content/uploads/2026/04/Volty-Blue-Pasolas-Electricas-1-768x768.jpg HTTP/1.1" 206 500 "https://downloads.nipponia.com/home/" "Mozilla/5.0 (Linux; Android 5.0) AppleWebKit/537.36 (KHTML, like Gecko) Mobile Safari/537.36 (compatible; Bytespider; https://zhanzhang.toutiao.com/)"
20.123.172.228 - - [06/May/2026:15:49:51 +0000] "POST /wp-cron.php?doing_wp_cron=1778082591.3226330280303955078125 HTTP/1.1" 200 - "-" "WordPress/6.9.4; https://downloads.nipponia.com"
111.225.148.188 - - [06/May/2026:15:49:35 +0000] "GET / HTTP/1.1" 200 10945 "-" "Mozilla/5.0 (Linux; Android 5.0) AppleWebKit/537.36 (KHTML, like Gecko) Mobile Safari/537.36 (compatible; Bytespider; https://zhanzhang.toutiao.com/)"
111.225.148.188 - - [06/May/2026:15:49:52 +0000] "GET /wp-content/plugins/elementor/assets/lib/animations/styles/fadeIn.min.css?ver=4.0.7 HTTP/1.1" 200 79 "https://downloads.nipponia.com/" "Mozilla/5.0 (Linux; Android 5.0) AppleWebKit/537.36 (KHTML, like Gecko) Mobile Safari/537.36 (compatible; Bytespider; https://zhanzhang.toutiao.com/)"
45.58.246.45 - - [06/May/2026:15:49:54 +0000] "GET /wp-content/uploads/2025/07/front-right-768x576.jpg HTTP/1.1" 200 33096 "-" "Mozilla/5.0 (compatible; crawler)"
111.225.149.205 - - [06/May/2026:15:50:24 +0000] "GET /wp-content/uploads/2026/04/space-110-banner-front-page-web.jpg HTTP/1.1" 200 139027 "-" "Mozilla/5.0 (Linux; Android 5.0) AppleWebKit/537.36 (KHTML, like Gecko) Mobile Safari/537.36 (compatible; Bytespider; https://zhanzhang.toutiao.com/)"
111.225.149.29 - - [06/May/2026:15:50:49 +0000] "GET /model_manual/bs-max-150/ HTTP/1.1" 200 10325 "-" "Mozilla/5.0 (Linux; Android 5.0) AppleWebKit/537.36 (KHTML, like Gecko) Mobile Safari/537.36 (compatible; Bytespider; https://zhanzhang.toutiao.com/)"
20.123.172.228 - - [06/May/2026:15:51:05 +0000] "POST /wp-cron.php?doing_wp_cron=1778082665.1225469112396240234375 HTTP/1.1" 200 - "-" "WordPress/6.9.4; https://downloads.nipponia.com"
111.225.149.29 - - [06/May/2026:15:51:07 +0000] "GET /wp-content/uploads/elementor/thumbs/BS-Max-Blue-Fron-Right-scaled-r8h06ciz5yn3w1088cpodt9h68rk4e7xqxyloemhhc.jpg HTTP/1.1" 206 500 "https://downloads.nipponia.com/model_manual/bs-max-150/" "Mozilla/5.0 (Linux; Android 5.0) AppleWebKit/537.36 (KHTML, like Gecko) Mobile Safari/537.36 (compatible; Bytespider; https://zhanzhang.toutiao.com/)"
142.147.168.72 - - [06/May/2026:15:51:36 +0000] "GET /wp-content/uploads/2024/09/T-REX150-Manual-de-usuario.pdf HTTP/1.1" 200 5236513 "-" "Mozilla/5.0 (Macintosh; Intel Mac OS X 10_15_7) AppleWebKit/605.1.15 (KHTML, like Gecko) Version/26.2 Safari/605.1.15"
186.220.87.19 - - [06/May/2026:15:51:33 +0000] "GET /model_manual/brio-110-aros-de-rayos/ HTTP/1.1" 200 10371 "-" "Mozilla/5.0 (Macintosh; Intel Mac OS X 10_15_7) AppleWebKit/605.1.15 (KHTML, like Gecko) Version/26.2 Safari/605.1.15"
20.123.172.228 - - [06/May/2026:15:51:51 +0000] "POST /wp-cron.php?doing_wp_cron=1778082711.8247220516204833984375 HTTP/1.1" 200 - "-" "WordPress/6.9.4; https://downloads.nipponia.com"
111.225.149.34 - - [06/May/2026:15:52:30 +0000] "GET /wp-content/uploads/2025/07/BRIO110_SPC_v24.01_1.pdf HTTP/1.1" 200 153834 "-" "Mozilla/5.0 (Linux; Android 5.0) AppleWebKit/537.36 (KHTML, like Gecko) Mobile Safari/537.36 (compatible; Bytespider; https://zhanzhang.toutiao.com/)"
110.249.202.115 - - [06/May/2026:15:52:52 +0000] "GET /model_manual/ftn-150/ HTTP/1.1" 200 10305 "-" "Mozilla/5.0 (Linux; Android 5.0) AppleWebKit/537.36 (KHTML, like Gecko) Mobile Safari/537.36 (compatible; Bytespider; https://zhanzhang.toutiao.com/)"
20.123.172.228 - - [06/May/2026:15:53:10 +0000] "POST /wp-cron.php?doing_wp_cron=1778082789.9853219985961914062500 HTTP/1.1" 200 - "-" "WordPress/6.9.4; https://downloads.nipponia.com"
110.249.202.134 - - [06/May/2026:15:54:56 +0000] "GET /wp-content/uploads/elementor/thumbs/Remove-bg.ai_1726042792042-qtxy827vn0ddmv1eb8ftjjc8oejzrneugxv3mpilts.png HTTP/1.1" 200 31744 "-" "Mozilla/5.0 (Linux; Android 5.0) AppleWebKit/537.36 (KHTML, like Gecko) Mobile Safari/537.36 (compatible; Bytespider; https://zhanzhang.toutiao.com/)"
152.163.24.125 - - [06/May/2026:15:55:44 +0000] "GET /wp-content/uploads/elementor/thumbs/front-right-3-scaled-qqmkt6tbribr0vehsc5ol9zqq11cdbupl0m84yxse8.jpg HTTP/1.1" 200 7708 "-" "Mozilla/5.0 (compatible; crawler)"
142.147.225.126 - - [06/May/2026:15:59:14 +0000] "GET /wp-content/uploads/2025/07/Brio-125-3-BLACK-front-Right-768x576.jpg HTTP/1.1" 200 37782 "-" "Mozilla/5.0 (compatible; crawler)"
195.86.152.154 - - [06/May/2026:16:07:15 +0000] "GET /wp-content/uploads/elementor/thumbs/BS-Max-Blue-Fron-Right-scaled-r8h06ciz5yn3w1088cpodt9h68rk4e7xqxyloemhhc.jpg HTTP/1.1" 200 8359 "-" "Mozilla/5.0 (compatible; crawler)"
64.37.61.106 - - [06/May/2026:16:08:25 +0000] "GET /wp-login.php HTTP/1.1" 200 2523 "-" "Mozilla/5.0 (X11; Linux x86_64) AppleWebKit/537.36 (KHTML, like Gecko) Chrome/143.0.0.0 Safari/537.36"
64.37.61.106 - - [06/May/2026:16:08:22 +0000] "GET /wp-admin/ HTTP/1.1" 302 - "-" "Mozilla/5.0 (X11; Linux x86_64) AppleWebKit/537.36 (KHTML, like Gecko) Chrome/143.0.0.0 Safari/537.36"
64.37.61.106 - - [06/May/2026:16:08:22 +0000] "GET /xmlrpc.php HTTP/1.1" 404 8928 "-" "Mozilla/5.0 (X11; Linux x86_64) AppleWebKit/537.36 (KHTML, like Gecko) Chrome/143.0.0.0 Safari/537.36"
20.123.172.228 - - [06/May/2026:16:08:38 +0000] "POST /wp-cron.php?doing_wp_cron=1778083718.0579481124877929687500 HTTP/1.1" 200 - "-" "WordPress/6.9.4; https://downloads.nipponia.com"
20.123.172.228 - - [06/May/2026:16:08:37 +0000] "POST /wp-admin/admin-ajax.php?action=as_async_request_queue_runner&nonce=6f50ff7d14 HTTP/1.1" 200 - "-" "WordPress/6.9.4; https://downloads.nipponia.com"
98.83.10.183 - - [06/May/2026:16:34:41 +0000] "GET /wp-content/uploads/2026/04/FTN150_SPC_v26.04_1.pdf HTTP/1.1" 200 2210782 "-" "Mozilla/5.0 AppleWebKit/537.36 (KHTML, like Gecko; compatible; Amazonbot/0.1; +https://developer.amazon.com/support/amazonbot) Chrome/119.0.6045.214 Safari/537.36"
156.238.30.2 - - [06/May/2026:16:47:25 +0000] "GET /wp-content/uploads/elementor/thumbs/front-right-scaled-qqmjzms0v1v5yac2dk806qhy9upubyik6q4kvqrg1s.jpg HTTP/1.1" 200 8365 "-" "Mozilla/5.0 (compatible; crawler)"
44.223.232.55 - - [06/May/2026:16:58:49 +0000] "GET /category/pasolas-electricas/ HTTP/1.1" 200 8944 "-" "Mozilla/5.0 AppleWebKit/537.36 (KHTML, like Gecko; compatible; Amazonbot/0.1; +https://developer.amazon.com/support/amazonbot) Chrome/119.0.6045.214 Safari/537.36"
20.123.172.228 - - [06/May/2026:16:59:04 +0000] "POST /wp-cron.php?doing_wp_cron=1778086743.9374980926513671875000 HTTP/1.1" 200 - "-" "WordPress/6.9.4; https://downloads.nipponia.com"
54.145.38.206 - - [06/May/2026:16:59:29 +0000] "HEAD /category/pasolas-electricas/ HTTP/1.1" 200 - "-" "Mozilla/5.0 AppleWebKit/605.1.15 (KHTML, like Gecko) Chrome/139.0.0.0 Safari/605.1.15"
38.147.153.103 - - [06/May/2026:17:07:12 +0000] "GET /wp-content/uploads/elementor/thumbs/Remove-bg.ai_1726042792042-qtxy827vn0ddmv1eb8ftjjc8oejzrneugxv3mpilts.png HTTP/1.1" 200 31744 "https://www.google.com/" "Mozilla/5.0 (Linux; Android 10; K) AppleWebKit/537.36 (KHTML, like Gecko) Chrome/147.0.0.0 Mobile Safari/537.36"
207.97.171.157 - - [06/May/2026:17:07:26 +0000] "GET /wp-content/uploads/2025/07/Brio-110-Rayos-Red-Front-Right-768x576.jpg HTTP/1.1" 200 50020 "-" "Mozilla/5.0 (compatible; crawler)"
40.77.167.75 - - [06/May/2026:17:16:00 +0000] "GET /wp-sitemap-taxonomies-post_tag-1.xml HTTP/1.1" 200 189 "-" "Mozilla/5.0 AppleWebKit/537.36 (KHTML, like Gecko; compatible; bingbot/2.0; +http://www.bing.com/bingbot.htm) Chrome/116.0.1938.76 Safari/537.36"
20.123.172.228 - - [06/May/2026:17:16:13 +0000] "POST /wp-cron.php?doing_wp_cron=1778087773.5826399326324462890625 HTTP/1.1" 200 - "-" "WordPress/6.9.4; https://downloads.nipponia.com"
20.123.172.228 - - [06/May/2026:17:16:37 +0000] "POST /wp-admin/admin-ajax.php?action=wordfence_testAjax HTTP/1.1" 200 32 "-" "WordPress/6.9.4; https://downloads.nipponia.com"
54.68.32.247 - - [06/May/2026:17:16:51 +0000] "GET /wp-admin/admin-ajax.php?action=wordfence_doScan&isFork=0&scanMode=quick&cronKey=300608737aae3ee59ac19f358f190076&signature=a7e559a42418ffd46cde6acd2a35c7179fd7809ed9db2b9f03d32de3693f1ba4&remote=1 HTTP/1.1" 200 - "-" "Wordfence API/1.0 (+https://www.wordfence.com/help/api-callbacks/)"
20.123.172.228 - - [06/May/2026:17:17:07 +0000] "POST /wp-cron.php?doing_wp_cron=1778087827.2228879928588867187500 HTTP/1.1" 200 - "-" "WordPress/6.9.4; https://downloads.nipponia.com"
20.123.172.228 - - [06/May/2026:17:16:50 +0000] "POST /wp-admin/admin-ajax.php?action=as_async_request_queue_runner&nonce=6f50ff7d14 HTTP/1.1" 200 - "-" "WordPress/6.9.4; https://downloads.nipponia.com"
216.73.216.49 - - [06/May/2026:17:48:14 +0000] "GET /robots.txt HTTP/1.1" 200 117 "-" "Mozilla/5.0 AppleWebKit/537.36 (KHTML, like Gecko; compatible; ClaudeBot/1.0; +claudebot@anthropic.com)"
20.123.172.228 - - [06/May/2026:17:48:26 +0000] "POST /wp-cron.php?doing_wp_cron=1778089706.4591779708862304687500 HTTP/1.1" 200 - "-" "WordPress/6.9.4; https://downloads.nipponia.com"
173.252.82.8 - - [06/May/2026:17:48:21 +0000] "GET /robots.txt HTTP/1.1" 200 123 "-" "facebookexternalhit/1.1 (+http://www.facebook.com/externalhit_uatext.php)"
216.73.216.49 - - [06/May/2026:17:48:27 +0000] "GET /wp-sitemap.xml HTTP/1.1" 200 245 "-" "Mozilla/5.0 AppleWebKit/537.36 (KHTML, like Gecko; compatible; ClaudeBot/1.0; +claudebot@anthropic.com)"
18.214.124.6 - - [06/May/2026:17:53:39 +0000] "GET /robots.txt HTTP/1.1" 200 117 "-" "Mozilla/5.0 AppleWebKit/537.36 (KHTML, like Gecko; compatible; Amazonbot/0.1; +https://developer.amazon.com/support/amazonbot) Chrome/119.0.6045.214 Safari/537.36"
20.123.172.228 - - [06/May/2026:17:53:51 +0000] "POST /wp-cron.php?doing_wp_cron=1778090031.6863870620727539062500 HTTP/1.1" 200 - "-" "WordPress/6.9.4; https://downloads.nipponia.com"
200.88.67.92 - - [06/May/2026:17:56:46 +0000] "GET /home HTTP/1.1" 301 - "https://nipponiacaribe.com/" "Mozilla/5.0 (Windows NT 10.0; Win64; x64) AppleWebKit/537.36 (KHTML, like Gecko) Chrome/148.0.0.0 Safari/537.36"
20.123.172.228 - - [06/May/2026:17:56:59 +0000] "POST /wp-cron.php?doing_wp_cron=1778090218.9863150119781494140625 HTTP/1.1" 200 - "-" "WordPress/6.9.4; https://downloads.nipponia.com"
200.88.67.92 - - [06/May/2026:17:57:00 +0000] "GET /home/ HTTP/1.1" 200 10993 "https://nipponiacaribe.com/" "Mozilla/5.0 (Windows NT 10.0; Win64; x64) AppleWebKit/537.36 (KHTML, like Gecko) Chrome/148.0.0.0 Safari/537.36"
200.88.67.92 - - [06/May/2026:17:57:15 +0000] "GET /wp-content/themes/hello-elementor/assets/css/theme.css?ver=3.4.7 HTTP/1.1" 200 1271 "https://downloads.nipponia.com/home/" "Mozilla/5.0 (Windows NT 10.0; Win64; x64) AppleWebKit/537.36 (KHTML, like Gecko) Chrome/148.0.0.0 Safari/537.36"
200.88.67.92 - - [06/May/2026:17:57:15 +0000] "GET /wp-content/themes/hello-elementor/assets/css/reset.css?ver=3.4.7 HTTP/1.1" 200 1792 "https://downloads.nipponia.com/home/" "Mozilla/5.0 (Windows NT 10.0; Win64; x64) AppleWebKit/537.36 (KHTML, like Gecko) Chrome/148.0.0.0 Safari/537.36"
200.88.67.92 - - [06/May/2026:17:57:15 +0000] "GET /wp-content/themes/hello-elementor/assets/css/header-footer.css?ver=3.4.7 HTTP/1.1" 200 1423 "https://downloads.nipponia.com/home/" "Mozilla/5.0 (Windows NT 10.0; Win64; x64) AppleWebKit/537.36 (KHTML, like Gecko) Chrome/148.0.0.0 Safari/537.36"
200.88.67.92 - - [06/May/2026:17:57:15 +0000] "GET /wp-content/plugins/elementor/assets/css/frontend.min.css?ver=4.0.7 HTTP/1.1" 200 7271 "https://downloads.nipponia.com/home/" "Mozilla/5.0 (Windows NT 10.0; Win64; x64) AppleWebKit/537.36 (KHTML, like Gecko) Chrome/148.0.0.0 Safari/537.36"
200.88.67.92 - - [06/May/2026:17:57:16 +0000] "GET /wp-content/uploads/elementor/css/post-6.css?ver=1778073455 HTTP/1.1" 200 516 "https://downloads.nipponia.com/home/" "Mozilla/5.0 (Windows NT 10.0; Win64; x64) AppleWebKit/537.36 (KHTML, like Gecko) Chrome/148.0.0.0 Safari/537.36"
200.88.67.92 - - [06/May/2026:17:57:16 +0000] "GET /wp-content/plugins/elementor/assets/css/widget-image.min.css?ver=4.0.7 HTTP/1.1" 200 135 "https://downloads.nipponia.com/home/" "Mozilla/5.0 (Windows NT 10.0; Win64; x64) AppleWebKit/537.36 (KHTML, like Gecko) Chrome/148.0.0.0 Safari/537.36"
200.88.67.92 - - [06/May/2026:17:57:16 +0000] "GET /wp-content/plugins/elementor/assets/css/widget-heading.min.css?ver=4.0.7 HTTP/1.1" 200 160 "https://downloads.nipponia.com/home/" "Mozilla/5.0 (Windows NT 10.0; Win64; x64) AppleWebKit/537.36 (KHTML, like Gecko) Chrome/148.0.0.0 Safari/537.36"
200.88.67.92 - - [06/May/2026:17:57:16 +0000] "GET /wp-content/plugins/elementor/assets/css/widget-icon-list.min.css?ver=4.0.7 HTTP/1.1" 200 1023 "https://downloads.nipponia.com/home/" "Mozilla/5.0 (Windows NT 10.0; Win64; x64) AppleWebKit/537.36 (KHTML, like Gecko) Chrome/148.0.0.0 Safari/537.36"
200.88.67.92 - - [06/May/2026:17:57:16 +0000] "GET /wp-content/plugins/elementor-pro/assets/css/modules/sticky.min.css?ver=4.0.4 HTTP/1.1" 200 116 "https://downloads.nipponia.com/home/" "Mozilla/5.0 (Windows NT 10.0; Win64; x64) AppleWebKit/537.36 (KHTML, like Gecko) Chrome/148.0.0.0 Safari/537.36"
200.88.67.92 - - [06/May/2026:17:57:16 +0000] "GET /wp-content/plugins/elementor/assets/css/widget-social-icons.min.css?ver=4.0.7 HTTP/1.1" 200 1142 "https://downloads.nipponia.com/home/" "Mozilla/5.0 (Windows NT 10.0; Win64; x64) AppleWebKit/537.36 (KHTML, like Gecko) Chrome/148.0.0.0 Safari/537.36"
200.88.67.92 - - [06/May/2026:17:57:16 +0000] "GET /wp-content/plugins/elementor/assets/css/conditionals/apple-webkit.min.css?ver=4.0.7 HTTP/1.1" 200 547 "https://downloads.nipponia.com/home/" "Mozilla/5.0 (Windows NT 10.0; Win64; x64) AppleWebKit/537.36 (KHTML, like Gecko) Chrome/148.0.0.0 Safari/537.36"
200.88.67.92 - - [06/May/2026:17:57:16 +0000] "GET /wp-content/plugins/elementor/assets/css/conditionals/shapes.min.css?ver=4.0.7 HTTP/1.1" 200 288 "https://downloads.nipponia.com/home/" "Mozilla/5.0 (Windows NT 10.0; Win64; x64) AppleWebKit/537.36 (KHTML, like Gecko) Chrome/148.0.0.0 Safari/537.36"
200.88.67.92 - - [06/May/2026:17:57:16 +0000] "GET /wp-content/plugins/elementor/assets/lib/eicons/css/elementor-icons.min.css?ver=5.48.0 HTTP/1.1" 200 4455 "https://downloads.nipponia.com/home/" "Mozilla/5.0 (Windows NT 10.0; Win64; x64) AppleWebKit/537.36 (KHTML, like Gecko) Chrome/148.0.0.0 Safari/537.36"
200.88.67.92 - - [06/May/2026:17:57:16 +0000] "GET /wp-content/plugins/elementor-pro/assets/css/widget-search-form.min.css?ver=4.0.4 HTTP/1.1" 200 1059 "https://downloads.nipponia.com/home/" "Mozilla/5.0 (Windows NT 10.0; Win64; x64) AppleWebKit/537.36 (KHTML, like Gecko) Chrome/148.0.0.0 Safari/537.36"
200.88.67.92 - - [06/May/2026:17:57:16 +0000] "GET /wp-content/plugins/elementor/assets/lib/font-awesome/css/solid.min.css?ver=5.15.3 HTTP/1.1" 200 309 "https://downloads.nipponia.com/home/" "Mozilla/5.0 (Windows NT 10.0; Win64; x64) AppleWebKit/537.36 (KHTML, like Gecko) Chrome/148.0.0.0 Safari/537.36"
200.88.67.92 - - [06/May/2026:17:57:16 +0000] "GET /wp-content/plugins/elementor/assets/lib/font-awesome/css/fontawesome.min.css?ver=5.15.3 HTTP/1.1" 200 12617 "https://downloads.nipponia.com/home/" "Mozilla/5.0 (Windows NT 10.0; Win64; x64) AppleWebKit/537.36 (KHTML, like Gecko) Chrome/148.0.0.0 Safari/537.36"
200.88.67.92 - - [06/May/2026:17:57:16 +0000] "GET /wp-content/plugins/elementor/assets/lib/animations/styles/fadeIn.min.css?ver=4.0.7 HTTP/1.1" 200 79 "https://downloads.nipponia.com/home/" "Mozilla/5.0 (Windows NT 10.0; Win64; x64) AppleWebKit/537.36 (KHTML, like Gecko) Chrome/148.0.0.0 Safari/537.36"
200.88.67.92 - - [06/May/2026:17:57:16 +0000] "GET /wp-content/plugins/elementor/assets/lib/animations/styles/e-animation-pulse.min.css?ver=4.0.7 HTTP/1.1" 200 164 "https://downloads.nipponia.com/home/" "Mozilla/5.0 (Windows NT 10.0; Win64; x64) AppleWebKit/537.36 (KHTML, like Gecko) Chrome/148.0.0.0 Safari/537.36"
200.88.67.92 - - [06/May/2026:17:57:16 +0000] "GET /wp-content/plugins/elementor-pro/assets/css/widget-gallery.min.css?ver=4.0.4 HTTP/1.1" 200 1102 "https://downloads.nipponia.com/home/" "Mozilla/5.0 (Windows NT 10.0; Win64; x64) AppleWebKit/537.36 (KHTML, like Gecko) Chrome/148.0.0.0 Safari/537.36"
200.88.67.92 - - [06/May/2026:17:57:16 +0000] "GET /wp-content/plugins/elementor/assets/lib/e-gallery/css/e-gallery.min.css?ver=1.2.0 HTTP/1.1" 200 844 "https://downloads.nipponia.com/home/" "Mozilla/5.0 (Windows NT 10.0; Win64; x64) AppleWebKit/537.36 (KHTML, like Gecko) Chrome/148.0.0.0 Safari/537.36"
200.88.67.92 - - [06/May/2026:17:57:16 +0000] "GET /wp-content/plugins/elementor-pro/assets/css/conditionals/transitions.min.css?ver=4.0.4 HTTP/1.1" 200 621 "https://downloads.nipponia.com/home/" "Mozilla/5.0 (Windows NT 10.0; Win64; x64) AppleWebKit/537.36 (KHTML, like Gecko) Chrome/148.0.0.0 Safari/537.36"
200.88.67.92 - - [06/May/2026:17:57:16 +0000] "GET /wp-content/uploads/elementor/css/post-20.css?ver=1778082580 HTTP/1.1" 200 1062 "https://downloads.nipponia.com/home/" "Mozilla/5.0 (Windows NT 10.0; Win64; x64) AppleWebKit/537.36 (KHTML, like Gecko) Chrome/148.0.0.0 Safari/537.36"
200.88.67.92 - - [06/May/2026:17:57:17 +0000] "GET /wp-content/uploads/elementor/css/post-147.css?ver=1778073458 HTTP/1.1" 200 801 "https://downloads.nipponia.com/home/" "Mozilla/5.0 (Windows NT 10.0; Win64; x64) AppleWebKit/537.36 (KHTML, like Gecko) Chrome/148.0.0.0 Safari/537.36"
200.88.67.92 - - [06/May/2026:17:57:17 +0000] "GET /wp-content/uploads/elementor/css/post-155.css?ver=1778073459 HTTP/1.1" 200 1043 "https://downloads.nipponia.com/home/" "Mozilla/5.0 (Windows NT 10.0; Win64; x64) AppleWebKit/537.36 (KHTML, like Gecko) Chrome/148.0.0.0 Safari/537.36"
200.88.67.92 - - [06/May/2026:17:57:17 +0000] "GET /wp-content/plugins/elementor/assets/lib/font-awesome/css/brands.min.css?ver=5.15.3 HTTP/1.1" 200 308 "https://downloads.nipponia.com/home/" "Mozilla/5.0 (Windows NT 10.0; Win64; x64) AppleWebKit/537.36 (KHTML, like Gecko) Chrome/148.0.0.0 Safari/537.36"
200.88.67.92 - - [06/May/2026:17:57:17 +0000] "GET /wp-content/uploads/2023/01/nipponia.png HTTP/1.1" 200 10087 "https://downloads.nipponia.com/home/" "Mozilla/5.0 (Windows NT 10.0; Win64; x64) AppleWebKit/537.36 (KHTML, like Gecko) Chrome/148.0.0.0 Safari/537.36"
200.88.67.92 - - [06/May/2026:17:57:17 +0000] "GET /wp-includes/js/jquery/jquery-migrate.min.js?ver=3.4.1 HTTP/1.1" 200 4872 "https://downloads.nipponia.com/home/" "Mozilla/5.0 (Windows NT 10.0; Win64; x64) AppleWebKit/537.36 (KHTML, like Gecko) Chrome/148.0.0.0 Safari/537.36"
200.88.67.92 - - [06/May/2026:17:57:17 +0000] "GET /wp-includes/js/jquery/jquery.min.js?ver=3.7.1 HTTP/1.1" 200 30368 "https://downloads.nipponia.com/home/" "Mozilla/5.0 (Windows NT 10.0; Win64; x64) AppleWebKit/537.36 (KHTML, like Gecko) Chrome/148.0.0.0 Safari/537.36"
200.88.67.92 - - [06/May/2026:17:57:17 +0000] "GET /wp-content/themes/hello-elementor/assets/js/hello-frontend.js?ver=3.4.7 HTTP/1.1" 200 549 "https://downloads.nipponia.com/home/" "Mozilla/5.0 (Windows NT 10.0; Win64; x64) AppleWebKit/537.36 (KHTML, like Gecko) Chrome/148.0.0.0 Safari/537.36"
200.88.67.92 - - [06/May/2026:17:57:17 +0000] "GET /wp-content/plugins/elementor/assets/js/webpack.runtime.min.js?ver=4.0.7 HTTP/1.1" 200 2496 "https://downloads.nipponia.com/home/" "Mozilla/5.0 (Windows NT 10.0; Win64; x64) AppleWebKit/537.36 (KHTML, like Gecko) Chrome/148.0.0.0 Safari/537.36"
200.88.67.92 - - [06/May/2026:17:57:17 +0000] "GET /wp-content/plugins/elementor/assets/js/frontend-modules.min.js?ver=4.0.7 HTTP/1.1" 200 15970 "https://downloads.nipponia.com/home/" "Mozilla/5.0 (Windows NT 10.0; Win64; x64) AppleWebKit/537.36 (KHTML, like Gecko) Chrome/148.0.0.0 Safari/537.36"
200.88.67.92 - - [06/May/2026:17:57:17 +0000] "GET /wp-includes/js/jquery/ui/core.min.js?ver=1.13.3 HTTP/1.1" 200 7106 "https://downloads.nipponia.com/home/" "Mozilla/5.0 (Windows NT 10.0; Win64; x64) AppleWebKit/537.36 (KHTML, like Gecko) Chrome/148.0.0.0 Safari/537.36"
200.88.67.92 - - [06/May/2026:17:57:17 +0000] "GET /wp-content/plugins/elementor/assets/js/frontend.min.js?ver=4.0.7 HTTP/1.1" 200 10339 "https://downloads.nipponia.com/home/" "Mozilla/5.0 (Windows NT 10.0; Win64; x64) AppleWebKit/537.36 (KHTML, like Gecko) Chrome/148.0.0.0 Safari/537.36"
200.88.67.92 - - [06/May/2026:17:57:17 +0000] "GET /wp-content/plugins/elementor-pro/assets/lib/sticky/jquery.sticky.min.js?ver=4.0.4 HTTP/1.1" 200 1542 "https://downloads.nipponia.com/home/" "Mozilla/5.0 (Windows NT 10.0; Win64; x64) AppleWebKit/537.36 (KHTML, like Gecko) Chrome/148.0.0.0 Safari/537.36"
200.88.67.92 - - [06/May/2026:17:57:17 +0000] "GET /wp-content/plugins/elementor/assets/lib/e-gallery/js/e-gallery.min.js?ver=1.2.0 HTTP/1.1" 200 4609 "https://downloads.nipponia.com/home/" "Mozilla/5.0 (Windows NT 10.0; Win64; x64) AppleWebKit/537.36 (KHTML, like Gecko) Chrome/148.0.0.0 Safari/537.36"
200.88.67.92 - - [06/May/2026:17:57:17 +0000] "GET /wp-content/plugins/elementor-pro/assets/js/webpack-pro.runtime.min.js?ver=4.0.4 HTTP/1.1" 200 2830 "https://downloads.nipponia.com/home/" "Mozilla/5.0 (Windows NT 10.0; Win64; x64) AppleWebKit/537.36 (KHTML, like Gecko) Chrome/148.0.0.0 Safari/537.36"
200.88.67.92 - - [06/May/2026:17:57:17 +0000] "GET /wp-includes/js/dist/hooks.min.js?ver=dd5603f07f9220ed27f1 HTTP/1.1" 200 1941 "https://downloads.nipponia.com/home/" "Mozilla/5.0 (Windows NT 10.0; Win64; x64) AppleWebKit/537.36 (KHTML, like Gecko) Chrome/148.0.0.0 Safari/537.36"
200.88.67.92 - - [06/May/2026:17:57:17 +0000] "GET /wp-includes/js/dist/i18n.min.js?ver=c26c3dc7bed366793375 HTTP/1.1" 200 2229 "https://downloads.nipponia.com/home/" "Mozilla/5.0 (Windows NT 10.0; Win64; x64) AppleWebKit/537.36 (KHTML, like Gecko) Chrome/148.0.0.0 Safari/537.36"
200.88.67.92 - - [06/May/2026:17:57:17 +0000] "GET /wp-content/plugins/elementor-pro/assets/js/frontend.min.js?ver=4.0.4 HTTP/1.1" 200 6419 "https://downloads.nipponia.com/home/" "Mozilla/5.0 (Windows NT 10.0; Win64; x64) AppleWebKit/537.36 (KHTML, like Gecko) Chrome/148.0.0.0 Safari/537.36"
200.88.67.92 - - [06/May/2026:17:57:18 +0000] "GET /wp-content/plugins/elementor-pro/assets/js/elements-handlers.min.js?ver=4.0.4 HTTP/1.1" 200 10535 "https://downloads.nipponia.com/home/" "Mozilla/5.0 (Windows NT 10.0; Win64; x64) AppleWebKit/537.36 (KHTML, like Gecko) Chrome/148.0.0.0 Safari/537.36"
200.88.67.92 - - [06/May/2026:17:57:18 +0000] "GET /wp-content/plugins/elementor/assets/js/section-frontend-handlers.d85ab872da118940910d.bundle.min.js HTTP/1.1" 200 269 "https://downloads.nipponia.com/home/" "Mozilla/5.0 (Windows NT 10.0; Win64; x64) AppleWebKit/537.36 (KHTML, like Gecko) Chrome/148.0.0.0 Safari/537.36"
200.88.67.92 - - [06/May/2026:17:57:18 +0000] "GET /wp-content/plugins/elementor/assets/lib/font-awesome/webfonts/fa-brands-400.woff2 HTTP/1.1" 200 81604 "https://downloads.nipponia.com/wp-content/plugins/elementor/assets/lib/font-awesome/css/brands.min.css?ver=5.15.3" "Mozilla/5.0 (Windows NT 10.0; Win64; x64) AppleWebKit/537.36 (KHTML, like Gecko) Chrome/148.0.0.0 Safari/537.36"
200.88.67.92 - - [06/May/2026:17:57:18 +0000] "GET /wp-content/plugins/elementor/assets/lib/font-awesome/webfonts/fa-solid-900.woff2 HTTP/1.1" 200 78099 "https://downloads.nipponia.com/wp-content/plugins/elementor/assets/lib/font-awesome/css/solid.min.css?ver=5.15.3" "Mozilla/5.0 (Windows NT 10.0; Win64; x64) AppleWebKit/537.36 (KHTML, like Gecko) Chrome/148.0.0.0 Safari/537.36"
200.88.67.92 - - [06/May/2026:17:57:18 +0000] "GET /wp-content/plugins/elementor/assets/js/shared-frontend-handlers.03caa53373b56d3bab67.bundle.min.js HTTP/1.1" 200 2644 "https://downloads.nipponia.com/home/" "Mozilla/5.0 (Windows NT 10.0; Win64; x64) AppleWebKit/537.36 (KHTML, like Gecko) Chrome/148.0.0.0 Safari/537.36"
200.88.67.92 - - [06/May/2026:17:57:18 +0000] "GET /wp-content/plugins/elementor-pro/assets/js/search-form.9abeafeecde90cf7e0f4.bundle.min.js HTTP/1.1" 200 814 "https://downloads.nipponia.com/home/" "Mozilla/5.0 (Windows NT 10.0; Win64; x64) AppleWebKit/537.36 (KHTML, like Gecko) Chrome/148.0.0.0 Safari/537.36"
200.88.67.92 - - [06/May/2026:17:57:18 +0000] "GET /wp-content/plugins/elementor-pro/assets/js/gallery.cca2358f59857ce6f62f.bundle.min.js HTTP/1.1" 200 1759 "https://downloads.nipponia.com/home/" "Mozilla/5.0 (Windows NT 10.0; Win64; x64) AppleWebKit/537.36 (KHTML, like Gecko) Chrome/148.0.0.0 Safari/537.36"
200.88.67.92 - - [06/May/2026:17:57:18 +0000] "GET /wp-includes/js/wp-emoji-release.min.js?ver=6.9.4 HTTP/1.1" 200 5375 "https://downloads.nipponia.com/home/" "Mozilla/5.0 (Windows NT 10.0; Win64; x64) AppleWebKit/537.36 (KHTML, like Gecko) Chrome/148.0.0.0 Safari/537.36"
200.88.67.92 - - [06/May/2026:17:57:18 +0000] "GET /wp-content/uploads/2026/04/space-110-banner-front-page-web.jpg HTTP/1.1" 200 139027 "https://downloads.nipponia.com/home/" "Mozilla/5.0 (Windows NT 10.0; Win64; x64) AppleWebKit/537.36 (KHTML, like Gecko) Chrome/148.0.0.0 Safari/537.36"
200.88.67.92 - - [06/May/2026:17:57:18 +0000] "GET /wp-content/uploads/2026/04/magnetoXP-banner-front-page-web.jpg HTTP/1.1" 200 164559 "https://downloads.nipponia.com/home/" "Mozilla/5.0 (Windows NT 10.0; Win64; x64) AppleWebKit/537.36 (KHTML, like Gecko) Chrome/148.0.0.0 Safari/537.36"
200.88.67.92 - - [06/May/2026:17:57:19 +0000] "GET /wp-content/uploads/2026/04/brutus-banner-front-page-web.jpg HTTP/1.1" 200 276868 "https://downloads.nipponia.com/home/" "Mozilla/5.0 (Windows NT 10.0; Win64; x64) AppleWebKit/537.36 (KHTML, like Gecko) Chrome/148.0.0.0 Safari/537.36"
200.88.67.92 - - [06/May/2026:17:57:19 +0000] "GET /wp-content/uploads/2026/04/np200-banner-front-page-web.jpg HTTP/1.1" 200 279198 "https://downloads.nipponia.com/home/" "Mozilla/5.0 (Windows NT 10.0; Win64; x64) AppleWebKit/537.36 (KHTML, like Gecko) Chrome/148.0.0.0 Safari/537.36"
200.88.67.92 - - [06/May/2026:17:57:19 +0000] "GET /wp-content/uploads/2026/04/Volty-Blue-Pasolas-Electricas-1-768x768.jpg HTTP/1.1" 200 47345 "https://downloads.nipponia.com/home/" "Mozilla/5.0 (Windows NT 10.0; Win64; x64) AppleWebKit/537.36 (KHTML, like Gecko) Chrome/148.0.0.0 Safari/537.36"
200.88.67.92 - - [06/May/2026:17:57:18 +0000] "GET /wp-content/uploads/2025/07/downloads-site-banner-Miro-130--768x768.png HTTP/1.1" 200 654159 "https://downloads.nipponia.com/home/" "Mozilla/5.0 (Windows NT 10.0; Win64; x64) AppleWebKit/537.36 (KHTML, like Gecko) Chrome/148.0.0.0 Safari/537.36"
200.88.67.92 - - [06/May/2026:17:57:20 +0000] "GET /wp-content/uploads/2025/08/cropped-logo-nipponia-512-512px-1-32x32.png HTTP/1.1" 200 1235 "https://downloads.nipponia.com/home/" "Mozilla/5.0 (Windows NT 10.0; Win64; x64) AppleWebKit/537.36 (KHTML, like Gecko) Chrome/148.0.0.0 Safari/537.36"
200.88.67.92 - - [06/May/2026:17:57:27 +0000] "GET /vehiculos-de-trabajo/ HTTP/1.1" 200 10195 "https://downloads.nipponia.com/home/" "Mozilla/5.0 (Windows NT 10.0; Win64; x64) AppleWebKit/537.36 (KHTML, like Gecko) Chrome/148.0.0.0 Safari/537.36"
20.123.172.228 - - [06/May/2026:17:57:46 +0000] "POST /wp-cron.php?doing_wp_cron=1778090266.0307729244232177734375 HTTP/1.1" 200 - "-" "WordPress/6.9.4; https://downloads.nipponia.com"
109.236.57.3 - - [06/May/2026:17:59:55 +0000] "GET / HTTP/1.0" 200 69340 "https://downloads.nipponia.com/" "Mozilla/5.0 (Windows NT 10.0; Win64; x64) AppleWebKit/537.36 (KHTML, like Gecko) Chrome/130.0.0.0 Safari/537.36 CCleaner/130.0.0.0"
20.123.172.228 - - [06/May/2026:18:00:13 +0000] "POST /wp-cron.php?doing_wp_cron=1778090413.5119960308074951171875 HTTP/1.1" 200 - "-" "WordPress/6.9.4; https://downloads.nipponia.com"
5.189.135.191 - - [06/May/2026:18:10:15 +0000] "GET / HTTP/1.1" 200 10945 "http://downloads.nipponia.com" "Mozilla/5.0 (Windows NT 10.0; Win64; x64) AppleWebKit/537.36 Chrome/114.0.5735.110 Safari/537.36"
5.189.135.191 - - [06/May/2026:18:10:34 +0000] "GET /wp-content/plugins/elementor-pro/assets/js/frontend.min.js?ver=4.0.4 HTTP/1.1" 200 6419 "-" "Mozilla/5.0 (Macintosh; Intel Mac OS X 10_15_7) AppleWebKit/605.1.15 (KHTML, like Gecko) Version/15.1 Safari/605.1.15"
5.189.135.191 - - [06/May/2026:18:10:34 +0000] "GET /wp-content/plugins/elementor/assets/js/webpack.runtime.min.js?ver=4.0.7 HTTP/1.1" 200 2496 "-" "Mozilla/5.0 (X11; Linux x86_64) AppleWebKit/537.36 Chrome/113.0.0.0 Safari/537.36"
5.189.135.191 - - [06/May/2026:18:10:34 +0000] "GET /wp-content/plugins/elementor/assets/js/frontend.min.js?ver=4.0.7 HTTP/1.1" 200 10339 "-" "Mozilla/5.0 (X11; Linux x86_64) AppleWebKit/537.36 Chrome/113.0.0.0 Safari/537.36"
5.189.135.191 - - [06/May/2026:18:10:34 +0000] "GET /wp-content/plugins/elementor/assets/lib/e-gallery/js/e-gallery.min.js?ver=1.2.0 HTTP/1.1" 200 4609 "-" "Mozilla/5.0 (Macintosh; Intel Mac OS X 10_15_7) AppleWebKit/605.1.15 (KHTML, like Gecko) Version/15.1 Safari/605.1.15"
5.189.135.191 - - [06/May/2026:18:10:34 +0000] "GET /wp-includes/js/jquery/jquery-migrate.min.js?ver=3.4.1 HTTP/1.1" 200 4872 "-" "Mozilla/5.0 (X11; Linux x86_64) AppleWebKit/537.36 Chrome/113.0.0.0 Safari/537.36"
5.189.135.191 - - [06/May/2026:18:10:34 +0000] "GET /wp-content/themes/hello-elementor/assets/js/hello-frontend.js?ver=3.4.7 HTTP/1.1" 200 549 "-" "Mozilla/5.0 (Macintosh; Intel Mac OS X 10_15_7) AppleWebKit/605.1.15 (KHTML, like Gecko) Version/15.1 Safari/605.1.15"
5.189.135.191 - - [06/May/2026:18:10:34 +0000] "GET /wp-content/plugins/elementor-pro/assets/js/elements-handlers.min.js?ver=4.0.4 HTTP/1.1" 200 10535 "-" "Mozilla/5.0 (Windows NT 10.0; Win64; x64) AppleWebKit/537.36 Chrome/114.0.5735.110 Safari/537.36"
5.189.135.191 - - [06/May/2026:18:10:34 +0000] "GET /wp-content/plugins/elementor-pro/assets/js/webpack-pro.runtime.min.js?ver=4.0.4 HTTP/1.1" 200 2830 "-" "Mozilla/5.0 (Windows NT 10.0; Win64; x64) AppleWebKit/537.36 Chrome/114.0.5735.110 Safari/537.36"
5.189.135.191 - - [06/May/2026:18:10:34 +0000] "GET /wp-includes/js/dist/i18n.min.js?ver=c26c3dc7bed366793375 HTTP/1.1" 200 2229 "-" "Mozilla/5.0 (Windows NT 10.0; Win64; x64) AppleWebKit/537.36 Chrome/114.0.5735.110 Safari/537.36"
5.189.135.191 - - [06/May/2026:18:10:34 +0000] "GET /wp-includes/js/jquery/jquery.min.js?ver=3.7.1 HTTP/1.1" 200 30368 "-" "Mozilla/5.0 (Macintosh; Intel Mac OS X 10_15_7) AppleWebKit/605.1.15 (KHTML, like Gecko) Version/15.1 Safari/605.1.15"
20.123.172.228 - - [06/May/2026:18:10:33 +0000] "POST /wp-cron.php?doing_wp_cron=1778091033.1707999706268310546875 HTTP/1.1" 200 - "-" "WordPress/6.9.4; https://downloads.nipponia.com"
5.189.135.191 - - [06/May/2026:18:10:35 +0000] "GET /xmlrpc.php?rsd HTTP/1.1" 404 8928 "-" "Mozilla/5.0 (X11; Linux x86_64) AppleWebKit/537.36 Chrome/113.0.0.0 Safari/537.36"
5.189.135.191 - - [06/May/2026:18:10:50 +0000] "GET /wp-content/plugins/elementor/assets/js/frontend-modules.min.js?ver=4.0.7 HTTP/1.1" 200 15970 "-" "Mozilla/5.0 (Windows NT 10.0; Win64; x64) AppleWebKit/537.36 Chrome/114.0.5735.110 Safari/537.36"
5.189.135.191 - - [06/May/2026:18:10:50 +0000] "GET /wp-includes/js/jquery/ui/core.min.js?ver=1.13.3 HTTP/1.1" 200 7106 "-" "Mozilla/5.0 (X11; Linux x86_64) AppleWebKit/537.36 Chrome/113.0.0.0 Safari/537.36"
5.189.135.191 - - [06/May/2026:18:10:50 +0000] "GET /wp-content/plugins/elementor-pro/assets/lib/sticky/jquery.sticky.min.js?ver=4.0.4 HTTP/1.1" 200 1542 "-" "Mozilla/5.0 (Windows NT 10.0; Win64; x64) AppleWebKit/537.36 Chrome/114.0.5735.110 Safari/537.36"
5.189.135.191 - - [06/May/2026:18:10:50 +0000] "GET /wp-includes/js/wp-emoji-release.min.js?ver=6.9.4 HTTP/1.1" 200 5375 "-" "Mozilla/5.0 (X11; Linux x86_64) AppleWebKit/537.36 Chrome/113.0.0.0 Safari/537.36"
5.189.135.191 - - [06/May/2026:18:10:50 +0000] "GET /wp-includes/js/dist/hooks.min.js?ver=dd5603f07f9220ed27f1 HTTP/1.1" 200 1941 "-" "Mozilla/5.0 (Windows NT 10.0; Win64; x64) AppleWebKit/537.36 Chrome/114.0.5735.110 Safari/537.36"
5.189.135.191 - - [06/May/2026:18:10:50 +0000] "GET /wp-includes/js/wp-emoji-loader.min.js HTTP/1.1" 200 1215 "-" "Mozilla/5.0 (Macintosh; Intel Mac OS X 10_15_7) AppleWebKit/605.1.15 (KHTML, like Gecko) Version/15.1 Safari/605.1.15"
20.169.87.117 - - [06/May/2026:18:29:57 +0000] "GET / HTTP/1.1" 200 10945 "-" "Mozilla/5.0 AppleWebKit/537.36 (KHTML, like Gecko); compatible; ChatGPT-User/1.0; +https://openai.com/bot"
20.123.172.228 - - [06/May/2026:18:30:17 +0000] "POST /wp-cron.php?doing_wp_cron=1778092217.5672149658203125000000 HTTP/1.1" 200 - "-" "WordPress/6.9.4; https://downloads.nipponia.com"
72.63.158.207 - - [06/May/2026:18:39:18 +0000] "GET /wp-content/uploads/2024/07/front-right-12-768x576.jpg HTTP/1.1" 200 33964 "-" "Mozilla/5.0 (compatible; crawler)"
110.249.202.137 - - [06/May/2026:19:03:03 +0000] "GET /wp-content/uploads/elementor/thumbs/Remove-bg.ai_1726042792042-qtxy827vn0ddmv1eb8ftjjc8oejzrneugxv3mpilts.png HTTP/1.1" 200 31744 "-" "Mozilla/5.0 (Linux; Android 5.0) AppleWebKit/537.36 (KHTML, like Gecko) Mobile Safari/537.36 (compatible; Bytespider; https://zhanzhang.toutiao.com/)"
110.249.201.174 - - [06/May/2026:19:03:27 +0000] "GET /wp-content/uploads/2026/04/space-110-banner-front-page-web.jpg HTTP/1.1" 200 139027 "-" "Mozilla/5.0 (Linux; Android 5.0) AppleWebKit/537.36 (KHTML, like Gecko) Mobile Safari/537.36 (compatible; Bytespider; https://zhanzhang.toutiao.com/)"
111.225.149.237 - - [06/May/2026:19:04:16 +0000] "GET /wp-content/uploads/2024/09/2024-11_VRS-manual-ES.pdf HTTP/1.1" 200 250986 "-" "Mozilla/5.0 (Linux; Android 5.0) AppleWebKit/537.36 (KHTML, like Gecko) Mobile Safari/537.36 (compatible; Bytespider; https://zhanzhang.toutiao.com/)"
110.249.202.23 - - [06/May/2026:19:05:30 +0000] "GET /wp-content/uploads/2025/07/BRIO110_SPC_v24.01_1.pdf HTTP/1.1" 200 348138 "-" "Mozilla/5.0 (Linux; Android 5.0) AppleWebKit/537.36 (KHTML, like Gecko) Mobile Safari/537.36 (compatible; Bytespider; https://zhanzhang.toutiao.com/)"
110.249.202.187 - - [06/May/2026:19:06:43 +0000] "GET /model_manual/patron-125/ HTTP/1.1" 200 10290 "-" "Mozilla/5.0 (Linux; Android 5.0) AppleWebKit/537.36 (KHTML, like Gecko) Mobile Safari/537.36 (compatible; Bytespider; https://zhanzhang.toutiao.com/)"
110.249.202.187 - - [06/May/2026:19:07:02 +0000] "GET /wp-content/plugins/elementor-pro/assets/css/modules/sticky.min.css?ver=4.0.4 HTTP/1.1" 200 116 "https://downloads.nipponia.com/model_manual/patron-125/" "Mozilla/5.0 (Linux; Android 5.0) AppleWebKit/537.36 (KHTML, like Gecko) Mobile Safari/537.36 (compatible; Bytespider; https://zhanzhang.toutiao.com/)"
110.249.202.187 - - [06/May/2026:19:07:02 +0000] "GET /wp-content/plugins/elementor/assets/css/widget-heading.min.css?ver=4.0.7 HTTP/1.1" 200 160 "https://downloads.nipponia.com/model_manual/patron-125/" "Mozilla/5.0 (Linux; Android 5.0) AppleWebKit/537.36 (KHTML, like Gecko) Mobile Safari/537.36 (compatible; Bytespider; https://zhanzhang.toutiao.com/)"
20.123.172.228 - - [06/May/2026:19:07:01 +0000] "POST /wp-cron.php?doing_wp_cron=1778094421.1244599819183349609375 HTTP/1.1" 200 - "-" "WordPress/6.9.4; https://downloads.nipponia.com"
110.249.202.187 - - [06/May/2026:19:07:03 +0000] "GET /wp-content/uploads/elementor/css/post-155.css?ver=1778073459 HTTP/1.1" 200 1043 "https://downloads.nipponia.com/model_manual/patron-125/" "Mozilla/5.0 (Linux; Android 5.0) AppleWebKit/537.36 (KHTML, like Gecko) Mobile Safari/537.36 (compatible; Bytespider; https://zhanzhang.toutiao.com/)"
110.249.202.133 - - [06/May/2026:19:07:57 +0000] "GET /model_manual/bs-max-150/ HTTP/1.1" 200 10325 "-" "Mozilla/5.0 (Linux; Android 5.0) AppleWebKit/537.36 (KHTML, like Gecko) Mobile Safari/537.36 (compatible; Bytespider; https://zhanzhang.toutiao.com/)"
20.123.172.228 - - [06/May/2026:19:08:13 +0000] "POST /wp-cron.php?doing_wp_cron=1778094493.7712929248809814453125 HTTP/1.1" 200 - "-" "WordPress/6.9.4; https://downloads.nipponia.com"
110.249.202.152 - - [06/May/2026:19:10:00 +0000] "GET /home HTTP/1.1" 301 - "-" "Mozilla/5.0 (Linux; Android 5.0) AppleWebKit/537.36 (KHTML, like Gecko) Mobile Safari/537.36 (compatible; Bytespider; https://zhanzhang.toutiao.com/)"
20.123.172.228 - - [06/May/2026:19:10:11 +0000] "POST /wp-cron.php?doing_wp_cron=1778094611.8120610713958740234375 HTTP/1.1" 200 - "-" "WordPress/6.9.4; https://downloads.nipponia.com"
110.249.202.152 - - [06/May/2026:19:10:13 +0000] "GET /home/ HTTP/1.1" 200 10993 "-" "Mozilla/5.0 (Linux; Android 5.0) AppleWebKit/537.36 (KHTML, like Gecko) Mobile Safari/537.36 (compatible; Bytespider; https://zhanzhang.toutiao.com/)"
110.249.202.152 - - [06/May/2026:19:10:29 +0000] "GET /wp-content/plugins/elementor-pro/assets/css/widget-search-form.min.css?ver=4.0.4 HTTP/1.1" 200 1059 "https://downloads.nipponia.com/home/" "Mozilla/5.0 (Linux; Android 5.0) AppleWebKit/537.36 (KHTML, like Gecko) Mobile Safari/537.36 (compatible; Bytespider; https://zhanzhang.toutiao.com/)"
