85.203.21.178 - - [07/May/2026:02:18:03 +0000] "GET /wp-content/uploads/2023/01/nipponia.png HTTP/1.1" 200 10087 "https://downloads.nipponia.com/model_manual/zeus-200-2/" "Mozilla/5.0 (Windows NT 10.0; Win64; x64; rv:150.0) Gecko/20100101 Firefox/150.0"
85.203.21.164 - - [07/May/2026:02:18:03 +0000] "GET /wp-includes/js/wp-emoji-release.min.js?ver=6.9.4 HTTP/1.1" 200 5375 "https://downloads.nipponia.com/model_manual/zeus-200-2/" "Mozilla/5.0 (Windows NT 10.0; Win64; x64; rv:150.0) Gecko/20100101 Firefox/150.0"
85.203.21.178 - - [07/May/2026:02:18:03 +0000] "GET /wp-content/uploads/2025/08/cropped-logo-nipponia-512-512px-1-32x32.png HTTP/1.1" 200 1235 "https://downloads.nipponia.com/model_manual/zeus-200-2/" "Mozilla/5.0 (Windows NT 10.0; Win64; x64; rv:150.0) Gecko/20100101 Firefox/150.0"
85.203.21.168 - - [07/May/2026:02:18:03 +0000] "GET /wp-content/uploads/2025/08/cropped-logo-nipponia-512-512px-1-192x192.png HTTP/1.1" 200 6633 "https://downloads.nipponia.com/model_manual/zeus-200-2/" "Mozilla/5.0 (Windows NT 10.0; Win64; x64; rv:150.0) Gecko/20100101 Firefox/150.0"
193.37.32.2 - - [07/May/2026:02:18:03 +0000] "GET /wp-content/plugins/elementor/assets/lib/font-awesome/webfonts/fa-brands-400.woff2 HTTP/1.1" 200 81612 "https://downloads.nipponia.com/wp-content/plugins/elementor/assets/lib/font-awesome/css/brands.min.css?ver=5.15.3" "Mozilla/5.0 (Windows NT 10.0; Win64; x64; rv:150.0) Gecko/20100101 Firefox/150.0"
85.203.21.164 - - [07/May/2026:02:18:03 +0000] "GET /wp-content/plugins/elementor/assets/lib/font-awesome/webfonts/fa-solid-900.woff2 HTTP/1.1" 200 78196 "https://downloads.nipponia.com/wp-content/plugins/elementor/assets/lib/font-awesome/css/solid.min.css?ver=5.15.3" "Mozilla/5.0 (Windows NT 10.0; Win64; x64; rv:150.0) Gecko/20100101 Firefox/150.0"
193.37.32.2 - - [07/May/2026:02:18:04 +0000] "GET /wp-content/plugins/elementor/assets/js/section-frontend-handlers.d85ab872da118940910d.bundle.min.js HTTP/1.1" 200 269 "https://downloads.nipponia.com/model_manual/zeus-200-2/" "Mozilla/5.0 (Windows NT 10.0; Win64; x64; rv:150.0) Gecko/20100101 Firefox/150.0"
85.203.21.164 - - [07/May/2026:02:18:04 +0000] "GET /wp-content/plugins/elementor/assets/js/shared-frontend-handlers.03caa53373b56d3bab67.bundle.min.js HTTP/1.1" 200 2644 "https://downloads.nipponia.com/model_manual/zeus-200-2/" "Mozilla/5.0 (Windows NT 10.0; Win64; x64; rv:150.0) Gecko/20100101 Firefox/150.0"
193.37.32.2 - - [07/May/2026:02:18:05 +0000] "GET /wp-content/uploads/elementor/thumbs/frontright-for-web-small-scaled-r8hzossilwquuvzeyyydp777krftc5l2uox7wv1ukg.png HTTP/1.1" 200 39110 "https://downloads.nipponia.com/model_manual/zeus-200-2/" "Mozilla/5.0 (Windows NT 10.0; Win64; x64; rv:150.0) Gecko/20100101 Firefox/150.0"
85.203.21.58 - - [07/May/2026:02:18:01 +0000] "GET /model_manual/zeus-200-2/ HTTP/1.1" 200 10326 "-" "Mozilla/5.0 (Windows NT 10.0; Win64; x64; rv:150.0) Gecko/20100101 Firefox/150.0"
64.233.173.39 - - [07/May/2026:02:23:23 +0000] "GET /.well-known/traffic-advice HTTP/1.1" 404 8927 "-" "Chrome Privacy Preserving Prefetch Proxy"
20.123.172.228 - - [07/May/2026:02:23:43 +0000] "POST /wp-cron.php?doing_wp_cron=1778120622.9510729312896728515625 HTTP/1.1" 200 - "-" "WordPress/6.9.4; https://downloads.nipponia.com"
64.233.173.38 - - [07/May/2026:02:23:23 +0000] "GET /.well-known/traffic-advice HTTP/1.1" 404 8927 "-" "Chrome Privacy Preserving Prefetch Proxy"
72.50.0.181 - - [07/May/2026:03:09:30 +0000] "GET /wp-content/themes/hello-elementor/assets/css/header-footer.css?ver=3.4.7 HTTP/1.1" 200 1423 "-" "Mozilla/5.0 (Linux; Android 10; K) AppleWebKit/537.36 (KHTML, like Gecko) Chrome/147.0.0.0 Mobile Safari/537.36"
72.50.0.181 - - [07/May/2026:03:09:30 +0000] "GET /wp-content/themes/hello-elementor/assets/css/reset.css?ver=3.4.7 HTTP/1.1" 200 1792 "-" "Mozilla/5.0 (Linux; Android 10; K) AppleWebKit/537.36 (KHTML, like Gecko) Chrome/147.0.0.0 Mobile Safari/537.36"
72.50.2.126 - - [07/May/2026:03:09:30 +0000] "GET /wp-content/themes/hello-elementor/assets/css/theme.css?ver=3.4.7 HTTP/1.1" 200 1271 "-" "Mozilla/5.0 (Linux; Android 10; K) AppleWebKit/537.36 (KHTML, like Gecko) Chrome/147.0.0.0 Mobile Safari/537.36"
72.50.2.126 - - [07/May/2026:03:09:30 +0000] "GET /wp-content/plugins/elementor/assets/css/widget-image.min.css?ver=4.0.6 HTTP/1.1" 200 135 "-" "Mozilla/5.0 (Linux; Android 10; K) AppleWebKit/537.36 (KHTML, like Gecko) Chrome/147.0.0.0 Mobile Safari/537.36"
72.50.0.181 - - [07/May/2026:03:09:30 +0000] "GET /wp-content/plugins/elementor/assets/css/frontend.min.css?ver=4.0.6 HTTP/1.1" 200 7271 "-" "Mozilla/5.0 (Linux; Android 10; K) AppleWebKit/537.36 (KHTML, like Gecko) Chrome/147.0.0.0 Mobile Safari/537.36"
72.50.0.181 - - [07/May/2026:03:09:30 +0000] "GET /wp-content/uploads/elementor/css/post-6.css?ver=1777940461 HTTP/1.1" 200 516 "-" "Mozilla/5.0 (Linux; Android 10; K) AppleWebKit/537.36 (KHTML, like Gecko) Chrome/147.0.0.0 Mobile Safari/537.36"
72.50.0.181 - - [07/May/2026:03:09:30 +0000] "GET /wp-content/plugins/elementor/assets/css/widget-heading.min.css?ver=4.0.6 HTTP/1.1" 200 160 "-" "Mozilla/5.0 (Linux; Android 10; K) AppleWebKit/537.36 (KHTML, like Gecko) Chrome/147.0.0.0 Mobile Safari/537.36"
72.50.0.181 - - [07/May/2026:03:09:30 +0000] "GET /wp-content/plugins/elementor-pro/assets/css/modules/sticky.min.css?ver=4.0.4 HTTP/1.1" 200 116 "-" "Mozilla/5.0 (Linux; Android 10; K) AppleWebKit/537.36 (KHTML, like Gecko) Chrome/147.0.0.0 Mobile Safari/537.36"
72.50.0.181 - - [07/May/2026:03:09:31 +0000] "GET /wp-content/plugins/elementor/assets/css/widget-icon-list.min.css?ver=4.0.6 HTTP/1.1" 200 1023 "-" "Mozilla/5.0 (Linux; Android 10; K) AppleWebKit/537.36 (KHTML, like Gecko) Chrome/147.0.0.0 Mobile Safari/537.36"
72.50.0.181 - - [07/May/2026:03:09:31 +0000] "GET /wp-content/plugins/elementor/assets/css/widget-social-icons.min.css?ver=4.0.6 HTTP/1.1" 200 1142 "-" "Mozilla/5.0 (Linux; Android 10; K) AppleWebKit/537.36 (KHTML, like Gecko) Chrome/147.0.0.0 Mobile Safari/537.36"
66.249.88.65 - - [07/May/2026:03:09:25 +0000] "GET /.well-known/traffic-advice HTTP/1.1" 404 8927 "-" "Chrome Privacy Preserving Prefetch Proxy"
162.120.186.254 - - [07/May/2026:03:09:26 +0000] "GET /model_manual/vrs-150/ HTTP/1.1" 200 10313 "https://www.google.com/" "Mozilla/5.0 (Linux; Android 10; K) AppleWebKit/537.36 (KHTML, like Gecko) Chrome/147.0.0.0 Mobile Safari/537.36"
20.123.172.228 - - [07/May/2026:03:09:45 +0000] "POST /wp-cron.php?doing_wp_cron=1778123385.4427819252014160156250 HTTP/1.1" 200 - "-" "WordPress/6.9.4; https://downloads.nipponia.com"
72.50.2.126 - - [07/May/2026:03:09:30 +0000] "GET /model_manual/vrs-150/ HTTP/1.1" 200 10313 "https://www.google.com/" "Mozilla/5.0 (Linux; Android 10; K) AppleWebKit/537.36 (KHTML, like Gecko) Chrome/147.0.0.0 Mobile Safari/537.36"
72.50.0.181 - - [07/May/2026:03:09:34 +0000] "GET /model_manual/vrs-150/ HTTP/1.1" 200 10313 "https://www.google.com/" "Mozilla/5.0 (Linux; Android 10; K) AppleWebKit/537.36 (KHTML, like Gecko) Chrome/147.0.0.0 Mobile Safari/537.36"
193.186.4.221 - - [07/May/2026:03:10:01 +0000] "GET /model_manual/vrs-150/ HTTP/1.1" 200 10313 "https://www.google.com/" "Mozilla/5.0 (Linux; Android 10; K) AppleWebKit/537.36 (KHTML, like Gecko) Chrome/147.0.0.0 Mobile Safari/537.36"
43.130.31.17 - - [07/May/2026:03:51:36 +0000] "GET / HTTP/1.1" 200 10945 "http://downloads.nipponia.com" "Mozilla/5.0 (iPhone; CPU iPhone OS 13_2_3 like Mac OS X) AppleWebKit/605.1.15 (KHTML, like Gecko) Version/13.0.3 Mobile/15E148 Safari/604.1"
20.123.172.228 - - [07/May/2026:03:51:51 +0000] "POST /wp-cron.php?doing_wp_cron=1778125911.4399700164794921875000 HTTP/1.1" 200 - "-" "WordPress/6.9.4; https://downloads.nipponia.com"
216.73.216.49 - - [07/May/2026:03:54:10 +0000] "GET /robots.txt HTTP/1.1" 200 117 "-" "Mozilla/5.0 AppleWebKit/537.36 (KHTML, like Gecko; compatible; ClaudeBot/1.0; +claudebot@anthropic.com)"
20.123.172.228 - - [07/May/2026:03:54:22 +0000] "POST /wp-cron.php?doing_wp_cron=1778126062.6854510307312011718750 HTTP/1.1" 200 - "-" "WordPress/6.9.4; https://downloads.nipponia.com"
216.73.216.49 - - [07/May/2026:03:54:23 +0000] "GET /wp-sitemap.xml HTTP/1.1" 200 245 "-" "Mozilla/5.0 AppleWebKit/537.36 (KHTML, like Gecko; compatible; ClaudeBot/1.0; +claudebot@anthropic.com)"
52.167.144.179 - - [07/May/2026:03:56:39 +0000] "GET /model_manual/patron-125/ HTTP/1.1" 200 10289 "-" "Mozilla/5.0 AppleWebKit/537.36 (KHTML, like Gecko; compatible; bingbot/2.0; +http://www.bing.com/bingbot.htm) Chrome/116.0.1938.76 Safari/537.36"
20.123.172.228 - - [07/May/2026:03:56:55 +0000] "POST /wp-cron.php?doing_wp_cron=1778126215.6090769767761230468750 HTTP/1.1" 200 - "-" "WordPress/6.9.4; https://downloads.nipponia.com"
40.77.167.50 - - [07/May/2026:04:11:20 +0000] "GET /sitemap.xml.gz HTTP/1.1" 301 - "-" "Mozilla/5.0 AppleWebKit/537.36 (KHTML, like Gecko; compatible; bingbot/2.0; +http://www.bing.com/bingbot.htm) Chrome/116.0.1938.76 Safari/537.36"
20.123.172.228 - - [07/May/2026:04:11:34 +0000] "POST /wp-cron.php?doing_wp_cron=1778127093.9625990390777587890625 HTTP/1.1" 200 - "-" "WordPress/6.9.4; https://downloads.nipponia.com"
40.77.167.50 - - [07/May/2026:04:11:38 +0000] "GET /wp-sitemap.xml HTTP/1.1" 200 245 "-" "Mozilla/5.0 AppleWebKit/537.36 (KHTML, like Gecko; compatible; bingbot/2.0; +http://www.bing.com/bingbot.htm) Chrome/116.0.1938.76 Safari/537.36"
20.9.82.33 - - [07/May/2026:04:45:48 +0000] "GET /wp-content/plugins/hellopress/wp_filemanager.php HTTP/1.1" 404 44472 "-" "-"
20.123.172.228 - - [07/May/2026:04:46:04 +0000] "POST /wp-cron.php?doing_wp_cron=1778129164.6932690143585205078125 HTTP/1.1" 200 - "-" "WordPress/6.9.4; https://downloads.nipponia.com"
209.141.37.194 - - [07/May/2026:05:09:35 +0000] "GET /wp-login.php HTTP/1.1" 200 8791 "-" "Mozilla/5.0 (Windows NT 10.0; Win64; x64) AppleWebKit/537.36 (KHTML, like Gecko) Chrome/146.0.0.0 Safari/537.36 Edg/146.0.0.0"
20.123.172.228 - - [07/May/2026:05:09:48 +0000] "POST /wp-cron.php?doing_wp_cron=1778130588.6663599014282226562500 HTTP/1.1" 200 - "-" "WordPress/6.9.4; https://downloads.nipponia.com"
209.141.37.194 - - [07/May/2026:05:09:49 +0000] "POST /wp-login.php HTTP/1.1" 503 18951 "-" "Mozilla/5.0 (Windows NT 10.0; Win64; x64) AppleWebKit/537.36 (KHTML, like Gecko) Chrome/146.0.0.0 Safari/537.36 Edg/146.0.0.0"
209.141.37.194 - - [07/May/2026:05:10:04 +0000] "GET /wp-admin/themes.php HTTP/1.1" 503 7318 "-" "python-requests/2.33.1"
209.141.37.194 - - [07/May/2026:05:10:13 +0000] "GET /wp-admin/plugin-install.php?tab=upload HTTP/1.1" 503 7318 "-" "python-requests/2.33.1"
44.205.180.155 - - [07/May/2026:05:12:31 +0000] "GET /robots.txt HTTP/1.1" 200 117 "-" "Mozilla/5.0 AppleWebKit/537.36 (KHTML, like Gecko; compatible; Amazonbot/0.1; +https://developer.amazon.com/support/amazonbot) Chrome/119.0.6045.214 Safari/537.36"
20.123.172.228 - - [07/May/2026:05:12:43 +0000] "POST /wp-cron.php?doing_wp_cron=1778130763.7277359962463378906250 HTTP/1.1" 200 - "-" "WordPress/6.9.4; https://downloads.nipponia.com"
45.148.10.120 - - [07/May/2026:05:24:55 +0000] "GET /wp-json/gravitysmtp/v1/tests/mock-data?page=gravitysmtp-settings HTTP/1.1" 404 117 "-" "Mozilla/5.0 (Windows NT 10.0; WOW64) AppleWebKit/537.36 (KHTML, like Gecko) coc_coc_browser/80.0.180 Chrome/74.0.3729.180 Safari/537.36"
20.123.172.228 - - [07/May/2026:05:25:09 +0000] "POST /wp-cron.php?doing_wp_cron=1778131509.4511499404907226562500 HTTP/1.1" 200 - "-" "WordPress/6.9.4; https://downloads.nipponia.com"
140.179.148.12 - - [07/May/2026:05:25:37 +0000] "GET /wp-content/uploads/2024/09/T-REX150-Manual-de-usuario.pdf HTTP/1.1" 200 170026 "-" "Mozilla/5.0 (Linux; Android 10; HD1900 Build/QKQ1.190716.003; wv) AppleWebKit/537.36 (KHTML, like Gecko) Version/4.0 Chrome/75.0.3770.156 Mobile Safari/537.36 aweme_230400 JsSdk/1.0 NetType/WIFI AppName/aweme app_version/23.4.0 ByteLocale/zh-CN Region/CN AppSkin/white AppTheme/light BytedanceWebview/d8a21c6 WebView/075113004008"
140.179.148.12 - - [07/May/2026:05:26:20 +0000] "GET /wp-content/uploads/2024/09/T-REX150-Manual-de-usuario.pdf HTTP/1.1" 200 153834 "-" "Mozilla/5.0 (Linux; Android 10; HD1900 Build/QKQ1.190716.003; wv) AppleWebKit/537.36 (KHTML, like Gecko) Version/4.0 Chrome/75.0.3770.156 Mobile Safari/537.36 aweme_230400 JsSdk/1.0 NetType/WIFI AppName/aweme app_version/23.4.0 ByteLocale/zh-CN Region/CN AppSkin/white AppTheme/light BytedanceWebview/d8a21c6 WebView/075113004008"
140.179.148.12 - - [07/May/2026:05:28:21 +0000] "GET /wp-content/uploads/2024/09/T-REX150-Manual-de-usuario.pdf HTTP/1.1" 200 170026 "-" "Mozilla/5.0 (Linux; Android 10; HD1900 Build/QKQ1.190716.003; wv) AppleWebKit/537.36 (KHTML, like Gecko) Version/4.0 Chrome/75.0.3770.156 Mobile Safari/537.36 aweme_230400 JsSdk/1.0 NetType/WIFI AppName/aweme app_version/23.4.0 ByteLocale/zh-CN Region/CN AppSkin/white AppTheme/light BytedanceWebview/d8a21c6 WebView/075113004008"
27.46.125.22 - - [07/May/2026:05:37:48 +0000] "GET /robots.txt HTTP/1.1" 200 117 "-" "Mozilla/5.0 (Windows NT 10.0; WOW64) AppleWebKit/537.36 (KHTML, like Gecko) Chrome/83.0.4013.130 UBrowser/6.2.3964.2 Safari/537.36"
20.123.172.228 - - [07/May/2026:05:38:01 +0000] "POST /wp-cron.php?doing_wp_cron=1778132281.1992759704589843750000 HTTP/1.1" 200 - "-" "WordPress/6.9.4; https://downloads.nipponia.com"
216.73.216.49 - - [07/May/2026:05:52:37 +0000] "GET /robots.txt HTTP/1.1" 200 117 "-" "Mozilla/5.0 AppleWebKit/537.36 (KHTML, like Gecko; compatible; ClaudeBot/1.0; +claudebot@anthropic.com)"
20.123.172.228 - - [07/May/2026:05:52:49 +0000] "POST /wp-cron.php?doing_wp_cron=1778133169.6981990337371826171875 HTTP/1.1" 200 - "-" "WordPress/6.9.4; https://downloads.nipponia.com"
140.213.185.181 - - [07/May/2026:06:17:24 +0000] "GET /wp-includes/css/dist/block-library/style.min.css?ver=6.9.4 HTTP/1.1" 200 15916 "-" "Mozilla/5.0 (Linux; Android 10; K) AppleWebKit/537.36 (KHTML, like Gecko) Chrome/139.0.0.0 Mobile Safari/537.36"
112.215.50.6 - - [07/May/2026:06:17:24 +0000] "GET /wp-content/themes/hello-elementor/assets/css/reset.css?ver=3.4.7 HTTP/1.1" 200 1792 "-" "Mozilla/5.0 (Linux; Android 10; K) AppleWebKit/537.36 (KHTML, like Gecko) Chrome/139.0.0.0 Mobile Safari/537.36"
140.213.185.3 - - [07/May/2026:06:17:24 +0000] "GET /wp-content/themes/hello-elementor/assets/css/theme.css?ver=3.4.7 HTTP/1.1" 200 1271 "-" "Mozilla/5.0 (Linux; Android 10; K) AppleWebKit/537.36 (KHTML, like Gecko) Chrome/139.0.0.0 Mobile Safari/537.36"
112.215.50.6 - - [07/May/2026:06:17:24 +0000] "GET /wp-content/plugins/elementor/assets/css/frontend.min.css?ver=4.0.5 HTTP/1.1" 200 7271 "-" "Mozilla/5.0 (Linux; Android 10; K) AppleWebKit/537.36 (KHTML, like Gecko) Chrome/139.0.0.0 Mobile Safari/537.36"
140.213.185.181 - - [07/May/2026:06:17:24 +0000] "GET /wp-content/themes/hello-elementor/assets/css/header-footer.css?ver=3.4.7 HTTP/1.1" 200 1423 "-" "Mozilla/5.0 (Linux; Android 10; K) AppleWebKit/537.36 (KHTML, like Gecko) Chrome/139.0.0.0 Mobile Safari/537.36"
140.213.185.3 - - [07/May/2026:06:17:24 +0000] "GET /wp-content/uploads/elementor/css/post-6.css?ver=1777770452 HTTP/1.1" 200 516 "-" "Mozilla/5.0 (Linux; Android 10; K) AppleWebKit/537.36 (KHTML, like Gecko) Chrome/139.0.0.0 Mobile Safari/537.36"
112.215.50.6 - - [07/May/2026:06:17:24 +0000] "GET /wp-content/plugins/elementor/assets/css/widget-image.min.css?ver=4.0.5 HTTP/1.1" 200 135 "-" "Mozilla/5.0 (Linux; Android 10; K) AppleWebKit/537.36 (KHTML, like Gecko) Chrome/139.0.0.0 Mobile Safari/537.36"
140.213.185.181 - - [07/May/2026:06:17:24 +0000] "GET /wp-content/plugins/elementor/assets/css/widget-heading.min.css?ver=4.0.5 HTTP/1.1" 200 160 "-" "Mozilla/5.0 (Linux; Android 10; K) AppleWebKit/537.36 (KHTML, like Gecko) Chrome/139.0.0.0 Mobile Safari/537.36"
140.213.185.3 - - [07/May/2026:06:17:24 +0000] "GET /wp-content/plugins/elementor-pro/assets/css/modules/sticky.min.css?ver=4.0.4 HTTP/1.1" 200 116 "-" "Mozilla/5.0 (Linux; Android 10; K) AppleWebKit/537.36 (KHTML, like Gecko) Chrome/139.0.0.0 Mobile Safari/537.36"
140.213.185.181 - - [07/May/2026:06:17:25 +0000] "GET /wp-content/plugins/elementor/assets/css/widget-icon-list.min.css?ver=4.0.5 HTTP/1.1" 200 1023 "-" "Mozilla/5.0 (Linux; Android 10; K) AppleWebKit/537.36 (KHTML, like Gecko) Chrome/139.0.0.0 Mobile Safari/537.36"
140.213.184.100 - - [07/May/2026:06:17:23 +0000] "GET /model_manual/zeus-200-2/ HTTP/1.1" 200 10326 "https://ahrefs.com/" "Mozilla/5.0 (Linux; Android 10; K) AppleWebKit/537.36 (KHTML, like Gecko) Chrome/139.0.0.0 Mobile Safari/537.36"
20.123.172.228 - - [07/May/2026:06:17:40 +0000] "POST /wp-cron.php?doing_wp_cron=1778134660.4764580726623535156250 HTTP/1.1" 200 - "-" "WordPress/6.9.4; https://downloads.nipponia.com"
140.213.184.100 - - [07/May/2026:06:17:43 +0000] "GET /wp-content/plugins/elementor/assets/css/frontend.min.css?ver=4.0.7 HTTP/1.1" 200 7271 "https://downloads.nipponia.com/model_manual/zeus-200-2/" "Mozilla/5.0 (Linux; Android 10; K) AppleWebKit/537.36 (KHTML, like Gecko) Chrome/139.0.0.0 Mobile Safari/537.36"
140.213.184.100 - - [07/May/2026:06:17:43 +0000] "GET /wp-content/uploads/elementor/css/post-6.css?ver=1778073455 HTTP/1.1" 200 516 "https://downloads.nipponia.com/model_manual/zeus-200-2/" "Mozilla/5.0 (Linux; Android 10; K) AppleWebKit/537.36 (KHTML, like Gecko) Chrome/139.0.0.0 Mobile Safari/537.36"
140.213.184.100 - - [07/May/2026:06:17:43 +0000] "GET /wp-content/plugins/elementor/assets/css/widget-image.min.css?ver=4.0.7 HTTP/1.1" 200 135 "https://downloads.nipponia.com/model_manual/zeus-200-2/" "Mozilla/5.0 (Linux; Android 10; K) AppleWebKit/537.36 (KHTML, like Gecko) Chrome/139.0.0.0 Mobile Safari/537.36"
140.213.184.100 - - [07/May/2026:06:17:43 +0000] "GET /wp-content/plugins/elementor/assets/css/widget-heading.min.css?ver=4.0.7 HTTP/1.1" 200 160 "https://downloads.nipponia.com/model_manual/zeus-200-2/" "Mozilla/5.0 (Linux; Android 10; K) AppleWebKit/537.36 (KHTML, like Gecko) Chrome/139.0.0.0 Mobile Safari/537.36"
140.213.184.181 - - [07/May/2026:06:17:43 +0000] "GET /wp-content/plugins/elementor/assets/css/widget-icon-list.min.css?ver=4.0.7 HTTP/1.1" 200 1023 "https://downloads.nipponia.com/model_manual/zeus-200-2/" "Mozilla/5.0 (Linux; Android 10; K) AppleWebKit/537.36 (KHTML, like Gecko) Chrome/139.0.0.0 Mobile Safari/537.36"
140.213.184.100 - - [07/May/2026:06:17:43 +0000] "GET /wp-content/plugins/elementor/assets/css/widget-social-icons.min.css?ver=4.0.7 HTTP/1.1" 200 1142 "https://downloads.nipponia.com/model_manual/zeus-200-2/" "Mozilla/5.0 (Linux; Android 10; K) AppleWebKit/537.36 (KHTML, like Gecko) Chrome/139.0.0.0 Mobile Safari/537.36"
140.213.184.100 - - [07/May/2026:06:17:43 +0000] "GET /wp-content/plugins/elementor/assets/css/conditionals/apple-webkit.min.css?ver=4.0.7 HTTP/1.1" 200 547 "https://downloads.nipponia.com/model_manual/zeus-200-2/" "Mozilla/5.0 (Linux; Android 10; K) AppleWebKit/537.36 (KHTML, like Gecko) Chrome/139.0.0.0 Mobile Safari/537.36"
140.213.184.181 - - [07/May/2026:06:17:43 +0000] "GET /wp-content/plugins/elementor/assets/css/conditionals/shapes.min.css?ver=4.0.7 HTTP/1.1" 200 288 "https://downloads.nipponia.com/model_manual/zeus-200-2/" "Mozilla/5.0 (Linux; Android 10; K) AppleWebKit/537.36 (KHTML, like Gecko) Chrome/139.0.0.0 Mobile Safari/537.36"
140.213.184.100 - - [07/May/2026:06:17:44 +0000] "GET /wp-content/plugins/elementor/assets/lib/eicons/css/elementor-icons.min.css?ver=5.48.0 HTTP/1.1" 200 4455 "https://downloads.nipponia.com/model_manual/zeus-200-2/" "Mozilla/5.0 (Linux; Android 10; K) AppleWebKit/537.36 (KHTML, like Gecko) Chrome/139.0.0.0 Mobile Safari/537.36"
140.213.184.100 - - [07/May/2026:06:17:44 +0000] "GET /wp-content/plugins/elementor/assets/css/widget-spacer.min.css?ver=4.0.7 HTTP/1.1" 200 338 "https://downloads.nipponia.com/model_manual/zeus-200-2/" "Mozilla/5.0 (Linux; Android 10; K) AppleWebKit/537.36 (KHTML, like Gecko) Chrome/139.0.0.0 Mobile Safari/537.36"
140.213.184.181 - - [07/May/2026:06:17:44 +0000] "GET /wp-content/uploads/elementor/css/post-147.css?ver=1778073458 HTTP/1.1" 200 801 "https://downloads.nipponia.com/model_manual/zeus-200-2/" "Mozilla/5.0 (Linux; Android 10; K) AppleWebKit/537.36 (KHTML, like Gecko) Chrome/139.0.0.0 Mobile Safari/537.36"
140.213.184.100 - - [07/May/2026:06:17:44 +0000] "GET /wp-content/uploads/elementor/css/post-29.css?ver=1778076178 HTTP/1.1" 200 1047 "https://downloads.nipponia.com/model_manual/zeus-200-2/" "Mozilla/5.0 (Linux; Android 10; K) AppleWebKit/537.36 (KHTML, like Gecko) Chrome/139.0.0.0 Mobile Safari/537.36"
140.213.184.100 - - [07/May/2026:06:17:44 +0000] "GET /wp-content/uploads/elementor/css/post-155.css?ver=1778073459 HTTP/1.1" 200 1043 "https://downloads.nipponia.com/model_manual/zeus-200-2/" "Mozilla/5.0 (Linux; Android 10; K) AppleWebKit/537.36 (KHTML, like Gecko) Chrome/139.0.0.0 Mobile Safari/537.36"
140.213.184.100 - - [07/May/2026:06:17:44 +0000] "GET /wp-content/plugins/elementor/assets/lib/font-awesome/css/fontawesome.min.css?ver=5.15.3 HTTP/1.1" 200 12617 "https://downloads.nipponia.com/model_manual/zeus-200-2/" "Mozilla/5.0 (Linux; Android 10; K) AppleWebKit/537.36 (KHTML, like Gecko) Chrome/139.0.0.0 Mobile Safari/537.36"
140.213.184.100 - - [07/May/2026:06:17:44 +0000] "GET /wp-content/plugins/elementor/assets/lib/font-awesome/css/solid.min.css?ver=5.15.3 HTTP/1.1" 200 309 "https://downloads.nipponia.com/model_manual/zeus-200-2/" "Mozilla/5.0 (Linux; Android 10; K) AppleWebKit/537.36 (KHTML, like Gecko) Chrome/139.0.0.0 Mobile Safari/537.36"
140.213.184.181 - - [07/May/2026:06:17:44 +0000] "GET /wp-content/plugins/elementor/assets/lib/font-awesome/css/brands.min.css?ver=5.15.3 HTTP/1.1" 200 308 "https://downloads.nipponia.com/model_manual/zeus-200-2/" "Mozilla/5.0 (Linux; Android 10; K) AppleWebKit/537.36 (KHTML, like Gecko) Chrome/139.0.0.0 Mobile Safari/537.36"
140.213.184.100 - - [07/May/2026:06:17:44 +0000] "GET /wp-includes/js/jquery/jquery.min.js?ver=3.7.1 HTTP/1.1" 200 30368 "https://downloads.nipponia.com/model_manual/zeus-200-2/" "Mozilla/5.0 (Linux; Android 10; K) AppleWebKit/537.36 (KHTML, like Gecko) Chrome/139.0.0.0 Mobile Safari/537.36"
140.213.184.181 - - [07/May/2026:06:17:44 +0000] "GET /wp-includes/js/jquery/jquery-migrate.min.js?ver=3.4.1 HTTP/1.1" 200 4872 "https://downloads.nipponia.com/model_manual/zeus-200-2/" "Mozilla/5.0 (Linux; Android 10; K) AppleWebKit/537.36 (KHTML, like Gecko) Chrome/139.0.0.0 Mobile Safari/537.36"
140.213.185.181 - - [07/May/2026:06:17:44 +0000] "GET /wp-content/uploads/elementor/thumbs/frontright-for-web-small-scaled-r8hzossilwquuvzeyyydp777krftc5l2uox7wv1ukg.png HTTP/1.1" 200 39110 "https://downloads.nipponia.com/model_manual/zeus-200-2/" "Mozilla/5.0 (Linux; Android 10; K) AppleWebKit/537.36 (KHTML, like Gecko) Chrome/139.0.0.0 Mobile Safari/537.36"
140.213.184.100 - - [07/May/2026:06:17:44 +0000] "GET /wp-content/uploads/2023/01/nipponia.png HTTP/1.1" 200 10087 "https://downloads.nipponia.com/model_manual/zeus-200-2/" "Mozilla/5.0 (Linux; Android 10; K) AppleWebKit/537.36 (KHTML, like Gecko) Chrome/139.0.0.0 Mobile Safari/537.36"
140.213.184.100 - - [07/May/2026:06:17:45 +0000] "GET /wp-content/themes/hello-elementor/assets/js/hello-frontend.js?ver=3.4.7 HTTP/1.1" 200 549 "https://downloads.nipponia.com/model_manual/zeus-200-2/" "Mozilla/5.0 (Linux; Android 10; K) AppleWebKit/537.36 (KHTML, like Gecko) Chrome/139.0.0.0 Mobile Safari/537.36"
140.213.184.100 - - [07/May/2026:06:17:45 +0000] "GET /wp-content/plugins/elementor/assets/js/webpack.runtime.min.js?ver=4.0.7 HTTP/1.1" 200 2496 "https://downloads.nipponia.com/model_manual/zeus-200-2/" "Mozilla/5.0 (Linux; Android 10; K) AppleWebKit/537.36 (KHTML, like Gecko) Chrome/139.0.0.0 Mobile Safari/537.36"
140.213.184.100 - - [07/May/2026:06:17:45 +0000] "GET /wp-content/plugins/elementor/assets/js/frontend-modules.min.js?ver=4.0.7 HTTP/1.1" 200 15970 "https://downloads.nipponia.com/model_manual/zeus-200-2/" "Mozilla/5.0 (Linux; Android 10; K) AppleWebKit/537.36 (KHTML, like Gecko) Chrome/139.0.0.0 Mobile Safari/537.36"
140.213.185.181 - - [07/May/2026:06:17:45 +0000] "GET /wp-includes/js/jquery/ui/core.min.js?ver=1.13.3 HTTP/1.1" 200 7106 "https://downloads.nipponia.com/model_manual/zeus-200-2/" "Mozilla/5.0 (Linux; Android 10; K) AppleWebKit/537.36 (KHTML, like Gecko) Chrome/139.0.0.0 Mobile Safari/537.36"
140.213.184.100 - - [07/May/2026:06:17:45 +0000] "GET /wp-content/plugins/elementor/assets/js/frontend.min.js?ver=4.0.7 HTTP/1.1" 200 10339 "https://downloads.nipponia.com/model_manual/zeus-200-2/" "Mozilla/5.0 (Linux; Android 10; K) AppleWebKit/537.36 (KHTML, like Gecko) Chrome/139.0.0.0 Mobile Safari/537.36"
140.213.184.100 - - [07/May/2026:06:17:45 +0000] "GET /wp-content/plugins/elementor-pro/assets/lib/sticky/jquery.sticky.min.js?ver=4.0.4 HTTP/1.1" 200 1542 "https://downloads.nipponia.com/model_manual/zeus-200-2/" "Mozilla/5.0 (Linux; Android 10; K) AppleWebKit/537.36 (KHTML, like Gecko) Chrome/139.0.0.0 Mobile Safari/537.36"
140.213.184.100 - - [07/May/2026:06:17:45 +0000] "GET /wp-content/plugins/elementor-pro/assets/js/webpack-pro.runtime.min.js?ver=4.0.4 HTTP/1.1" 200 2830 "https://downloads.nipponia.com/model_manual/zeus-200-2/" "Mozilla/5.0 (Linux; Android 10; K) AppleWebKit/537.36 (KHTML, like Gecko) Chrome/139.0.0.0 Mobile Safari/537.36"
140.213.185.181 - - [07/May/2026:06:17:45 +0000] "GET /wp-includes/js/dist/hooks.min.js?ver=dd5603f07f9220ed27f1 HTTP/1.1" 200 1941 "https://downloads.nipponia.com/model_manual/zeus-200-2/" "Mozilla/5.0 (Linux; Android 10; K) AppleWebKit/537.36 (KHTML, like Gecko) Chrome/139.0.0.0 Mobile Safari/537.36"
140.213.184.100 - - [07/May/2026:06:17:46 +0000] "GET /wp-includes/js/dist/i18n.min.js?ver=c26c3dc7bed366793375 HTTP/1.1" 200 2229 "https://downloads.nipponia.com/model_manual/zeus-200-2/" "Mozilla/5.0 (Linux; Android 10; K) AppleWebKit/537.36 (KHTML, like Gecko) Chrome/139.0.0.0 Mobile Safari/537.36"
140.213.185.181 - - [07/May/2026:06:17:46 +0000] "GET /wp-content/plugins/elementor-pro/assets/js/frontend.min.js?ver=4.0.4 HTTP/1.1" 200 6419 "https://downloads.nipponia.com/model_manual/zeus-200-2/" "Mozilla/5.0 (Linux; Android 10; K) AppleWebKit/537.36 (KHTML, like Gecko) Chrome/139.0.0.0 Mobile Safari/537.36"
140.213.184.100 - - [07/May/2026:06:17:46 +0000] "GET /wp-content/plugins/elementor-pro/assets/js/elements-handlers.min.js?ver=4.0.4 HTTP/1.1" 200 10535 "https://downloads.nipponia.com/model_manual/zeus-200-2/" "Mozilla/5.0 (Linux; Android 10; K) AppleWebKit/537.36 (KHTML, like Gecko) Chrome/139.0.0.0 Mobile Safari/537.36"
140.213.185.181 - - [07/May/2026:06:17:46 +0000] "GET /wp-content/plugins/elementor/assets/lib/font-awesome/webfonts/fa-brands-400.woff2 HTTP/1.1" 200 81604 "https://downloads.nipponia.com/wp-content/plugins/elementor/assets/lib/font-awesome/css/brands.min.css?ver=5.15.3" "Mozilla/5.0 (Linux; Android 10; K) AppleWebKit/537.36 (KHTML, like Gecko) Chrome/139.0.0.0 Mobile Safari/537.36"
140.213.184.100 - - [07/May/2026:06:17:46 +0000] "GET /wp-content/plugins/elementor/assets/lib/font-awesome/webfonts/fa-solid-900.woff2 HTTP/1.1" 200 78099 "https://downloads.nipponia.com/wp-content/plugins/elementor/assets/lib/font-awesome/css/solid.min.css?ver=5.15.3" "Mozilla/5.0 (Linux; Android 10; K) AppleWebKit/537.36 (KHTML, like Gecko) Chrome/139.0.0.0 Mobile Safari/537.36"
140.213.184.100 - - [07/May/2026:06:17:46 +0000] "GET /wp-content/plugins/elementor/assets/js/section-frontend-handlers.d85ab872da118940910d.bundle.min.js HTTP/1.1" 200 269 "https://downloads.nipponia.com/model_manual/zeus-200-2/" "Mozilla/5.0 (Linux; Android 10; K) AppleWebKit/537.36 (KHTML, like Gecko) Chrome/139.0.0.0 Mobile Safari/537.36"
140.213.184.100 - - [07/May/2026:06:17:47 +0000] "GET /wp-content/plugins/elementor/assets/js/shared-frontend-handlers.03caa53373b56d3bab67.bundle.min.js HTTP/1.1" 200 2644 "https://downloads.nipponia.com/model_manual/zeus-200-2/" "Mozilla/5.0 (Linux; Android 10; K) AppleWebKit/537.36 (KHTML, like Gecko) Chrome/139.0.0.0 Mobile Safari/537.36"
140.213.184.100 - - [07/May/2026:06:17:47 +0000] "GET /wp-includes/js/wp-emoji-release.min.js?ver=6.9.4 HTTP/1.1" 200 5375 "https://downloads.nipponia.com/model_manual/zeus-200-2/" "Mozilla/5.0 (Linux; Android 10; K) AppleWebKit/537.36 (KHTML, like Gecko) Chrome/139.0.0.0 Mobile Safari/537.36"
140.213.184.100 - - [07/May/2026:06:17:47 +0000] "GET /wp-content/uploads/2025/08/cropped-logo-nipponia-512-512px-1-180x180.png HTTP/1.1" 200 6203 "https://downloads.nipponia.com/model_manual/zeus-200-2/" "Mozilla/5.0 (Linux; Android 10; K) AppleWebKit/537.36 (KHTML, like Gecko) Chrome/139.0.0.0 Mobile Safari/537.36"
140.213.184.100 - - [07/May/2026:06:17:47 +0000] "GET /wp-content/uploads/2025/08/cropped-logo-nipponia-512-512px-1-192x192.png HTTP/1.1" 200 6633 "https://downloads.nipponia.com/model_manual/zeus-200-2/" "Mozilla/5.0 (Linux; Android 10; K) AppleWebKit/537.36 (KHTML, like Gecko) Chrome/139.0.0.0 Mobile Safari/537.36"
216.73.216.49 - - [07/May/2026:06:45:08 +0000] "GET /wp-sitemap.xml HTTP/1.1" 200 245 "-" "Mozilla/5.0 AppleWebKit/537.36 (KHTML, like Gecko; compatible; ClaudeBot/1.0; +claudebot@anthropic.com)"
20.123.172.228 - - [07/May/2026:06:45:22 +0000] "POST /wp-cron.php?doing_wp_cron=1778136322.0312290191650390625000 HTTP/1.1" 200 - "-" "WordPress/6.9.4; https://downloads.nipponia.com"
40.77.167.45 - - [07/May/2026:06:45:34 +0000] "GET /sitemap.xml.gz HTTP/1.1" 301 - "-" "Mozilla/5.0 AppleWebKit/537.36 (KHTML, like Gecko; compatible; bingbot/2.0; +http://www.bing.com/bingbot.htm) Chrome/116.0.1938.76 Safari/537.36"
40.77.167.45 - - [07/May/2026:06:45:52 +0000] "GET /wp-sitemap.xml HTTP/1.1" 200 245 "-" "Mozilla/5.0 AppleWebKit/537.36 (KHTML, like Gecko; compatible; bingbot/2.0; +http://www.bing.com/bingbot.htm) Chrome/116.0.1938.76 Safari/537.36"
20.123.172.228 - - [07/May/2026:06:46:04 +0000] "POST /wp-cron.php?doing_wp_cron=1778136364.2481451034545898437500 HTTP/1.1" 200 - "-" "WordPress/6.9.4; https://downloads.nipponia.com"
104.210.140.143 - - [07/May/2026:07:12:23 +0000] "GET /robots.txt HTTP/1.1" 200 117 "-" "Mozilla/5.0 (Macintosh; Intel Mac OS X 10_15_7) AppleWebKit/537.36 (KHTML, like Gecko) Chrome/131.0.0.0 Safari/537.36; compatible; OAI-SearchBot/1.0; +https://openai.com/searchbot"
20.123.172.228 - - [07/May/2026:07:12:34 +0000] "POST /wp-cron.php?doing_wp_cron=1778137954.4105050563812255859375 HTTP/1.1" 200 - "-" "WordPress/6.9.4; https://downloads.nipponia.com"
216.73.216.49 - - [07/May/2026:07:44:46 +0000] "GET /robots.txt HTTP/1.1" 200 117 "-" "Mozilla/5.0 AppleWebKit/537.36 (KHTML, like Gecko; compatible; ClaudeBot/1.0; +claudebot@anthropic.com)"
20.123.172.228 - - [07/May/2026:07:44:58 +0000] "POST /wp-cron.php?doing_wp_cron=1778139898.1191360950469970703125 HTTP/1.1" 200 - "-" "WordPress/6.9.4; https://downloads.nipponia.com"
216.73.216.49 - - [07/May/2026:07:44:59 +0000] "GET /wp-sitemap.xml HTTP/1.1" 200 245 "-" "Mozilla/5.0 AppleWebKit/537.36 (KHTML, like Gecko; compatible; ClaudeBot/1.0; +claudebot@anthropic.com)"
116.212.132.63 - - [07/May/2026:07:45:39 +0000] "GET / HTTP/1.1" 200 10945 "https://nipponia.com:2083/" "Mozilla/5.0 (Windows NT 10.0; Win64; x64) AppleWebKit/537.36 (KHTML, like Gecko) Chrome/147.0.0.0 Safari/537.36"
20.123.172.228 - - [07/May/2026:07:45:58 +0000] "POST /wp-cron.php?doing_wp_cron=1778139957.7870669364929199218750 HTTP/1.1" 200 - "-" "WordPress/6.9.4; https://downloads.nipponia.com"
116.212.132.63 - - [07/May/2026:07:45:53 +0000] "GET / HTTP/1.1" 200 10945 "https://nipponia.com:2083/" "Mozilla/5.0 (Windows NT 10.0; Win64; x64) AppleWebKit/537.36 (KHTML, like Gecko) Chrome/147.0.0.0 Safari/537.36"
116.212.132.63 - - [07/May/2026:07:46:15 +0000] "GET /wp-content/themes/hello-elementor/assets/css/reset.css?ver=3.4.7 HTTP/1.1" 200 1792 "https://downloads.nipponia.com/" "Mozilla/5.0 (Windows NT 10.0; Win64; x64) AppleWebKit/537.36 (KHTML, like Gecko) Chrome/147.0.0.0 Safari/537.36"
116.212.132.63 - - [07/May/2026:07:46:15 +0000] "GET /wp-content/themes/hello-elementor/assets/css/theme.css?ver=3.4.7 HTTP/1.1" 200 1271 "https://downloads.nipponia.com/" "Mozilla/5.0 (Windows NT 10.0; Win64; x64) AppleWebKit/537.36 (KHTML, like Gecko) Chrome/147.0.0.0 Safari/537.36"
116.212.132.63 - - [07/May/2026:07:46:15 +0000] "GET /wp-content/themes/hello-elementor/assets/css/header-footer.css?ver=3.4.7 HTTP/1.1" 200 1423 "https://downloads.nipponia.com/" "Mozilla/5.0 (Windows NT 10.0; Win64; x64) AppleWebKit/537.36 (KHTML, like Gecko) Chrome/147.0.0.0 Safari/537.36"
116.212.132.63 - - [07/May/2026:07:46:15 +0000] "GET /wp-content/plugins/elementor/assets/css/frontend.min.css?ver=4.0.7 HTTP/1.1" 200 7271 "https://downloads.nipponia.com/" "Mozilla/5.0 (Windows NT 10.0; Win64; x64) AppleWebKit/537.36 (KHTML, like Gecko) Chrome/147.0.0.0 Safari/537.36"
116.212.132.63 - - [07/May/2026:07:46:16 +0000] "GET /wp-content/uploads/elementor/css/post-6.css?ver=1778073455 HTTP/1.1" 200 516 "https://downloads.nipponia.com/" "Mozilla/5.0 (Windows NT 10.0; Win64; x64) AppleWebKit/537.36 (KHTML, like Gecko) Chrome/147.0.0.0 Safari/537.36"
116.212.132.63 - - [07/May/2026:07:46:16 +0000] "GET /wp-content/plugins/elementor/assets/css/widget-image.min.css?ver=4.0.7 HTTP/1.1" 200 135 "https://downloads.nipponia.com/" "Mozilla/5.0 (Windows NT 10.0; Win64; x64) AppleWebKit/537.36 (KHTML, like Gecko) Chrome/147.0.0.0 Safari/537.36"
116.212.132.63 - - [07/May/2026:07:46:16 +0000] "GET /wp-content/plugins/elementor/assets/css/widget-heading.min.css?ver=4.0.7 HTTP/1.1" 200 160 "https://downloads.nipponia.com/" "Mozilla/5.0 (Windows NT 10.0; Win64; x64) AppleWebKit/537.36 (KHTML, like Gecko) Chrome/147.0.0.0 Safari/537.36"
116.212.132.63 - - [07/May/2026:07:46:16 +0000] "GET /wp-content/plugins/elementor/assets/css/widget-icon-list.min.css?ver=4.0.7 HTTP/1.1" 200 1023 "https://downloads.nipponia.com/" "Mozilla/5.0 (Windows NT 10.0; Win64; x64) AppleWebKit/537.36 (KHTML, like Gecko) Chrome/147.0.0.0 Safari/537.36"
116.212.132.63 - - [07/May/2026:07:46:16 +0000] "GET /wp-content/plugins/elementor-pro/assets/css/modules/sticky.min.css?ver=4.0.4 HTTP/1.1" 200 116 "https://downloads.nipponia.com/" "Mozilla/5.0 (Windows NT 10.0; Win64; x64) AppleWebKit/537.36 (KHTML, like Gecko) Chrome/147.0.0.0 Safari/537.36"
116.212.132.63 - - [07/May/2026:07:46:16 +0000] "GET /wp-content/plugins/elementor/assets/css/widget-social-icons.min.css?ver=4.0.7 HTTP/1.1" 200 1142 "https://downloads.nipponia.com/" "Mozilla/5.0 (Windows NT 10.0; Win64; x64) AppleWebKit/537.36 (KHTML, like Gecko) Chrome/147.0.0.0 Safari/537.36"
116.212.132.63 - - [07/May/2026:07:46:16 +0000] "GET /wp-content/plugins/elementor/assets/css/conditionals/apple-webkit.min.css?ver=4.0.7 HTTP/1.1" 200 547 "https://downloads.nipponia.com/" "Mozilla/5.0 (Windows NT 10.0; Win64; x64) AppleWebKit/537.36 (KHTML, like Gecko) Chrome/147.0.0.0 Safari/537.36"
116.212.132.63 - - [07/May/2026:07:46:16 +0000] "GET /wp-content/plugins/elementor/assets/lib/eicons/css/elementor-icons.min.css?ver=5.48.0 HTTP/1.1" 200 4455 "https://downloads.nipponia.com/" "Mozilla/5.0 (Windows NT 10.0; Win64; x64) AppleWebKit/537.36 (KHTML, like Gecko) Chrome/147.0.0.0 Safari/537.36"
116.212.132.63 - - [07/May/2026:07:46:16 +0000] "GET /wp-content/plugins/elementor/assets/css/conditionals/shapes.min.css?ver=4.0.7 HTTP/1.1" 200 288 "https://downloads.nipponia.com/" "Mozilla/5.0 (Windows NT 10.0; Win64; x64) AppleWebKit/537.36 (KHTML, like Gecko) Chrome/147.0.0.0 Safari/537.36"
116.212.132.63 - - [07/May/2026:07:46:16 +0000] "GET /wp-content/plugins/elementor-pro/assets/css/widget-search-form.min.css?ver=4.0.4 HTTP/1.1" 200 1059 "https://downloads.nipponia.com/" "Mozilla/5.0 (Windows NT 10.0; Win64; x64) AppleWebKit/537.36 (KHTML, like Gecko) Chrome/147.0.0.0 Safari/537.36"
116.212.132.63 - - [07/May/2026:07:46:16 +0000] "GET /wp-content/plugins/elementor/assets/lib/font-awesome/css/fontawesome.min.css?ver=5.15.3 HTTP/1.1" 200 12617 "https://downloads.nipponia.com/" "Mozilla/5.0 (Windows NT 10.0; Win64; x64) AppleWebKit/537.36 (KHTML, like Gecko) Chrome/147.0.0.0 Safari/537.36"
116.212.132.63 - - [07/May/2026:07:46:16 +0000] "GET /wp-content/plugins/elementor/assets/lib/font-awesome/css/solid.min.css?ver=5.15.3 HTTP/1.1" 200 309 "https://downloads.nipponia.com/" "Mozilla/5.0 (Windows NT 10.0; Win64; x64) AppleWebKit/537.36 (KHTML, like Gecko) Chrome/147.0.0.0 Safari/537.36"
116.212.132.63 - - [07/May/2026:07:46:17 +0000] "GET /wp-content/plugins/elementor/assets/lib/animations/styles/fadeIn.min.css?ver=4.0.7 HTTP/1.1" 200 79 "https://downloads.nipponia.com/" "Mozilla/5.0 (Windows NT 10.0; Win64; x64) AppleWebKit/537.36 (KHTML, like Gecko) Chrome/147.0.0.0 Safari/537.36"
116.212.132.63 - - [07/May/2026:07:46:17 +0000] "GET /wp-content/plugins/elementor/assets/lib/animations/styles/e-animation-pulse.min.css?ver=4.0.7 HTTP/1.1" 200 164 "https://downloads.nipponia.com/" "Mozilla/5.0 (Windows NT 10.0; Win64; x64) AppleWebKit/537.36 (KHTML, like Gecko) Chrome/147.0.0.0 Safari/537.36"
116.212.132.63 - - [07/May/2026:07:46:17 +0000] "GET /wp-content/plugins/elementor-pro/assets/css/widget-gallery.min.css?ver=4.0.4 HTTP/1.1" 200 1102 "https://downloads.nipponia.com/" "Mozilla/5.0 (Windows NT 10.0; Win64; x64) AppleWebKit/537.36 (KHTML, like Gecko) Chrome/147.0.0.0 Safari/537.36"
116.212.132.63 - - [07/May/2026:07:46:17 +0000] "GET /wp-content/plugins/elementor/assets/lib/e-gallery/css/e-gallery.min.css?ver=1.2.0 HTTP/1.1" 200 844 "https://downloads.nipponia.com/" "Mozilla/5.0 (Windows NT 10.0; Win64; x64) AppleWebKit/537.36 (KHTML, like Gecko) Chrome/147.0.0.0 Safari/537.36"
116.212.132.63 - - [07/May/2026:07:46:17 +0000] "GET /wp-content/plugins/elementor-pro/assets/css/conditionals/transitions.min.css?ver=4.0.4 HTTP/1.1" 200 621 "https://downloads.nipponia.com/" "Mozilla/5.0 (Windows NT 10.0; Win64; x64) AppleWebKit/537.36 (KHTML, like Gecko) Chrome/147.0.0.0 Safari/537.36"
116.212.132.63 - - [07/May/2026:07:46:17 +0000] "GET /wp-content/uploads/elementor/css/post-147.css?ver=1778073458 HTTP/1.1" 200 801 "https://downloads.nipponia.com/" "Mozilla/5.0 (Windows NT 10.0; Win64; x64) AppleWebKit/537.36 (KHTML, like Gecko) Chrome/147.0.0.0 Safari/537.36"
116.212.132.63 - - [07/May/2026:07:46:17 +0000] "GET /wp-content/uploads/elementor/css/post-1159.css?ver=1778076149 HTTP/1.1" 200 1068 "https://downloads.nipponia.com/" "Mozilla/5.0 (Windows NT 10.0; Win64; x64) AppleWebKit/537.36 (KHTML, like Gecko) Chrome/147.0.0.0 Safari/537.36"
116.212.132.63 - - [07/May/2026:07:46:17 +0000] "GET /wp-content/uploads/elementor/css/post-155.css?ver=1778073459 HTTP/1.1" 200 1043 "https://downloads.nipponia.com/" "Mozilla/5.0 (Windows NT 10.0; Win64; x64) AppleWebKit/537.36 (KHTML, like Gecko) Chrome/147.0.0.0 Safari/537.36"
116.212.132.63 - - [07/May/2026:07:46:17 +0000] "GET /wp-content/plugins/elementor/assets/lib/font-awesome/css/brands.min.css?ver=5.15.3 HTTP/1.1" 200 308 "https://downloads.nipponia.com/" "Mozilla/5.0 (Windows NT 10.0; Win64; x64) AppleWebKit/537.36 (KHTML, like Gecko) Chrome/147.0.0.0 Safari/537.36"
116.212.132.63 - - [07/May/2026:07:46:18 +0000] "GET /wp-content/themes/hello-elementor/assets/js/hello-frontend.js?ver=3.4.7 HTTP/1.1" 200 549 "https://downloads.nipponia.com/" "Mozilla/5.0 (Windows NT 10.0; Win64; x64) AppleWebKit/537.36 (KHTML, like Gecko) Chrome/147.0.0.0 Safari/537.36"
116.212.132.63 - - [07/May/2026:07:46:18 +0000] "GET /wp-includes/js/jquery/jquery-migrate.min.js?ver=3.4.1 HTTP/1.1" 200 4872 "https://downloads.nipponia.com/" "Mozilla/5.0 (Windows NT 10.0; Win64; x64) AppleWebKit/537.36 (KHTML, like Gecko) Chrome/147.0.0.0 Safari/537.36"
116.212.132.63 - - [07/May/2026:07:46:18 +0000] "GET /wp-content/uploads/2023/01/nipponia.png HTTP/1.1" 200 10087 "https://downloads.nipponia.com/" "Mozilla/5.0 (Windows NT 10.0; Win64; x64) AppleWebKit/537.36 (KHTML, like Gecko) Chrome/147.0.0.0 Safari/537.36"
116.212.132.63 - - [07/May/2026:07:46:18 +0000] "GET /wp-includes/js/jquery/jquery.min.js?ver=3.7.1 HTTP/1.1" 200 30368 "https://downloads.nipponia.com/" "Mozilla/5.0 (Windows NT 10.0; Win64; x64) AppleWebKit/537.36 (KHTML, like Gecko) Chrome/147.0.0.0 Safari/537.36"
116.212.132.63 - - [07/May/2026:07:46:18 +0000] "GET /wp-content/plugins/elementor/assets/js/webpack.runtime.min.js?ver=4.0.7 HTTP/1.1" 200 2496 "https://downloads.nipponia.com/" "Mozilla/5.0 (Windows NT 10.0; Win64; x64) AppleWebKit/537.36 (KHTML, like Gecko) Chrome/147.0.0.0 Safari/537.36"
116.212.132.63 - - [07/May/2026:07:46:18 +0000] "GET /wp-content/plugins/elementor/assets/js/frontend-modules.min.js?ver=4.0.7 HTTP/1.1" 200 15970 "https://downloads.nipponia.com/" "Mozilla/5.0 (Windows NT 10.0; Win64; x64) AppleWebKit/537.36 (KHTML, like Gecko) Chrome/147.0.0.0 Safari/537.36"
116.212.132.63 - - [07/May/2026:07:46:18 +0000] "GET /wp-includes/js/jquery/ui/core.min.js?ver=1.13.3 HTTP/1.1" 200 7106 "https://downloads.nipponia.com/" "Mozilla/5.0 (Windows NT 10.0; Win64; x64) AppleWebKit/537.36 (KHTML, like Gecko) Chrome/147.0.0.0 Safari/537.36"
116.212.132.63 - - [07/May/2026:07:46:18 +0000] "GET /wp-content/plugins/elementor/assets/js/frontend.min.js?ver=4.0.7 HTTP/1.1" 200 10339 "https://downloads.nipponia.com/" "Mozilla/5.0 (Windows NT 10.0; Win64; x64) AppleWebKit/537.36 (KHTML, like Gecko) Chrome/147.0.0.0 Safari/537.36"
116.212.132.63 - - [07/May/2026:07:46:18 +0000] "GET /wp-content/plugins/elementor-pro/assets/lib/sticky/jquery.sticky.min.js?ver=4.0.4 HTTP/1.1" 200 1542 "https://downloads.nipponia.com/" "Mozilla/5.0 (Windows NT 10.0; Win64; x64) AppleWebKit/537.36 (KHTML, like Gecko) Chrome/147.0.0.0 Safari/537.36"
116.212.132.63 - - [07/May/2026:07:46:18 +0000] "GET /wp-content/plugins/elementor/assets/lib/e-gallery/js/e-gallery.min.js?ver=1.2.0 HTTP/1.1" 200 4609 "https://downloads.nipponia.com/" "Mozilla/5.0 (Windows NT 10.0; Win64; x64) AppleWebKit/537.36 (KHTML, like Gecko) Chrome/147.0.0.0 Safari/537.36"
116.212.132.63 - - [07/May/2026:07:46:18 +0000] "GET /wp-content/plugins/elementor-pro/assets/js/webpack-pro.runtime.min.js?ver=4.0.4 HTTP/1.1" 200 2830 "https://downloads.nipponia.com/" "Mozilla/5.0 (Windows NT 10.0; Win64; x64) AppleWebKit/537.36 (KHTML, like Gecko) Chrome/147.0.0.0 Safari/537.36"
116.212.132.63 - - [07/May/2026:07:46:19 +0000] "GET /wp-includes/js/dist/i18n.min.js?ver=c26c3dc7bed366793375 HTTP/1.1" 200 2229 "https://downloads.nipponia.com/" "Mozilla/5.0 (Windows NT 10.0; Win64; x64) AppleWebKit/537.36 (KHTML, like Gecko) Chrome/147.0.0.0 Safari/537.36"
116.212.132.63 - - [07/May/2026:07:46:19 +0000] "GET /wp-includes/js/dist/hooks.min.js?ver=dd5603f07f9220ed27f1 HTTP/1.1" 200 1941 "https://downloads.nipponia.com/" "Mozilla/5.0 (Windows NT 10.0; Win64; x64) AppleWebKit/537.36 (KHTML, like Gecko) Chrome/147.0.0.0 Safari/537.36"
116.212.132.63 - - [07/May/2026:07:46:19 +0000] "GET /wp-content/plugins/elementor-pro/assets/js/frontend.min.js?ver=4.0.4 HTTP/1.1" 200 6419 "https://downloads.nipponia.com/" "Mozilla/5.0 (Windows NT 10.0; Win64; x64) AppleWebKit/537.36 (KHTML, like Gecko) Chrome/147.0.0.0 Safari/537.36"
116.212.132.63 - - [07/May/2026:07:46:19 +0000] "GET /wp-content/plugins/elementor-pro/assets/js/elements-handlers.min.js?ver=4.0.4 HTTP/1.1" 200 10535 "https://downloads.nipponia.com/" "Mozilla/5.0 (Windows NT 10.0; Win64; x64) AppleWebKit/537.36 (KHTML, like Gecko) Chrome/147.0.0.0 Safari/537.36"
116.212.132.63 - - [07/May/2026:07:46:19 +0000] "GET /wp-content/plugins/elementor/assets/lib/font-awesome/webfonts/fa-solid-900.woff2 HTTP/1.1" 200 78099 "https://downloads.nipponia.com/wp-content/plugins/elementor/assets/lib/font-awesome/css/solid.min.css?ver=5.15.3" "Mozilla/5.0 (Windows NT 10.0; Win64; x64) AppleWebKit/537.36 (KHTML, like Gecko) Chrome/147.0.0.0 Safari/537.36"
116.212.132.63 - - [07/May/2026:07:46:19 +0000] "GET /wp-content/plugins/elementor/assets/lib/font-awesome/webfonts/fa-brands-400.woff2 HTTP/1.1" 200 81604 "https://downloads.nipponia.com/wp-content/plugins/elementor/assets/lib/font-awesome/css/brands.min.css?ver=5.15.3" "Mozilla/5.0 (Windows NT 10.0; Win64; x64) AppleWebKit/537.36 (KHTML, like Gecko) Chrome/147.0.0.0 Safari/537.36"
116.212.132.63 - - [07/May/2026:07:46:19 +0000] "GET /wp-content/plugins/elementor/assets/js/section-frontend-handlers.d85ab872da118940910d.bundle.min.js HTTP/1.1" 200 269 "https://downloads.nipponia.com/" "Mozilla/5.0 (Windows NT 10.0; Win64; x64) AppleWebKit/537.36 (KHTML, like Gecko) Chrome/147.0.0.0 Safari/537.36"
116.212.132.63 - - [07/May/2026:07:46:20 +0000] "GET /wp-content/plugins/elementor/assets/js/shared-frontend-handlers.03caa53373b56d3bab67.bundle.min.js HTTP/1.1" 200 2644 "https://downloads.nipponia.com/" "Mozilla/5.0 (Windows NT 10.0; Win64; x64) AppleWebKit/537.36 (KHTML, like Gecko) Chrome/147.0.0.0 Safari/537.36"
116.212.132.63 - - [07/May/2026:07:46:20 +0000] "GET /wp-content/plugins/elementor-pro/assets/js/search-form.9abeafeecde90cf7e0f4.bundle.min.js HTTP/1.1" 200 814 "https://downloads.nipponia.com/" "Mozilla/5.0 (Windows NT 10.0; Win64; x64) AppleWebKit/537.36 (KHTML, like Gecko) Chrome/147.0.0.0 Safari/537.36"
116.212.132.63 - - [07/May/2026:07:46:20 +0000] "GET /wp-content/plugins/elementor-pro/assets/js/gallery.cca2358f59857ce6f62f.bundle.min.js HTTP/1.1" 200 1759 "https://downloads.nipponia.com/" "Mozilla/5.0 (Windows NT 10.0; Win64; x64) AppleWebKit/537.36 (KHTML, like Gecko) Chrome/147.0.0.0 Safari/537.36"
116.212.132.63 - - [07/May/2026:07:46:20 +0000] "GET /wp-includes/js/wp-emoji-release.min.js?ver=6.9.4 HTTP/1.1" 200 5375 "https://downloads.nipponia.com/" "Mozilla/5.0 (Windows NT 10.0; Win64; x64) AppleWebKit/537.36 (KHTML, like Gecko) Chrome/147.0.0.0 Safari/537.36"
116.212.132.63 - - [07/May/2026:07:46:20 +0000] "GET /wp-content/uploads/2026/04/space-110-banner-front-page-web.jpg HTTP/1.1" 200 139027 "https://downloads.nipponia.com/" "Mozilla/5.0 (Windows NT 10.0; Win64; x64) AppleWebKit/537.36 (KHTML, like Gecko) Chrome/147.0.0.0 Safari/537.36"
116.212.132.63 - - [07/May/2026:07:46:20 +0000] "GET /wp-content/uploads/2025/07/downloads-site-banner-Miro-130--768x768.png HTTP/1.1" 200 654159 "https://downloads.nipponia.com/" "Mozilla/5.0 (Windows NT 10.0; Win64; x64) AppleWebKit/537.36 (KHTML, like Gecko) Chrome/147.0.0.0 Safari/537.36"
116.212.132.63 - - [07/May/2026:07:46:20 +0000] "GET /wp-content/uploads/2026/04/brutus-banner-front-page-web.jpg HTTP/1.1" 200 276868 "https://downloads.nipponia.com/" "Mozilla/5.0 (Windows NT 10.0; Win64; x64) AppleWebKit/537.36 (KHTML, like Gecko) Chrome/147.0.0.0 Safari/537.36"
116.212.132.63 - - [07/May/2026:07:46:20 +0000] "GET /wp-content/uploads/2026/04/magnetoXP-banner-front-page-web.jpg HTTP/1.1" 200 164559 "https://downloads.nipponia.com/" "Mozilla/5.0 (Windows NT 10.0; Win64; x64) AppleWebKit/537.36 (KHTML, like Gecko) Chrome/147.0.0.0 Safari/537.36"
116.212.132.63 - - [07/May/2026:07:46:21 +0000] "GET /wp-content/uploads/2026/04/np200-banner-front-page-web.jpg HTTP/1.1" 200 279198 "https://downloads.nipponia.com/" "Mozilla/5.0 (Windows NT 10.0; Win64; x64) AppleWebKit/537.36 (KHTML, like Gecko) Chrome/147.0.0.0 Safari/537.36"
116.212.132.63 - - [07/May/2026:07:46:21 +0000] "GET /wp-content/uploads/2026/04/Volty-Blue-Pasolas-Electricas-1-768x768.jpg HTTP/1.1" 200 47345 "https://downloads.nipponia.com/" "Mozilla/5.0 (Windows NT 10.0; Win64; x64) AppleWebKit/537.36 (KHTML, like Gecko) Chrome/147.0.0.0 Safari/537.36"
116.212.132.63 - - [07/May/2026:07:46:21 +0000] "GET /wp-content/uploads/2025/08/cropped-logo-nipponia-512-512px-1-32x32.png HTTP/1.1" 200 1235 "https://downloads.nipponia.com/" "Mozilla/5.0 (Windows NT 10.0; Win64; x64) AppleWebKit/537.36 (KHTML, like Gecko) Chrome/147.0.0.0 Safari/537.36"
111.225.148.8 - - [07/May/2026:08:22:36 +0000] "GET /robots.txt HTTP/1.1" 200 117 "-" "Mozilla/5.0 (Linux; Android 5.0) AppleWebKit/537.36 (KHTML, like Gecko) Mobile Safari/537.36 (compatible; Bytespider; https://zhanzhang.toutiao.com/)"
20.123.172.228 - - [07/May/2026:08:22:48 +0000] "POST /wp-cron.php?doing_wp_cron=1778142168.7430191040039062500000 HTTP/1.1" 200 - "-" "WordPress/6.9.4; https://downloads.nipponia.com"
110.249.201.13 - - [07/May/2026:08:28:06 +0000] "GET /robots.txt HTTP/1.1" 200 117 "-" "Mozilla/5.0 (Linux; Android 5.0) AppleWebKit/537.36 (KHTML, like Gecko) Mobile Safari/537.36 (compatible; Bytespider; https://zhanzhang.toutiao.com/)"
20.123.172.228 - - [07/May/2026:08:28:18 +0000] "POST /wp-cron.php?doing_wp_cron=1778142498.7771010398864746093750 HTTP/1.1" 200 - "-" "WordPress/6.9.4; https://downloads.nipponia.com"
40.77.167.254 - - [07/May/2026:08:34:45 +0000] "GET /wp-content/uploads/2024/07/NC90E_SPC_v.25.03-1.pdf HTTP/1.1" 200 4066711 "-" "Mozilla/5.0 AppleWebKit/537.36 (KHTML, like Gecko; compatible; bingbot/2.0; +http://www.bing.com/bingbot.htm) Chrome/116.0.1938.76 Safari/537.36"
84.32.245.153 - - [07/May/2026:09:07:14 +0000] "GET /2023/01/18/hello-world/ HTTP/1.1" 200 10992 "-" "Mozilla/5.0 (Macintosh; Intel Mac OS X 10_15_7) AppleWebKit/537.36 (KHTML, like Gecko) Chrome/142.0.0.0 Safari/537.36"
20.123.172.228 - - [07/May/2026:09:07:29 +0000] "POST /wp-cron.php?doing_wp_cron=1778144849.4691779613494873046875 HTTP/1.1" 200 - "-" "WordPress/6.9.4; https://downloads.nipponia.com"
40.77.167.67 - - [07/May/2026:09:09:25 +0000] "GET /model_manual/bs-max-150/ HTTP/1.1" 200 10324 "-" "Mozilla/5.0 AppleWebKit/537.36 (KHTML, like Gecko; compatible; bingbot/2.0; +http://www.bing.com/bingbot.htm) Chrome/116.0.1938.76 Safari/537.36"
20.123.172.228 - - [07/May/2026:09:09:42 +0000] "POST /wp-cron.php?doing_wp_cron=1778144982.7766311168670654296875 HTTP/1.1" 200 - "-" "WordPress/6.9.4; https://downloads.nipponia.com"
3.239.160.27 - - [07/May/2026:09:11:22 +0000] "GET /robots.txt HTTP/1.1" 200 117 "-" "NVBot"
20.123.172.228 - - [07/May/2026:09:11:37 +0000] "POST /wp-cron.php?doing_wp_cron=1778145096.8682310581207275390625 HTTP/1.1" 200 - "-" "WordPress/6.9.4; https://downloads.nipponia.com"
3.239.160.27 - - [07/May/2026:09:11:26 +0000] "GET /robots.txt HTTP/1.1" 200 117 "-" "NVBot"
3.239.160.27 - - [07/May/2026:09:11:22 +0000] "GET /.well-known/tdmrep.json HTTP/1.1" 404 8927 "-" "NVBot"
