3.239.160.27 - - [07/May/2026:09:11:26 +0000] "GET /.well-known/tdmrep.json HTTP/1.1" 404 8927 "-" "NVBot"
93.123.109.214 - - [07/May/2026:09:16:34 +0000] "GET /wp-json/gravitysmtp/v1/tests/mock-data?page=gravitysmtp-settings HTTP/1.1" 404 117 "-" "Mozilla/5.0 (Windows NT 10.0; Win64; x64) AppleWebKit/537.36 (KHTML, like Gecko) Chrome/131.0.0.0 Safari/537.36"
20.123.172.228 - - [07/May/2026:09:16:47 +0000] "POST /wp-cron.php?doing_wp_cron=1778145407.2956779003143310546875 HTTP/1.1" 200 - "-" "WordPress/6.9.4; https://downloads.nipponia.com"
93.123.109.214 - - [07/May/2026:09:16:46 +0000] "GET / HTTP/1.1" 200 10945 "-" "Mozilla/5.0 (Windows NT 10.0; Win64; x64; rv:133.0) Gecko/20100101 Firefox/133.0"
47.106.137.69 - - [07/May/2026:09:34:42 +0000] "GET /wp-content/uploads/2024/07/ADDRESS-Z150_SPC_v.24.11-1.pdf HTTP/1.1" 200 267178 "http://downloads.nipponia.com/wp-content/uploads/2024/07/ADDRESS-Z150_SPC_v.24.11-1.pdf" "Mozilla/5.0 (Windows NT 10.0; Win64; x64) AppleWebKit/537.36 (KHTML, like Gecko) Chrome/70.0.3538.77 Safari/537.36"
138.226.105.168 - - [07/May/2026:09:35:09 +0000] "GET /model_manual/vrs-150/ HTTP/1.1" 200 10313 "-" "Mozilla/5.0 (Macintosh; Intel Mac OS X 10_15_7) AppleWebKit/537.36 (KHTML, like Gecko) Chrome/143.0.0.0 Safari/537.36"
20.123.172.228 - - [07/May/2026:09:35:26 +0000] "POST /wp-cron.php?doing_wp_cron=1778146526.5397961139678955078125 HTTP/1.1" 200 - "-" "WordPress/6.9.4; https://downloads.nipponia.com"
45.61.64.225 - - [07/May/2026:09:36:16 +0000] "GET /wp-content/uploads/2024/09/VRS-Quick-guide.pdf HTTP/1.1" 200 806204 "-" "Mozilla/5.0 (Macintosh; Intel Mac OS X 10_15_7) AppleWebKit/537.36 (KHTML, like Gecko) Chrome/142.0.0.0 Safari/537.36"
23.26.209.248 - - [07/May/2026:09:36:19 +0000] "GET /model_manual/vrs-150/ HTTP/1.1" 200 10313 "-" "Mozilla/5.0 (Macintosh; Intel Mac OS X 10_15_7) AppleWebKit/537.36 (KHTML, like Gecko) Chrome/142.0.0.0 Safari/537.36"
20.123.172.228 - - [07/May/2026:09:36:38 +0000] "POST /wp-cron.php?doing_wp_cron=1778146597.9489710330963134765625 HTTP/1.1" 200 - "-" "WordPress/6.9.4; https://downloads.nipponia.com"
45.148.10.120 - - [07/May/2026:09:36:55 +0000] "GET /.git/config HTTP/1.1" 404 8927 "-" "SAMSUNG-SGH-E250/1.0 Profile/MIDP-2.0 Configuration/CLDC-1.1 UP.Browser/6.2.3.3.c.1.101 (GUI) MMP/2.0 (compatible; Googlebot-Mobile/2.1; http://www.google.com/bot.html)"
216.73.216.49 - - [07/May/2026:09:37:46 +0000] "GET /robots.txt HTTP/1.1" 200 117 "-" "Mozilla/5.0 AppleWebKit/537.36 (KHTML, like Gecko; compatible; ClaudeBot/1.0; +claudebot@anthropic.com)"
20.123.172.228 - - [07/May/2026:09:37:57 +0000] "POST /wp-cron.php?doing_wp_cron=1778146677.7587049007415771484375 HTTP/1.1" 200 - "-" "WordPress/6.9.4; https://downloads.nipponia.com"
216.73.216.49 - - [07/May/2026:09:37:59 +0000] "GET /wp-sitemap.xml HTTP/1.1" 200 245 "-" "Mozilla/5.0 AppleWebKit/537.36 (KHTML, like Gecko; compatible; ClaudeBot/1.0; +claudebot@anthropic.com)"
47.79.118.173 - - [07/May/2026:09:40:25 +0000] "GET /wp-content/uploads/2023/01/Miro130_SPC_v.24.07-MIRO-III-1.pdf HTTP/1.1" 200 2503269 "-" "Mozilla/5.0 (Linux; Android 10; K) AppleWebKit/537.36 (KHTML, like Gecko) Chrome/122.0.0.0 Mobile Safari/537.36"
74.7.175.186 - - [07/May/2026:10:02:51 +0000] "GET /robots.txt HTTP/1.1" 200 117 "-" "Mozilla/5.0 (Macintosh; Intel Mac OS X 10_15_7) AppleWebKit/537.36 (KHTML, like Gecko) Chrome/131.0.0.0 Safari/537.36; compatible; OAI-SearchBot/1.3; robots.txt; +https://openai.com/searchbot"
74.7.241.42 - - [07/May/2026:10:02:51 +0000] "GET /wp-sitemap.xml HTTP/1.1" 200 245 "http://downloads.nipponia.com" "Mozilla/5.0 AppleWebKit/537.36 (KHTML, like Gecko; compatible; GPTBot/1.3; +https://openai.com/gptbot)"
74.7.175.186 - - [07/May/2026:10:02:51 +0000] "GET /robots.txt HTTP/1.1" 200 117 "http://downloads.nipponia.com/robots.txt" "Mozilla/5.0 (Macintosh; Intel Mac OS X 10_15_7) AppleWebKit/537.36 (KHTML, like Gecko) Chrome/131.0.0.0 Safari/537.36; compatible; OAI-SearchBot/1.3; robots.txt; +https://openai.com/searchbot"
20.123.172.228 - - [07/May/2026:10:03:04 +0000] "POST /wp-cron.php?doing_wp_cron=1778148184.4766941070556640625000 HTTP/1.1" 200 - "-" "WordPress/6.9.4; https://downloads.nipponia.com"
98.83.94.113 - - [07/May/2026:10:11:04 +0000] "GET /robots.txt HTTP/1.1" 200 117 "-" "Mozilla/5.0 AppleWebKit/537.36 (KHTML, like Gecko; compatible; Amazonbot/0.1; +https://developer.amazon.com/support/amazonbot) Chrome/119.0.6045.214 Safari/537.36"
20.123.172.228 - - [07/May/2026:10:11:17 +0000] "POST /wp-cron.php?doing_wp_cron=1778148677.7186319828033447265625 HTTP/1.1" 200 - "-" "WordPress/6.9.4; https://downloads.nipponia.com"
74.244.193.59 - - [07/May/2026:10:22:46 +0000] "GET /home HTTP/1.1" 301 - "https://nipponiacaribe.com/" "Mozilla/5.0 (Windows NT 10.0; Win64; x64) AppleWebKit/537.36 (KHTML, like Gecko) Chrome/148.0.0.0 Safari/537.36"
20.123.172.228 - - [07/May/2026:10:23:00 +0000] "POST /wp-cron.php?doing_wp_cron=1778149380.2487630844116210937500 HTTP/1.1" 200 - "-" "WordPress/6.9.4; https://downloads.nipponia.com"
74.244.193.59 - - [07/May/2026:10:22:50 +0000] "GET /home HTTP/1.1" 301 - "https://nipponiacaribe.com/" "Mozilla/5.0 (Windows NT 10.0; Win64; x64) AppleWebKit/537.36 (KHTML, like Gecko) Chrome/148.0.0.0 Safari/537.36"
74.244.193.59 - - [07/May/2026:10:23:05 +0000] "GET /home/ HTTP/1.1" 200 10993 "https://nipponiacaribe.com/" "Mozilla/5.0 (Windows NT 10.0; Win64; x64) AppleWebKit/537.36 (KHTML, like Gecko) Chrome/148.0.0.0 Safari/537.36"
74.244.193.59 - - [07/May/2026:10:23:09 +0000] "GET /home/ HTTP/1.1" 200 10993 "https://nipponiacaribe.com/" "Mozilla/5.0 (Windows NT 10.0; Win64; x64) AppleWebKit/537.36 (KHTML, like Gecko) Chrome/148.0.0.0 Safari/537.36"
74.244.193.59 - - [07/May/2026:10:23:27 +0000] "GET /home/ HTTP/1.1" 200 10993 "https://nipponiacaribe.com/" "Mozilla/5.0 (Windows NT 10.0; Win64; x64) AppleWebKit/537.36 (KHTML, like Gecko) Chrome/148.0.0.0 Safari/537.36"
74.244.193.59 - - [07/May/2026:10:23:44 +0000] "GET /wp-content/themes/hello-elementor/assets/css/reset.css?ver=3.4.7 HTTP/1.1" 200 1792 "https://downloads.nipponia.com/home/" "Mozilla/5.0 (Windows NT 10.0; Win64; x64) AppleWebKit/537.36 (KHTML, like Gecko) Chrome/148.0.0.0 Safari/537.36"
74.244.193.59 - - [07/May/2026:10:23:44 +0000] "GET /wp-content/themes/hello-elementor/assets/css/header-footer.css?ver=3.4.7 HTTP/1.1" 200 1423 "https://downloads.nipponia.com/home/" "Mozilla/5.0 (Windows NT 10.0; Win64; x64) AppleWebKit/537.36 (KHTML, like Gecko) Chrome/148.0.0.0 Safari/537.36"
74.244.193.59 - - [07/May/2026:10:23:44 +0000] "GET /wp-content/themes/hello-elementor/assets/css/theme.css?ver=3.4.7 HTTP/1.1" 200 1271 "https://downloads.nipponia.com/home/" "Mozilla/5.0 (Windows NT 10.0; Win64; x64) AppleWebKit/537.36 (KHTML, like Gecko) Chrome/148.0.0.0 Safari/537.36"
74.244.193.59 - - [07/May/2026:10:23:44 +0000] "GET /wp-content/plugins/elementor/assets/css/frontend.min.css?ver=4.0.7 HTTP/1.1" 200 7271 "https://downloads.nipponia.com/home/" "Mozilla/5.0 (Windows NT 10.0; Win64; x64) AppleWebKit/537.36 (KHTML, like Gecko) Chrome/148.0.0.0 Safari/537.36"
20.123.172.228 - - [07/May/2026:10:23:42 +0000] "POST /wp-cron.php?doing_wp_cron=1778149422.8247950077056884765625 HTTP/1.1" 200 - "-" "WordPress/6.9.4; https://downloads.nipponia.com"
74.244.193.59 - - [07/May/2026:10:23:44 +0000] "GET /wp-content/uploads/elementor/css/post-6.css?ver=1778073455 HTTP/1.1" 200 516 "https://downloads.nipponia.com/home/" "Mozilla/5.0 (Windows NT 10.0; Win64; x64) AppleWebKit/537.36 (KHTML, like Gecko) Chrome/148.0.0.0 Safari/537.36"
74.244.193.59 - - [07/May/2026:10:23:44 +0000] "GET /wp-content/plugins/elementor/assets/css/widget-image.min.css?ver=4.0.7 HTTP/1.1" 200 135 "https://downloads.nipponia.com/home/" "Mozilla/5.0 (Windows NT 10.0; Win64; x64) AppleWebKit/537.36 (KHTML, like Gecko) Chrome/148.0.0.0 Safari/537.36"
74.244.193.59 - - [07/May/2026:10:23:44 +0000] "GET /wp-content/plugins/elementor-pro/assets/css/modules/sticky.min.css?ver=4.0.4 HTTP/1.1" 200 116 "https://downloads.nipponia.com/home/" "Mozilla/5.0 (Windows NT 10.0; Win64; x64) AppleWebKit/537.36 (KHTML, like Gecko) Chrome/148.0.0.0 Safari/537.36"
74.244.193.59 - - [07/May/2026:10:23:44 +0000] "GET /wp-content/plugins/elementor/assets/css/widget-heading.min.css?ver=4.0.7 HTTP/1.1" 200 160 "https://downloads.nipponia.com/home/" "Mozilla/5.0 (Windows NT 10.0; Win64; x64) AppleWebKit/537.36 (KHTML, like Gecko) Chrome/148.0.0.0 Safari/537.36"
74.244.193.59 - - [07/May/2026:10:23:45 +0000] "GET /wp-content/plugins/elementor/assets/css/widget-icon-list.min.css?ver=4.0.7 HTTP/1.1" 200 1023 "https://downloads.nipponia.com/home/" "Mozilla/5.0 (Windows NT 10.0; Win64; x64) AppleWebKit/537.36 (KHTML, like Gecko) Chrome/148.0.0.0 Safari/537.36"
74.244.193.59 - - [07/May/2026:10:23:45 +0000] "GET /wp-content/plugins/elementor/assets/css/conditionals/apple-webkit.min.css?ver=4.0.7 HTTP/1.1" 200 547 "https://downloads.nipponia.com/home/" "Mozilla/5.0 (Windows NT 10.0; Win64; x64) AppleWebKit/537.36 (KHTML, like Gecko) Chrome/148.0.0.0 Safari/537.36"
74.244.193.59 - - [07/May/2026:10:23:45 +0000] "GET /wp-content/plugins/elementor/assets/css/widget-social-icons.min.css?ver=4.0.7 HTTP/1.1" 200 1142 "https://downloads.nipponia.com/home/" "Mozilla/5.0 (Windows NT 10.0; Win64; x64) AppleWebKit/537.36 (KHTML, like Gecko) Chrome/148.0.0.0 Safari/537.36"
74.244.193.59 - - [07/May/2026:10:23:45 +0000] "GET /wp-content/plugins/elementor/assets/lib/eicons/css/elementor-icons.min.css?ver=5.48.0 HTTP/1.1" 200 4455 "https://downloads.nipponia.com/home/" "Mozilla/5.0 (Windows NT 10.0; Win64; x64) AppleWebKit/537.36 (KHTML, like Gecko) Chrome/148.0.0.0 Safari/537.36"
74.244.193.59 - - [07/May/2026:10:23:45 +0000] "GET /wp-content/plugins/elementor/assets/css/conditionals/shapes.min.css?ver=4.0.7 HTTP/1.1" 200 288 "https://downloads.nipponia.com/home/" "Mozilla/5.0 (Windows NT 10.0; Win64; x64) AppleWebKit/537.36 (KHTML, like Gecko) Chrome/148.0.0.0 Safari/537.36"
74.244.193.59 - - [07/May/2026:10:23:45 +0000] "GET /wp-content/plugins/elementor-pro/assets/css/widget-search-form.min.css?ver=4.0.4 HTTP/1.1" 200 1059 "https://downloads.nipponia.com/home/" "Mozilla/5.0 (Windows NT 10.0; Win64; x64) AppleWebKit/537.36 (KHTML, like Gecko) Chrome/148.0.0.0 Safari/537.36"
74.244.193.59 - - [07/May/2026:10:23:45 +0000] "GET /wp-content/plugins/elementor/assets/lib/font-awesome/css/fontawesome.min.css?ver=5.15.3 HTTP/1.1" 200 12617 "https://downloads.nipponia.com/home/" "Mozilla/5.0 (Windows NT 10.0; Win64; x64) AppleWebKit/537.36 (KHTML, like Gecko) Chrome/148.0.0.0 Safari/537.36"
74.244.193.59 - - [07/May/2026:10:23:45 +0000] "GET /wp-content/plugins/elementor/assets/lib/font-awesome/css/solid.min.css?ver=5.15.3 HTTP/1.1" 200 309 "https://downloads.nipponia.com/home/" "Mozilla/5.0 (Windows NT 10.0; Win64; x64) AppleWebKit/537.36 (KHTML, like Gecko) Chrome/148.0.0.0 Safari/537.36"
74.244.193.59 - - [07/May/2026:10:23:45 +0000] "GET /wp-content/plugins/elementor/assets/lib/animations/styles/fadeIn.min.css?ver=4.0.7 HTTP/1.1" 200 79 "https://downloads.nipponia.com/home/" "Mozilla/5.0 (Windows NT 10.0; Win64; x64) AppleWebKit/537.36 (KHTML, like Gecko) Chrome/148.0.0.0 Safari/537.36"
74.244.193.59 - - [07/May/2026:10:23:45 +0000] "GET /wp-content/plugins/elementor-pro/assets/css/widget-gallery.min.css?ver=4.0.4 HTTP/1.1" 200 1102 "https://downloads.nipponia.com/home/" "Mozilla/5.0 (Windows NT 10.0; Win64; x64) AppleWebKit/537.36 (KHTML, like Gecko) Chrome/148.0.0.0 Safari/537.36"
74.244.193.59 - - [07/May/2026:10:23:45 +0000] "GET /wp-content/plugins/elementor/assets/lib/animations/styles/e-animation-pulse.min.css?ver=4.0.7 HTTP/1.1" 200 164 "https://downloads.nipponia.com/home/" "Mozilla/5.0 (Windows NT 10.0; Win64; x64) AppleWebKit/537.36 (KHTML, like Gecko) Chrome/148.0.0.0 Safari/537.36"
74.244.193.59 - - [07/May/2026:10:23:45 +0000] "GET /wp-content/plugins/elementor-pro/assets/css/conditionals/transitions.min.css?ver=4.0.4 HTTP/1.1" 200 621 "https://downloads.nipponia.com/home/" "Mozilla/5.0 (Windows NT 10.0; Win64; x64) AppleWebKit/537.36 (KHTML, like Gecko) Chrome/148.0.0.0 Safari/537.36"
74.244.193.59 - - [07/May/2026:10:23:45 +0000] "GET /wp-content/plugins/elementor/assets/lib/e-gallery/css/e-gallery.min.css?ver=1.2.0 HTTP/1.1" 200 844 "https://downloads.nipponia.com/home/" "Mozilla/5.0 (Windows NT 10.0; Win64; x64) AppleWebKit/537.36 (KHTML, like Gecko) Chrome/148.0.0.0 Safari/537.36"
74.244.193.59 - - [07/May/2026:10:23:45 +0000] "GET /wp-content/uploads/elementor/css/post-20.css?ver=1778082580 HTTP/1.1" 200 1062 "https://downloads.nipponia.com/home/" "Mozilla/5.0 (Windows NT 10.0; Win64; x64) AppleWebKit/537.36 (KHTML, like Gecko) Chrome/148.0.0.0 Safari/537.36"
74.244.193.59 - - [07/May/2026:10:23:45 +0000] "GET /wp-content/uploads/elementor/css/post-147.css?ver=1778073458 HTTP/1.1" 200 801 "https://downloads.nipponia.com/home/" "Mozilla/5.0 (Windows NT 10.0; Win64; x64) AppleWebKit/537.36 (KHTML, like Gecko) Chrome/148.0.0.0 Safari/537.36"
74.244.193.59 - - [07/May/2026:10:23:45 +0000] "GET /wp-content/uploads/elementor/css/post-155.css?ver=1778073459 HTTP/1.1" 200 1043 "https://downloads.nipponia.com/home/" "Mozilla/5.0 (Windows NT 10.0; Win64; x64) AppleWebKit/537.36 (KHTML, like Gecko) Chrome/148.0.0.0 Safari/537.36"
74.244.193.59 - - [07/May/2026:10:23:45 +0000] "GET /wp-content/plugins/elementor/assets/lib/font-awesome/css/brands.min.css?ver=5.15.3 HTTP/1.1" 200 308 "https://downloads.nipponia.com/home/" "Mozilla/5.0 (Windows NT 10.0; Win64; x64) AppleWebKit/537.36 (KHTML, like Gecko) Chrome/148.0.0.0 Safari/537.36"
74.244.193.59 - - [07/May/2026:10:23:46 +0000] "GET /wp-includes/js/jquery/jquery-migrate.min.js?ver=3.4.1 HTTP/1.1" 200 4872 "https://downloads.nipponia.com/home/" "Mozilla/5.0 (Windows NT 10.0; Win64; x64) AppleWebKit/537.36 (KHTML, like Gecko) Chrome/148.0.0.0 Safari/537.36"
74.244.193.59 - - [07/May/2026:10:23:46 +0000] "GET /wp-includes/js/jquery/jquery.min.js?ver=3.7.1 HTTP/1.1" 200 30368 "https://downloads.nipponia.com/home/" "Mozilla/5.0 (Windows NT 10.0; Win64; x64) AppleWebKit/537.36 (KHTML, like Gecko) Chrome/148.0.0.0 Safari/537.36"
74.244.193.59 - - [07/May/2026:10:23:46 +0000] "GET /wp-content/uploads/2023/01/nipponia.png HTTP/1.1" 200 10087 "https://downloads.nipponia.com/home/" "Mozilla/5.0 (Windows NT 10.0; Win64; x64) AppleWebKit/537.36 (KHTML, like Gecko) Chrome/148.0.0.0 Safari/537.36"
74.244.193.59 - - [07/May/2026:10:23:46 +0000] "GET /wp-content/themes/hello-elementor/assets/js/hello-frontend.js?ver=3.4.7 HTTP/1.1" 200 549 "https://downloads.nipponia.com/home/" "Mozilla/5.0 (Windows NT 10.0; Win64; x64) AppleWebKit/537.36 (KHTML, like Gecko) Chrome/148.0.0.0 Safari/537.36"
74.244.193.59 - - [07/May/2026:10:23:46 +0000] "GET /wp-content/plugins/elementor/assets/js/webpack.runtime.min.js?ver=4.0.7 HTTP/1.1" 200 2496 "https://downloads.nipponia.com/home/" "Mozilla/5.0 (Windows NT 10.0; Win64; x64) AppleWebKit/537.36 (KHTML, like Gecko) Chrome/148.0.0.0 Safari/537.36"
74.244.193.59 - - [07/May/2026:10:23:46 +0000] "GET /wp-content/plugins/elementor/assets/js/frontend-modules.min.js?ver=4.0.7 HTTP/1.1" 200 15970 "https://downloads.nipponia.com/home/" "Mozilla/5.0 (Windows NT 10.0; Win64; x64) AppleWebKit/537.36 (KHTML, like Gecko) Chrome/148.0.0.0 Safari/537.36"
74.244.193.59 - - [07/May/2026:10:23:46 +0000] "GET /wp-includes/js/jquery/ui/core.min.js?ver=1.13.3 HTTP/1.1" 200 7106 "https://downloads.nipponia.com/home/" "Mozilla/5.0 (Windows NT 10.0; Win64; x64) AppleWebKit/537.36 (KHTML, like Gecko) Chrome/148.0.0.0 Safari/537.36"
74.244.193.59 - - [07/May/2026:10:23:46 +0000] "GET /wp-content/plugins/elementor/assets/js/frontend.min.js?ver=4.0.7 HTTP/1.1" 200 10339 "https://downloads.nipponia.com/home/" "Mozilla/5.0 (Windows NT 10.0; Win64; x64) AppleWebKit/537.36 (KHTML, like Gecko) Chrome/148.0.0.0 Safari/537.36"
74.244.193.59 - - [07/May/2026:10:23:46 +0000] "GET /wp-content/plugins/elementor-pro/assets/lib/sticky/jquery.sticky.min.js?ver=4.0.4 HTTP/1.1" 200 1542 "https://downloads.nipponia.com/home/" "Mozilla/5.0 (Windows NT 10.0; Win64; x64) AppleWebKit/537.36 (KHTML, like Gecko) Chrome/148.0.0.0 Safari/537.36"
74.244.193.59 - - [07/May/2026:10:23:46 +0000] "GET /wp-content/plugins/elementor/assets/lib/e-gallery/js/e-gallery.min.js?ver=1.2.0 HTTP/1.1" 200 4609 "https://downloads.nipponia.com/home/" "Mozilla/5.0 (Windows NT 10.0; Win64; x64) AppleWebKit/537.36 (KHTML, like Gecko) Chrome/148.0.0.0 Safari/537.36"
74.244.193.59 - - [07/May/2026:10:23:46 +0000] "GET /wp-content/plugins/elementor-pro/assets/js/webpack-pro.runtime.min.js?ver=4.0.4 HTTP/1.1" 200 2830 "https://downloads.nipponia.com/home/" "Mozilla/5.0 (Windows NT 10.0; Win64; x64) AppleWebKit/537.36 (KHTML, like Gecko) Chrome/148.0.0.0 Safari/537.36"
74.244.193.59 - - [07/May/2026:10:23:46 +0000] "GET /wp-includes/js/dist/hooks.min.js?ver=dd5603f07f9220ed27f1 HTTP/1.1" 200 1941 "https://downloads.nipponia.com/home/" "Mozilla/5.0 (Windows NT 10.0; Win64; x64) AppleWebKit/537.36 (KHTML, like Gecko) Chrome/148.0.0.0 Safari/537.36"
74.244.193.59 - - [07/May/2026:10:23:46 +0000] "GET /wp-includes/js/dist/i18n.min.js?ver=c26c3dc7bed366793375 HTTP/1.1" 200 2229 "https://downloads.nipponia.com/home/" "Mozilla/5.0 (Windows NT 10.0; Win64; x64) AppleWebKit/537.36 (KHTML, like Gecko) Chrome/148.0.0.0 Safari/537.36"
74.244.193.59 - - [07/May/2026:10:23:46 +0000] "GET /wp-content/plugins/elementor-pro/assets/js/frontend.min.js?ver=4.0.4 HTTP/1.1" 200 6419 "https://downloads.nipponia.com/home/" "Mozilla/5.0 (Windows NT 10.0; Win64; x64) AppleWebKit/537.36 (KHTML, like Gecko) Chrome/148.0.0.0 Safari/537.36"
74.244.193.59 - - [07/May/2026:10:23:46 +0000] "GET /wp-content/plugins/elementor-pro/assets/js/elements-handlers.min.js?ver=4.0.4 HTTP/1.1" 200 10535 "https://downloads.nipponia.com/home/" "Mozilla/5.0 (Windows NT 10.0; Win64; x64) AppleWebKit/537.36 (KHTML, like Gecko) Chrome/148.0.0.0 Safari/537.36"
74.244.193.59 - - [07/May/2026:10:23:47 +0000] "GET /wp-content/plugins/elementor/assets/lib/font-awesome/webfonts/fa-brands-400.woff2 HTTP/1.1" 200 81604 "https://downloads.nipponia.com/wp-content/plugins/elementor/assets/lib/font-awesome/css/brands.min.css?ver=5.15.3" "Mozilla/5.0 (Windows NT 10.0; Win64; x64) AppleWebKit/537.36 (KHTML, like Gecko) Chrome/148.0.0.0 Safari/537.36"
74.244.193.59 - - [07/May/2026:10:23:47 +0000] "GET /wp-content/plugins/elementor/assets/lib/font-awesome/webfonts/fa-solid-900.woff2 HTTP/1.1" 200 78099 "https://downloads.nipponia.com/wp-content/plugins/elementor/assets/lib/font-awesome/css/solid.min.css?ver=5.15.3" "Mozilla/5.0 (Windows NT 10.0; Win64; x64) AppleWebKit/537.36 (KHTML, like Gecko) Chrome/148.0.0.0 Safari/537.36"
74.244.193.59 - - [07/May/2026:10:23:47 +0000] "GET /wp-content/plugins/elementor/assets/js/section-frontend-handlers.d85ab872da118940910d.bundle.min.js HTTP/1.1" 200 269 "https://downloads.nipponia.com/home/" "Mozilla/5.0 (Windows NT 10.0; Win64; x64) AppleWebKit/537.36 (KHTML, like Gecko) Chrome/148.0.0.0 Safari/537.36"
74.244.193.59 - - [07/May/2026:10:23:47 +0000] "GET /wp-content/plugins/elementor/assets/js/shared-frontend-handlers.03caa53373b56d3bab67.bundle.min.js HTTP/1.1" 200 2644 "https://downloads.nipponia.com/home/" "Mozilla/5.0 (Windows NT 10.0; Win64; x64) AppleWebKit/537.36 (KHTML, like Gecko) Chrome/148.0.0.0 Safari/537.36"
74.244.193.59 - - [07/May/2026:10:23:47 +0000] "GET /wp-content/plugins/elementor-pro/assets/js/search-form.9abeafeecde90cf7e0f4.bundle.min.js HTTP/1.1" 200 814 "https://downloads.nipponia.com/home/" "Mozilla/5.0 (Windows NT 10.0; Win64; x64) AppleWebKit/537.36 (KHTML, like Gecko) Chrome/148.0.0.0 Safari/537.36"
74.244.193.59 - - [07/May/2026:10:23:47 +0000] "GET /wp-content/plugins/elementor-pro/assets/js/gallery.cca2358f59857ce6f62f.bundle.min.js HTTP/1.1" 200 1759 "https://downloads.nipponia.com/home/" "Mozilla/5.0 (Windows NT 10.0; Win64; x64) AppleWebKit/537.36 (KHTML, like Gecko) Chrome/148.0.0.0 Safari/537.36"
74.244.193.59 - - [07/May/2026:10:23:48 +0000] "GET /wp-includes/js/wp-emoji-release.min.js?ver=6.9.4 HTTP/1.1" 200 5375 "https://downloads.nipponia.com/home/" "Mozilla/5.0 (Windows NT 10.0; Win64; x64) AppleWebKit/537.36 (KHTML, like Gecko) Chrome/148.0.0.0 Safari/537.36"
74.244.193.59 - - [07/May/2026:10:23:48 +0000] "GET /wp-content/uploads/2026/04/magnetoXP-banner-front-page-web.jpg HTTP/1.1" 200 164559 "https://downloads.nipponia.com/home/" "Mozilla/5.0 (Windows NT 10.0; Win64; x64) AppleWebKit/537.36 (KHTML, like Gecko) Chrome/148.0.0.0 Safari/537.36"
74.244.193.59 - - [07/May/2026:10:23:48 +0000] "GET /wp-content/uploads/2026/04/space-110-banner-front-page-web.jpg HTTP/1.1" 200 139027 "https://downloads.nipponia.com/home/" "Mozilla/5.0 (Windows NT 10.0; Win64; x64) AppleWebKit/537.36 (KHTML, like Gecko) Chrome/148.0.0.0 Safari/537.36"
74.244.193.59 - - [07/May/2026:10:23:48 +0000] "GET /wp-content/uploads/2026/04/brutus-banner-front-page-web.jpg HTTP/1.1" 200 276868 "https://downloads.nipponia.com/home/" "Mozilla/5.0 (Windows NT 10.0; Win64; x64) AppleWebKit/537.36 (KHTML, like Gecko) Chrome/148.0.0.0 Safari/537.36"
74.244.193.59 - - [07/May/2026:10:23:49 +0000] "GET /wp-content/uploads/2026/04/np200-banner-front-page-web.jpg HTTP/1.1" 200 279198 "https://downloads.nipponia.com/home/" "Mozilla/5.0 (Windows NT 10.0; Win64; x64) AppleWebKit/537.36 (KHTML, like Gecko) Chrome/148.0.0.0 Safari/537.36"
74.244.193.59 - - [07/May/2026:10:23:49 +0000] "GET /wp-content/uploads/2026/04/Volty-Blue-Pasolas-Electricas-1-768x768.jpg HTTP/1.1" 200 47345 "https://downloads.nipponia.com/home/" "Mozilla/5.0 (Windows NT 10.0; Win64; x64) AppleWebKit/537.36 (KHTML, like Gecko) Chrome/148.0.0.0 Safari/537.36"
74.244.193.59 - - [07/May/2026:10:23:48 +0000] "GET /wp-content/uploads/2025/07/downloads-site-banner-Miro-130--768x768.png HTTP/1.1" 200 654159 "https://downloads.nipponia.com/home/" "Mozilla/5.0 (Windows NT 10.0; Win64; x64) AppleWebKit/537.36 (KHTML, like Gecko) Chrome/148.0.0.0 Safari/537.36"
74.244.193.59 - - [07/May/2026:10:23:53 +0000] "GET /wp-content/uploads/2025/08/cropped-logo-nipponia-512-512px-1-32x32.png HTTP/1.1" 200 1235 "https://downloads.nipponia.com/home/" "Mozilla/5.0 (Windows NT 10.0; Win64; x64) AppleWebKit/537.36 (KHTML, like Gecko) Chrome/148.0.0.0 Safari/537.36"
20.123.172.228 - - [07/May/2026:10:23:58 +0000] "POST /wp-cron.php HTTP/1.1" 200 - "-" "WordPress/6.9.4; https://downloads.nipponia.com"
20.123.172.228 - - [07/May/2026:10:24:00 +0000] "GET / HTTP/1.1" 200 10945 "-" "WordPress/6.9.4; https://downloads.nipponia.com"
20.123.172.228 - - [07/May/2026:10:24:05 +0000] "GET / HTTP/1.1" 200 10945 "-" "WordPress/6.9.4; https://downloads.nipponia.com"
20.123.172.228 - - [07/May/2026:10:24:10 +0000] "GET / HTTP/1.1" 200 10945 "-" "WordPress/6.9.4; https://downloads.nipponia.com"
43.130.116.87 - - [07/May/2026:10:26:48 +0000] "GET / HTTP/1.1" 200 10945 "http://downloads.nipponia.com" "Mozilla/5.0 (iPhone; CPU iPhone OS 13_2_3 like Mac OS X) AppleWebKit/605.1.15 (KHTML, like Gecko) Version/13.0.3 Mobile/15E148 Safari/604.1"
20.123.172.228 - - [07/May/2026:10:27:03 +0000] "POST /wp-cron.php?doing_wp_cron=1778149623.2744729518890380859375 HTTP/1.1" 200 - "-" "WordPress/6.9.4; https://downloads.nipponia.com"
14.163.93.218 - - [07/May/2026:10:32:59 +0000] "GET /model_manual/ax-100/ HTTP/1.1" 200 10283 "-" "Mozilla/5.0 (Macintosh; Intel Mac OS X 10_12_6) AppleWebKit/537.36 (KHTML, like Gecko) Chrome/95.0.4638.69 Safari/537.36"
20.123.172.228 - - [07/May/2026:10:33:16 +0000] "POST /wp-cron.php?doing_wp_cron=1778149995.9453721046447753906250 HTTP/1.1" 200 - "-" "WordPress/6.9.4; https://downloads.nipponia.com"
41.242.160.212 - - [07/May/2026:10:36:32 +0000] "GET /model_manual/nc-125-space/ HTTP/1.1" 200 10329 "-" "Mozilla/5.0 (Windows NT 10.0; Win64; x64) AppleWebKit/537.36 (KHTML, like Gecko) Chrome/80.0.3987.132 Safari/537.36"
20.123.172.228 - - [07/May/2026:10:36:50 +0000] "POST /wp-cron.php?doing_wp_cron=1778150209.9024910926818847656250 HTTP/1.1" 200 - "-" "WordPress/6.9.4; https://downloads.nipponia.com"
176.104.191.185 - - [07/May/2026:10:36:58 +0000] "GET /model_manual/nc-125-space/ HTTP/1.1" 200 10329 "-" "Mozilla/5.0 (Windows NT 10.0; Win64; x64) AppleWebKit/537.36 (KHTML, like Gecko) Chrome/87.0.4280.88 Safari/537.36 CravingExplorer/2.4.1"
129.122.158.81 - - [07/May/2026:10:37:11 +0000] "GET /model_manual/zeus-200-2/ HTTP/1.1" 200 10326 "-" "Mozilla/5.0 (Windows NT 6.1; Win64; x64) AppleWebKit/537.36 (KHTML, like Gecko) Chrome/98.0.4758.102 Safari/537.36"
102.129.81.163 - - [07/May/2026:10:37:42 +0000] "GET /model_manual/zeus-200-2/ HTTP/1.1" 200 10326 "-" "Mozilla/5.0 (Windows NT 10.0; WOW64) AppleWebKit/537.36 (KHTML, like Gecko) Chrome/96.0.4664.45 Safari/537.36"
20.123.172.228 - - [07/May/2026:10:38:01 +0000] "POST /wp-cron.php?doing_wp_cron=1778150281.1841878890991210937500 HTTP/1.1" 200 - "-" "WordPress/6.9.4; https://downloads.nipponia.com"
123.22.203.199 - - [07/May/2026:10:38:05 +0000] "GET /model_manual/tn-250/ HTTP/1.1" 200 10311 "-" "Mozilla/5.0 (Macintosh; Intel Mac OS X 11_2_0) AppleWebKit/537.36 (KHTML, like Gecko) Chrome/88.0.4324.96 Safari/537.36"
102.208.180.244 - - [07/May/2026:10:38:26 +0000] "GET /pasolas-electricas HTTP/1.1" 301 - "-" "Mozilla/5.0 (Macintosh; Intel Mac OS X 10_15_7) AppleWebKit/537.36 (KHTML, like Gecko) Chrome/98.0.4758.80 Safari/537.36"
86.120.247.178 - - [07/May/2026:10:38:22 +0000] "GET /model_manual/evolution-110/ HTTP/1.1" 200 10321 "-" "Mozilla/5.0 (Windows NT 10.0; Win64; x64) AppleWebKit/537.36 (KHTML, like Gecko) Chrome/66.0.3359.139 Safari/537.36"
8.242.153.166 - - [07/May/2026:10:38:29 +0000] "GET /model_manual/tn-250/ HTTP/1.1" 200 10311 "-" "Mozilla/5.0 (Macintosh; Intel Mac OS X 10_16_0) AppleWebKit/537.36 (KHTML, like Gecko) Brave Chrome/80.0.3987.116 Safari/537.36"
20.123.172.228 - - [07/May/2026:10:38:46 +0000] "POST /wp-cron.php?doing_wp_cron=1778150326.3878281116485595703125 HTTP/1.1" 200 - "-" "WordPress/6.9.4; https://downloads.nipponia.com"
186.55.64.207 - - [07/May/2026:10:41:50 +0000] "GET /model_manual/fantasy-150/ HTTP/1.1" 404 8927 "-" "Mozilla/5.0 (Macintosh; Intel Mac OS X 10_15_7) AppleWebKit/537.36 (KHTML, like Gecko) Chrome/136.0.0.0 Safari/537.36"
20.123.172.228 - - [07/May/2026:10:42:05 +0000] "POST /wp-cron.php?doing_wp_cron=1778150525.5596671104431152343750 HTTP/1.1" 200 - "-" "WordPress/6.9.4; https://downloads.nipponia.com"
14.170.193.150 - - [07/May/2026:10:42:06 +0000] "GET /model_manual/fantasy-150/ HTTP/1.1" 404 8927 "-" "Mozilla/5.0 (Windows NT 10.0; Win64; x64) AppleWebKit/537.36 (KHTML, like Gecko) Chrome/104.0.0.0 Safari/537.36"
79.177.145.243 - - [07/May/2026:10:42:18 +0000] "GET /model_manual/patron-125/ HTTP/1.1" 200 10289 "-" "Mozilla/5.0 (Windows NT 10.0; Win64; x64) AppleWebKit/537.36 (KHTML, like Gecko) Chrome/116.0.0.0 Safari/537.36"
103.93.33.150 - - [07/May/2026:10:42:36 +0000] "GET /model_manual/patron-125/ HTTP/1.1" 200 10289 "-" "Mozilla/5.0 (Windows NT 10.0; Win64; x64) AppleWebKit/537.36 (KHTML, like Gecko) Chrome/99.0.4844.51 Safari/537.36"
20.123.172.228 - - [07/May/2026:10:42:52 +0000] "POST /wp-cron.php?doing_wp_cron=1778150571.8849539756774902343750 HTTP/1.1" 200 - "-" "WordPress/6.9.4; https://downloads.nipponia.com"
190.120.253.175 - - [07/May/2026:10:42:53 +0000] "GET /motores-tipo-cub/ HTTP/1.1" 200 10855 "-" "Mozilla/5.0 (Macintosh; Intel Mac OS X 10_15_7) AppleWebKit/537.36 (KHTML, like Gecko) Chrome/123.0.0.0 Safari/537.36"
182.10.100.35 - - [07/May/2026:10:43:11 +0000] "GET /motores-tipo-cub/ HTTP/1.1" 200 10855 "-" "Mozilla/5.0 (Windows NT 10.0; Win64; x64) AppleWebKit/537.36 (KHTML, like Gecko) Chrome/110.0.0.0 Safari/537.36"
123.31.98.70 - - [07/May/2026:10:43:15 +0000] "GET /vehiculos-todo-terreno/ HTTP/1.1" 200 10536 "-" "Mozilla/5.0 (Windows NT 10.0; Win64; x64) AppleWebKit/537.36 (KHTML, like Gecko) Chrome/107.0.0.0 Safari/537.36"
102.67.215.158 - - [07/May/2026:10:43:18 +0000] "GET /vehiculos-de-trabajo/ HTTP/1.1" 200 10195 "-" "Mozilla/5.0 (Windows NT 10.0; Win64; x64) AppleWebKit/537.36 (KHTML, like Gecko) Chrome/101.0.4951.67 Safari/537.36"
14.191.250.166 - - [07/May/2026:10:43:31 +0000] "GET /vehiculos-todo-terreno/ HTTP/1.1" 200 10536 "-" "Mozilla/5.0 (Windows NT 10.0; Win64; x64) AppleWebKit/537.36 (KHTML, like Gecko) Chrome/110.0.0.0 Safari/537.36"
20.123.172.228 - - [07/May/2026:10:43:48 +0000] "POST /wp-cron.php?doing_wp_cron=1778150627.9332280158996582031250 HTTP/1.1" 200 - "-" "WordPress/6.9.4; https://downloads.nipponia.com"
181.51.32.119 - - [07/May/2026:10:43:31 +0000] "GET /vehiculos-de-trabajo/ HTTP/1.1" 200 10195 "-" "Mozilla/5.0 (Macintosh; Intel Mac OS X 10_15_7) AppleWebKit/537.36 (KHTML, like Gecko) Chrome/124.0.0.0 Safari/537.36"
113.187.245.18 - - [07/May/2026:10:43:50 +0000] "GET /vehiculos-de-trabajo/ HTTP/1.1" 200 10195 "-" "Mozilla/5.0 (Windows NT 10.0; Win64; x64) AppleWebKit/537.36 (KHTML, like Gecko) Chrome/101.0.4951.67 Safari/537.36"
216.73.216.49 - - [07/May/2026:10:49:51 +0000] "GET /robots.txt HTTP/1.1" 200 117 "http://downloads.nipponia.com/robots.txt" "Mozilla/5.0 AppleWebKit/537.36 (KHTML, like Gecko; compatible; ClaudeBot/1.0; +claudebot@anthropic.com)"
20.123.172.228 - - [07/May/2026:10:50:04 +0000] "POST /wp-cron.php?doing_wp_cron=1778151004.3549768924713134765625 HTTP/1.1" 200 - "-" "WordPress/6.9.4; https://downloads.nipponia.com"
216.73.216.49 - - [07/May/2026:10:50:05 +0000] "GET /model_manual/address-z-150 HTTP/1.1" 301 - "http://downloads.nipponia.com/model_manual/address-z-150" "Mozilla/5.0 AppleWebKit/537.36 (KHTML, like Gecko; compatible; ClaudeBot/1.0; +claudebot@anthropic.com)"
104.197.45.60 - - [07/May/2026:10:51:33 +0000] "GET / HTTP/1.1" 200 69340 "-" "Mozilla/5.0 (Windows NT 10.0; Win64; x64) AppleWebKit/537.36 (KHTML, like Gecko) Chrome/78.0.3904.108 Safari/537.36"
20.123.172.228 - - [07/May/2026:10:51:48 +0000] "POST /wp-cron.php?doing_wp_cron=1778151108.7570199966430664062500 HTTP/1.1" 200 - "-" "WordPress/6.9.4; https://downloads.nipponia.com"
104.197.45.60 - - [07/May/2026:10:51:50 +0000] "GET //wp-includes/wlwmanifest.xml HTTP/1.1" 301 - "-" "Mozilla/5.0 (Windows NT 10.0; Win64; x64) AppleWebKit/537.36 (KHTML, like Gecko) Chrome/78.0.3904.108 Safari/537.36"
104.197.45.60 - - [07/May/2026:10:52:01 +0000] "GET //xmlrpc.php?rsd HTTP/1.1" 301 - "-" "Mozilla/5.0 (Windows NT 10.0; Win64; x64) AppleWebKit/537.36 (KHTML, like Gecko) Chrome/78.0.3904.108 Safari/537.36"
129.226.217.17 - - [07/May/2026:10:52:17 +0000] "GET /home HTTP/1.1" 301 - "-" "Mozilla/5.0 (iPhone; CPU iPhone OS 13_2_3 like Mac OS X) AppleWebKit/605.1.15 (KHTML, like Gecko) Version/13.0.3 Mobile/15E148 Safari/604.1"
104.197.45.60 - - [07/May/2026:10:52:13 +0000] "GET / HTTP/1.1" 200 69340 "-" "Mozilla/5.0 (Windows NT 10.0; Win64; x64) AppleWebKit/537.36 (KHTML, like Gecko) Chrome/78.0.3904.108 Safari/537.36"
104.197.45.60 - - [07/May/2026:10:52:28 +0000] "GET //?author=1 HTTP/1.1" 404 - "-" "Mozilla/5.0 (Windows NT 10.0; Win64; x64) AppleWebKit/537.36 (KHTML, like Gecko) Chrome/78.0.3904.108 Safari/537.36"
129.226.217.17 - - [07/May/2026:10:52:29 +0000] "GET /home/ HTTP/1.1" 200 10993 "https://downloads.nipponia.com/home" "Mozilla/5.0 (iPhone; CPU iPhone OS 13_2_3 like Mac OS X) AppleWebKit/605.1.15 (KHTML, like Gecko) Version/13.0.3 Mobile/15E148 Safari/604.1"
104.197.45.60 - - [07/May/2026:10:52:40 +0000] "GET //?author=2 HTTP/1.1" 404 - "-" "Mozilla/5.0 (Windows NT 10.0; Win64; x64) AppleWebKit/537.36 (KHTML, like Gecko) Chrome/78.0.3904.108 Safari/537.36"
20.123.172.228 - - [07/May/2026:10:52:51 +0000] "POST /wp-cron.php?doing_wp_cron=1778151171.6076018810272216796875 HTTP/1.1" 200 - "-" "WordPress/6.9.4; https://downloads.nipponia.com"
104.197.45.60 - - [07/May/2026:10:52:52 +0000] "GET //wp-json/wp/v2/users/ HTTP/1.1" 401 108 "-" "Mozilla/5.0 (Windows NT 10.0; Win64; x64) AppleWebKit/537.36 (KHTML, like Gecko) Chrome/78.0.3904.108 Safari/537.36"
104.197.45.60 - - [07/May/2026:10:53:05 +0000] "GET //wp-json/oembed/1.0/embed?url=https://downloads.nipponia.com/ HTTP/1.1" 200 2060 "-" "Mozilla/5.0 (Windows NT 10.0; Win64; x64) AppleWebKit/537.36 (KHTML, like Gecko) Chrome/78.0.3904.108 Safari/537.36"
104.197.45.60 - - [07/May/2026:10:53:17 +0000] "POST //xmlrpc.php HTTP/1.1" 301 - "-" "Mozilla/5.0 (Windows NT 10.0; Win64; x64) AppleWebKit/537.36 (KHTML, like Gecko) Chrome/78.0.3904.108 Safari/537.36"
148.224.25.43 - - [07/May/2026:11:01:34 +0000] "GET / HTTP/1.1" 200 10945 "-" "Mozilla/5.0 (Windows NT 10.0; Win64; x64) AppleWebKit/537.36 (KHTML, like Gecko) Chrome/122.0.0.0 Safari/537.36"
20.123.172.228 - - [07/May/2026:11:01:54 +0000] "POST /wp-cron.php?doing_wp_cron=1778151714.6582670211791992187500 HTTP/1.1" 200 - "-" "WordPress/6.9.4; https://downloads.nipponia.com"
74.244.193.59 - - [07/May/2026:11:02:03 +0000] "GET /pasolas/ HTTP/1.1" 200 11238 "https://downloads.nipponia.com/home/" "Mozilla/5.0 (Windows NT 10.0; Win64; x64) AppleWebKit/537.36 (KHTML, like Gecko) Chrome/148.0.0.0 Safari/537.36"
74.244.193.59 - - [07/May/2026:11:02:12 +0000] "GET /pasolas/ HTTP/1.1" 200 11238 "https://downloads.nipponia.com/home/" "Mozilla/5.0 (Windows NT 10.0; Win64; x64) AppleWebKit/537.36 (KHTML, like Gecko) Chrome/148.0.0.0 Safari/537.36"
114.119.151.185 - - [07/May/2026:11:32:00 +0000] "GET /author/vt/ HTTP/1.1" 200 9040 "-" "Mozilla/5.0 (Linux; Android 7.0;) AppleWebKit/537.36 (KHTML, like Gecko) Mobile Safari/537.36 (compatible; PetalBot;+https://webmaster.petalsearch.com/site/petalbot)"
20.123.172.228 - - [07/May/2026:11:32:15 +0000] "POST /wp-cron.php?doing_wp_cron=1778153535.4372739791870117187500 HTTP/1.1" 200 - "-" "WordPress/6.9.4; https://downloads.nipponia.com"
216.73.216.49 - - [07/May/2026:11:35:50 +0000] "GET /robots.txt HTTP/1.1" 200 117 "-" "Mozilla/5.0 AppleWebKit/537.36 (KHTML, like Gecko; compatible; ClaudeBot/1.0; +claudebot@anthropic.com)"
20.123.172.228 - - [07/May/2026:11:36:03 +0000] "POST /wp-cron.php?doing_wp_cron=1778153763.0999920368194580078125 HTTP/1.1" 200 - "-" "WordPress/6.9.4; https://downloads.nipponia.com"
216.73.216.49 - - [07/May/2026:11:36:04 +0000] "GET /wp-sitemap.xml HTTP/1.1" 200 245 "-" "Mozilla/5.0 AppleWebKit/537.36 (KHTML, like Gecko; compatible; ClaudeBot/1.0; +claudebot@anthropic.com)"
176.65.139.168 - - [07/May/2026:11:41:34 +0000] "GET /.env HTTP/1.1" 404 44472 "-" "Mozilla/5.0 (Windows NT 10.0; Win64; x64) AppleWebKit/537.36 (KHTML, like Gecko) Chrome/147.0.0.0 Safari/537.36"
20.123.172.228 - - [07/May/2026:11:41:50 +0000] "POST /wp-cron.php?doing_wp_cron=1778154110.6115970611572265625000 HTTP/1.1" 200 - "-" "WordPress/6.9.4; https://downloads.nipponia.com"
18.97.9.175 - - [07/May/2026:11:44:32 +0000] "GET /robots.txt HTTP/1.1" 200 117 "-" "CCBot/2.0 (https://commoncrawl.org/faq/)"
20.123.172.228 - - [07/May/2026:11:44:44 +0000] "POST /wp-cron.php?doing_wp_cron=1778154284.4179968833923339843750 HTTP/1.1" 200 - "-" "WordPress/6.9.4; https://downloads.nipponia.com"
18.97.9.175 - - [07/May/2026:11:44:45 +0000] "GET /wp-sitemap.xml HTTP/1.1" 200 245 "-" "CCBot/2.0 (https://commoncrawl.org/faq/)"
18.97.9.175 - - [07/May/2026:11:44:58 +0000] "GET /wp-sitemap-posts-page-1.xml HTTP/1.1" 200 403 "-" "CCBot/2.0 (https://commoncrawl.org/faq/)"
18.97.9.175 - - [07/May/2026:11:45:12 +0000] "GET /wp-sitemap-taxonomies-category-1.xml HTTP/1.1" 200 270 "-" "CCBot/2.0 (https://commoncrawl.org/faq/)"
18.97.9.175 - - [07/May/2026:11:45:24 +0000] "GET /wp-sitemap-posts-post-1.xml HTTP/1.1" 200 228 "-" "CCBot/2.0 (https://commoncrawl.org/faq/)"
18.97.9.175 - - [07/May/2026:11:45:38 +0000] "GET /wp-sitemap-posts-model_manual-1.xml HTTP/1.1" 200 721 "-" "CCBot/2.0 (https://commoncrawl.org/faq/)"
20.123.172.228 - - [07/May/2026:11:45:52 +0000] "POST /wp-cron.php?doing_wp_cron=1778154351.9755508899688720703125 HTTP/1.1" 200 - "-" "WordPress/6.9.4; https://downloads.nipponia.com"
18.97.9.175 - - [07/May/2026:11:45:53 +0000] "GET /wp-sitemap-taxonomies-post_tag-1.xml HTTP/1.1" 200 189 "-" "CCBot/2.0 (https://commoncrawl.org/faq/)"
216.244.66.249 - - [07/May/2026:12:06:00 +0000] "GET /robots.txt HTTP/1.1" 200 123 "-" "Mozilla/5.0 (compatible; DotBot/1.2; +https://opensiteexplorer.org/dotbot; help@moz.com)"
20.123.172.228 - - [07/May/2026:12:06:13 +0000] "POST /wp-cron.php?doing_wp_cron=1778155573.1145970821380615234375 HTTP/1.1" 200 - "-" "WordPress/6.9.4; https://downloads.nipponia.com"
52.167.144.162 - - [07/May/2026:12:10:24 +0000] "GET /sitemap.xml.gz HTTP/1.1" 301 - "-" "Mozilla/5.0 AppleWebKit/537.36 (KHTML, like Gecko; compatible; bingbot/2.0; +http://www.bing.com/bingbot.htm) Chrome/116.0.1938.76 Safari/537.36"
20.123.172.228 - - [07/May/2026:12:10:38 +0000] "POST /wp-cron.php?doing_wp_cron=1778155838.6541340351104736328125 HTTP/1.1" 200 - "-" "WordPress/6.9.4; https://downloads.nipponia.com"
52.167.144.162 - - [07/May/2026:12:10:43 +0000] "GET /wp-sitemap.xml HTTP/1.1" 200 245 "-" "Mozilla/5.0 AppleWebKit/537.36 (KHTML, like Gecko; compatible; bingbot/2.0; +http://www.bing.com/bingbot.htm) Chrome/116.0.1938.76 Safari/537.36"
209.141.48.24 - - [07/May/2026:12:15:38 +0000] "GET /wp-login.php HTTP/1.1" 200 8791 "-" "Mozilla/5.0 (Linux; Android 14; SM-S928B) AppleWebKit/537.36 (KHTML, like Gecko) Chrome/122.0.0.0 Mobile Safari/537.36"
20.123.172.228 - - [07/May/2026:12:15:52 +0000] "POST /wp-cron.php?doing_wp_cron=1778156152.1473839282989501953125 HTTP/1.1" 200 - "-" "WordPress/6.9.4; https://downloads.nipponia.com"
66.249.66.5 - - [07/May/2026:12:16:22 +0000] "GET /robots.txt HTTP/1.1" 200 117 "-" "Mozilla/5.0 (compatible; Googlebot/2.1; +http://www.google.com/bot.html)"
66.249.66.4 - - [07/May/2026:12:16:33 +0000] "GET /model_manual/vrs-150/ HTTP/1.1" 200 10314 "-" "Mozilla/5.0 (Linux; Android 6.0.1; Nexus 5X Build/MMB29P) AppleWebKit/537.36 (KHTML, like Gecko) Chrome/147.0.7727.137 Mobile Safari/537.36 (compatible; Googlebot/2.1; +http://www.google.com/bot.html)"
20.123.172.228 - - [07/May/2026:12:16:49 +0000] "POST /wp-cron.php?doing_wp_cron=1778156209.0953950881958007812500 HTTP/1.1" 200 - "-" "WordPress/6.9.4; https://downloads.nipponia.com"
66.249.66.196 - - [07/May/2026:12:16:56 +0000] "GET /wp-content/plugins/elementor/assets/css/frontend.min.css?ver=4.0.7 HTTP/1.1" 200 7271 "https://downloads.nipponia.com/model_manual/vrs-150/" "Mozilla/5.0 (Linux; Android 6.0.1; Nexus 5X Build/MMB29P) AppleWebKit/537.36 (KHTML, like Gecko) Chrome/147.0.7727.137 Mobile Safari/537.36 (compatible; Googlebot/2.1; +http://www.google.com/bot.html)"
66.249.66.67 - - [07/May/2026:12:16:59 +0000] "GET /wp-content/plugins/elementor/assets/css/widget-image.min.css?ver=4.0.7 HTTP/1.1" 200 135 "https://downloads.nipponia.com/model_manual/vrs-150/" "Mozilla/5.0 (Linux; Android 6.0.1; Nexus 5X Build/MMB29P) AppleWebKit/537.36 (KHTML, like Gecko) Chrome/147.0.7727.137 Mobile Safari/537.36 (compatible; Googlebot/2.1; +http://www.google.com/bot.html)"
66.249.66.3 - - [07/May/2026:12:17:01 +0000] "GET /wp-content/uploads/elementor/css/post-147.css?ver=1778073458 HTTP/1.1" 200 801 "https://downloads.nipponia.com/model_manual/vrs-150/" "Mozilla/5.0 (Linux; Android 6.0.1; Nexus 5X Build/MMB29P) AppleWebKit/537.36 (KHTML, like Gecko) Chrome/147.0.7727.137 Mobile Safari/537.36 (compatible; Googlebot/2.1; +http://www.google.com/bot.html)"
66.249.66.197 - - [07/May/2026:12:17:03 +0000] "GET /wp-content/plugins/elementor/assets/css/widget-spacer.min.css?ver=4.0.7 HTTP/1.1" 200 338 "https://downloads.nipponia.com/model_manual/vrs-150/" "Mozilla/5.0 (Linux; Android 6.0.1; Nexus 5X Build/MMB29P) AppleWebKit/537.36 (KHTML, like Gecko) Chrome/147.0.7727.137 Mobile Safari/537.36 (compatible; Googlebot/2.1; +http://www.google.com/bot.html)"
66.249.66.33 - - [07/May/2026:12:17:04 +0000] "GET /wp-content/plugins/elementor/assets/js/frontend-modules.min.js?ver=4.0.7 HTTP/1.1" 200 15970 "https://downloads.nipponia.com/model_manual/vrs-150/" "Mozilla/5.0 (Linux; Android 6.0.1; Nexus 5X Build/MMB29P) AppleWebKit/537.36 (KHTML, like Gecko) Chrome/147.0.7727.137 Mobile Safari/537.36 (compatible; Googlebot/2.1; +http://www.google.com/bot.html)"
66.249.66.3 - - [07/May/2026:12:17:06 +0000] "GET /wp-content/plugins/elementor/assets/css/conditionals/apple-webkit.min.css?ver=4.0.7 HTTP/1.1" 200 547 "https://downloads.nipponia.com/model_manual/vrs-150/" "Mozilla/5.0 (Linux; Android 6.0.1; Nexus 5X Build/MMB29P) AppleWebKit/537.36 (KHTML, like Gecko) Chrome/147.0.7727.137 Mobile Safari/537.36 (compatible; Googlebot/2.1; +http://www.google.com/bot.html)"
66.249.66.4 - - [07/May/2026:12:17:07 +0000] "GET /wp-content/plugins/elementor/assets/css/widget-icon-list.min.css?ver=4.0.7 HTTP/1.1" 200 1023 "https://downloads.nipponia.com/model_manual/vrs-150/" "Mozilla/5.0 (Linux; Android 6.0.1; Nexus 5X Build/MMB29P) AppleWebKit/537.36 (KHTML, like Gecko) Chrome/147.0.7727.137 Mobile Safari/537.36 (compatible; Googlebot/2.1; +http://www.google.com/bot.html)"
66.249.64.34 - - [07/May/2026:12:17:08 +0000] "GET /wp-content/plugins/elementor/assets/css/conditionals/shapes.min.css?ver=4.0.7 HTTP/1.1" 200 288 "https://downloads.nipponia.com/model_manual/vrs-150/" "Mozilla/5.0 (Linux; Android 6.0.1; Nexus 5X Build/MMB29P) AppleWebKit/537.36 (KHTML, like Gecko) Chrome/147.0.7727.137 Mobile Safari/537.36 (compatible; Googlebot/2.1; +http://www.google.com/bot.html)"
209.141.48.24 - - [07/May/2026:12:17:58 +0000] "GET /wp-login.php HTTP/1.1" 200 8791 "-" "Mozilla/5.0 (Linux; Android 14; SM-S928B) AppleWebKit/537.36 (KHTML, like Gecko) Chrome/122.0.0.0 Mobile Safari/537.36"
20.123.172.228 - - [07/May/2026:12:18:11 +0000] "POST /wp-cron.php?doing_wp_cron=1778156290.9060211181640625000000 HTTP/1.1" 200 - "-" "WordPress/6.9.4; https://downloads.nipponia.com"
209.141.48.24 - - [07/May/2026:12:18:12 +0000] "GET /wp-admin/themes.php HTTP/1.1" 302 - "-" "python-requests/2.33.1"
209.141.48.24 - - [07/May/2026:12:18:25 +0000] "GET /wp-login.php?redirect_to=https%3A%2F%2Fdownloads.nipponia.com%2Fwp-admin%2Fthemes.php&reauth=1 HTTP/1.1" 200 2529 "-" "python-requests/2.33.1"
209.141.48.24 - - [07/May/2026:12:18:37 +0000] "GET /wp-admin/plugin-install.php?tab=upload HTTP/1.1" 302 - "-" "python-requests/2.33.1"
20.123.172.228 - - [07/May/2026:12:18:49 +0000] "POST /wp-cron.php?doing_wp_cron=1778156329.3780500888824462890625 HTTP/1.1" 200 - "-" "WordPress/6.9.4; https://downloads.nipponia.com"
209.141.48.24 - - [07/May/2026:12:18:50 +0000] "GET /wp-login.php?redirect_to=https%3A%2F%2Fdownloads.nipponia.com%2Fwp-admin%2Fplugin-install.php%3Ftab%3Dupload&reauth=1 HTTP/1.1" 200 2538 "-" "python-requests/2.33.1"
216.244.66.249 - - [07/May/2026:12:19:31 +0000] "GET /wp-content/uploads/2025/07/Brio-125-3-.zip HTTP/1.1" 200 32089866 "-" "Mozilla/5.0 (compatible; DotBot/1.2; +https://opensiteexplorer.org/dotbot; help@moz.com)"
79.107.27.66 - - [07/May/2026:12:32:12 +0000] "GET / HTTP/1.1" 200 10945 "-" "Mozilla/5.0 (Windows NT 10.0; Win64; x64) AppleWebKit/537.36 (KHTML, like Gecko) Chrome/147.0.0.0 Safari/537.36"
20.123.172.228 - - [07/May/2026:12:32:29 +0000] "POST /wp-cron.php?doing_wp_cron=1778157149.3129589557647705078125 HTTP/1.1" 200 - "-" "WordPress/6.9.4; https://downloads.nipponia.com"
79.107.27.66 - - [07/May/2026:12:32:15 +0000] "GET / HTTP/1.1" 200 10945 "-" "Mozilla/5.0 (Windows NT 10.0; Win64; x64) AppleWebKit/537.36 (KHTML, like Gecko) Chrome/147.0.0.0 Safari/537.36"
79.107.27.66 - - [07/May/2026:12:32:22 +0000] "GET /wp-login.php HTTP/1.1" 200 2522 "-" "Mozilla/5.0 (Windows NT 10.0; Win64; x64) AppleWebKit/537.36 (KHTML, like Gecko) Chrome/147.0.0.0 Safari/537.36"
79.107.27.66 - - [07/May/2026:12:32:35 +0000] "GET /wp-includes/js/jquery/jquery-migrate.min.js?ver=3.4.1 HTTP/1.1" 200 4872 "https://downloads.nipponia.com/wp-login.php" "Mozilla/5.0 (Windows NT 10.0; Win64; x64) AppleWebKit/537.36 (KHTML, like Gecko) Chrome/147.0.0.0 Safari/537.36"
79.107.27.66 - - [07/May/2026:12:32:35 +0000] "GET /wp-content/plugins/wordfence/modules/login-security/js/login.1777414075.js?ver=1.1.16 HTTP/1.1" 200 5557 "https://downloads.nipponia.com/wp-login.php" "Mozilla/5.0 (Windows NT 10.0; Win64; x64) AppleWebKit/537.36 (KHTML, like Gecko) Chrome/147.0.0.0 Safari/537.36"
79.107.27.66 - - [07/May/2026:12:32:35 +0000] "GET /wp-admin/css/forms.min.css?ver=6.9.4 HTTP/1.1" 200 6620 "https://downloads.nipponia.com/wp-login.php" "Mozilla/5.0 (Windows NT 10.0; Win64; x64) AppleWebKit/537.36 (KHTML, like Gecko) Chrome/147.0.0.0 Safari/537.36"
79.107.27.66 - - [07/May/2026:12:32:35 +0000] "GET /wp-includes/css/buttons.min.css?ver=6.9.4 HTTP/1.1" 200 1470 "https://downloads.nipponia.com/wp-login.php" "Mozilla/5.0 (Windows NT 10.0; Win64; x64) AppleWebKit/537.36 (KHTML, like Gecko) Chrome/147.0.0.0 Safari/537.36"
79.107.27.66 - - [07/May/2026:12:32:35 +0000] "GET /wp-content/plugins/wordfence/modules/login-security/css/login.1777414075.css?ver=1.1.16 HTTP/1.1" 200 853 "https://downloads.nipponia.com/wp-login.php" "Mozilla/5.0 (Windows NT 10.0; Win64; x64) AppleWebKit/537.36 (KHTML, like Gecko) Chrome/147.0.0.0 Safari/537.36"
79.107.27.66 - - [07/May/2026:12:32:35 +0000] "GET /wp-includes/js/dist/dom-ready.min.js?ver=f77871ff7694fffea381 HTTP/1.1" 200 320 "https://downloads.nipponia.com/wp-login.php" "Mozilla/5.0 (Windows NT 10.0; Win64; x64) AppleWebKit/537.36 (KHTML, like Gecko) Chrome/147.0.0.0 Safari/537.36"
79.107.27.66 - - [07/May/2026:12:32:35 +0000] "GET /wp-admin/css/l10n.min.css?ver=6.9.4 HTTP/1.1" 200 767 "https://downloads.nipponia.com/wp-login.php" "Mozilla/5.0 (Windows NT 10.0; Win64; x64) AppleWebKit/537.36 (KHTML, like Gecko) Chrome/147.0.0.0 Safari/537.36"
79.107.27.66 - - [07/May/2026:12:32:35 +0000] "GET /wp-admin/css/login.min.css?ver=6.9.4 HTTP/1.1" 200 2171 "https://downloads.nipponia.com/wp-login.php" "Mozilla/5.0 (Windows NT 10.0; Win64; x64) AppleWebKit/537.36 (KHTML, like Gecko) Chrome/147.0.0.0 Safari/537.36"
79.107.27.66 - - [07/May/2026:12:32:35 +0000] "GET /wp-admin/images/wordpress-logo.svg?ver=20131107 HTTP/1.1" 200 818 "https://downloads.nipponia.com/wp-admin/css/login.min.css?ver=6.9.4" "Mozilla/5.0 (Windows NT 10.0; Win64; x64) AppleWebKit/537.36 (KHTML, like Gecko) Chrome/147.0.0.0 Safari/537.36"
79.107.27.66 - - [07/May/2026:12:32:38 +0000] "POST /wp-admin/admin-ajax.php HTTP/1.1" 200 58 "https://downloads.nipponia.com/wp-login.php" "Mozilla/5.0 (Windows NT 10.0; Win64; x64) AppleWebKit/537.36 (KHTML, like Gecko) Chrome/147.0.0.0 Safari/537.36"
79.107.27.66 - - [07/May/2026:12:33:16 +0000] "POST /wp-login.php HTTP/1.1" 302 - "https://downloads.nipponia.com/wp-login.php" "Mozilla/5.0 (Windows NT 10.0; Win64; x64) AppleWebKit/537.36 (KHTML, like Gecko) Chrome/147.0.0.0 Safari/537.36"
20.123.172.228 - - [07/May/2026:12:33:30 +0000] "POST /wp-cron.php?doing_wp_cron=1778157210.8723480701446533203125 HTTP/1.1" 200 - "-" "WordPress/6.9.4; https://downloads.nipponia.com"
79.107.27.66 - - [07/May/2026:12:33:32 +0000] "GET /wp-admin/ HTTP/1.1" 200 57657 "https://downloads.nipponia.com/wp-login.php" "Mozilla/5.0 (Windows NT 10.0; Win64; x64) AppleWebKit/537.36 (KHTML, like Gecko) Chrome/147.0.0.0 Safari/537.36"
79.107.27.66 - - [07/May/2026:12:33:47 +0000] "GET /wp-content/plugins/wordfence/css/activity-report-widget.1777414075.css?ver=8.2.0 HTTP/1.1" 200 612 "https://downloads.nipponia.com/wp-admin/" "Mozilla/5.0 (Windows NT 10.0; Win64; x64) AppleWebKit/537.36 (KHTML, like Gecko) Chrome/147.0.0.0 Safari/537.36"
79.107.27.66 - - [07/May/2026:12:33:48 +0000] "GET /wp-content/plugins/wordfence/css/wordfenceBox.1777414075.css?ver=8.2.0 HTTP/1.1" 304 - "https://downloads.nipponia.com/wp-admin/" "Mozilla/5.0 (Windows NT 10.0; Win64; x64) AppleWebKit/537.36 (KHTML, like Gecko) Chrome/147.0.0.0 Safari/537.36"
79.107.27.66 - - [07/May/2026:12:33:48 +0000] "GET /wp-content/plugins/wordfence/css/wf-font-awesome.1777414075.css?ver=8.2.0 HTTP/1.1" 304 - "https://downloads.nipponia.com/wp-admin/" "Mozilla/5.0 (Windows NT 10.0; Win64; x64) AppleWebKit/537.36 (KHTML, like Gecko) Chrome/147.0.0.0 Safari/537.36"
79.107.27.66 - - [07/May/2026:12:33:48 +0000] "GET /wp-content/plugins/wordfence/css/wf-global.1777414075.css?ver=8.2.0 HTTP/1.1" 304 - "https://downloads.nipponia.com/wp-admin/" "Mozilla/5.0 (Windows NT 10.0; Win64; x64) AppleWebKit/537.36 (KHTML, like Gecko) Chrome/147.0.0.0 Safari/537.36"
79.107.27.66 - - [07/May/2026:12:33:48 +0000] "GET /wp-content/plugins/wordfence/modules/login-security/css/admin-global.1777414075.css?ver=1.1.16 HTTP/1.1" 304 - "https://downloads.nipponia.com/wp-admin/" "Mozilla/5.0 (Windows NT 10.0; Win64; x64) AppleWebKit/537.36 (KHTML, like Gecko) Chrome/147.0.0.0 Safari/537.36"
79.107.27.66 - - [07/May/2026:12:33:48 +0000] "GET /wp-content/plugins/advanced-custom-fields/assets/build/css/acf-global.min.css?ver=6.8.0 HTTP/1.1" 304 - "https://downloads.nipponia.com/wp-admin/" "Mozilla/5.0 (Windows NT 10.0; Win64; x64) AppleWebKit/537.36 (KHTML, like Gecko) Chrome/147.0.0.0 Safari/537.36"
79.107.27.66 - - [07/May/2026:12:33:48 +0000] "GET /wp-content/plugins/wordfence/css/license/free-global.1777414075.css?ver=8.2.0 HTTP/1.1" 304 - "https://downloads.nipponia.com/wp-admin/" "Mozilla/5.0 (Windows NT 10.0; Win64; x64) AppleWebKit/537.36 (KHTML, like Gecko) Chrome/147.0.0.0 Safari/537.36"
79.107.27.66 - - [07/May/2026:12:33:48 +0000] "GET /wp-content/plugins/wordfence/css/wf-adminbar.1777414075.css?ver=8.2.0 HTTP/1.1" 304 - "https://downloads.nipponia.com/wp-admin/" "Mozilla/5.0 (Windows NT 10.0; Win64; x64) AppleWebKit/537.36 (KHTML, like Gecko) Chrome/147.0.0.0 Safari/537.36"
79.107.27.66 - - [07/May/2026:12:33:48 +0000] "GET /wp-content/plugins/elementor-pro/assets/css/admin.min.css?ver=4.0.4 HTTP/1.1" 304 - "https://downloads.nipponia.com/wp-admin/" "Mozilla/5.0 (Windows NT 10.0; Win64; x64) AppleWebKit/537.36 (KHTML, like Gecko) Chrome/147.0.0.0 Safari/537.36"
